Back
From: metabase:user:320bfe00-2aae-11df-837a-5e0a49663a4f
Subject: FAIL Sphinx-Manager-0.08 v5.8.5 GNU/Linux
Date: 2017-06-06T10:19:51Z
This distribution has been tested as part of the CPAN Testers
project, supporting the Perl programming language. See
http://wiki.cpantesters.org/ for more information or email
questions to cpan-testers-discuss@perl.org
--
Dear Jon Schutz,
This is a computer-generated report for Sphinx-Manager-0.08
on perl 5.8.5, created by CPAN-Reporter-1.2018.
Thank you for uploading your work to CPAN. However, there was a problem
testing your distribution.
If you think this report is invalid, please consult the CPAN Testers Wiki
for suggestions on how to avoid getting FAIL reports for missing library
or binary dependencies, unsupported operating systems, and so on:
http://wiki.cpantesters.org/wiki/CPANAuthorNotes
Sections of this report:
* Tester comments
* Program output
* Prerequisites
* Environment and other context
------------------------------
TESTER COMMENTS
------------------------------
Additional comments from tester:
this report is from an automated smoke testing program
and was not reviewed by a human for accuracy
------------------------------
PROGRAM OUTPUT
------------------------------
Output from '/usr/bin/make test':
PERL_DL_NONLAZY=1 "/home/sand/src/perl/repoperls/installed-perls/host/k93msid/perl-5.8.5/89ad/bin/perl" "-MExtUtils::Command::MM" "-MTest::Harness" "-e" "undef *Test::Harness::Switches; test_harness(0, 'blib/lib', 'blib/arch')" t/*.t
Constant subroutine Sphinx::Manager::ECHILD redefined at /home/sand/src/perl/repoperls/installed-perls/host/k93msid/perl-5.8.5/89ad/lib/5.8.5/Exporter.pm line 66.
at /home/sand/src/perl/repoperls/installed-perls/host/k93msid/perl-5.8.5/89ad/lib/5.8.5/x86_64-linux/POSIX.pm line 19.
Prototype mismatch: sub Sphinx::Manager::ECHILD () vs none at /home/sand/src/perl/repoperls/installed-perls/host/k93msid/perl-5.8.5/89ad/lib/5.8.5/Exporter.pm line 66.
at /home/sand/src/perl/repoperls/installed-perls/host/k93msid/perl-5.8.5/89ad/lib/5.8.5/x86_64-linux/POSIX.pm line 19.
# Testing Sphinx::Manager 0.08, Perl 5.008005, /home/sand/src/perl/repoperls/installed-perls/host/k93msid/perl-5.8.5/89ad/bin/perl
t/00-load.t ....... ok
t/boilerplate.t ... ok
Constant subroutine Sphinx::Manager::ECHILD redefined at /home/sand/src/perl/repoperls/installed-perls/host/k93msid/perl-5.8.5/89ad/lib/5.8.5/Exporter.pm line 66.
at /home/sand/src/perl/repoperls/installed-perls/host/k93msid/perl-5.8.5/89ad/lib/5.8.5/x86_64-linux/POSIX.pm line 19.
Prototype mismatch: sub Sphinx::Manager::ECHILD () vs none at /home/sand/src/perl/repoperls/installed-perls/host/k93msid/perl-5.8.5/89ad/lib/5.8.5/Exporter.pm line 66.
at /home/sand/src/perl/repoperls/installed-perls/host/k93msid/perl-5.8.5/89ad/lib/5.8.5/x86_64-linux/POSIX.pm line 19.
Searchd not running after timeout at /tmp/loop_over_bdir-32187-GS6Pmj/Sphinx-Manager-0.08-0/blib/lib/Sphinx/Manager.pm line 245.
# Looks like your test exited with 34 just after 2.
t/manager.t .......
Dubious, test returned 34 (wstat 8704, 0x2200)
Failed 11/13 subtests
Constant subroutine Sphinx::Manager::ECHILD redefined at /home/sand/src/perl/repoperls/installed-perls/host/k93msid/perl-5.8.5/89ad/lib/5.8.5/Exporter.pm line 66.
at /home/sand/src/perl/repoperls/installed-perls/host/k93msid/perl-5.8.5/89ad/lib/5.8.5/x86_64-linux/POSIX.pm line 19.
Prototype mismatch: sub Sphinx::Manager::ECHILD () vs none at /home/sand/src/perl/repoperls/installed-perls/host/k93msid/perl-5.8.5/89ad/lib/5.8.5/Exporter.pm line 66.
at /home/sand/src/perl/repoperls/installed-perls/host/k93msid/perl-5.8.5/89ad/lib/5.8.5/x86_64-linux/POSIX.pm line 19.
t/pod-coverage.t .. ok
t/pod.t ........... ok
Test Summary Report
-------------------
t/manager.t (Wstat: 8704 Tests: 2 Failed: 0)
Non-zero exit status: 34
Parse errors: Bad plan. You planned 13 tests but ran 2.
Files=5, Tests=8, 12 wallclock secs ( 0.01 usr 0.04 sys + 0.48 cusr 0.25 csys = 0.78 CPU)
Result: FAIL
Failed 1/5 test programs. 0/8 subtests failed.
Makefile:859: recipe for target 'test_dynamic' failed
make: *** [test_dynamic] Error 255
------------------------------
PREREQUISITES
------------------------------
Prerequisite modules loaded:
requires:
Module Need Have
--------------------- ---- --------
Carp 0 1.38
Class::Accessor::Fast 0 0.34
File::Spec 0 3.62
FindBin 0 1.44
Path::Class 0 0.37
POSIX 0 1.08
Proc::ProcessTable 0 0.53
Sphinx::Config 0.09 0.10
Test::More 0 1.302085
build_requires:
Module Need Have
--------------------- ---- --------
ExtUtils::MakeMaker 0 7.24
configure_requires:
Module Need Have
--------------------- ---- --------
ExtUtils::MakeMaker 0 7.24
------------------------------
ENVIRONMENT AND OTHER CONTEXT
------------------------------
Environment variables:
AUTOMATED_TESTING = 1
LANG = en_US.UTF-8
PATH = /home/sand/bin:/usr/local/bin:/usr/bin:/bin:/usr/games:/usr/local/perl/bin:/usr/X11/bin:/sbin:/usr/sbin
PERL5LIB =
PERL5OPT =
PERL5_CPANPLUS_IS_RUNNING = 32204
PERL5_CPAN_IS_RUNNING = 32204
PERL_CANARY_STABILITY_NOPROMPT = 1
PERL_MM_USE_DEFAULT = 1
PERL_USE_UNSAFE_INC = 1
SHELL = /usr/bin/zsh
TERM = screen
Perl special variables (and OS-specific diagnostics, for MSWin32):
$^X = /home/sand/src/perl/repoperls/installed-perls/host/k93msid/perl-5.8.5/89ad/bin/perl
$UID/$EUID = 1005 / 1005
$GID = 1005 1005
$EGID = 1005 1005
Perl module toolchain versions installed:
Module Have
------------------- --------
CPAN 2.18
CPAN::Meta 2.150010
Cwd 3.62
ExtUtils::CBuilder 0.280224
ExtUtils::Command 7.24
ExtUtils::Install 2.10
ExtUtils::MakeMaker 7.24
ExtUtils::Manifest 1.70
ExtUtils::ParseXS 3.30
File::Spec 3.62
JSON 2.94
JSON::PP 2.94
Module::Build 0.4222
Module::Signature 0.81
Parse::CPAN::Meta 2.150010
Test::Harness 3.39
Test::More 1.302085
YAML n/a
YAML::Syck 1.30
version 0.9918
--
Summary of my perl5 (revision 5 version 8 subversion 5) configuration:
Platform:
osname=linux, osvers=4.9.0-2-amd64, archname=x86_64-linux
uname='linux k93msid 4.9.0-2-amd64 #1 smp debian 4.9.18-1 (2017-03-30) x86_64 gnulinux '
config_args='-Dprefix=/home/sand/src/perl/repoperls/installed-perls/host/k93msid/perl-5.8.5/89ad -Dmyhostname=k93msid -Dinstallusrbinperl=n -Uversiononly -Dusedevel -des -Ui_db -Dlibswanted=cl pthread socket inet nsl gdbm dbm malloc dl ld sun m crypt sec util c cposix posix ucb BSD gdbm_compat -Uuseithreads -Uuselongdouble -DDEBUGGING=-g'
hint=recommended, useposix=true, d_sigaction=define
usethreads=undef use5005threads=undef useithreads=undef usemultiplicity=undef
useperlio=define d_sfio=undef uselargefiles=define usesocks=undef
use64bitint=define use64bitall=define uselongdouble=undef
usemymalloc=n, bincompat5005=undef
Compiler:
cc='cc', ccflags ='-fno-strict-aliasing -pipe -I/usr/local/include -D_LARGEFILE_SOURCE -D_FILE_OFFSET_BITS=64',
optimize='-O2',
cppflags='-fno-strict-aliasing -pipe -I/usr/local/include'
ccversion='', gccversion='6.3.0 20170406', gccosandvers=''
intsize=4, longsize=8, ptrsize=8, doublesize=8, byteorder=12345678
d_longlong=define, longlongsize=8, d_longdbl=define, longdblsize=16
ivtype='long', ivsize=8, nvtype='double', nvsize=8, Off_t='off_t', lseeksize=8
alignbytes=8, prototype=define
Linker and Libraries:
ld='cc', ldflags =' -L/usr/local/lib'
libpth=/usr/local/lib /lib/x86_64-linux-gnu /lib/../lib /usr/lib/x86_64-linux-gnu /usr/lib/../lib /lib /usr/lib
libs=-lpthread -lnsl -ldl -lm -lcrypt -lutil -lc
perllibs=-lpthread -lnsl -ldl -lm -lcrypt -lutil -lc
libc=libc-2.24.so, so=so, useshrplib=false, libperl=libperl.a
gnulibc_version='2.24'
Dynamic Linking:
dlsrc=dl_dlopen.xs, dlext=so, d_dlsymun=undef, ccdlflags='-Wl,-E'
cccdlflags='-fpic', lddlflags='-shared -L/usr/local/lib'
Characteristics of this binary (from libperl):
Compile-time options: USE_64_BIT_INT USE_64_BIT_ALL USE_LARGE_FILES
Locally applied patches:
MAINT23136
Built under linux
Compiled at Apr 17 2017 10:59:35
%ENV:
PERL5LIB=""
PERL5OPT=""
PERL5_CPANPLUS_IS_RUNNING="32204"
PERL5_CPAN_IS_RUNNING="32204"
PERL_CANARY_STABILITY_NOPROMPT="1"
PERL_MM_USE_DEFAULT="1"
PERL_USE_UNSAFE_INC="1"
@INC:
/home/sand/src/perl/repoperls/installed-perls/host/k93msid/perl-5.8.5/89ad/lib/5.8.5/x86_64-linux
/home/sand/src/perl/repoperls/installed-perls/host/k93msid/perl-5.8.5/89ad/lib/5.8.5
/home/sand/src/perl/repoperls/installed-perls/host/k93msid/perl-5.8.5/89ad/lib/site_perl/5.8.5/x86_64-linux
/home/sand/src/perl/repoperls/installed-perls/host/k93msid/perl-5.8.5/89ad/lib/site_perl/5.8.5
/home/sand/src/perl/repoperls/installed-perls/host/k93msid/perl-5.8.5/89ad/lib/site_perl
.