XML-RSS-Tools v0.34 Perl 5 v5.14.4 x86_64-linux-ld

Status
Fail
From
Andreas J. König (ANDK)
Dist
XML-RSS-Tools v0.34
Platform
Perl 5 v5.14.4 x86_64-linux-ld
Date
2017-11-04 12:07:06
ID
ad60a97c-c158-11e7-a812-94035a16b984
This distribution has been tested as part of the CPAN Testers
project, supporting the Perl programming language.  See
http://wiki.cpantesters.org/ for more information or email
questions to cpan-testers-discuss@perl.org


--
Dear Adam John Trickett,

This is a computer-generated report for XML-RSS-Tools-0.34
on perl 5.14.4, created by CPAN-Reporter-1.2018.

Thank you for uploading your work to CPAN.  However, there was a problem
testing your distribution.

If you think this report is invalid, please consult the CPAN Testers Wiki
for suggestions on how to avoid getting FAIL reports for missing library
or binary dependencies, unsupported operating systems, and so on:

http://wiki.cpantesters.org/wiki/CPANAuthorNotes

Sections of this report:

    * Tester comments
    * Program output
    * Prerequisites
    * Environment and other context

------------------------------
TESTER COMMENTS
------------------------------

Additional comments from tester:

this report is from an automated smoke testing program
and was not reviewed by a human for accuracy

------------------------------
PROGRAM OUTPUT
------------------------------

Output from '/usr/bin/make test':

PERL_DL_NONLAZY=1 "/home/sand/src/perl/repoperls/installed-perls/host/k93msid/v5.14.4/0a29/bin/perl" "-MExtUtils::Command::MM" "-MTest::Harness" "-e" "undef *Test::Harness::Switches; test_harness(0, 'blib/lib', 'blib/arch')" t/*.t
WARNING: This key is not certified with a trusted signature!
Primary key fingerprint: 9664 1770 E805 A152 8CDE  CFBD 9CDA 8911 AF0D B8C8
t/00-signature.t ......... ok
# 
# Package                        Version
#  Operating System               linux
#  perl                           5.14.4
#  XML::Parser                    2.44
#  XML::RSS                       1.59
#  XML::LibXML                    2.0129
#  XML::LibXSLT                   1.95
#  URI                            1.72
#  LWP                            6.27
#  HTTP::GHTTP                    Not Installed
#  HTTP::Lite                     2.44
#  WWW::Curl::Easy                Not Installed
#  Test::More                     1.302106
#  Test::Warn                     0.32
#  Test::NoWarnings               1.04
#  Test::Perl::Critic             1.03
#  Test::Pod                      1.51
#  Test::Pod::Coverage            1.10
#  Pod::Coverage                  0.23
#  IO::Capture                    0.05
t/01-config.t ............ ok
t/02-use.t ............... ok
t/03-basic-tests.t ....... ok
t/04-standard-tests.t .... ok
t/05-version-tests.t ..... ok
t/06-filehandle-tests.t .. ok
t/07-catalog-tests.t ..... ok
t/08-no-catalog.t ........ skipped: Your XML::LibXML is up to date.
t/50-error-tests.t ....... ok
t/51-debug-tests-1.t ..... ok
t/52-debug-tests-2.t ..... ok
t/53-no-debug-tests-1.t .. ok
t/54-no-debug-tests-2.t .. ok

#   Failed test 'connection okay'
#   at t/60-http-tests.t line 63.
# Looks like you failed 1 test of 22.
t/60-http-tests.t ........ 
Dubious, test returned 1 (wstat 256, 0x100)
Failed 1/22 subtests 
	(less 4 skipped subtests: 17 okay)
t/70-pod-test.t .......... ok
t/71-pod-cover-1.t ....... ok
t/72-pod-cover-2.t ....... ok
t/80-kwalitee.t .......... skipped: Author test. Set $ENV{TEST_AUTHOR} to a true value to run.
t/81-perl-critic.t ....... skipped: Author test. Set $ENV{TEST_AUTHOR} to a true value to run.
t/90-distribution.t ...... skipped: Test::Distribution not installed
t/91-meta-yaml.t ......... ok

Test Summary Report
-------------------
t/60-http-tests.t      (Wstat: 256 Tests: 22 Failed: 1)
  Failed test:  6
  Non-zero exit status: 1
Files=22, Tests=355, 13 wallclock secs ( 0.08 usr  0.10 sys +  5.01 cusr  1.05 csys =  6.24 CPU)
Result: FAIL
Failed 1/22 test programs. 1/355 subtests failed.
Makefile:850: recipe for target 'test_dynamic' failed
make: *** [test_dynamic] Error 255

------------------------------
PREREQUISITES
------------------------------

Prerequisite modules loaded:

requires:

    Module              Need Have  
    ------------------- ---- ------
    LWP                 5.8  6.27  
    URI                 1.35 1.72  
    XML::LibXML         1.59 2.0129
    XML::LibXSLT        1.59 1.95  
    XML::RSS            1.22 1.59  

build_requires:

    Module              Need Have  
    ------------------- ---- ------
    ExtUtils::MakeMaker 0    7.30  

configure_requires:

    Module              Need Have  
    ------------------- ---- ------
    Module::Build       0.4  0.4224


------------------------------
ENVIRONMENT AND OTHER CONTEXT
------------------------------

Environment variables:

    AUTOMATED_TESTING = 1
    LANG = en_US.UTF-8
    PATH = /home/sand/bin:/usr/local/bin:/usr/bin:/bin:/usr/games:/usr/local/perl/bin:/usr/X11/bin:/sbin:/usr/sbin
    PERL5LIB = /tmp/loop_over_bdir-21365-v0syDD/XML-RSS-1.59-0/blib/arch:/tmp/loop_over_bdir-21365-v0syDD/XML-RSS-1.59-0/blib/lib:/tmp/loop_over_bdir-21365-v0syDD/Test-Manifest-2.02-0/blib/arch:/tmp/loop_over_bdir-21365-v0syDD/Test-Manifest-2.02-0/blib/lib:/tmp/loop_over_bdir-21365-v0syDD/DateTime-Format-Mail-0.403-0/blib/arch:/tmp/loop_over_bdir-21365-v0syDD/DateTime-Format-Mail-0.403-0/blib/lib:/tmp/loop_over_bdir-21365-v0syDD/XML-LibXSLT-1.95-0/blib/arch:/tmp/loop_over_bdir-21365-v0syDD/XML-LibXSLT-1.95-0/blib/lib
    PERL5OPT = 
    PERL5_CPANPLUS_IS_RUNNING = 21369
    PERL5_CPAN_IS_RUNNING = 21369
    PERL5_CPAN_IS_RUNNING_IN_RECURSION = 16107,21369
    PERL_CANARY_STABILITY_NOPROMPT = 1
    PERL_MM_USE_DEFAULT = 1
    PERL_USE_UNSAFE_INC = 1
    SHELL = /usr/bin/zsh
    TERM = screen

Perl special variables (and OS-specific diagnostics, for MSWin32):

    $^X = /home/sand/src/perl/repoperls/installed-perls/host/k93msid/v5.14.4/0a29/bin/perl
    $UID/$EUID = 1005 / 1005
    $GID = 1005 1005
    $EGID = 1005 1005

Perl module toolchain versions installed:

    Module              Have    
    ------------------- --------
    CPAN                2.18    
    CPAN::Meta          2.150010
    Cwd                 3.62    
    ExtUtils::CBuilder  0.280226
    ExtUtils::Command   7.30    
    ExtUtils::Install   2.06    
    ExtUtils::MakeMaker 7.30    
    ExtUtils::Manifest  1.70    
    ExtUtils::ParseXS   3.35    
    File::Spec          3.62    
    JSON                2.94    
    JSON::PP            2.94    
    Module::Build       0.4224  
    Module::Signature   0.81    
    Parse::CPAN::Meta   2.150010
    Test::Harness       3.39    
    Test::More          1.302106
    YAML                1.24    
    YAML::Syck          1.30    
    version             0.9918  


--

Summary of my perl5 (revision 5 version 14 subversion 4) configuration:
  Derived from: 26c5c13a4ece9084f310610bb17fb2f24c72a73e
  Platform:
    osname=linux, osvers=4.12.0-2-amd64, archname=x86_64-linux-ld
    uname='linux k93msid 4.12.0-2-amd64 #1 smp debian 4.12.13-1 (2017-09-19) x86_64 gnulinux '
    config_args='-Dprefix=/home/sand/src/perl/repoperls/installed-perls/host/k93msid/v5.14.4/0a29 -Dmyhostname=k93msid -Dinstallusrbinperl=n -Uversiononly -Dusedevel -des -Ui_db -Dlibswanted=cl pthread socket inet nsl gdbm dbm malloc dl ld sun m crypt sec util c cposix posix ucb BSD gdbm_compat -Uuseithreads -Duselongdouble -DDEBUGGING=both'
    hint=recommended, useposix=true, d_sigaction=define
    useithreads=undef, usemultiplicity=undef
    useperlio=define, d_sfio=undef, uselargefiles=define, usesocks=undef
    use64bitint=define, use64bitall=define, uselongdouble=define
    usemymalloc=n, bincompat5005=undef
  Compiler:
    cc='cc', ccflags ='-DDEBUGGING -fno-strict-aliasing -pipe -fstack-protector -I/usr/local/include -D_LARGEFILE_SOURCE -D_FILE_OFFSET_BITS=64',
    optimize='-O2 -g',
    cppflags='-DDEBUGGING -fno-strict-aliasing -pipe -fstack-protector -I/usr/local/include'
    ccversion='', gccversion='7.2.0', gccosandvers=''
    intsize=4, longsize=8, ptrsize=8, doublesize=8, byteorder=12345678
    d_longlong=define, longlongsize=8, d_longdbl=define, longdblsize=16
    ivtype='long', ivsize=8, nvtype='long double', nvsize=16, Off_t='off_t', lseeksize=8
    alignbytes=16, prototype=define
  Linker and Libraries:
    ld='cc', ldflags =' -fstack-protector -L/usr/local/lib'
    libpth=/usr/local/lib /lib/x86_64-linux-gnu /lib/../lib /usr/lib/x86_64-linux-gnu /usr/lib/../lib /lib /usr/lib
    libs=-lpthread -lnsl -ldl -lm -lcrypt -lutil -lc
    perllibs=-lpthread -lnsl -ldl -lm -lcrypt -lutil -lc
    libc=libc-2.24.so, so=so, useshrplib=false, libperl=libperl.a
    gnulibc_version='2.24'
  Dynamic Linking:
    dlsrc=dl_dlopen.xs, dlext=so, d_dlsymun=undef, ccdlflags='-Wl,-E'
    cccdlflags='-fPIC', lddlflags='-shared -O2 -g -L/usr/local/lib -fstack-protector'


Characteristics of this binary (from libperl): 
  Compile-time options: DEBUGGING PERL_DONT_CREATE_GVSV PERL_MALLOC_WRAP
                        PERL_PRESERVE_IVUV PERL_USE_DEVEL USE_64_BIT_ALL
                        USE_64_BIT_INT USE_LARGE_FILES USE_LONG_DOUBLE
                        USE_PERLIO USE_PERL_ATOF
  Locally applied patches:
	uncommitted-changes
  Built under linux
  Compiled at Oct  3 2017 14:35:07
  %ENV:
    PERL5LIB="/tmp/loop_over_bdir-21365-v0syDD/XML-RSS-1.59-0/blib/arch:/tmp/loop_over_bdir-21365-v0syDD/XML-RSS-1.59-0/blib/lib:/tmp/loop_over_bdir-21365-v0syDD/Test-Manifest-2.02-0/blib/arch:/tmp/loop_over_bdir-21365-v0syDD/Test-Manifest-2.02-0/blib/lib:/tmp/loop_over_bdir-21365-v0syDD/DateTime-Format-Mail-0.403-0/blib/arch:/tmp/loop_over_bdir-21365-v0syDD/DateTime-Format-Mail-0.403-0/blib/lib:/tmp/loop_over_bdir-21365-v0syDD/XML-LibXSLT-1.95-0/blib/arch:/tmp/loop_over_bdir-21365-v0syDD/XML-LibXSLT-1.95-0/blib/lib"
    PERL5OPT=""
    PERL5_CPANPLUS_IS_RUNNING="21369"
    PERL5_CPAN_IS_RUNNING="21369"
    PERL5_CPAN_IS_RUNNING_IN_RECURSION="16107,21369"
    PERL_CANARY_STABILITY_NOPROMPT="1"
    PERL_MM_USE_DEFAULT="1"
    PERL_USE_UNSAFE_INC="1"
  @INC:
    /tmp/loop_over_bdir-21365-v0syDD/XML-RSS-1.59-0/blib/arch
    /tmp/loop_over_bdir-21365-v0syDD/XML-RSS-1.59-0/blib/lib
    /tmp/loop_over_bdir-21365-v0syDD/Test-Manifest-2.02-0/blib/arch
    /tmp/loop_over_bdir-21365-v0syDD/Test-Manifest-2.02-0/blib/lib
    /tmp/loop_over_bdir-21365-v0syDD/DateTime-Format-Mail-0.403-0/blib/arch
    /tmp/loop_over_bdir-21365-v0syDD/DateTime-Format-Mail-0.403-0/blib/lib
    /tmp/loop_over_bdir-21365-v0syDD/XML-LibXSLT-1.95-0/blib/arch
    /tmp/loop_over_bdir-21365-v0syDD/XML-LibXSLT-1.95-0/blib/lib
    /home/sand/src/perl/repoperls/installed-perls/host/k93msid/v5.14.4/0a29/lib/site_perl/5.14.4/x86_64-linux-ld
    /home/sand/src/perl/repoperls/installed-perls/host/k93msid/v5.14.4/0a29/lib/site_perl/5.14.4
    /home/sand/src/perl/repoperls/installed-perls/host/k93msid/v5.14.4/0a29/lib/5.14.4/x86_64-linux-ld
    /home/sand/src/perl/repoperls/installed-perls/host/k93msid/v5.14.4/0a29/lib/5.14.4
    .