Net-Google-DataAPI v0.2805 Perl 5 v5.18.4 amd64-freebsd

Status
Fail
From
Slaven Rezić (SREZIC)
Dist
Net-Google-DataAPI v0.2805
Platform
Perl 5 v5.18.4 amd64-freebsd
Date
2018-03-22 20:22:00
ID
ad514d24-2e0e-11e8-a99f-9cadcceb348a
This distribution has been tested as part of the CPAN Testers
project, supporting the Perl programming language.  See
http://wiki.cpantesters.org/ for more information or email
questions to cpan-testers-discuss@perl.org


--
Dear Nobuo Danjou,

This is a computer-generated report for Net-Google-DataAPI-0.2805
on perl 5.18.4, created by CPAN-Reporter-1.2018.

Thank you for uploading your work to CPAN.  However, there was a problem
testing your distribution.

If you think this report is invalid, please consult the CPAN Testers Wiki
for suggestions on how to avoid getting FAIL reports for missing library
or binary dependencies, unsupported operating systems, and so on:

http://wiki.cpantesters.org/wiki/CPANAuthorNotes

Sections of this report:

    * Tester comments
    * Program output
    * Prerequisites
    * Environment and other context

------------------------------
TESTER COMMENTS
------------------------------

Additional comments from tester:

none provided

------------------------------
PROGRAM OUTPUT
------------------------------

Output from '/usr/bin/make test':

PERL_DL_NONLAZY=1 "/usr/perl5.18.4p/bin/perl" "-MExtUtils::Command::MM" "-MTest::Harness" "-e" "undef *Test::Harness::Switches; test_harness(0, 'inc', 'blib/lib', 'blib/arch')" t/*.t t/01_role/01_service/*.t t/01_role/02_entry/*.t t/01_role/03_has_content/*.t t/02_feedurl/*.t t/03_entry_has/*.t t/04_auth/*.t
Any::Moose is deprecated. Please use Moo instead at /home/cpansand/.cpan/build/2018032215/Net-Google-DataAPI-0.2805-s1WoaI/blib/lib/Net/Google/DataAPI.pm line 3.
t/00_compile.t ......................................... ok
Any::Moose is deprecated. Please use Moo instead at /home/cpansand/.cpan/build/2018032215/Net-Google-DataAPI-0.2805-s1WoaI/blib/lib/Net/Google/DataAPI/Role/Service.pm line 2.
t/01_role/01_service/01_instanciate.t .................. ok
Any::Moose is deprecated. Please use Moo instead at /home/cpansand/.cpan/build/2018032215/Net-Google-DataAPI-0.2805-s1WoaI/blib/lib/Net/Google/DataAPI/Role/Service.pm line 2.
t/01_role/01_service/02_namespace.t .................... ok
Any::Moose is deprecated. Please use Moo instead at t/01_role/01_service/03_request.t line 11.
t/01_role/01_service/03_request.t ...................... ok
Any::Moose is deprecated. Please use Moo instead at t/01_role/01_service/04_methods.t line 9.
t/01_role/01_service/04_methods.t ...................... ok
Any::Moose is deprecated. Please use Moo instead at t/lib/MyService.pm line 2.
t/01_role/01_service/05_debug.t ........................ ok
Any::Moose is deprecated. Please use Moo instead at /home/cpansand/.cpan/build/2018032215/Net-Google-DataAPI-0.2805-s1WoaI/blib/lib/Net/Google/DataAPI/Role/Service.pm line 2.
t/01_role/01_service/06_pass_through.t ................. ok
Any::Moose is deprecated. Please use Moo instead at /home/cpansand/.cpan/build/2018032215/Net-Google-DataAPI-0.2805-s1WoaI/blib/lib/Net/Google/DataAPI/Role/Service.pm line 2.
t/01_role/01_service/07_max_line_length.t .............. ok
Any::Moose is deprecated. Please use Moo instead at /home/cpansand/.cpan/build/2018032215/Net-Google-DataAPI-0.2805-s1WoaI/blib/lib/Net/Google/DataAPI/Role/Service.pm line 2.
t/01_role/01_service/08_max_line_length_custom_size.t .. ok
Any::Moose is deprecated. Please use Moo instead at /home/cpansand/.cpan/build/2018032215/Net-Google-DataAPI-0.2805-s1WoaI/blib/lib/Net/Google/DataAPI/Role/Entry.pm line 2.
t/01_role/02_entry/01_instanciate.t .................... ok
Any::Moose is deprecated. Please use Moo instead at t/01_role/02_entry/02_update.t line 10.
t/01_role/02_entry/02_update.t ......................... ok
Any::Moose is deprecated. Please use Moo instead at /home/cpansand/.cpan/build/2018032215/Net-Google-DataAPI-0.2805-s1WoaI/blib/lib/Net/Google/DataAPI/Role/HasContent.pm line 2.
t/01_role/03_has_content/01_basic.t .................... ok
Any::Moose is deprecated. Please use Moo instead at t/lib/MyService.pm line 2.
t/02_feedurl/01_basic.t ................................ ok
Any::Moose is deprecated. Please use Moo instead at t/lib/MyService.pm line 2.
t/02_feedurl/02_add.t .................................. ok
Any::Moose is deprecated. Please use Moo instead at t/lib/MyService.pm line 2.
t/02_feedurl/03_list.t ................................. ok
Any::Moose is deprecated. Please use Moo instead at t/lib/MyService.pm line 2.
t/02_feedurl/04_delete.t ............................... ok
Any::Moose is deprecated. Please use Moo instead at t/02_feedurl/05_error.t line 10.
t/02_feedurl/05_error.t ................................ ok
Any::Moose is deprecated. Please use Moo instead at t/03_entry_has/01_basic.t line 116.
t/03_entry_has/01_basic.t .............................. ok
Any::Moose is deprecated. Please use Moo instead at t/03_entry_has/02_error.t line 8.
t/03_entry_has/02_error.t .............................. ok
Any::Moose is deprecated. Please use Moo instead at t/lib/MyService.pm line 2.
t/04_auth/01_authsub.t ................................. ok
Any::Moose is deprecated. Please use Moo instead at /home/cpansand/.cpan/build/2018032215/Net-Google-DataAPI-0.2805-s1WoaI/blib/lib/Net/Google/DataAPI/Auth/OAuth.pm line 2.
t/04_auth/02_oauth.t ................................... ok
Any::Moose is deprecated. Please use Moo instead at /home/cpansand/.cpan/build/2018032215/Net-Google-DataAPI-0.2805-s1WoaI/blib/lib/Net/Google/DataAPI/Auth/ClientLogin/Multiple.pm line 2.
t/04_auth/03_multiple.t ................................ ok
Any::Moose is deprecated. Please use Moo instead at /home/cpansand/.cpan/build/2018032215/Net-Google-DataAPI-0.2805-s1WoaI/blib/lib/Net/Google/DataAPI/Auth/OAuth2.pm line 2.

#   Failed test at t/04_auth/04_oauth2.t line 72.
#     Structures begin differing at:
#          $got->{hd} = ''
#     $expected->{hd} = Does not exist

#   Failed test at t/04_auth/04_oauth2.t line 101.
#     Structures begin differing at:
#          $got->{hd} = ''
#     $expected->{hd} = Does not exist

#   Failed test at t/04_auth/04_oauth2.t line 124.
#     Structures begin differing at:
#          $got->{hd} = ''
#     $expected->{hd} = Does not exist
# Looks like you failed 3 tests of 28.
t/04_auth/04_oauth2.t .................................. 
Dubious, test returned 3 (wstat 768, 0x300)
Failed 3/28 subtests 
Any::Moose is deprecated. Please use Moo instead at t/05_types.t line 6.
t/05_types.t ........................................... ok

Test Summary Report
-------------------
t/04_auth/04_oauth2.t                                (Wstat: 768 Tests: 28 Failed: 3)
  Failed tests:  9, 22, 28
  Non-zero exit status: 3
Files=24, Tests=423, 12 wallclock secs ( 0.12 usr  0.06 sys +  4.95 cusr  0.92 csys =  6.05 CPU)
Result: FAIL
Failed 1/24 test programs. 3/423 subtests failed.
*** Error code 255

Stop.
make: stopped in /home/cpansand/.cpan/build/2018032215/Net-Google-DataAPI-0.2805-s1WoaI

------------------------------
PREREQUISITES
------------------------------

Prerequisite modules loaded:

requires:

    Module                      Need     Have      
    --------------------------- -------- ----------
    Any::Moose                  0.04     0.27      
    Carp                        0        1.38      
    Digest::SHA1                0        2.13      
    Lingua::EN::Inflect::Number 0        1.12      
    LWP::Protocol::https        0        6.07      
    LWP::UserAgent              0        6.29      
    Mouse                       0.51     v2.5.1    
    Net::Google::AuthSub        0.5      0.5       
    Net::OAuth                  0        0.28      
    Net::OAuth2                 0.60     0.64      
    perl                        5.008001 5.018004  
    Text::Glob                  0        0.11      
    URI                         0        1.72      
    XML::Atom                   0        0.42      
    XML::LibXML                 0        2.0132    

build_requires:

    Module                      Need     Have      
    --------------------------- -------- ----------
    ExtUtils::MakeMaker         6.59     7.30      
    Test::Exception             0        0.43      
    Test::MockModule            0        0.13      
    Test::MockObject            0        1.20161202
    Test::More                  0.88     1.302128  
    Test::Warn                  0        0.32      
    UNIVERSAL::can              0        1.20140328
    UNIVERSAL::isa              0        1.20171012

configure_requires:

    Module                      Need     Have      
    --------------------------- -------- ----------
    ExtUtils::MakeMaker         6.59     7.30      


------------------------------
ENVIRONMENT AND OTHER CONTEXT
------------------------------

Environment variables:

    PATH = /usr/local/bin:/usr/bin:/bin:/usr/local/sbin:/usr/sbin:/sbin:/home/cpansand/bin/freebsd12.0:/home/cpansand/bin/sh:/home/cpansand/bin:/usr/games:/home/cpansand/devel:/home/eserte/src/srezic-misc/scripts
    PERL5LIB = /home/cpansand/.cpan/build/2018032215/Net-OAuth2-0.64-J1QN2O/blib/arch:/home/cpansand/.cpan/build/2018032215/Net-OAuth2-0.64-J1QN2O/blib/lib:/home/cpansand/.cpan/build/2018032215/Net-Google-AuthSub-0.5-W_ox3P/blib/arch:/home/cpansand/.cpan/build/2018032215/Net-Google-AuthSub-0.5-W_ox3P/blib/lib
    PERL5OPT = 
    PERL5_CPANPLUS_IS_RUNNING = 72794
    PERL5_CPAN_IS_RUNNING = 72794
    PERL5_CPAN_IS_RUNNING_IN_RECURSION = 72418,72794
    PERLDOC = -MPod::Perldoc::ToTextOverstrike
    PERL_BATCH = yes
    PERL_CANARY_STABILITY_NOPROMPT = 1
    PERL_CPAN_REPORTER_CONFIG = /var/tmp/cpansmoker-1023/2018032215/cpanreporter_000_config.ini
    PERL_EXTUTILS_AUTOINSTALL = --defaultdeps
    SHELL = /usr/local/bin/zsh
    TERM = screen
    TMPDIR = /var/tmp/cpansmoker-1023/2018032215

Perl special variables (and OS-specific diagnostics, for MSWin32):

    $^X = /usr/perl5.18.4p/bin/perl
    $UID/$EUID = 1023 / 1023
    $GID = 1023 1023
    $EGID = 1023 1023

Perl module toolchain versions installed:

    Module              Have    
    ------------------- --------
    CPAN                2.00    
    CPAN::Meta          2.150010
    Cwd                 3.40    
    ExtUtils::CBuilder  0.280230
    ExtUtils::Command   7.30    
    ExtUtils::Install   2.06    
    ExtUtils::MakeMaker 7.30    
    ExtUtils::Manifest  1.70    
    ExtUtils::ParseXS   3.35    
    File::Spec          3.40    
    JSON                2.97001 
    JSON::PP            2.97001 
    Module::Build       0.4224  
    Module::Signature   0.81    
    Parse::CPAN::Meta   2.150010
    Test::Harness       3.39    
    Test::More          1.302128
    YAML                1.24    
    YAML::Syck          1.30    
    version             0.9918  


--

Summary of my perl5 (revision 5 version 18 subversion 4) configuration:
   
  Platform:
    osname=freebsd, osvers=12.0-current, archname=amd64-freebsd
    uname='freebsd ali1.bbbike.org 12.0-current freebsd 12.0-current #0 bd8385a990e(master)-dirty: fri nov 17 03:13:11 utc 2017 root@ali1.bbbike.org:usrobjhomeprojectsfreebsdamd64.amd64sysgeneric-nodebug amd64 '
    config_args='-ds -e -Dprefix=/usr/perl5.18.4p -Dcf_email=srezic@cpan.org -Doptimize=-O2 -pipe'
    hint=recommended, useposix=true, d_sigaction=define
    useithreads=undef, usemultiplicity=undef
    useperlio=define, d_sfio=undef, uselargefiles=define, usesocks=undef
    use64bitint=define, use64bitall=define, uselongdouble=undef
    usemymalloc=n, bincompat5005=undef
  Compiler:
    cc='cc', ccflags ='-DHAS_FPSETMASK -DHAS_FLOATINGPOINT_H -fno-strict-aliasing -pipe -fstack-protector -I/usr/local/include',
    optimize='-O2 -pipe',
    cppflags='-DHAS_FPSETMASK -DHAS_FLOATINGPOINT_H -fno-strict-aliasing -pipe -fstack-protector -I/usr/local/include'
    ccversion='', gccversion='4.2.1 Compatible FreeBSD Clang 5.0.0 (tags/RELEASE_500/final 312559)', gccosandvers=''
    intsize=4, longsize=8, ptrsize=8, doublesize=8, byteorder=12345678
    d_longlong=define, longlongsize=8, d_longdbl=define, longdblsize=16
    ivtype='long', ivsize=8, nvtype='double', nvsize=8, Off_t='off_t', lseeksize=8
    alignbytes=8, prototype=define
  Linker and Libraries:
    ld='cc', ldflags ='-pthread -Wl,-E  -fstack-protector -L/usr/local/lib'
    libpth=/usr/lib /usr/local/lib
    libs=-lgdbm -lm -lcrypt -lutil -lc
    perllibs=-lm -lcrypt -lutil -lc
    libc=, so=so, useshrplib=false, libperl=libperl.a
    gnulibc_version=''
  Dynamic Linking:
    dlsrc=dl_dlopen.xs, dlext=so, d_dlsymun=undef, ccdlflags=' '
    cccdlflags='-DPIC -fPIC', lddlflags='-shared  -L/usr/local/lib -fstack-protector'


Characteristics of this binary (from libperl): 
  Compile-time options: HAS_TIMES PERLIO_LAYERS PERL_DONT_CREATE_GVSV
                        PERL_HASH_FUNC_ONE_AT_A_TIME_HARD PERL_MALLOC_WRAP
                        PERL_PRESERVE_IVUV PERL_SAWAMPERSAND USE_64_BIT_ALL
                        USE_64_BIT_INT USE_LARGE_FILES USE_LOCALE
                        USE_LOCALE_COLLATE USE_LOCALE_CTYPE
                        USE_LOCALE_NUMERIC USE_PERLIO USE_PERL_ATOF
  Built under freebsd
  Compiled at Nov 17 2017 06:44:20
  %ENV:
    PERL5LIB="/home/cpansand/.cpan/build/2018032215/Net-OAuth2-0.64-J1QN2O/blib/arch:/home/cpansand/.cpan/build/2018032215/Net-OAuth2-0.64-J1QN2O/blib/lib:/home/cpansand/.cpan/build/2018032215/Net-Google-AuthSub-0.5-W_ox3P/blib/arch:/home/cpansand/.cpan/build/2018032215/Net-Google-AuthSub-0.5-W_ox3P/blib/lib"
    PERL5OPT=""
    PERL5_CPANPLUS_IS_RUNNING="72794"
    PERL5_CPAN_IS_RUNNING="72794"
    PERL5_CPAN_IS_RUNNING_IN_RECURSION="72418,72794"
    PERLDOC="-MPod::Perldoc::ToTextOverstrike"
    PERL_BATCH="yes"
    PERL_CANARY_STABILITY_NOPROMPT="1"
    PERL_CPAN_REPORTER_CONFIG="/var/tmp/cpansmoker-1023/2018032215/cpanreporter_000_config.ini"
    PERL_EXTUTILS_AUTOINSTALL="--defaultdeps"
  @INC:
    /home/cpansand/.cpan/build/2018032215/Net-OAuth2-0.64-J1QN2O/blib/arch
    /home/cpansand/.cpan/build/2018032215/Net-OAuth2-0.64-J1QN2O/blib/lib
    /home/cpansand/.cpan/build/2018032215/Net-Google-AuthSub-0.5-W_ox3P/blib/arch
    /home/cpansand/.cpan/build/2018032215/Net-Google-AuthSub-0.5-W_ox3P/blib/lib
    /usr/perl5.18.4p/lib/site_perl/5.18.4/amd64-freebsd
    /usr/perl5.18.4p/lib/site_perl/5.18.4
    /usr/perl5.18.4p/lib/5.18.4/amd64-freebsd
    /usr/perl5.18.4p/lib/5.18.4
    .