Report for Module-Build-IkiWiki-0.0.6

Back
From: metabase:user:3198cbe2-2aae-11df-837a-5e0a49663a4f
Subject: FAIL Module-Build-IkiWiki-0.0.6 v5.18.0 GNU/Linux
Date: 2014-01-13T14:12:03Z

This distribution has been tested as part of the CPAN Testers
project, supporting the Perl programming language.  See
http://wiki.cpantesters.org/ for more information or email
questions to cpan-testers-discuss@perl.org


--
Dear Victor Moral,

This is a computer-generated report for Module-Build-IkiWiki-0.0.6
on perl 5.18.0, created by CPAN-Reporter-1.2010.

Thank you for uploading your work to CPAN.  However, there was a problem
testing your distribution.

If you think this report is invalid, please consult the CPAN Testers Wiki
for suggestions on how to avoid getting FAIL reports for missing library
or binary dependencies, unsupported operating systems, and so on:

http://wiki.cpantesters.org/wiki/CPANAuthorNotes

Sections of this report:

    * Tester comments
    * Program output
    * Prerequisites
    * Environment and other context

------------------------------
TESTER COMMENTS
------------------------------

Additional comments from tester:

this report is from an automated smoke testing program
and was not reviewed by a human for accuracy

------------------------------
PROGRAM OUTPUT
------------------------------

Output from './Build test':

"my" variable $prop masks earlier declaration in same scope at /home/graham/perls/caches/perl-5.18.0-thread/build/Module-Build-IkiWiki-0.0.6-rXLPdi/blib/lib/Module/Build/IkiWiki.pm line 50.

#   Failed test 'use Module::Build::IkiWiki;'
#   at t/00.load.t line 4.
#     Tried to use 'Module::Build::IkiWiki'.
#     Error:  syntax error at /home/graham/perls/caches/perl-5.18.0-thread/build/Module-Build-IkiWiki-0.0.6-rXLPdi/blib/lib/Module/Build/IkiWiki.pm line 30, near "$other qw(ikiwiki_templates ikiwiki_css)"
# Global symbol "$other" requires explicit package name at /home/graham/perls/caches/perl-5.18.0-thread/build/Module-Build-IkiWiki-0.0.6-rXLPdi/blib/lib/Module/Build/IkiWiki.pm line 31.
# Global symbol "$prop" requires explicit package name at /home/graham/perls/caches/perl-5.18.0-thread/build/Module-Build-IkiWiki-0.0.6-rXLPdi/blib/lib/Module/Build/IkiWiki.pm line 32.
# Global symbol "$other" requires explicit package name at /home/graham/perls/caches/perl-5.18.0-thread/build/Module-Build-IkiWiki-0.0.6-rXLPdi/blib/lib/Module/Build/IkiWiki.pm line 32.
# Global symbol "$self" requires explicit package name at /home/graham/perls/caches/perl-5.18.0-thread/build/Module-Build-IkiWiki-0.0.6-rXLPdi/blib/lib/Module/Build/IkiWiki.pm line 36.
# Can't use global @_ in "my" at /home/graham/perls/caches/perl-5.18.0-thread/build/Module-Build-IkiWiki-0.0.6-rXLPdi/blib/lib/Module/Build/IkiWiki.pm line 40, near "=   @_"
# Global symbol "$self" requires explicit package name at /home/graham/perls/caches/perl-5.18.0-thread/build/Module-Build-IkiWiki-0.0.6-rXLPdi/blib/lib/Module/Build/IkiWiki.pm line 41.
# syntax error at /home/graham/perls/caches/perl-5.18.0-thread/build/Module-Build-IkiWiki-0.0.6-rXLPdi/blib/lib/Module/Build/IkiWiki.pm line 48, near "$category qw(templates css)"
# Global symbol "$category" requires explicit package name at /home/graham/perls/caches/perl-5.18.0-thread/build/Module-Build-IkiWiki-0.0.6-rXLPdi/blib/lib/Module/Build/IkiWiki.pm line 57.
# syntax error at /home/graham/perls/caches/perl-5.18.0-thread/build/Module-Build-IkiWiki-0.0.6-rXLPdi/blib/lib/Module/Build/IkiWiki.pm line 74, near "}"
# /home/graham/perls/caches/perl-5.18.0-thread/build/Module-Build-IkiWiki-0.0.6-rXLPdi/blib/lib/Module/Build/IkiWiki.pm has too many errors.
# Compilation failed in require at t/00.load.t line 4.
# BEGIN failed--compilation aborted at t/00.load.t line 4.
Use of uninitialized value $Module::Build::IkiWiki::VERSION in concatenation (.) or string at t/00.load.t line 7.
# Testing Module::Build::IkiWiki 
# Looks like you failed 1 test of 1.
t/00.load.t .......... 
Dubious, test returned 1 (wstat 256, 0x100)
Failed 1/1 subtests 
"my" variable $prop masks earlier declaration in same scope at lib/Module/Build/IkiWiki.pm line 50.

#   Failed test 'use Module::Build::IkiWiki;'
#   at t/01.new.t line 12.
#     Tried to use 'Module::Build::IkiWiki'.
#     Error:  syntax error at lib/Module/Build/IkiWiki.pm line 30, near "$other qw(ikiwiki_templates ikiwiki_css)"
# Global symbol "$other" requires explicit package name at lib/Module/Build/IkiWiki.pm line 31.
# Global symbol "$prop" requires explicit package name at lib/Module/Build/IkiWiki.pm line 32.
# Global symbol "$other" requires explicit package name at lib/Module/Build/IkiWiki.pm line 32.
# Global symbol "$self" requires explicit package name at lib/Module/Build/IkiWiki.pm line 36.
# Can't use global @_ in "my" at lib/Module/Build/IkiWiki.pm line 40, near "=   @_"
# Global symbol "$self" requires explicit package name at lib/Module/Build/IkiWiki.pm line 41.
# syntax error at lib/Module/Build/IkiWiki.pm line 48, near "$category qw(templates css)"
# Global symbol "$category" requires explicit package name at lib/Module/Build/IkiWiki.pm line 57.
# syntax error at lib/Module/Build/IkiWiki.pm line 74, near "}"
# lib/Module/Build/IkiWiki.pm has too many errors.
# Compilation failed in require at t/01.new.t line 12.
# BEGIN failed--compilation aborted at t/01.new.t line 12.
# Looks like you failed 1 test of 2.
t/01.new.t ........... 
Dubious, test returned 1 (wstat 256, 0x100)
Failed 1/2 subtests 
"my" variable $prop masks earlier declaration in same scope at lib/Module/Build/IkiWiki.pm line 50.

#   Failed test 'use Module::Build::IkiWiki;'
#   at /home/graham/perls/perl5.18.0-thread/lib/site_perl/5.18.0/Test/Distribution.pm line 177.
#     Tried to use 'Module::Build::IkiWiki'.
#     Error:  syntax error at lib/Module/Build/IkiWiki.pm line 30, near "$other qw(ikiwiki_templates ikiwiki_css)"
# Global symbol "$other" requires explicit package name at lib/Module/Build/IkiWiki.pm line 31.
# Global symbol "$prop" requires explicit package name at lib/Module/Build/IkiWiki.pm line 32.
# Global symbol "$other" requires explicit package name at lib/Module/Build/IkiWiki.pm line 32.
# Global symbol "$self" requires explicit package name at lib/Module/Build/IkiWiki.pm line 36.
# Can't use global @_ in "my" at lib/Module/Build/IkiWiki.pm line 40, near "=   @_"
# Global symbol "$self" requires explicit package name at lib/Module/Build/IkiWiki.pm line 41.
# syntax error at lib/Module/Build/IkiWiki.pm line 48, near "$category qw(templates css)"
# Global symbol "$category" requires explicit package name at lib/Module/Build/IkiWiki.pm line 57.
# syntax error at lib/Module/Build/IkiWiki.pm line 74, near "}"
# lib/Module/Build/IkiWiki.pm has too many errors.
# Compilation failed in require at /home/graham/perls/perl5.18.0-thread/lib/site_perl/5.18.0/Test/Distribution.pm line 177.
# BEGIN failed--compilation aborted at /home/graham/perls/perl5.18.0-thread/lib/site_perl/5.18.0/Test/Distribution.pm line 177.

#   Failed test 'Module::Build::IkiWiki defines a version'
#   at /home/graham/perls/perl5.18.0-thread/lib/site_perl/5.18.0/Test/Distribution.pm line 212.

#   Failed test 'POD test for blib/lib/Module/Build/IkiWiki.pm'
#   at /home/graham/perls/perl5.18.0-thread/lib/site_perl/5.18.0/Test/Distribution.pm line 144.
# blib/lib/Module/Build/IkiWiki.pm (213): Non-ASCII character seen before =encoding in 'Víctor'. Assuming ISO8859-1

#   Failed test 'Pod Coverage ok'
#   at /home/graham/perls/perl5.18.0-thread/lib/site_perl/5.18.0/Test/Distribution.pm line 165.
# Module::Build::IkiWiki: requiring 'Module::Build::IkiWiki' failed
# Looks like you failed 4 tests of 10.
t/99.distribution.t .. 
Dubious, test returned 4 (wstat 1024, 0x400)
Failed 4/10 subtests 
	(less 1 skipped subtest: 5 okay)
t/perlcritic.t ....... skipped: Test::Perl::Critic required for testing PBP compliance
"my" variable $prop masks earlier declaration in same scope at /home/graham/perls/caches/perl-5.18.0-thread/build/Module-Build-IkiWiki-0.0.6-rXLPdi/blib/lib/Module/Build/IkiWiki.pm line 50.

#   Failed test 'Pod coverage on Module::Build::IkiWiki'
#   at /home/graham/perls/perl5.18.0-thread/lib/site_perl/5.18.0/Test/Pod/Coverage.pm line 126.
# Module::Build::IkiWiki: requiring 'Module::Build::IkiWiki' failed
# Looks like you failed 1 test of 1.
t/pod-coverage.t ..... 
Dubious, test returned 1 (wstat 256, 0x100)
Failed 1/1 subtests 

#   Failed test 'POD test for blib/script/pod2mdwn'
#   at /home/graham/perls/perl5.18.0-thread/lib/site_perl/5.18.0/Test/Pod.pm line 186.
# blib/script/pod2mdwn (292): Non-ASCII character seen before =encoding in 'Víctor'. Assuming UTF-8

#   Failed test 'POD test for blib/lib/Module/Build/IkiWiki.pm'
#   at /home/graham/perls/perl5.18.0-thread/lib/site_perl/5.18.0/Test/Pod.pm line 186.
# blib/lib/Module/Build/IkiWiki.pm (213): Non-ASCII character seen before =encoding in 'Víctor'. Assuming ISO8859-1
# Looks like you failed 2 tests of 2.
t/pod.t .............. 
Dubious, test returned 2 (wstat 512, 0x200)
Failed 2/2 subtests 

Test Summary Report
-------------------
t/00.load.t        (Wstat: 256 Tests: 1 Failed: 1)
  Failed test:  1
  Non-zero exit status: 1
t/01.new.t         (Wstat: 256 Tests: 2 Failed: 1)
  Failed test:  1
  Non-zero exit status: 1
t/99.distribution.t (Wstat: 1024 Tests: 10 Failed: 4)
  Failed tests:  2-3, 5, 10
  Non-zero exit status: 4
t/pod-coverage.t   (Wstat: 256 Tests: 1 Failed: 1)
  Failed test:  1
  Non-zero exit status: 1
t/pod.t            (Wstat: 512 Tests: 2 Failed: 2)
  Failed tests:  1-2
  Non-zero exit status: 2
Files=6, Tests=16,  1 wallclock secs ( 0.06 usr  0.00 sys +  0.71 cusr  0.08 csys =  0.85 CPU)
Result: FAIL
Failed 5/6 test programs. 9/16 subtests failed.

------------------------------
PREREQUISITES
------------------------------

Prerequisite modules loaded:

requires:

    Module        Need Have    
    ------------- ---- --------
    Module::Build 0.26 0.4003  
    Test::More    0    1.001002


------------------------------
ENVIRONMENT AND OTHER CONTEXT
------------------------------

Environment variables:

    AUTOMATED_TESTING = 1
    LANG = en_GB.UTF-8
    LC_ADDRESS = en_GB.UTF-8
    LC_COLLATE = en_GB.UTF-8
    LC_CTYPE = en_GB.UTF-8
    LC_IDENTIFICATION = en_GB.UTF-8
    LC_MEASUREMENT = en_GB.UTF-8
    LC_MESSAGES = en_GB.UTF-8
    LC_MONETARY = en_GB.UTF-8
    LC_NAME = en_GB.UTF-8
    LC_NUMERIC = en_GB.UTF-8
    LC_PAPER = en_GB.UTF-8
    LC_TELEPHONE = en_GB.UTF-8
    LC_TIME = en_GB.UTF-8
    PATH = /home/graham/perls/perl5.18.0-thread/bin:/home/graham/perls/perl5.18.0-thread/bin:/usr/local/sbin:/usr/local/bin:/usr/bin:/usr/bin/core_perl
    PERL5LIB = 
    PERL5OPT = 
    PERL5_CPANPLUS_IS_RUNNING = 16380
    PERL5_CPAN_IS_RUNNING = 16380
    PERL5_CPAN_IS_RUNNING_IN_RECURSION = 495,16380
    PERL_CR_SMOKER_CURRENT = Module-Build-IkiWiki-0.0.6
    PERL_EXTUTILS_AUTOINSTALL = --defaultdeps
    PERL_MM_USE_DEFAULT = 1
    SHELL = /bin/bash
    TERM = xterm

Perl special variables (and OS-specific diagnostics, for MSWin32):

    $^X = /home/graham/perls/perl5.18.0-thread/bin/perl
    $UID/$EUID = 1000 / 1000
    $GID = 100 10 100
    $EGID = 100 10 100

Perl module toolchain versions installed:

    Module              Have    
    ------------------- --------
    CPAN                1.9402  
    CPAN::Meta          2.133380
    Cwd                 3.40    
    ExtUtils::CBuilder  0.280212
    ExtUtils::Command   1.18    
    ExtUtils::Install   1.59    
    ExtUtils::MakeMaker 6.87_01 
    ExtUtils::Manifest  1.63    
    ExtUtils::ParseXS   3.22    
    File::Spec          3.40    
    JSON                2.90    
    JSON::PP            2.27203 
    Module::Build       0.4003  
    Module::Signature   n/a     
    Parse::CPAN::Meta   1.4409  
    Test::Harness       3.30    
    Test::More          1.001002
    YAML                0.88    
    YAML::Syck          1.27    
    version             0.9906  


--

Summary of my perl5 (revision 5 version 18 subversion 0) configuration:
   
  Platform:
    osname=linux, osvers=3.11.6-1-arch, archname=x86_64-linux-thread-multi
    uname='linux arch002 3.11.6-1-arch #1 smp preempt fri oct 18 23:22:36 cest 2013 x86_64 gnulinux '
    config_args=''
    hint=recommended, useposix=true, d_sigaction=define
    useithreads=define, usemultiplicity=define
    useperlio=define, d_sfio=undef, uselargefiles=define, usesocks=undef
    use64bitint=define, use64bitall=define, uselongdouble=undef
    usemymalloc=n, bincompat5005=undef
  Compiler:
    cc='cc', ccflags ='-D_REENTRANT -D_GNU_SOURCE -fno-strict-aliasing -pipe -fstack-protector -I/usr/local/include -D_LARGEFILE_SOURCE -D_FILE_OFFSET_BITS=64',
    optimize='-O2',
    cppflags='-D_REENTRANT -D_GNU_SOURCE -fno-strict-aliasing -pipe -fstack-protector -I/usr/local/include'
    ccversion='', gccversion='4.8.2', gccosandvers=''
    intsize=4, longsize=8, ptrsize=8, doublesize=8, byteorder=12345678
    d_longlong=define, longlongsize=8, d_longdbl=define, longdblsize=16
    ivtype='long', ivsize=8, nvtype='double', nvsize=8, Off_t='off_t', lseeksize=8
    alignbytes=8, prototype=define
  Linker and Libraries:
    ld='cc', ldflags =' -fstack-protector -L/usr/local/lib'
    libpth=/usr/local/lib /lib/../lib /usr/lib/../lib /lib /usr/lib /lib64 /usr/lib64
    libs=-lnsl -lgdbm -ldb -ldl -lm -lcrypt -lutil -lpthread -lc -lgdbm_compat
    perllibs=-lnsl -ldl -lm -lcrypt -lutil -lpthread -lc
    libc=/lib/libc-2.18.so, so=so, useshrplib=false, libperl=libperl.a
    gnulibc_version='2.18'
  Dynamic Linking:
    dlsrc=dl_dlopen.xs, dlext=so, d_dlsymun=undef, ccdlflags='-Wl,-E'
    cccdlflags='-fPIC', lddlflags='-shared -O2 -L/usr/local/lib -fstack-protector'


Characteristics of this binary (from libperl): 
  Compile-time options: HAS_TIMES MULTIPLICITY PERLIO_LAYERS
                        PERL_DONT_CREATE_GVSV
                        PERL_HASH_FUNC_ONE_AT_A_TIME_HARD
                        PERL_IMPLICIT_CONTEXT PERL_MALLOC_WRAP
                        PERL_PRESERVE_IVUV PERL_SAWAMPERSAND USE_64_BIT_ALL
                        USE_64_BIT_INT USE_ITHREADS USE_LARGE_FILES
                        USE_LOCALE USE_LOCALE_COLLATE USE_LOCALE_CTYPE
                        USE_LOCALE_NUMERIC USE_PERLIO USE_PERL_ATOF
                        USE_REENTRANT_API
  Built under linux
  Compiled at Dec  6 2013 08:54:47
  %ENV:
    PERL5LIB=""
    PERL5OPT=""
    PERL5_CPANPLUS_IS_RUNNING="16380"
    PERL5_CPAN_IS_RUNNING="16380"
    PERL5_CPAN_IS_RUNNING_IN_RECURSION="495,16380"
    PERL_CR_SMOKER_CURRENT="Module-Build-IkiWiki-0.0.6"
    PERL_EXTUTILS_AUTOINSTALL="--defaultdeps"
    PERL_MM_USE_DEFAULT="1"
  @INC:
    /home/graham/perls/perl5.18.0-thread/lib/site_perl/5.18.0/x86_64-linux-thread-multi
    /home/graham/perls/perl5.18.0-thread/lib/site_perl/5.18.0
    /home/graham/perls/perl5.18.0-thread/lib/5.18.0/x86_64-linux-thread-multi
    /home/graham/perls/perl5.18.0-thread/lib/5.18.0
    .