Back
From: metabase:user:322078bc-2aae-11df-837a-5e0a49663a4f
Subject: FAIL Variable-Strongly-Typed-v1.1.0 v5.10.0 FreeBSD
Date: 2011-06-08T11:44:32Z
This distribution has been tested as part of the CPAN Testers
project, supporting the Perl programming language. See
http://wiki.cpantesters.org/ for more information or email
questions to cpan-testers-discuss@perl.org
--
Dear METZZO,
This is a computer-generated error report created automatically by
CPANPLUS, version 0.9105. Testers personal comments may appear
at the end of this report.
Thank you for uploading your work to CPAN. However, it appears that
there were some problems testing your distribution.
TEST RESULTS:
Below is the error stack from stage 'make test':
[MSG] [Wed Jun 8 12:44:07 2011] Building Class-Std-Utils
[MSG] [Wed Jun 8 12:44:07 2011] MAKE TEST passed:
# Testing Class::Std::Utils 0.0.3
t/00.load.t .................... ok
t/anon_scalar.t ................ ok
t/extract_initializers_from.t .. ok
t/ident.t ...................... ok
t/pod-coverage.t ............... skipped: Test::Pod::Coverage 1.04 required for testing POD coverage
t/pod.t ........................ skipped: Test::Pod 1.14 required for testing POD
All tests successful.
Files=6, Tests=27, 0 wallclock secs ( 0.05 usr 0.03 sys + 0.18 cusr 0.05 csys = 0.30 CPU)
Result: PASS
[MSG] [Wed Jun 8 12:44:07 2011] Sending test report for 'Class-Std-Utils-v0.0.3'
[MSG] [Wed Jun 8 12:44:07 2011] Successfully sent 'pass' report for 'Class-Std-Utils-v0.0.3'
[MSG] [Wed Jun 8 12:44:08 2011] Building Variable-Strongly-Typed
[ERROR] [Wed Jun 8 12:44:09 2011] MAKE TEST failed:
# Testing Variable::Strongly::Typed 1.1.0
t/00.load.t ......... ok
# Testing Variable::Strongly::Typed 1.1.0
t/01.simple.type.t ..
Dubious, test returned 255 (wstat 65280, 0xff00)
Failed 18/19 subtests
Error handler must be a CODE ref! at /usr/home/cpan/pit/thr/perl-5.10.0/lib/5.10.0/Attribute/Handlers.pm line 202
# Looks like you planned 19 tests but ran 1.
# Looks like your test exited with 255 just after 1.
# Testing Variable::Strongly::Typed 1.1.0
t/02.my.type.t ......
Dubious, test returned 255 (wstat 65280, 0xff00)
Failed 3/4 subtests
Error handler must be a CODE ref! at /usr/home/cpan/pit/thr/perl-5.10.0/lib/5.10.0/Attribute/Handlers.pm line 202
# Looks like you planned 4 tests but ran 1.
# Looks like your test exited with 255 just after 1.
# Testing Variable::Strongly::Typed 1.1.0
Error handler must be a CODE ref! at /usr/home/cpan/pit/thr/perl-5.10.0/lib/5.10.0/Attribute/Handlers.pm line 202
# Looks like you planned 9 tests but ran 1.
# Looks like your test exited with 255 just after 1.
t/03.array.type.t ...
Dubious, test returned 255 (wstat 65280, 0xff00)
Failed 8/9 subtests
# Testing Variable::Strongly::Typed 1.1.0
Error handler must be a CODE ref! at /usr/home/cpan/pit/thr/perl-5.10.0/lib/5.10.0/Attribute/Handlers.pm line 202
# Looks like you planned 8 tests but ran 1.
# Looks like your test exited with 255 just after 1.
t/04.hash.type.t ....
Dubious, test returned 255 (wstat 65280, 0xff00)
Failed 7/8 subtests
# Testing Variable::Strongly::Typed 1.1.0
Error handler must be a CODE ref! at /usr/home/cpan/pit/thr/perl-5.10.0/lib/5.10.0/Attribute/Handlers.pm line 202
# Looks like you planned 3 tests but ran 1.
# Looks like your test exited with 255 just after 1.
t/05.no.type.t ......
Dubious, test returned 255 (wstat 65280, 0xff00)
Failed 2/3 subtests
Error handler must be a CODE ref! at /usr/home/cpan/pit/thr/perl-5.10.0/lib/5.10.0/Attribute/Handlers.pm line 202
CHECK failed--call queue aborted.
# Looks like you planned 4 tests but ran 1.
# Looks like your test exited with 255 just after 1.
t/06.code.t .........
Dubious, test returned 255 (wstat 65280, 0xff00)
Failed 3/4 subtests
t/pod-coverage.t .... skipped: Test::Pod::Coverage 1.04 required for testing POD coverage
t/pod.t ............. skipped: Test::Pod 1.14 required for testing POD
Test Summary Report
-------------------
t/01.simple.type.t (Wstat: 65280 Tests: 1 Failed: 0)
Non-zero exit status: 255
Parse errors: Bad plan. You planned 19 tests but ran 1.
t/02.my.type.t (Wstat: 65280 Tests: 1 Failed: 0)
Non-zero exit status: 255
Parse errors: Bad plan. You planned 4 tests but ran 1.
t/03.array.type.t (Wstat: 65280 Tests: 1 Failed: 0)
Non-zero exit status: 255
Parse errors: Bad plan. You planned 9 tests but ran 1.
t/04.hash.type.t (Wstat: 65280 Tests: 1 Failed: 0)
Non-zero exit status: 255
Parse errors: Bad plan. You planned 8 tests but ran 1.
t/05.no.type.t (Wstat: 65280 Tests: 1 Failed: 0)
Non-zero exit status: 255
Parse errors: Bad plan. You planned 3 tests but ran 1.
t/06.code.t (Wstat: 65280 Tests: 1 Failed: 0)
Non-zero exit status: 255
Parse errors: Bad plan. You planned 4 tests but ran 1.
Files=9, Tests=7, 0 wallclock secs ( 0.04 usr 0.05 sys + 0.31 cusr 0.16 csys = 0.57 CPU)
Result: FAIL
Failed 6/9 test programs. 0/7 subtests failed.
BEGIN failed--compilation aborted at /usr/home/cpan/pit/thr/perl-5.10.0/bin/cpanp-run-perl line 8.
[MSG] [Wed Jun 8 12:44:09 2011] DEFAULT 'proceed_on_test_failure' HANDLER RETURNING 'sub return value'
PREREQUISITES:
Here is a list of prerequisites you specified and versions we
managed to load:
Module Name Have Want
Attribute::Handlers 0.79 0
Class::Std::Utils 0.0.3 0
IO::File 1.14 0
Test::More 0.98 0
Tie::Array 1.03 0
Tie::Hash 1.02 0
Tie::Scalar 1.00 0
version 0.88 0
Perl module toolchain versions installed:
Module Name Have
CPANPLUS 0.9105
CPANPLUS::Dist::Build 0.56
Cwd 3.33
ExtUtils::CBuilder 0.280202
ExtUtils::Command 1.16
ExtUtils::Install 1.54
ExtUtils::MakeMaker 6.56
ExtUtils::Manifest 1.58
ExtUtils::ParseXS 2.2206
File::Spec 3.33
Module::Build 0.3800
Test::Harness 3.23
Test::More 0.98
version 0.88
******************************** NOTE ********************************
The comments above are created mechanically, possibly without manual
checking by the sender. As there are many people performing automatic
tests on each upload to CPAN, it is likely that you will receive
identical messages about the same problem.
If you believe that the message is mistaken, please reply to the first
one with correction and/or additional informations, and do not take
it personally. We appreciate your patience. :)
**********************************************************************
Additional comments:
This report was machine-generated by CPANPLUS::Dist::YACSmoke 0.62.
Powered by minismokebox version 0.48
------------------------------
ENVIRONMENT AND OTHER CONTEXT
------------------------------
Environment variables:
AUTOMATED_TESTING = 1
PATH = /sbin:/bin:/usr/sbin:/usr/bin:/usr/games:/usr/local/sbin:/usr/local/bin:/home/cpan/bin
PERL5LIB = :/usr/home/cpan/pit/thr/conf/perl-5.10.0/.cpanplus/5.10.0/build/Class-Std-Utils-v0.0.3/blib/lib:/usr/home/cpan/pit/thr/conf/perl-5.10.0/.cpanplus/5.10.0/build/Class-Std-Utils-v0.0.3/blib/arch:/usr/home/cpan/pit/thr/conf/perl-5.10.0/.cpanplus/5.10.0/build/Variable-Strongly-Typed-v1.1.0/blib/lib:/usr/home/cpan/pit/thr/conf/perl-5.10.0/.cpanplus/5.10.0/build/Variable-Strongly-Typed-v1.1.0/blib/arch
PERL5_CPANPLUS_IS_RUNNING = 25817
PERL5_CPANPLUS_IS_VERSION = 0.9105
PERL5_MINISMOKEBOX = 0.48
PERL5_YACSMOKE_BASE = /usr/home/cpan/pit/thr/conf/perl-5.10.0
PERL_EXTUTILS_AUTOINSTALL = --defaultdeps
PERL_MM_USE_DEFAULT = 1
SHELL = /usr/local/bin/bash
TERM = screen
Perl special variables (and OS-specific diagnostics, for MSWin32):
Perl: $^X = /usr/home/cpan/pit/thr/perl-5.10.0/bin/perl
UID: $< = 1002
EUID: $> = 1002
GID: $( = 1002 1002
EGID: $) = 1002 1002
-------------------------------
--
Summary of my perl5 (revision 5 version 10 subversion 0) configuration:
Platform:
osname=freebsd, osvers=9.0-current-201101, archname=amd64-freebsd-thread-multi
uname='freebsd flooble.bingosnet.co.uk 9.0-current-201101 freebsd 9.0-current-201101 #0: mon jan 3 22:15:39 utc 2011 root@farrell.cse.buffalo.edu:usrobjusrsrcsysgeneric amd64 '
config_args='-des -Dprefix=/usr/home/cpan/pit/thr/perl-5.10.0 -Dusethreads'
hint=recommended, useposix=true, d_sigaction=define
useithreads=define, usemultiplicity=define
useperlio=define, d_sfio=undef, uselargefiles=define, usesocks=undef
use64bitint=define, use64bitall=define, uselongdouble=undef
usemymalloc=n, bincompat5005=undef
Compiler:
cc='cc', ccflags ='-DHAS_FPSETMASK -DHAS_FLOATINGPOINT_H -fno-strict-aliasing -pipe -I/usr/local/include',
optimize='-O',
cppflags='-DHAS_FPSETMASK -DHAS_FLOATINGPOINT_H -fno-strict-aliasing -pipe -I/usr/local/include'
ccversion='', gccversion='4.2.1 20070719 [FreeBSD]', gccosandvers=''
intsize=4, longsize=8, ptrsize=8, doublesize=8, byteorder=12345678
d_longlong=define, longlongsize=8, d_longdbl=define, longdblsize=16
ivtype='long', ivsize=8, nvtype='double', nvsize=8, Off_t='off_t', lseeksize=8
alignbytes=8, prototype=define
Linker and Libraries:
ld='cc', ldflags ='-pthread -Wl,-E -L/usr/local/lib'
libpth=/usr/lib /usr/local/lib
libs=-lgdbm -lm -lcrypt
perllibs=-lm -lcrypt
libc=, so=so, useshrplib=false, libperl=libperl.a
gnulibc_version=''
Dynamic Linking:
dlsrc=dl_dlopen.xs, dlext=so, d_dlsymun=undef, ccdlflags=' '
cccdlflags='-DPIC -fPIC', lddlflags='-shared -L/usr/local/lib'
Characteristics of this binary (from libperl):
Compile-time options: MULTIPLICITY PERL_DONT_CREATE_GVSV
PERL_IMPLICIT_CONTEXT PERL_MALLOC_WRAP USE_64_BIT_ALL
USE_64_BIT_INT USE_ITHREADS USE_LARGE_FILES
USE_PERLIO USE_REENTRANT_API
Built under freebsd
Compiled at Apr 29 2011 04:03:42
%ENV:
PERL5LIB=":/usr/home/cpan/pit/thr/conf/perl-5.10.0/.cpanplus/5.10.0/build/Class-Std-Utils-v0.0.3/blib/lib:/usr/home/cpan/pit/thr/conf/perl-5.10.0/.cpanplus/5.10.0/build/Class-Std-Utils-v0.0.3/blib/arch:/usr/home/cpan/pit/thr/conf/perl-5.10.0/.cpanplus/5.10.0/build/Variable-Strongly-Typed-v1.1.0/blib/lib:/usr/home/cpan/pit/thr/conf/perl-5.10.0/.cpanplus/5.10.0/build/Variable-Strongly-Typed-v1.1.0/blib/arch"
PERL5_CPANPLUS_IS_RUNNING="25817"
PERL5_CPANPLUS_IS_VERSION="0.9105"
PERL5_MINISMOKEBOX="0.48"
PERL5_YACSMOKE_BASE="/usr/home/cpan/pit/thr/conf/perl-5.10.0"
PERL_EXTUTILS_AUTOINSTALL="--defaultdeps"
PERL_MM_USE_DEFAULT="1"
@INC:
/usr/home/cpan/pit/thr/conf/perl-5.10.0/.cpanplus/5.10.0/build/Class-Std-Utils-v0.0.3/blib/lib
/usr/home/cpan/pit/thr/conf/perl-5.10.0/.cpanplus/5.10.0/build/Class-Std-Utils-v0.0.3/blib/arch
/usr/home/cpan/pit/thr/conf/perl-5.10.0/.cpanplus/5.10.0/build/Variable-Strongly-Typed-v1.1.0/blib/lib
/usr/home/cpan/pit/thr/conf/perl-5.10.0/.cpanplus/5.10.0/build/Variable-Strongly-Typed-v1.1.0/blib/arch
/usr/home/cpan/pit/thr/perl-5.10.0/lib/5.10.0/amd64-freebsd-thread-multi
/usr/home/cpan/pit/thr/perl-5.10.0/lib/5.10.0
/usr/home/cpan/pit/thr/perl-5.10.0/lib/site_perl/5.10.0/amd64-freebsd-thread-multi
/usr/home/cpan/pit/thr/perl-5.10.0/lib/site_perl/5.10.0
.