Data-Sah-JS v0.87 Perl 5 v5.38.3 x86_64-linux-ld

Status
Fail
From
Andreas J. König (ANDK)
Dist
Data-Sah-JS v0.87
Platform
Perl 5 v5.38.3 x86_64-linux-ld
Date
2025-03-19 20:56:48
ID
ac96d24e-0504-11f0-b786-cba5cd9c18cc
This distribution has been tested as part of the CPAN Testers
project, supporting the Perl programming language.  See
http://wiki.cpantesters.org/ for more information or email
questions to cpan-testers-discuss@perl.org


--
Dear perlancar,

This is a computer-generated report for Data-Sah-JS-0.87
on perl 5.38.3, created by CPAN-Reporter-1.2020.

Thank you for uploading your work to CPAN.  However, there was a problem
testing your distribution.

If you think this report is invalid, please consult the CPAN Testers Wiki
for suggestions on how to avoid getting FAIL reports for missing library
or binary dependencies, unsupported operating systems, and so on:

http://wiki.cpantesters.org/wiki/CPANAuthorNotes

Sections of this report:

    * Tester comments
    * Program output
    * Prerequisites
    * Environment and other context

------------------------------
TESTER COMMENTS
------------------------------

Additional comments from tester:

this report is from an automated smoke testing program
and was not reviewed by a human for accuracy

------------------------------
PROGRAM OUTPUT
------------------------------

Output from '/usr/bin/make test':

PERL_DL_NONLAZY=1 "/tmp/basesmoker-reloperl-mogV/bin/perl" "-MExtUtils::Command::MM" "-MTest::Harness" "-e" "undef *Test::Harness::Switches; test_harness(0, 'blib/lib', 'blib/arch')" t/*.t
t/00-compile.t ........... ok
t/99-various.t ........... ok
t/author-pod-coverage.t .. skipped: these tests are for testing by the author
t/author-pod-syntax.t .... skipped: these tests are for testing by the author
malformed JSON string, neither tag, array, object, number, string or atom, at character offset 0 (before "undefined\n") at /tmp/loop_over_bdir-935399-bfmh6H/Data-Sah-JS-0.87-0/blib/lib/Data/Sah/JS.pm line 58.
t/js-misc.t .............. 
Dubious, test returned 255 (wstat 65280, 0xff00)
No subtests run 
Can't locate object method "expr_list" via package "Data::Sah::Compiler::js" at /home/sand/src/perl/repoperls/installed-perls/host/k93jammy/v5.38.3/5674/lib/site_perl/5.38.3/Data/Sah/Compiler/Prog.pm line 990.
t/js-type-date.t ......... 
Dubious, test returned 255 (wstat 65280, 0xff00)
No subtests run 
Can't locate object method "expr_list" via package "Data::Sah::Compiler::js" at /home/sand/src/perl/repoperls/installed-perls/host/k93jammy/v5.38.3/5674/lib/site_perl/5.38.3/Data/Sah/Compiler/Prog.pm line 1009.
t/js-type-duration.t ..... 
Dubious, test returned 255 (wstat 65280, 0xff00)
No subtests run 
    # Loading 10-type-all.json ...

    #   Failed test 'js file executed successfully'
    #   at /tmp/loop_over_bdir-935399-bfmh6H/Data-Sah-JS-0.87-0/blib/lib/Test/Data/Sah/JS.pm line 245.
    # output=<<            ok 1 - invalid (rt=bool)
    # /tmp/y8wFvnPANt/jsSP8wimuM:255
    #     ok(sahv_all1_str(3).match(/\S/), 'invalid (rt=str)');
    #                        ^
    # 
    # TypeError: Cannot read property 'match' of undefined
    #     at /tmp/y8wFvnPANt/jsSP8wimuM:255:24
    #     at subtest (/tmp/y8wFvnPANt/jsSP8wimuM:44:6)
    #     at Object.<anonymous> (/tmp/y8wFvnPANt/jsSP8wimuM:253:1)
    #     at Module._compile (internal/modules/cjs/loader.js:999:30)
    #     at Object.Module._extensions..js (internal/modules/cjs/loader.js:1027:10)
    #     at Module.load (internal/modules/cjs/loader.js:863:32)
    #     at Function.Module._load (internal/modules/cjs/loader.js:708:14)
    #     at Function.executeUserEntryPoint [as runMain] (internal/modules/run_main.js:60:12)
    #     at internal/main/run_main_module.js:17:47
    # >>, exit status ($?)=256, errno ($!)=Illegal seek, result=256Illegal seek
    # Looks like you failed 1 test of 4.

#   Failed test '10-type-all.json'
#   at /home/sand/src/perl/repoperls/installed-perls/host/k93jammy/v5.38.3/5674/lib/site_perl/5.38.3/Test/Data/Sah.pm line 275.
    # Loading 10-type-any.json ...

    #   Failed test 'js file executed successfully'
    #   at /tmp/loop_over_bdir-935399-bfmh6H/Data-Sah-JS-0.87-0/blib/lib/Test/Data/Sah/JS.pm line 245.
    # output=<<            ok 1 - invalid (rt=bool)
    # /tmp/y8wFvnPANt/js3XmUiazu:270
    #     ok(sahv_any1_str(3).match(/\S/), 'invalid (rt=str)');
    #                        ^
    # 
    # TypeError: Cannot read property 'match' of undefined
    #     at /tmp/y8wFvnPANt/js3XmUiazu:270:24
    #     at subtest (/tmp/y8wFvnPANt/js3XmUiazu:44:6)
    #     at Object.<anonymous> (/tmp/y8wFvnPANt/js3XmUiazu:268:1)
    #     at Module._compile (internal/modules/cjs/loader.js:999:30)
    #     at Object.Module._extensions..js (internal/modules/cjs/loader.js:1027:10)
    #     at Module.load (internal/modules/cjs/loader.js:863:32)
    #     at Function.Module._load (internal/modules/cjs/loader.js:708:14)
    #     at Function.executeUserEntryPoint [as runMain] (internal/modules/run_main.js:60:12)
    #     at internal/main/run_main_module.js:17:47
    # >>, exit status ($?)=256, errno ($!)=Illegal seek, result=256Illegal seek
    # Looks like you failed 1 test of 7.

#   Failed test '10-type-any.json'
#   at /home/sand/src/perl/repoperls/installed-perls/host/k93jammy/v5.38.3/5674/lib/site_perl/5.38.3/Test/Data/Sah.pm line 275.
    # Loading 10-type-array.json ...

    #   Failed test 'compile ok ((tags=clause:default, type, type:array) array0020: default: must accept valid default []}, bool)'
    #   at /tmp/loop_over_bdir-935399-bfmh6H/Data-Sah-JS-0.87-0/blib/lib/Test/Data/Sah/JS.pm line 157.
    # Can't locate object method "expr_list" via package "Data::Sah::Compiler::js" at /home/sand/src/perl/repoperls/installed-perls/host/k93jammy/v5.38.3/5674/lib/site_perl/5.38.3/Data/Sah/Compiler/Prog.pm line 707.

    #   Failed test 'compile ok ((tags=clause:default, type, type:array) array0021: default: must reject invalid default a}, bool)'
    #   at /tmp/loop_over_bdir-935399-bfmh6H/Data-Sah-JS-0.87-0/blib/lib/Test/Data/Sah/JS.pm line 157.
    # Can't locate object method "expr_list" via package "Data::Sah::Compiler::js" at /home/sand/src/perl/repoperls/installed-perls/host/k93jammy/v5.38.3/5674/lib/site_perl/5.38.3/Data/Sah/Compiler/Prog.pm line 707.
    # Skipping test (tags=clause:check_each_index, type, type:array) array0117: check_each_index: clause check_each_index not yet implemented
    # Skipping test (tags=clause:check_each_elem, type, type:array) array0118: check_each_elem: clause check_each_elem not yet implemented
    # Skipping test (tags=clause:uniq, type, type:array) array0119: uniq=1: clause uniq not yet implemented
    # Skipping test (tags=clause:uniq, type, type:array) array0120: uniq=0: clause uniq not yet implemented
    # Skipping test (tags=clause:uniq, op, op:not, opshortcut, type, type:array) array0121: !uniq=1: clause uniq not yet implemented
    # Skipping test (tags=clause:exists, type, type:array) array0122: exists: clause exists not yet implemented
    # Skipping test (tags=prop:len, type, type:array) array0129: prop:len: properties are not yet implemented
    # Skipping test (tags=prop:indices, type, type:array) array0130: prop:indices: properties are not yet implemented
    # Skipping test (tags=prop:elems, type, type:array) array0131: prop:elems: properties are not yet implemented

    #   Failed test 'compile ok ((tags=clause:elems, type, type:array) array0133: elems (nok, first elem required)}, bool)'
    #   at /tmp/loop_over_bdir-935399-bfmh6H/Data-Sah-JS-0.87-0/blib/lib/Test/Data/Sah/JS.pm line 157.
    # Can't locate object method "expr_list" via package "Data::Sah::Compiler::js" at /home/sand/src/perl/repoperls/installed-perls/host/k93jammy/v5.38.3/5674/lib/site_perl/5.38.3/Data/Sah/Compiler/Prog.pm line 707.

    #   Failed test 'compile ok ((tags=clause:elems, type, type:array) array0139: elems (ok, create_default=0)}, bool)'
    #   at /tmp/loop_over_bdir-935399-bfmh6H/Data-Sah-JS-0.87-0/blib/lib/Test/Data/Sah/JS.pm line 157.
    # Can't locate object method "expr_list" via package "Data::Sah::Compiler::js" at /home/sand/src/perl/repoperls/installed-perls/host/k93jammy/v5.38.3/5674/lib/site_perl/5.38.3/Data/Sah/Compiler/Prog.pm line 707.

    #   Failed test 'js file executed successfully'
    #   at /tmp/loop_over_bdir-935399-bfmh6H/Data-Sah-JS-0.87-0/blib/lib/Test/Data/Sah/JS.pm line 245.
    # output=<<            not ok 1 - valid (rt=bool)
    #             not ok 2 - valid (rt=str)
    #             not ok 3 - validator (rt=full) returns object
    # /tmp/y8wFvnPANt/jsi4OxYB3x:107
    #     ok(Object.keys(res['errors']   ? res['errors']   : {}).length==0, 'errors (rt=full)');
    #                       ^
    # 
    # TypeError: Cannot read property 'errors' of undefined
    #     at /tmp/y8wFvnPANt/jsi4OxYB3x:107:23
    #     at subtest (/tmp/y8wFvnPANt/jsi4OxYB3x:44:6)
    #     at Object.<anonymous> (/tmp/y8wFvnPANt/jsi4OxYB3x:102:1)
    #     at Module._compile (internal/modules/cjs/loader.js:999:30)
    #     at Object.Module._extensions..js (internal/modules/cjs/loader.js:1027:10)
    #     at Module.load (internal/modules/cjs/loader.js:863:32)
    #     at Function.Module._load (internal/modules/cjs/loader.js:708:14)
    #     at Function.executeUserEntryPoint [as runMain] (internal/modules/run_main.js:60:12)
    #     at internal/main/run_main_module.js:17:47
    # >>, exit status ($?)=256, errno ($!)=Illegal seek, result=256Illegal seek
    # Looks like you failed 5 tests of 338.

#   Failed test '10-type-array.json'
#   at /home/sand/src/perl/repoperls/installed-perls/host/k93jammy/v5.38.3/5674/lib/site_perl/5.38.3/Test/Data/Sah.pm line 275.
    # Loading 10-type-bool.json ...

    #   Failed test 'compile ok ((tags=type, type:bool) bool0001: type check: must accept 0}, bool)'
    #   at /tmp/loop_over_bdir-935399-bfmh6H/Data-Sah-JS-0.87-0/blib/lib/Test/Data/Sah/JS.pm line 157.
    # Can't locate object method "expr_list" via package "Data::Sah::Compiler::js" at /home/sand/src/perl/repoperls/installed-perls/host/k93jammy/v5.38.3/5674/lib/site_perl/5.38.3/Data/Sah/Compiler/Prog.pm line 1009.

    #   Failed test 'compile ok ((tags=clause:defhash_v, type, type:bool) bool0006: defhash_v}, bool)'
    #   at /tmp/loop_over_bdir-935399-bfmh6H/Data-Sah-JS-0.87-0/blib/lib/Test/Data/Sah/JS.pm line 157.
    # Can't locate object method "expr_list" via package "Data::Sah::Compiler::js" at /home/sand/src/perl/repoperls/installed-perls/host/k93jammy/v5.38.3/5674/lib/site_perl/5.38.3/Data/Sah/Compiler/Prog.pm line 1009.

    #   Failed test 'compile ok ((tags=clause:v, type, type:bool) bool0007: v}, bool)'
    #   at /tmp/loop_over_bdir-935399-bfmh6H/Data-Sah-JS-0.87-0/blib/lib/Test/Data/Sah/JS.pm line 157.
    # Can't locate object method "expr_list" via package "Data::Sah::Compiler::js" at /home/sand/src/perl/repoperls/installed-perls/host/k93jammy/v5.38.3/5674/lib/site_perl/5.38.3/Data/Sah/Compiler/Prog.pm line 1009.

    #   Failed test 'compile ok ((tags=clause:c, type, type:bool) bool0008: c}, bool)'
    #   at /tmp/loop_over_bdir-935399-bfmh6H/Data-Sah-JS-0.87-0/blib/lib/Test/Data/Sah/JS.pm line 157.
    # Can't locate object method "expr_list" via package "Data::Sah::Compiler::js" at /home/sand/src/perl/repoperls/installed-perls/host/k93jammy/v5.38.3/5674/lib/site_perl/5.38.3/Data/Sah/Compiler/Prog.pm line 1009.

    #   Failed test 'compile ok ((tags=clause:default_lang, type, type:bool) bool0009: default_lang}, bool)'
    #   at /tmp/loop_over_bdir-935399-bfmh6H/Data-Sah-JS-0.87-0/blib/lib/Test/Data/Sah/JS.pm line 157.
    # Can't locate object method "expr_list" via package "Data::Sah::Compiler::js" at /home/sand/src/perl/repoperls/installed-perls/host/k93jammy/v5.38.3/5674/lib/site_perl/5.38.3/Data/Sah/Compiler/Prog.pm line 1009.

    #   Failed test 'compile ok ((tags=clause:name, type, type:bool) bool0010: name}, bool)'
    #   at /tmp/loop_over_bdir-935399-bfmh6H/Data-Sah-JS-0.87-0/blib/lib/Test/Data/Sah/JS.pm line 157.
    # Can't locate object method "expr_list" via package "Data::Sah::Compiler::js" at /home/sand/src/perl/repoperls/installed-perls/host/k93jammy/v5.38.3/5674/lib/site_perl/5.38.3/Data/Sah/Compiler/Prog.pm line 1009.

    #   Failed test 'compile ok ((tags=clause:summary, type, type:bool) bool0011: summary}, bool)'
    #   at /tmp/loop_over_bdir-935399-bfmh6H/Data-Sah-JS-0.87-0/blib/lib/Test/Data/Sah/JS.pm line 157.
    # Can't locate object method "expr_list" via package "Data::Sah::Compiler::js" at /home/sand/src/perl/repoperls/installed-perls/host/k93jammy/v5.38.3/5674/lib/site_perl/5.38.3/Data/Sah/Compiler/Prog.pm line 1009.

    #   Failed test 'compile ok ((tags=clause:description, type, type:bool) bool0012: description}, bool)'
    #   at /tmp/loop_over_bdir-935399-bfmh6H/Data-Sah-JS-0.87-0/blib/lib/Test/Data/Sah/JS.pm line 157.
    # Can't locate object method "expr_list" via package "Data::Sah::Compiler::js" at /home/sand/src/perl/repoperls/installed-perls/host/k93jammy/v5.38.3/5674/lib/site_perl/5.38.3/Data/Sah/Compiler/Prog.pm line 1009.

    #   Failed test 'compile ok ((tags=clause:tags, type, type:bool) bool0013: tags}, bool)'
    #   at /tmp/loop_over_bdir-935399-bfmh6H/Data-Sah-JS-0.87-0/blib/lib/Test/Data/Sah/JS.pm line 157.
    # Can't locate object method "expr_list" via package "Data::Sah::Compiler::js" at /home/sand/src/perl/repoperls/installed-perls/host/k93jammy/v5.38.3/5674/lib/site_perl/5.38.3/Data/Sah/Compiler/Prog.pm line 1009.

    #   Failed test 'compile ok ((tags=clause:req, type, type:bool) bool0014: req=0 must accept undefined value}, bool)'
    #   at /tmp/loop_over_bdir-935399-bfmh6H/Data-Sah-JS-0.87-0/blib/lib/Test/Data/Sah/JS.pm line 157.
    # Can't locate object method "expr_list" via package "Data::Sah::Compiler::js" at /home/sand/src/perl/repoperls/installed-perls/host/k93jammy/v5.38.3/5674/lib/site_perl/5.38.3/Data/Sah/Compiler/Prog.pm line 1009.

    #   Failed test 'compile ok ((tags=clause:req, type, type:bool) bool0015: req=1 must reject undefined value}, bool)'
    #   at /tmp/loop_over_bdir-935399-bfmh6H/Data-Sah-JS-0.87-0/blib/lib/Test/Data/Sah/JS.pm line 157.
    # Can't locate object method "expr_list" via package "Data::Sah::Compiler::js" at /home/sand/src/perl/repoperls/installed-perls/host/k93jammy/v5.38.3/5674/lib/site_perl/5.38.3/Data/Sah/Compiler/Prog.pm line 1009.

    #   Failed test 'compile ok ((tags=clause:forbidden, type, type:bool) bool0016: forbidden=0 must accept defined value}, bool)'
    #   at /tmp/loop_over_bdir-935399-bfmh6H/Data-Sah-JS-0.87-0/blib/lib/Test/Data/Sah/JS.pm line 157.
    # Can't locate object method "expr_list" via package "Data::Sah::Compiler::js" at /home/sand/src/perl/repoperls/installed-perls/host/k93jammy/v5.38.3/5674/lib/site_perl/5.38.3/Data/Sah/Compiler/Prog.pm line 1009.

    #   Failed test 'compile ok ((tags=clause:forbidden, type, type:bool) bool0017: forbidden=1 must reject defined value}, bool)'
    #   at /tmp/loop_over_bdir-935399-bfmh6H/Data-Sah-JS-0.87-0/blib/lib/Test/Data/Sah/JS.pm line 157.
    # Can't locate object method "expr_list" via package "Data::Sah::Compiler::js" at /home/sand/src/perl/repoperls/installed-perls/host/k93jammy/v5.38.3/5674/lib/site_perl/5.38.3/Data/Sah/Compiler/Prog.pm line 1009.

    #   Failed test 'compile ok ((tags=clause:default, type, type:bool) bool0018: default: must accept valid default 1}, bool)'
    #   at /tmp/loop_over_bdir-935399-bfmh6H/Data-Sah-JS-0.87-0/blib/lib/Test/Data/Sah/JS.pm line 157.
    # Can't locate object method "expr_list" via package "Data::Sah::Compiler::js" at /home/sand/src/perl/repoperls/installed-perls/host/k93jammy/v5.38.3/5674/lib/site_perl/5.38.3/Data/Sah/Compiler/Prog.pm line 707.

    #   Failed test 'compile ok ((tags=clause:default, type, type:bool) bool0019: default: must reject invalid default []}, bool)'
    #   at /tmp/loop_over_bdir-935399-bfmh6H/Data-Sah-JS-0.87-0/blib/lib/Test/Data/Sah/JS.pm line 157.
    # Can't locate object method "expr_list" via package "Data::Sah::Compiler::js" at /home/sand/src/perl/repoperls/installed-perls/host/k93jammy/v5.38.3/5674/lib/site_perl/5.38.3/Data/Sah/Compiler/Prog.pm line 707.

    #   Failed test 'compile ok ((tags=type, type:bool) bool0023: clset (empty = ok)}, bool)'
    #   at /tmp/loop_over_bdir-935399-bfmh6H/Data-Sah-JS-0.87-0/blib/lib/Test/Data/Sah/JS.pm line 157.
    # Can't locate object method "expr_list" via package "Data::Sah::Compiler::js" at /home/sand/src/perl/repoperls/installed-perls/host/k93jammy/v5.38.3/5674/lib/site_perl/5.38.3/Data/Sah/Compiler/Prog.pm line 1009.

    #   Failed test 'compile ok ((tags=clause:clset, type, type:bool) bool0024: clset (ignored clause/attr = ok)}, bool)'
    #   at /tmp/loop_over_bdir-935399-bfmh6H/Data-Sah-JS-0.87-0/blib/lib/Test/Data/Sah/JS.pm line 157.
    # Can't locate object method "expr_list" via package "Data::Sah::Compiler::js" at /home/sand/src/perl/repoperls/installed-perls/host/k93jammy/v5.38.3/5674/lib/site_perl/5.38.3/Data/Sah/Compiler/Prog.pm line 1009.

    #   Failed test 'compile ok ((tags=clause:ok, type, type:bool) bool0025: ok}, bool)'
    #   at /tmp/loop_over_bdir-935399-bfmh6H/Data-Sah-JS-0.87-0/blib/lib/Test/Data/Sah/JS.pm line 157.
    # Can't locate object method "expr_list" via package "Data::Sah::Compiler::js" at /home/sand/src/perl/repoperls/installed-perls/host/k93jammy/v5.38.3/5674/lib/site_perl/5.38.3/Data/Sah/Compiler/Prog.pm line 1009.

    #   Failed test 'compile ok ((tags=clause:ok, op, op:not, type, type:bool) bool0026: ok + op not (nok)}, bool)'
    #   at /tmp/loop_over_bdir-935399-bfmh6H/Data-Sah-JS-0.87-0/blib/lib/Test/Data/Sah/JS.pm line 157.
    # Can't locate object method "expr_list" via package "Data::Sah::Compiler::js" at /home/sand/src/perl/repoperls/installed-perls/host/k93jammy/v5.38.3/5674/lib/site_perl/5.38.3/Data/Sah/Compiler/Prog.pm line 1009.

    #   Failed test 'compile ok ((tags=attr, attr:err_level, type, type:bool) bool0027: .err_level=error (clause=is, ok)}, bool)'
    #   at /tmp/loop_over_bdir-935399-bfmh6H/Data-Sah-JS-0.87-0/blib/lib/Test/Data/Sah/JS.pm line 157.
    # Can't locate object method "expr_list" via package "Data::Sah::Compiler::js" at /home/sand/src/perl/repoperls/installed-perls/host/k93jammy/v5.38.3/5674/lib/site_perl/5.38.3/Data/Sah/Compiler/Prog.pm line 1009.

    #   Failed test 'compile ok ((tags=attr, attr:err_level, type, type:bool) bool0029: .err_level=warn (clause=is, ok)}, bool)'
    #   at /tmp/loop_over_bdir-935399-bfmh6H/Data-Sah-JS-0.87-0/blib/lib/Test/Data/Sah/JS.pm line 157.
    # Can't locate object method "expr_list" via package "Data::Sah::Compiler::js" at /home/sand/src/perl/repoperls/installed-perls/host/k93jammy/v5.38.3/5674/lib/site_perl/5.38.3/Data/Sah/Compiler/Prog.pm line 1009.

    #   Failed test 'compile ok ((tags=attr, attr:err_level, type, type:bool) bool0030: .err_level=warn (clause=is, nok)}, bool)'
    #   at /tmp/loop_over_bdir-935399-bfmh6H/Data-Sah-JS-0.87-0/blib/lib/Test/Data/Sah/JS.pm line 157.
    # Can't locate object method "expr_list" via package "Data::Sah::Compiler::js" at /home/sand/src/perl/repoperls/installed-perls/host/k93jammy/v5.38.3/5674/lib/site_perl/5.38.3/Data/Sah/Compiler/Prog.pm line 1009.

    #   Failed test 'compile ok ((tags=clause:is, type, type:bool) bool0031: is: must accept same value}, bool)'
    #   at /tmp/loop_over_bdir-935399-bfmh6H/Data-Sah-JS-0.87-0/blib/lib/Test/Data/Sah/JS.pm line 157.
    # Can't locate object method "expr_list" via package "Data::Sah::Compiler::js" at /home/sand/src/perl/repoperls/installed-perls/host/k93jammy/v5.38.3/5674/lib/site_perl/5.38.3/Data/Sah/Compiler/Prog.pm line 1009.

    #   Failed test 'compile ok ((tags=clause:is, op, op:not, opshortcut, type, type:bool) bool0033: !is (nok)}, bool)'
    #   at /tmp/loop_over_bdir-935399-bfmh6H/Data-Sah-JS-0.87-0/blib/lib/Test/Data/Sah/JS.pm line 157.
    # Can't locate object method "expr_list" via package "Data::Sah::Compiler::js" at /home/sand/src/perl/repoperls/installed-perls/host/k93jammy/v5.38.3/5674/lib/site_perl/5.38.3/Data/Sah/Compiler/Prog.pm line 1009.

    #   Failed test 'compile ok ((tags=clause:is, op, op:not, opshortcut, type, type:bool) bool0034: !is (ok)}, bool)'
    #   at /tmp/loop_over_bdir-935399-bfmh6H/Data-Sah-JS-0.87-0/blib/lib/Test/Data/Sah/JS.pm line 157.
    # Can't locate object method "expr_list" via package "Data::Sah::Compiler::js" at /home/sand/src/perl/repoperls/installed-perls/host/k93jammy/v5.38.3/5674/lib/site_perl/5.38.3/Data/Sah/Compiler/Prog.pm line 1009.

    #   Failed test 'compile ok ((tags=clause:is, op, op:not, type, type:bool) bool0035: is.op=not (nok)}, bool)'
    #   at /tmp/loop_over_bdir-935399-bfmh6H/Data-Sah-JS-0.87-0/blib/lib/Test/Data/Sah/JS.pm line 157.
    # Can't locate object method "expr_list" via package "Data::Sah::Compiler::js" at /home/sand/src/perl/repoperls/installed-perls/host/k93jammy/v5.38.3/5674/lib/site_perl/5.38.3/Data/Sah/Compiler/Prog.pm line 1009.

    #   Failed test 'compile ok ((tags=clause:is, op, op:not, type, type:bool) bool0036: is.op=not (ok)}, bool)'
    #   at /tmp/loop_over_bdir-935399-bfmh6H/Data-Sah-JS-0.87-0/blib/lib/Test/Data/Sah/JS.pm line 157.
    # Can't locate object method "expr_list" via package "Data::Sah::Compiler::js" at /home/sand/src/perl/repoperls/installed-perls/host/k93jammy/v5.38.3/5674/lib/site_perl/5.38.3/Data/Sah/Compiler/Prog.pm line 1009.

    #   Failed test 'compile ok ((tags=clause:is, op, op:and, opshortcut, type, type:bool) bool0037: is& (no items)}, bool)'
    #   at /tmp/loop_over_bdir-935399-bfmh6H/Data-Sah-JS-0.87-0/blib/lib/Test/Data/Sah/JS.pm line 157.
    # Can't locate object method "expr_list" via package "Data::Sah::Compiler::js" at /home/sand/src/perl/repoperls/installed-perls/host/k93jammy/v5.38.3/5674/lib/site_perl/5.38.3/Data/Sah/Compiler/Prog.pm line 1009.

    #   Failed test 'compile ok ((tags=clause:is, op, op:and, opshortcut, type, type:bool) bool0038: is& (ok)}, bool)'
    #   at /tmp/loop_over_bdir-935399-bfmh6H/Data-Sah-JS-0.87-0/blib/lib/Test/Data/Sah/JS.pm line 157.
    # Can't locate object method "expr_list" via package "Data::Sah::Compiler::js" at /home/sand/src/perl/repoperls/installed-perls/host/k93jammy/v5.38.3/5674/lib/site_perl/5.38.3/Data/Sah/Compiler/Prog.pm line 1009.

    #   Failed test 'compile ok ((tags=clause:is, op, op:and, opshortcut, type, type:bool) bool0039: is& (nok + ok)}, bool)'
    #   at /tmp/loop_over_bdir-935399-bfmh6H/Data-Sah-JS-0.87-0/blib/lib/Test/Data/Sah/JS.pm line 157.
    # Can't locate object method "expr_list" via package "Data::Sah::Compiler::js" at /home/sand/src/perl/repoperls/installed-perls/host/k93jammy/v5.38.3/5674/lib/site_perl/5.38.3/Data/Sah/Compiler/Prog.pm line 1009.

    #   Failed test 'compile ok ((tags=clause:is, op, op:and, opshortcut, type, type:bool) bool0040: is& (ok + nok)}, bool)'
    #   at /tmp/loop_over_bdir-935399-bfmh6H/Data-Sah-JS-0.87-0/blib/lib/Test/Data/Sah/JS.pm line 157.
    # Can't locate object method "expr_list" via package "Data::Sah::Compiler::js" at /home/sand/src/perl/repoperls/installed-perls/host/k93jammy/v5.38.3/5674/lib/site_perl/5.38.3/Data/Sah/Compiler/Prog.pm line 1009.

    #   Failed test 'compile ok ((tags=clause:is, op, op:and, opshortcut, type, type:bool) bool0041: is& (nok + nok)}, bool)'
    #   at /tmp/loop_over_bdir-935399-bfmh6H/Data-Sah-JS-0.87-0/blib/lib/Test/Data/Sah/JS.pm line 157.
    # Can't locate object method "expr_list" via package "Data::Sah::Compiler::js" at /home/sand/src/perl/repoperls/installed-perls/host/k93jammy/v5.38.3/5674/lib/site_perl/5.38.3/Data/Sah/Compiler/Prog.pm line 1009.

    #   Failed test 'compile ok ((tags=type, type:bool) bool0042: is.op=and (no items)}, bool)'
    #   at /tmp/loop_over_bdir-935399-bfmh6H/Data-Sah-JS-0.87-0/blib/lib/Test/Data/Sah/JS.pm line 157.
    # Can't locate object method "expr_list" via package "Data::Sah::Compiler::js" at /home/sand/src/perl/repoperls/installed-perls/host/k93jammy/v5.38.3/5674/lib/site_perl/5.38.3/Data/Sah/Compiler/Prog.pm line 1009.

    #   Failed test 'compile ok ((tags=clause:is, op, op:and, type, type:bool) bool0043: is.op=and (ok)}, bool)'
    #   at /tmp/loop_over_bdir-935399-bfmh6H/Data-Sah-JS-0.87-0/blib/lib/Test/Data/Sah/JS.pm line 157.
    # Can't locate object method "expr_list" via package "Data::Sah::Compiler::js" at /home/sand/src/perl/repoperls/installed-perls/host/k93jammy/v5.38.3/5674/lib/site_perl/5.38.3/Data/Sah/Compiler/Prog.pm line 1009.

    #   Failed test 'compile ok ((tags=clause:is, op, op:and, type, type:bool) bool0044: is.op=and (nok + ok)}, bool)'
    #   at /tmp/loop_over_bdir-935399-bfmh6H/Data-Sah-JS-0.87-0/blib/lib/Test/Data/Sah/JS.pm line 157.
    # Can't locate object method "expr_list" via package "Data::Sah::Compiler::js" at /home/sand/src/perl/repoperls/installed-perls/host/k93jammy/v5.38.3/5674/lib/site_perl/5.38.3/Data/Sah/Compiler/Prog.pm line 1009.

    #   Failed test 'compile ok ((tags=clause:is, op, op:and, type, type:bool) bool0045: is.op=and (ok + nok)}, bool)'
    #   at /tmp/loop_over_bdir-935399-bfmh6H/Data-Sah-JS-0.87-0/blib/lib/Test/Data/Sah/JS.pm line 157.
    # Can't locate object method "expr_list" via package "Data::Sah::Compiler::js" at /home/sand/src/perl/repoperls/installed-perls/host/k93jammy/v5.38.3/5674/lib/site_perl/5.38.3/Data/Sah/Compiler/Prog.pm line 1009.

    #   Failed test 'compile ok ((tags=clause:is, op, op:and, type, type:bool) bool0046: is.op=and (nok + nok)}, bool)'
    #   at /tmp/loop_over_bdir-935399-bfmh6H/Data-Sah-JS-0.87-0/blib/lib/Test/Data/Sah/JS.pm line 157.
    # Can't locate object method "expr_list" via package "Data::Sah::Compiler::js" at /home/sand/src/perl/repoperls/installed-perls/host/k93jammy/v5.38.3/5674/lib/site_perl/5.38.3/Data/Sah/Compiler/Prog.pm line 1009.

    #   Failed test 'compile ok ((tags=clause:is, op, op:or, opshortcut, type, type:bool) bool0047: is| (no items)}, bool)'
    #   at /tmp/loop_over_bdir-935399-bfmh6H/Data-Sah-JS-0.87-0/blib/lib/Test/Data/Sah/JS.pm line 157.
    # Can't locate object method "expr_list" via package "Data::Sah::Compiler::js" at /home/sand/src/perl/repoperls/installed-perls/host/k93jammy/v5.38.3/5674/lib/site_perl/5.38.3/Data/Sah/Compiler/Prog.pm line 1009.

    #   Failed test 'compile ok ((tags=clause:is, op, op:or, opshortcut, type, type:bool) bool0048: is| (ok)}, bool)'
    #   at /tmp/loop_over_bdir-935399-bfmh6H/Data-Sah-JS-0.87-0/blib/lib/Test/Data/Sah/JS.pm line 157.
    # Can't locate object method "expr_list" via package "Data::Sah::Compiler::js" at /home/sand/src/perl/repoperls/installed-perls/host/k93jammy/v5.38.3/5674/lib/site_perl/5.38.3/Data/Sah/Compiler/Prog.pm line 1009.

    #   Failed test 'compile ok ((tags=clause:is, op, op:or, opshortcut, type, type:bool) bool0049: is| (nok + ok)}, bool)'
    #   at /tmp/loop_over_bdir-935399-bfmh6H/Data-Sah-JS-0.87-0/blib/lib/Test/Data/Sah/JS.pm line 157.
    # Can't locate object method "expr_list" via package "Data::Sah::Compiler::js" at /home/sand/src/perl/repoperls/installed-perls/host/k93jammy/v5.38.3/5674/lib/site_perl/5.38.3/Data/Sah/Compiler/Prog.pm line 1009.

    #   Failed test 'compile ok ((tags=clause:is, op, op:or, opshortcut, type, type:bool) bool0050: is| (ok + nok)}, bool)'
    #   at /tmp/loop_over_bdir-935399-bfmh6H/Data-Sah-JS-0.87-0/blib/lib/Test/Data/Sah/JS.pm line 157.
    # Can't locate object method "expr_list" via package "Data::Sah::Compiler::js" at /home/sand/src/perl/repoperls/installed-perls/host/k93jammy/v5.38.3/5674/lib/site_perl/5.38.3/Data/Sah/Compiler/Prog.pm line 1009.

    #   Failed test 'compile ok ((tags=clause:is, op, op:or, opshortcut, type, type:bool) bool0051: is| (nok + nok)}, bool)'
    #   at /tmp/loop_over_bdir-935399-bfmh6H/Data-Sah-JS-0.87-0/blib/lib/Test/Data/Sah/JS.pm line 157.
    # Can't locate object method "expr_list" via package "Data::Sah::Compiler::js" at /home/sand/src/perl/repoperls/installed-perls/host/k93jammy/v5.38.3/5674/lib/site_perl/5.38.3/Data/Sah/Compiler/Prog.pm line 1009.

    #   Failed test 'compile ok ((tags=clause:is, op, op:or, type, type:bool) bool0052: is.op=or (no items)}, bool)'
    #   at /tmp/loop_over_bdir-935399-bfmh6H/Data-Sah-JS-0.87-0/blib/lib/Test/Data/Sah/JS.pm line 157.
    # Can't locate object method "expr_list" via package "Data::Sah::Compiler::js" at /home/sand/src/perl/repoperls/installed-perls/host/k93jammy/v5.38.3/5674/lib/site_perl/5.38.3/Data/Sah/Compiler/Prog.pm line 1009.

    #   Failed test 'compile ok ((tags=clause:is, op, op:or, type, type:bool) bool0053: is.op=or (ok)}, bool)'
    #   at /tmp/loop_over_bdir-935399-bfmh6H/Data-Sah-JS-0.87-0/blib/lib/Test/Data/Sah/JS.pm line 157.
    # Can't locate object method "expr_list" via package "Data::Sah::Compiler::js" at /home/sand/src/perl/repoperls/installed-perls/host/k93jammy/v5.38.3/5674/lib/site_perl/5.38.3/Data/Sah/Compiler/Prog.pm line 1009.

    #   Failed test 'compile ok ((tags=clause:is, op, op:or, type, type:bool) bool0054: is.op=or (nok + ok)}, bool)'
    #   at /tmp/loop_over_bdir-935399-bfmh6H/Data-Sah-JS-0.87-0/blib/lib/Test/Data/Sah/JS.pm line 157.
    # Can't locate object method "expr_list" via package "Data::Sah::Compiler::js" at /home/sand/src/perl/repoperls/installed-perls/host/k93jammy/v5.38.3/5674/lib/site_perl/5.38.3/Data/Sah/Compiler/Prog.pm line 1009.

    #   Failed test 'compile ok ((tags=clause:is, op, op:or, type, type:bool) bool0055: is.op=or (ok + nok)}, bool)'
    #   at /tmp/loop_over_bdir-935399-bfmh6H/Data-Sah-JS-0.87-0/blib/lib/Test/Data/Sah/JS.pm line 157.
    # Can't locate object method "expr_list" via package "Data::Sah::Compiler::js" at /home/sand/src/perl/repoperls/installed-perls/host/k93jammy/v5.38.3/5674/lib/site_perl/5.38.3/Data/Sah/Compiler/Prog.pm line 1009.

    #   Failed test 'compile ok ((tags=clause:is, op, op:or, type, type:bool) bool0056: is.op=or (nok + nok)}, bool)'
    #   at /tmp/loop_over_bdir-935399-bfmh6H/Data-Sah-JS-0.87-0/blib/lib/Test/Data/Sah/JS.pm line 157.
    # Can't locate object method "expr_list" via package "Data::Sah::Compiler::js" at /home/sand/src/perl/repoperls/installed-perls/host/k93jammy/v5.38.3/5674/lib/site_perl/5.38.3/Data/Sah/Compiler/Prog.pm line 1009.

    #   Failed test 'compile ok ((tags=clause:is, op, op:none, type, type:bool) bool0057: is.op=none (empty items)}, bool)'
    #   at /tmp/loop_over_bdir-935399-bfmh6H/Data-Sah-JS-0.87-0/blib/lib/Test/Data/Sah/JS.pm line 157.
    # Can't locate object method "expr_list" via package "Data::Sah::Compiler::js" at /home/sand/src/perl/repoperls/installed-perls/host/k93jammy/v5.38.3/5674/lib/site_perl/5.38.3/Data/Sah/Compiler/Prog.pm line 1009.

    #   Failed test 'compile ok ((tags=clause:is, op, op:none, type, type:bool) bool0058: is.op=none (nok + nok)}, bool)'
    #   at /tmp/loop_over_bdir-935399-bfmh6H/Data-Sah-JS-0.87-0/blib/lib/Test/Data/Sah/JS.pm line 157.
    # Can't locate object method "expr_list" via package "Data::Sah::Compiler::js" at /home/sand/src/perl/repoperls/installed-perls/host/k93jammy/v5.38.3/5674/lib/site_perl/5.38.3/Data/Sah/Compiler/Prog.pm line 1009.

    #   Failed test 'compile ok ((tags=clause:is, op, op:none, type, type:bool) bool0059: is.op=none (nok + ok)}, bool)'
    #   at /tmp/loop_over_bdir-935399-bfmh6H/Data-Sah-JS-0.87-0/blib/lib/Test/Data/Sah/JS.pm line 157.
    # Can't locate object method "expr_list" via package "Data::Sah::Compiler::js" at /home/sand/src/perl/repoperls/installed-perls/host/k93jammy/v5.38.3/5674/lib/site_perl/5.38.3/Data/Sah/Compiler/Prog.pm line 1009.

    #   Failed test 'compile ok ((tags=clause:is, op, op:none, type, type:bool) bool0060: is.op=none (ok + nok)}, bool)'
    #   at /tmp/loop_over_bdir-935399-bfmh6H/Data-Sah-JS-0.87-0/blib/lib/Test/Data/Sah/JS.pm line 157.
    # Can't locate object method "expr_list" via package "Data::Sah::Compiler::js" at /home/sand/src/perl/repoperls/installed-perls/host/k93jammy/v5.38.3/5674/lib/site_perl/5.38.3/Data/Sah/Compiler/Prog.pm line 1009.

    #   Failed test 'compile ok ((tags=clause:is, op, op:none, type, type:bool) bool0061: is.op=none (ok + ok)}, bool)'
    #   at /tmp/loop_over_bdir-935399-bfmh6H/Data-Sah-JS-0.87-0/blib/lib/Test/Data/Sah/JS.pm line 157.
    # Can't locate object method "expr_list" via package "Data::Sah::Compiler::js" at /home/sand/src/perl/repoperls/installed-perls/host/k93jammy/v5.38.3/5674/lib/site_perl/5.38.3/Data/Sah/Compiler/Prog.pm line 1009.

    #   Failed test 'compile ok ((tags=clause:in, type, type:bool) bool0062: in: must accept valid choices}, bool)'
    #   at /tmp/loop_over_bdir-935399-bfmh6H/Data-Sah-JS-0.87-0/blib/lib/Test/Data/Sah/JS.pm line 157.
    # Can't locate object method "expr_list" via package "Data::Sah::Compiler::js" at /home/sand/src/perl/repoperls/installed-perls/host/k93jammy/v5.38.3/5674/lib/site_perl/5.38.3/Data/Sah/Compiler/Prog.pm line 1009.

    #   Failed test 'compile ok ((tags=clause:in, type, type:bool) bool0063: in: must reject empty choices}, bool)'
    #   at /tmp/loop_over_bdir-935399-bfmh6H/Data-Sah-JS-0.87-0/blib/lib/Test/Data/Sah/JS.pm line 157.
    # Can't locate object method "expr_list" via package "Data::Sah::Compiler::js" at /home/sand/src/perl/repoperls/installed-perls/host/k93jammy/v5.38.3/5674/lib/site_perl/5.38.3/Data/Sah/Compiler/Prog.pm line 1009.

    #   Failed test 'compile ok ((tags=clause:in, op, op:not, opshortcut, type, type:bool) bool0064: !in (nok)}, bool)'
    #   at /tmp/loop_over_bdir-935399-bfmh6H/Data-Sah-JS-0.87-0/blib/lib/Test/Data/Sah/JS.pm line 157.
    # Can't locate object method "expr_list" via package "Data::Sah::Compiler::js" at /home/sand/src/perl/repoperls/installed-perls/host/k93jammy/v5.38.3/5674/lib/site_perl/5.38.3/Data/Sah/Compiler/Prog.pm line 1009.

    #   Failed test 'compile ok ((tags=clause:in, op, op:not, opshortcut, type, type:bool) bool0065: !in (ok)}, bool)'
    #   at /tmp/loop_over_bdir-935399-bfmh6H/Data-Sah-JS-0.87-0/blib/lib/Test/Data/Sah/JS.pm line 157.
    # Can't locate object method "expr_list" via package "Data::Sah::Compiler::js" at /home/sand/src/perl/repoperls/installed-perls/host/k93jammy/v5.38.3/5674/lib/site_perl/5.38.3/Data/Sah/Compiler/Prog.pm line 1009.

    #   Failed test 'compile ok ((tags=clause:in, op, op:not, type, type:bool) bool0066: in.op=not (nok)}, bool)'
    #   at /tmp/loop_over_bdir-935399-bfmh6H/Data-Sah-JS-0.87-0/blib/lib/Test/Data/Sah/JS.pm line 157.
    # Can't locate object method "expr_list" via package "Data::Sah::Compiler::js" at /home/sand/src/perl/repoperls/installed-perls/host/k93jammy/v5.38.3/5674/lib/site_perl/5.38.3/Data/Sah/Compiler/Prog.pm line 1009.

    #   Failed test 'compile ok ((tags=clause:in, op, op:not, type, type:bool) bool0067: in.op=not (ok)}, bool)'
    #   at /tmp/loop_over_bdir-935399-bfmh6H/Data-Sah-JS-0.87-0/blib/lib/Test/Data/Sah/JS.pm line 157.
    # Can't locate object method "expr_list" via package "Data::Sah::Compiler::js" at /home/sand/src/perl/repoperls/installed-perls/host/k93jammy/v5.38.3/5674/lib/site_perl/5.38.3/Data/Sah/Compiler/Prog.pm line 1009.

    #   Failed test 'compile ok ((tags=clause:in, op, op:and, opshortcut, type, type:bool) bool0068: in& (no items)}, bool)'
    #   at /tmp/loop_over_bdir-935399-bfmh6H/Data-Sah-JS-0.87-0/blib/lib/Test/Data/Sah/JS.pm line 157.
    # Can't locate object method "expr_list" via package "Data::Sah::Compiler::js" at /home/sand/src/perl/repoperls/installed-perls/host/k93jammy/v5.38.3/5674/lib/site_perl/5.38.3/Data/Sah/Compiler/Prog.pm line 1009.

    #   Failed test 'compile ok ((tags=clause:in, op, op:and, opshortcut, type, type:bool) bool0069: in& (ok)}, bool)'
    #   at /tmp/loop_over_bdir-935399-bfmh6H/Data-Sah-JS-0.87-0/blib/lib/Test/Data/Sah/JS.pm line 157.
    # Can't locate object method "expr_list" via package "Data::Sah::Compiler::js" at /home/sand/src/perl/repoperls/installed-perls/host/k93jammy/v5.38.3/5674/lib/site_perl/5.38.3/Data/Sah/Compiler/Prog.pm line 1009.

    #   Failed test 'compile ok ((tags=clause:in, op, op:and, opshortcut, type, type:bool) bool0070: in& (nok + ok)}, bool)'
    #   at /tmp/loop_over_bdir-935399-bfmh6H/Data-Sah-JS-0.87-0/blib/lib/Test/Data/Sah/JS.pm line 157.
    # Can't locate object method "expr_list" via package "Data::Sah::Compiler::js" at /home/sand/src/perl/repoperls/installed-perls/host/k93jammy/v5.38.3/5674/lib/site_perl/5.38.3/Data/Sah/Compiler/Prog.pm line 1009.

    #   Failed test 'compile ok ((tags=clause:in, op, op:and, opshortcut, type, type:bool) bool0071: in& (ok + nok)}, bool)'
    #   at /tmp/loop_over_bdir-935399-bfmh6H/Data-Sah-JS-0.87-0/blib/lib/Test/Data/Sah/JS.pm line 157.
    # Can't locate object method "expr_list" via package "Data::Sah::Compiler::js" at /home/sand/src/perl/repoperls/installed-perls/host/k93jammy/v5.38.3/5674/lib/site_perl/5.38.3/Data/Sah/Compiler/Prog.pm line 1009.

    #   Failed test 'compile ok ((tags=clause:in, op, op:and, opshortcut, type, type:bool) bool0072: in& (nok + nok)}, bool)'
    #   at /tmp/loop_over_bdir-935399-bfmh6H/Data-Sah-JS-0.87-0/blib/lib/Test/Data/Sah/JS.pm line 157.
    # Can't locate object method "expr_list" via package "Data::Sah::Compiler::js" at /home/sand/src/perl/repoperls/installed-perls/host/k93jammy/v5.38.3/5674/lib/site_perl/5.38.3/Data/Sah/Compiler/Prog.pm line 1009.

    #   Failed test 'compile ok ((tags=type, type:bool) bool0073: in.op=and (no items)}, bool)'
    #   at /tmp/loop_over_bdir-935399-bfmh6H/Data-Sah-JS-0.87-0/blib/lib/Test/Data/Sah/JS.pm line 157.
    # Can't locate object method "expr_list" via package "Data::Sah::Compiler::js" at /home/sand/src/perl/repoperls/installed-perls/host/k93jammy/v5.38.3/5674/lib/site_perl/5.38.3/Data/Sah/Compiler/Prog.pm line 1009.

    #   Failed test 'compile ok ((tags=clause:in, op, op:and, type, type:bool) bool0074: in.op=and (ok)}, bool)'
    #   at /tmp/loop_over_bdir-935399-bfmh6H/Data-Sah-JS-0.87-0/blib/lib/Test/Data/Sah/JS.pm line 157.
    # Can't locate object method "expr_list" via package "Data::Sah::Compiler::js" at /home/sand/src/perl/repoperls/installed-perls/host/k93jammy/v5.38.3/5674/lib/site_perl/5.38.3/Data/Sah/Compiler/Prog.pm line 1009.

    #   Failed test 'compile ok ((tags=clause:in, op, op:and, type, type:bool) bool0075: in.op=and (nok + ok)}, bool)'
    #   at /tmp/loop_over_bdir-935399-bfmh6H/Data-Sah-JS-0.87-0/blib/lib/Test/Data/Sah/JS.pm line 157.
    # Can't locate object method "expr_list" via package "Data::Sah::Compiler::js" at /home/sand/src/perl/repoperls/installed-perls/host/k93jammy/v5.38.3/5674/lib/site_perl/5.38.3/Data/Sah/Compiler/Prog.pm line 1009.

    #   Failed test 'compile ok ((tags=clause:in, op, op:and, type, type:bool) bool0076: in.op=and (ok + nok)}, bool)'
    #   at /tmp/loop_over_bdir-935399-bfmh6H/Data-Sah-JS-0.87-0/blib/lib/Test/Data/Sah/JS.pm line 157.
    # Can't locate object method "expr_list" via package "Data::Sah::Compiler::js" at /home/sand/src/perl/repoperls/installed-perls/host/k93jammy/v5.38.3/5674/lib/site_perl/5.38.3/Data/Sah/Compiler/Prog.pm line 1009.

    #   Failed test 'compile ok ((tags=clause:in, op, op:and, type, type:bool) bool0077: in.op=and (nok + nok)}, bool)'
    #   at /tmp/loop_over_bdir-935399-bfmh6H/Data-Sah-JS-0.87-0/blib/lib/Test/Data/Sah/JS.pm line 157.
    # Can't locate object method "expr_list" via package "Data::Sah::Compiler::js" at /home/sand/src/perl/repoperls/installed-perls/host/k93jammy/v5.38.3/5674/lib/site_perl/5.38.3/Data/Sah/Compiler/Prog.pm line 1009.

    #   Failed test 'compile ok ((tags=clause:in, op, op:or, opshortcut, type, type:bool) bool0078: in| (no items)}, bool)'
    #   at /tmp/loop_over_bdir-935399-bfmh6H/Data-Sah-JS-0.87-0/blib/lib/Test/Data/Sah/JS.pm line 157.
    # Can't locate object method "expr_list" via package "Data::Sah::Compiler::js" at /home/sand/src/perl/repoperls/installed-perls/host/k93jammy/v5.38.3/5674/lib/site_perl/5.38.3/Data/Sah/Compiler/Prog.pm line 1009.

    #   Failed test 'compile ok ((tags=clause:in, op, op:or, opshortcut, type, type:bool) bool0079: in| (ok)}, bool)'
    #   at /tmp/loop_over_bdir-935399-bfmh6H/Data-Sah-JS-0.87-0/blib/lib/Test/Data/Sah/JS.pm line 157.
    # Can't locate object method "expr_list" via package "Data::Sah::Compiler::js" at /home/sand/src/perl/repoperls/installed-perls/host/k93jammy/v5.38.3/5674/lib/site_perl/5.38.3/Data/Sah/Compiler/Prog.pm line 1009.

    #   Failed test 'compile ok ((tags=clause:in, op, op:or, opshortcut, type, type:bool) bool0080: in| (nok + ok)}, bool)'
    #   at /tmp/loop_over_bdir-935399-bfmh6H/Data-Sah-JS-0.87-0/blib/lib/Test/Data/Sah/JS.pm line 157.
    # Can't locate object method "expr_list" via package "Data::Sah::Compiler::js" at /home/sand/src/perl/repoperls/installed-perls/host/k93jammy/v5.38.3/5674/lib/site_perl/5.38.3/Data/Sah/Compiler/Prog.pm line 1009.

    #   Failed test 'compile ok ((tags=clause:in, op, op:or, opshortcut, type, type:bool) bool0081: in| (ok + nok)}, bool)'
    #   at /tmp/loop_over_bdir-935399-bfmh6H/Data-Sah-JS-0.87-0/blib/lib/Test/Data/Sah/JS.pm line 157.
    # Can't locate object method "expr_list" via package "Data::Sah::Compiler::js" at /home/sand/src/perl/repoperls/installed-perls/host/k93jammy/v5.38.3/5674/lib/site_perl/5.38.3/Data/Sah/Compiler/Prog.pm line 1009.

    #   Failed test 'compile ok ((tags=clause:in, op, op:or, opshortcut, type, type:bool) bool0082: in| (nok + nok)}, bool)'
    #   at /tmp/loop_over_bdir-935399-bfmh6H/Data-Sah-JS-0.87-0/blib/lib/Test/Data/Sah/JS.pm line 157.
    # Can't locate object method "expr_list" via package "Data::Sah::Compiler::js" at /home/sand/src/perl/repoperls/installed-perls/host/k93jammy/v5.38.3/5674/lib/site_perl/5.38.3/Data/Sah/Compiler/Prog.pm line 1009.

    #   Failed test 'compile ok ((tags=clause:in, op, op:or, type, type:bool) bool0083: in.op=or (no items)}, bool)'
    #   at /tmp/loop_over_bdir-935399-bfmh6H/Data-Sah-JS-0.87-0/blib/lib/Test/Data/Sah/JS.pm line 157.
    # Can't locate object method "expr_list" via package "Data::Sah::Compiler::js" at /home/sand/src/perl/repoperls/installed-perls/host/k93jammy/v5.38.3/5674/lib/site_perl/5.38.3/Data/Sah/Compiler/Prog.pm line 1009.

    #   Failed test 'compile ok ((tags=clause:in, op, op:or, type, type:bool) bool0084: in.op=or (ok)}, bool)'
    #   at /tmp/loop_over_bdir-935399-bfmh6H/Data-Sah-JS-0.87-0/blib/lib/Test/Data/Sah/JS.pm line 157.
    # Can't locate object method "expr_list" via package "Data::Sah::Compiler::js" at /home/sand/src/perl/repoperls/installed-perls/host/k93jammy/v5.38.3/5674/lib/site_perl/5.38.3/Data/Sah/Compiler/Prog.pm line 1009.

    #   Failed test 'compile ok ((tags=clause:in, op, op:or, type, type:bool) bool0085: in.op=or (nok + ok)}, bool)'
    #   at /tmp/loop_over_bdir-935399-bfmh6H/Data-Sah-JS-0.87-0/blib/lib/Test/Data/Sah/JS.pm line 157.
    # Can't locate object method "expr_list" via package "Data::Sah::Compiler::js" at /home/sand/src/perl/repoperls/installed-perls/host/k93jammy/v5.38.3/5674/lib/site_perl/5.38.3/Data/Sah/Compiler/Prog.pm line 1009.

    #   Failed test 'compile ok ((tags=clause:in, op, op:or, type, type:bool) bool0086: in.op=or (ok + nok)}, bool)'
    #   at /tmp/loop_over_bdir-935399-bfmh6H/Data-Sah-JS-0.87-0/blib/lib/Test/Data/Sah/JS.pm line 157.
    # Can't locate object method "expr_list" via package "Data::Sah::Compiler::js" at /home/sand/src/perl/repoperls/installed-perls/host/k93jammy/v5.38.3/5674/lib/site_perl/5.38.3/Data/Sah/Compiler/Prog.pm line 1009.

    #   Failed test 'compile ok ((tags=clause:in, op, op:or, type, type:bool) bool0087: in.op=or (nok + nok)}, bool)'
    #   at /tmp/loop_over_bdir-935399-bfmh6H/Data-Sah-JS-0.87-0/blib/lib/Test/Data/Sah/JS.pm line 157.
    # Can't locate object method "expr_list" via package "Data::Sah::Compiler::js" at /home/sand/src/perl/repoperls/installed-perls/host/k93jammy/v5.38.3/5674/lib/site_perl/5.38.3/Data/Sah/Compiler/Prog.pm line 1009.

    #   Failed test 'compile ok ((tags=clause:in, op, op:none, type, type:bool) bool0088: in.op=none (empty items)}, bool)'
    #   at /tmp/loop_over_bdir-935399-bfmh6H/Data-Sah-JS-0.87-0/blib/lib/Test/Data/Sah/JS.pm line 157.
    # Can't locate object method "expr_list" via package "Data::Sah::Compiler::js" at /home/sand/src/perl/repoperls/installed-perls/host/k93jammy/v5.38.3/5674/lib/site_perl/5.38.3/Data/Sah/Compiler/Prog.pm line 1009.

    #   Failed test 'compile ok ((tags=clause:in, op, op:none, type, type:bool) bool0089: in.op=none (nok + nok)}, bool)'
    #   at /tmp/loop_over_bdir-935399-bfmh6H/Data-Sah-JS-0.87-0/blib/lib/Test/Data/Sah/JS.pm line 157.
    # Can't locate object method "expr_list" via package "Data::Sah::Compiler::js" at /home/sand/src/perl/repoperls/installed-perls/host/k93jammy/v5.38.3/5674/lib/site_perl/5.38.3/Data/Sah/Compiler/Prog.pm line 1009.

    #   Failed test 'compile ok ((tags=clause:in, op, op:none, type, type:bool) bool0090: in.op=none (nok + ok)}, bool)'
    #   at /tmp/loop_over_bdir-935399-bfmh6H/Data-Sah-JS-0.87-0/blib/lib/Test/Data/Sah/JS.pm line 157.
    # Can't locate object method "expr_list" via package "Data::Sah::Compiler::js" at /home/sand/src/perl/repoperls/installed-perls/host/k93jammy/v5.38.3/5674/lib/site_perl/5.38.3/Data/Sah/Compiler/Prog.pm line 1009.

    #   Failed test 'compile ok ((tags=clause:in, op, op:none, type, type:bool) bool0091: in.op=none (ok + nok)}, bool)'
    #   at /tmp/loop_over_bdir-935399-bfmh6H/Data-Sah-JS-0.87-0/blib/lib/Test/Data/Sah/JS.pm line 157.
    # Can't locate object method "expr_list" via package "Data::Sah::Compiler::js" at /home/sand/src/perl/repoperls/installed-perls/host/k93jammy/v5.38.3/5674/lib/site_perl/5.38.3/Data/Sah/Compiler/Prog.pm line 1009.

    #   Failed test 'compile ok ((tags=clause:in, op, op:none, type, type:bool) bool0092: in.op=none (ok + ok)}, bool)'
    #   at /tmp/loop_over_bdir-935399-bfmh6H/Data-Sah-JS-0.87-0/blib/lib/Test/Data/Sah/JS.pm line 157.
    # Can't locate object method "expr_list" via package "Data::Sah::Compiler::js" at /home/sand/src/perl/repoperls/installed-perls/host/k93jammy/v5.38.3/5674/lib/site_perl/5.38.3/Data/Sah/Compiler/Prog.pm line 1009.

    #   Failed test 'compile ok ((tags=clause:min, type, type:bool) bool0093: min: 1 0}, bool)'
    #   at /tmp/loop_over_bdir-935399-bfmh6H/Data-Sah-JS-0.87-0/blib/lib/Test/Data/Sah/JS.pm line 157.
    # Can't locate object method "expr_list" via package "Data::Sah::Compiler::js" at /home/sand/src/perl/repoperls/installed-perls/host/k93jammy/v5.38.3/5674/lib/site_perl/5.38.3/Data/Sah/Compiler/Prog.pm line 1009.

    #   Failed test 'compile ok ((tags=clause:min, type, type:bool) bool0094: min: 1 1}, bool)'
    #   at /tmp/loop_over_bdir-935399-bfmh6H/Data-Sah-JS-0.87-0/blib/lib/Test/Data/Sah/JS.pm line 157.
    # Can't locate object method "expr_list" via package "Data::Sah::Compiler::js" at /home/sand/src/perl/repoperls/installed-perls/host/k93jammy/v5.38.3/5674/lib/site_perl/5.38.3/Data/Sah/Compiler/Prog.pm line 1009.

    #   Failed test 'compile ok ((tags=clause:xmin, type, type:bool) bool0096: xmin: 1 0}, bool)'
    #   at /tmp/loop_over_bdir-935399-bfmh6H/Data-Sah-JS-0.87-0/blib/lib/Test/Data/Sah/JS.pm line 157.
    # Can't locate object method "expr_list" via package "Data::Sah::Compiler::js" at /home/sand/src/perl/repoperls/installed-perls/host/k93jammy/v5.38.3/5674/lib/site_perl/5.38.3/Data/Sah/Compiler/Prog.pm line 1009.

    #   Failed test 'compile ok ((tags=clause:xmin, type, type:bool) bool0097: xmin: 1 1 -> fail}, bool)'
    #   at /tmp/loop_over_bdir-935399-bfmh6H/Data-Sah-JS-0.87-0/blib/lib/Test/Data/Sah/JS.pm line 157.
    # Can't locate object method "expr_list" via package "Data::Sah::Compiler::js" at /home/sand/src/perl/repoperls/installed-perls/host/k93jammy/v5.38.3/5674/lib/site_perl/5.38.3/Data/Sah/Compiler/Prog.pm line 1009.

    #   Failed test 'compile ok ((tags=clause:max, type, type:bool) bool0099: max: 1 0 -> fail}, bool)'
    #   at /tmp/loop_over_bdir-935399-bfmh6H/Data-Sah-JS-0.87-0/blib/lib/Test/Data/Sah/JS.pm line 157.
    # Can't locate object method "expr_list" via package "Data::Sah::Compiler::js" at /home/sand/src/perl/repoperls/installed-perls/host/k93jammy/v5.38.3/5674/lib/site_perl/5.38.3/Data/Sah/Compiler/Prog.pm line 1009.

    #   Failed test 'compile ok ((tags=clause:max, type, type:bool) bool0100: max: 1 1}, bool)'
    #   at /tmp/loop_over_bdir-935399-bfmh6H/Data-Sah-JS-0.87-0/blib/lib/Test/Data/Sah/JS.pm line 157.
    # Can't locate object method "expr_list" via package "Data::Sah::Compiler::js" at /home/sand/src/perl/repoperls/installed-perls/host/k93jammy/v5.38.3/5674/lib/site_perl/5.38.3/Data/Sah/Compiler/Prog.pm line 1009.

    #   Failed test 'compile ok ((tags=clause:xmax, type, type:bool) bool0102: xmax: 1 0 -> fail}, bool)'
    #   at /tmp/loop_over_bdir-935399-bfmh6H/Data-Sah-JS-0.87-0/blib/lib/Test/Data/Sah/JS.pm line 157.
    # Can't locate object method "expr_list" via package "Data::Sah::Compiler::js" at /home/sand/src/perl/repoperls/installed-perls/host/k93jammy/v5.38.3/5674/lib/site_perl/5.38.3/Data/Sah/Compiler/Prog.pm line 1009.

    #   Failed test 'compile ok ((tags=clause:xmax, type, type:bool) bool0103: xmax: 1 1 -> fail}, bool)'
    #   at /tmp/loop_over_bdir-935399-bfmh6H/Data-Sah-JS-0.87-0/blib/lib/Test/Data/Sah/JS.pm line 157.
    # Can't locate object method "expr_list" via package "Data::Sah::Compiler::js" at /home/sand/src/perl/repoperls/installed-perls/host/k93jammy/v5.38.3/5674/lib/site_perl/5.38.3/Data/Sah/Compiler/Prog.pm line 1009.

    #   Failed test 'compile ok ((tags=clause:between, type, type:bool) bool0105: between: 1 0 & 1}, bool)'
    #   at /tmp/loop_over_bdir-935399-bfmh6H/Data-Sah-JS-0.87-0/blib/lib/Test/Data/Sah/JS.pm line 157.
    # Can't locate object method "expr_list" via package "Data::Sah::Compiler::js" at /home/sand/src/perl/repoperls/installed-perls/host/k93jammy/v5.38.3/5674/lib/site_perl/5.38.3/Data/Sah/Compiler/Prog.pm line 1009.

    #   Failed test 'compile ok ((tags=clause:between, type, type:bool) bool0107: between: 1 1 & 1}, bool)'
    #   at /tmp/loop_over_bdir-935399-bfmh6H/Data-Sah-JS-0.87-0/blib/lib/Test/Data/Sah/JS.pm line 157.
    # Can't locate object method "expr_list" via package "Data::Sah::Compiler::js" at /home/sand/src/perl/repoperls/installed-perls/host/k93jammy/v5.38.3/5674/lib/site_perl/5.38.3/Data/Sah/Compiler/Prog.pm line 1009.

    #   Failed test 'compile ok ((tags=clause:xbetween, type, type:bool) bool0109: xbetween: 1 0 & 1}, bool)'
    #   at /tmp/loop_over_bdir-935399-bfmh6H/Data-Sah-JS-0.87-0/blib/lib/Test/Data/Sah/JS.pm line 157.
    # Can't locate object method "expr_list" via package "Data::Sah::Compiler::js" at /home/sand/src/perl/repoperls/installed-perls/host/k93jammy/v5.38.3/5674/lib/site_perl/5.38.3/Data/Sah/Compiler/Prog.pm line 1009.

    #   Failed test 'compile ok ((tags=clause:xbetween, type, type:bool) bool0110: xbetween: 1 0 & 1 -> fail}, bool)'
    #   at /tmp/loop_over_bdir-935399-bfmh6H/Data-Sah-JS-0.87-0/blib/lib/Test/Data/Sah/JS.pm line 157.
    # Can't locate object method "expr_list" via package "Data::Sah::Compiler::js" at /home/sand/src/perl/repoperls/installed-perls/host/k93jammy/v5.38.3/5674/lib/site_perl/5.38.3/Data/Sah/Compiler/Prog.pm line 1009.

    #   Failed test 'compile ok ((tags=clause:xbetween, type, type:bool) bool0111: xbetween: 1 1 & 1 -> fail}, bool)'
    #   at /tmp/loop_over_bdir-935399-bfmh6H/Data-Sah-JS-0.87-0/blib/lib/Test/Data/Sah/JS.pm line 157.
    # Can't locate object method "expr_list" via package "Data::Sah::Compiler::js" at /home/sand/src/perl/repoperls/installed-perls/host/k93jammy/v5.38.3/5674/lib/site_perl/5.38.3/Data/Sah/Compiler/Prog.pm line 1009.

    #   Failed test 'compile ok ((tags=clause:between, op, op:not, opshortcut, type, type:bool) bool0113: !between (nok)}, bool)'
    #   at /tmp/loop_over_bdir-935399-bfmh6H/Data-Sah-JS-0.87-0/blib/lib/Test/Data/Sah/JS.pm line 157.
    # Can't locate object method "expr_list" via package "Data::Sah::Compiler::js" at /home/sand/src/perl/repoperls/installed-perls/host/k93jammy/v5.38.3/5674/lib/site_perl/5.38.3/Data/Sah/Compiler/Prog.pm line 1009.

    #   Failed test 'compile ok ((tags=clause:between, op, op:not, opshortcut, type, type:bool) bool0114: !between (ok)}, bool)'
    #   at /tmp/loop_over_bdir-935399-bfmh6H/Data-Sah-JS-0.87-0/blib/lib/Test/Data/Sah/JS.pm line 157.
    # Can't locate object method "expr_list" via package "Data::Sah::Compiler::js" at /home/sand/src/perl/repoperls/installed-perls/host/k93jammy/v5.38.3/5674/lib/site_perl/5.38.3/Data/Sah/Compiler/Prog.pm line 1009.

    #   Failed test 'compile ok ((tags=clause:between, op, op:not, type, type:bool) bool0115: between.op=not (nok)}, bool)'
    #   at /tmp/loop_over_bdir-935399-bfmh6H/Data-Sah-JS-0.87-0/blib/lib/Test/Data/Sah/JS.pm line 157.
    # Can't locate object method "expr_list" via package "Data::Sah::Compiler::js" at /home/sand/src/perl/repoperls/installed-perls/host/k93jammy/v5.38.3/5674/lib/site_perl/5.38.3/Data/Sah/Compiler/Prog.pm line 1009.

    #   Failed test 'compile ok ((tags=clause:between, op, op:not, type, type:bool) bool0116: between.op=not (ok)}, bool)'
    #   at /tmp/loop_over_bdir-935399-bfmh6H/Data-Sah-JS-0.87-0/blib/lib/Test/Data/Sah/JS.pm line 157.
    # Can't locate object method "expr_list" via package "Data::Sah::Compiler::js" at /home/sand/src/perl/repoperls/installed-perls/host/k93jammy/v5.38.3/5674/lib/site_perl/5.38.3/Data/Sah/Compiler/Prog.pm line 1009.

    #   Failed test 'compile ok ((tags=clause:between, op, op:and, opshortcut, type, type:bool) bool0117: between& (no items)}, bool)'
    #   at /tmp/loop_over_bdir-935399-bfmh6H/Data-Sah-JS-0.87-0/blib/lib/Test/Data/Sah/JS.pm line 157.
    # Can't locate object method "expr_list" via package "Data::Sah::Compiler::js" at /home/sand/src/perl/repoperls/installed-perls/host/k93jammy/v5.38.3/5674/lib/site_perl/5.38.3/Data/Sah/Compiler/Prog.pm line 1009.

    #   Failed test 'compile ok ((tags=clause:between, op, op:and, opshortcut, type, type:bool) bool0118: between& (ok)}, bool)'
    #   at /tmp/loop_over_bdir-935399-bfmh6H/Data-Sah-JS-0.87-0/blib/lib/Test/Data/Sah/JS.pm line 157.
    # Can't locate object method "expr_list" via package "Data::Sah::Compiler::js" at /home/sand/src/perl/repoperls/installed-perls/host/k93jammy/v5.38.3/5674/lib/site_perl/5.38.3/Data/Sah/Compiler/Prog.pm line 1009.

    #   Failed test 'compile ok ((tags=clause:between, op, op:and, opshortcut, type, type:bool) bool0119: between& (nok + ok)}, bool)'
    #   at /tmp/loop_over_bdir-935399-bfmh6H/Data-Sah-JS-0.87-0/blib/lib/Test/Data/Sah/JS.pm line 157.
    # Can't locate object method "expr_list" via package "Data::Sah::Compiler::js" at /home/sand/src/perl/repoperls/installed-perls/host/k93jammy/v5.38.3/5674/lib/site_perl/5.38.3/Data/Sah/Compiler/Prog.pm line 1009.

    #   Failed test 'compile ok ((tags=clause:between, op, op:and, opshortcut, type, type:bool) bool0120: between& (ok + nok)}, bool)'
    #   at /tmp/loop_over_bdir-935399-bfmh6H/Data-Sah-JS-0.87-0/blib/lib/Test/Data/Sah/JS.pm line 157.
    # Can't locate object method "expr_list" via package "Data::Sah::Compiler::js" at /home/sand/src/perl/repoperls/installed-perls/host/k93jammy/v5.38.3/5674/lib/site_perl/5.38.3/Data/Sah/Compiler/Prog.pm line 1009.

    #   Failed test 'compile ok ((tags=clause:between, op, op:and, opshortcut, type, type:bool) bool0121: between& (nok + nok)}, bool)'
    #   at /tmp/loop_over_bdir-935399-bfmh6H/Data-Sah-JS-0.87-0/blib/lib/Test/Data/Sah/JS.pm line 157.
    # Can't locate object method "expr_list" via package "Data::Sah::Compiler::js" at /home/sand/src/perl/repoperls/installed-perls/host/k93jammy/v5.38.3/5674/lib/site_perl/5.38.3/Data/Sah/Compiler/Prog.pm line 1009.

    #   Failed test 'compile ok ((tags=type, type:bool) bool0122: between.op=and (no items)}, bool)'
    #   at /tmp/loop_over_bdir-935399-bfmh6H/Data-Sah-JS-0.87-0/blib/lib/Test/Data/Sah/JS.pm line 157.
    # Can't locate object method "expr_list" via package "Data::Sah::Compiler::js" at /home/sand/src/perl/repoperls/installed-perls/host/k93jammy/v5.38.3/5674/lib/site_perl/5.38.3/Data/Sah/Compiler/Prog.pm line 1009.

    #   Failed test 'compile ok ((tags=clause:between, op, op:and, type, type:bool) bool0123: between.op=and (ok)}, bool)'
    #   at /tmp/loop_over_bdir-935399-bfmh6H/Data-Sah-JS-0.87-0/blib/lib/Test/Data/Sah/JS.pm line 157.
    # Can't locate object method "expr_list" via package "Data::Sah::Compiler::js" at /home/sand/src/perl/repoperls/installed-perls/host/k93jammy/v5.38.3/5674/lib/site_perl/5.38.3/Data/Sah/Compiler/Prog.pm line 1009.

    #   Failed test 'compile ok ((tags=clause:between, op, op:and, type, type:bool) bool0124: between.op=and (nok + ok)}, bool)'
    #   at /tmp/loop_over_bdir-935399-bfmh6H/Data-Sah-JS-0.87-0/blib/lib/Test/Data/Sah/JS.pm line 157.
    # Can't locate object method "expr_list" via package "Data::Sah::Compiler::js" at /home/sand/src/perl/repoperls/installed-perls/host/k93jammy/v5.38.3/5674/lib/site_perl/5.38.3/Data/Sah/Compiler/Prog.pm line 1009.

    #   Failed test 'compile ok ((tags=clause:between, op, op:and, type, type:bool) bool0125: between.op=and (ok + nok)}, bool)'
    #   at /tmp/loop_over_bdir-935399-bfmh6H/Data-Sah-JS-0.87-0/blib/lib/Test/Data/Sah/JS.pm line 157.
    # Can't locate object method "expr_list" via package "Data::Sah::Compiler::js" at /home/sand/src/perl/repoperls/installed-perls/host/k93jammy/v5.38.3/5674/lib/site_perl/5.38.3/Data/Sah/Compiler/Prog.pm line 1009.

    #   Failed test 'compile ok ((tags=clause:between, op, op:and, type, type:bool) bool0126: between.op=and (nok + nok)}, bool)'
    #   at /tmp/loop_over_bdir-935399-bfmh6H/Data-Sah-JS-0.87-0/blib/lib/Test/Data/Sah/JS.pm line 157.
    # Can't locate object method "expr_list" via package "Data::Sah::Compiler::js" at /home/sand/src/perl/repoperls/installed-perls/host/k93jammy/v5.38.3/5674/lib/site_perl/5.38.3/Data/Sah/Compiler/Prog.pm line 1009.

    #   Failed test 'compile ok ((tags=clause:between, op, op:or, opshortcut, type, type:bool) bool0127: between| (no items)}, bool)'
    #   at /tmp/loop_over_bdir-935399-bfmh6H/Data-Sah-JS-0.87-0/blib/lib/Test/Data/Sah/JS.pm line 157.
    # Can't locate object method "expr_list" via package "Data::Sah::Compiler::js" at /home/sand/src/perl/repoperls/installed-perls/host/k93jammy/v5.38.3/5674/lib/site_perl/5.38.3/Data/Sah/Compiler/Prog.pm line 1009.

    #   Failed test 'compile ok ((tags=clause:between, op, op:or, opshortcut, type, type:bool) bool0128: between| (ok)}, bool)'
    #   at /tmp/loop_over_bdir-935399-bfmh6H/Data-Sah-JS-0.87-0/blib/lib/Test/Data/Sah/JS.pm line 157.
    # Can't locate object method "expr_list" via package "Data::Sah::Compiler::js" at /home/sand/src/perl/repoperls/installed-perls/host/k93jammy/v5.38.3/5674/lib/site_perl/5.38.3/Data/Sah/Compiler/Prog.pm line 1009.

    #   Failed test 'compile ok ((tags=clause:between, op, op:or, opshortcut, type, type:bool) bool0129: between| (nok + ok)}, bool)'
    #   at /tmp/loop_over_bdir-935399-bfmh6H/Data-Sah-JS-0.87-0/blib/lib/Test/Data/Sah/JS.pm line 157.
    # Can't locate object method "expr_list" via package "Data::Sah::Compiler::js" at /home/sand/src/perl/repoperls/installed-perls/host/k93jammy/v5.38.3/5674/lib/site_perl/5.38.3/Data/Sah/Compiler/Prog.pm line 1009.

    #   Failed test 'compile ok ((tags=clause:between, op, op:or, opshortcut, type, type:bool) bool0130: between| (ok + nok)}, bool)'
    #   at /tmp/loop_over_bdir-935399-bfmh6H/Data-Sah-JS-0.87-0/blib/lib/Test/Data/Sah/JS.pm line 157.
    # Can't locate object method "expr_list" via package "Data::Sah::Compiler::js" at /home/sand/src/perl/repoperls/installed-perls/host/k93jammy/v5.38.3/5674/lib/site_perl/5.38.3/Data/Sah/Compiler/Prog.pm line 1009.

    #   Failed test 'compile ok ((tags=clause:between, op, op:or, opshortcut, type, type:bool) bool0131: between| (nok + nok)}, bool)'
    #   at /tmp/loop_over_bdir-935399-bfmh6H/Data-Sah-JS-0.87-0/blib/lib/Test/Data/Sah/JS.pm line 157.
    # Can't locate object method "expr_list" via package "Data::Sah::Compiler::js" at /home/sand/src/perl/repoperls/installed-perls/host/k93jammy/v5.38.3/5674/lib/site_perl/5.38.3/Data/Sah/Compiler/Prog.pm line 1009.

    #   Failed test 'compile ok ((tags=clause:between, op, op:or, type, type:bool) bool0132: between.op=or (no items)}, bool)'
    #   at /tmp/loop_over_bdir-935399-bfmh6H/Data-Sah-JS-0.87-0/blib/lib/Test/Data/Sah/JS.pm line 157.
    # Can't locate object method "expr_list" via package "Data::Sah::Compiler::js" at /home/sand/src/perl/repoperls/installed-perls/host/k93jammy/v5.38.3/5674/lib/site_perl/5.38.3/Data/Sah/Compiler/Prog.pm line 1009.

    #   Failed test 'compile ok ((tags=clause:between, op, op:or, type, type:bool) bool0133: between.op=or (ok)}, bool)'
    #   at /tmp/loop_over_bdir-935399-bfmh6H/Data-Sah-JS-0.87-0/blib/lib/Test/Data/Sah/JS.pm line 157.
    # Can't locate object method "expr_list" via package "Data::Sah::Compiler::js" at /home/sand/src/perl/repoperls/installed-perls/host/k93jammy/v5.38.3/5674/lib/site_perl/5.38.3/Data/Sah/Compiler/Prog.pm line 1009.

    #   Failed test 'compile ok ((tags=clause:between, op, op:or, type, type:bool) bool0134: between.op=or (nok + ok)}, bool)'
    #   at /tmp/loop_over_bdir-935399-bfmh6H/Data-Sah-JS-0.87-0/blib/lib/Test/Data/Sah/JS.pm line 157.
    # Can't locate object method "expr_list" via package "Data::Sah::Compiler::js" at /home/sand/src/perl/repoperls/installed-perls/host/k93jammy/v5.38.3/5674/lib/site_perl/5.38.3/Data/Sah/Compiler/Prog.pm line 1009.

    #   Failed test 'compile ok ((tags=clause:between, op, op:or, type, type:bool) bool0135: between.op=or (ok + nok)}, bool)'
    #   at /tmp/loop_over_bdir-935399-bfmh6H/Data-Sah-JS-0.87-0/blib/lib/Test/Data/Sah/JS.pm line 157.
    # Can't locate object method "expr_list" via package "Data::Sah::Compiler::js" at /home/sand/src/perl/repoperls/installed-perls/host/k93jammy/v5.38.3/5674/lib/site_perl/5.38.3/Data/Sah/Compiler/Prog.pm line 1009.

    #   Failed test 'compile ok ((tags=clause:between, op, op:or, type, type:bool) bool0136: between.op=or (nok + nok)}, bool)'
    #   at /tmp/loop_over_bdir-935399-bfmh6H/Data-Sah-JS-0.87-0/blib/lib/Test/Data/Sah/JS.pm line 157.
    # Can't locate object method "expr_list" via package "Data::Sah::Compiler::js" at /home/sand/src/perl/repoperls/installed-perls/host/k93jammy/v5.38.3/5674/lib/site_perl/5.38.3/Data/Sah/Compiler/Prog.pm line 1009.

    #   Failed test 'compile ok ((tags=clause:between, op, op:none, type, type:bool) bool0137: between.op=none (empty items)}, bool)'
    #   at /tmp/loop_over_bdir-935399-bfmh6H/Data-Sah-JS-0.87-0/blib/lib/Test/Data/Sah/JS.pm line 157.
    # Can't locate object method "expr_list" via package "Data::Sah::Compiler::js" at /home/sand/src/perl/repoperls/installed-perls/host/k93jammy/v5.38.3/5674/lib/site_perl/5.38.3/Data/Sah/Compiler/Prog.pm line 1009.

    #   Failed test 'compile ok ((tags=clause:between, op, op:none, type, type:bool) bool0138: between.op=none (nok + nok)}, bool)'
    #   at /tmp/loop_over_bdir-935399-bfmh6H/Data-Sah-JS-0.87-0/blib/lib/Test/Data/Sah/JS.pm line 157.
    # Can't locate object method "expr_list" via package "Data::Sah::Compiler::js" at /home/sand/src/perl/repoperls/installed-perls/host/k93jammy/v5.38.3/5674/lib/site_perl/5.38.3/Data/Sah/Compiler/Prog.pm line 1009.

    #   Failed test 'compile ok ((tags=clause:between, op, op:none, type, type:bool) bool0139: between.op=none (nok + ok)}, bool)'
    #   at /tmp/loop_over_bdir-935399-bfmh6H/Data-Sah-JS-0.87-0/blib/lib/Test/Data/Sah/JS.pm line 157.
    # Can't locate object method "expr_list" via package "Data::Sah::Compiler::js" at /home/sand/src/perl/repoperls/installed-perls/host/k93jammy/v5.38.3/5674/lib/site_perl/5.38.3/Data/Sah/Compiler/Prog.pm line 1009.

    #   Failed test 'compile ok ((tags=clause:between, op, op:none, type, type:bool) bool0140: between.op=none (ok + nok)}, bool)'
    #   at /tmp/loop_over_bdir-935399-bfmh6H/Data-Sah-JS-0.87-0/blib/lib/Test/Data/Sah/JS.pm line 157.
    # Can't locate object method "expr_list" via package "Data::Sah::Compiler::js" at /home/sand/src/perl/repoperls/installed-perls/host/k93jammy/v5.38.3/5674/lib/site_perl/5.38.3/Data/Sah/Compiler/Prog.pm line 1009.

    #   Failed test 'compile ok ((tags=clause:between, op, op:none, type, type:bool) bool0141: between.op=none (ok + ok)}, bool)'
    #   at /tmp/loop_over_bdir-935399-bfmh6H/Data-Sah-JS-0.87-0/blib/lib/Test/Data/Sah/JS.pm line 157.
    # Can't locate object method "expr_list" via package "Data::Sah::Compiler::js" at /home/sand/src/perl/repoperls/installed-perls/host/k93jammy/v5.38.3/5674/lib/site_perl/5.38.3/Data/Sah/Compiler/Prog.pm line 1009.

    #   Failed test 'compile ok ((tags=clause:is_true, type, type:bool) bool0142: is_true: 1 (ok)}, bool)'
    #   at /tmp/loop_over_bdir-935399-bfmh6H/Data-Sah-JS-0.87-0/blib/lib/Test/Data/Sah/JS.pm line 157.
    # Can't locate object method "expr_list" via package "Data::Sah::Compiler::js" at /home/sand/src/perl/repoperls/installed-perls/host/k93jammy/v5.38.3/5674/lib/site_perl/5.38.3/Data/Sah/Compiler/Prog.pm line 1009.

    #   Failed test 'compile ok ((tags=clause:is_true, type, type:bool) bool0144: is_true: 0 (ok)}, bool)'
    #   at /tmp/loop_over_bdir-935399-bfmh6H/Data-Sah-JS-0.87-0/blib/lib/Test/Data/Sah/JS.pm line 157.
    # Can't locate object method "expr_list" via package "Data::Sah::Compiler::js" at /home/sand/src/perl/repoperls/installed-perls/host/k93jammy/v5.38.3/5674/lib/site_perl/5.38.3/Data/Sah/Compiler/Prog.pm line 1009.

    #   Failed test 'compile ok ((tags=clause:is_true, type, type:bool) bool0146: is_true: undef (ok 1)}, bool)'
    #   at /tmp/loop_over_bdir-935399-bfmh6H/Data-Sah-JS-0.87-0/blib/lib/Test/Data/Sah/JS.pm line 157.
    # Can't locate object method "expr_list" via package "Data::Sah::Compiler::js" at /home/sand/src/perl/repoperls/installed-perls/host/k93jammy/v5.38.3/5674/lib/site_perl/5.38.3/Data/Sah/Compiler/Prog.pm line 1009.

    #   Failed test 'js file executed successfully'
    #   at /tmp/loop_over_bdir-935399-bfmh6H/Data-Sah-JS-0.87-0/blib/lib/Test/Data/Sah/JS.pm line 245.
    # output=<</tmp/y8wFvnPANt/jsAUfN9Yjh:67
    #     ok(sahv_bool1_bool(1), 'valid (rt=bool)');
    #     ^
    # 
    # ReferenceError: sahv_bool1_bool is not defined
    #     at /tmp/y8wFvnPANt/jsAUfN9Yjh:67:5
    #     at subtest (/tmp/y8wFvnPANt/jsAUfN9Yjh:44:6)
    #     at Object.<anonymous> (/tmp/y8wFvnPANt/jsAUfN9Yjh:66:1)
    #     at Module._compile (internal/modules/cjs/loader.js:999:30)
    #     at Object.Module._extensions..js (internal/modules/cjs/loader.js:1027:10)
    #     at Module.load (internal/modules/cjs/loader.js:863:32)
    #     at Function.Module._load (internal/modules/cjs/loader.js:708:14)
    #     at Function.executeUserEntryPoint [as runMain] (internal/modules/run_main.js:60:12)
    #     at internal/main/run_main_module.js:17:47
    # >>, exit status ($?)=256, errno ($!)=Illegal seek, result=256Illegal seek
    # Looks like you failed 129 tests of 132.

#   Failed test '10-type-bool.json'
#   at /home/sand/src/perl/repoperls/installed-perls/host/k93jammy/v5.38.3/5674/lib/site_perl/5.38.3/Test/Data/Sah.pm line 275.
    # Loading 10-type-buf.json ...

    #   Failed test 'compile ok ((tags=clause:default, type, type:buf) buf0020: default: must accept valid default a}, bool)'
    #   at /tmp/loop_over_bdir-935399-bfmh6H/Data-Sah-JS-0.87-0/blib/lib/Test/Data/Sah/JS.pm line 157.
    # Can't locate object method "expr_list" via package "Data::Sah::Compiler::js" at /home/sand/src/perl/repoperls/installed-perls/host/k93jammy/v5.38.3/5674/lib/site_perl/5.38.3/Data/Sah/Compiler/Prog.pm line 707.

    #   Failed test 'compile ok ((tags=clause:default, type, type:buf) buf0021: default: must reject invalid default []}, bool)'
    #   at /tmp/loop_over_bdir-935399-bfmh6H/Data-Sah-JS-0.87-0/blib/lib/Test/Data/Sah/JS.pm line 157.
    # Can't locate object method "expr_list" via package "Data::Sah::Compiler::js" at /home/sand/src/perl/repoperls/installed-perls/host/k93jammy/v5.38.3/5674/lib/site_perl/5.38.3/Data/Sah/Compiler/Prog.pm line 707.
    # Skipping test (tags=clause:check_each_index, type, type:buf) buf0164: check_each_index: clause check_each_index not yet implemented
    # Skipping test (tags=clause:check_each_elem, type, type:buf) buf0165: check_each_elem: clause check_each_elem not yet implemented
    # Skipping test (tags=clause:uniq, type, type:buf) buf0166: uniq=1: clause uniq not yet implemented
    # Skipping test (tags=clause:uniq, type, type:buf) buf0167: uniq=0: clause uniq not yet implemented
    # Skipping test (tags=clause:uniq, op, op:not, opshortcut, type, type:buf) buf0168: !uniq=1: clause uniq not yet implemented
    # Skipping test (tags=clause:exists, type, type:buf) buf0169: exists: clause exists not yet implemented
    # Skipping test (tags=prop:len, type, type:buf) buf0174: prop:len: properties are not yet implemented
    # Skipping test (tags=prop:indices, type, type:buf) buf0175: prop:indices: properties are not yet implemented
    # Skipping test (tags=prop:elems, type, type:buf) buf0176: prop:elems: properties are not yet implemented

    #   Failed test 'js file executed successfully'
    #   at /tmp/loop_over_bdir-935399-bfmh6H/Data-Sah-JS-0.87-0/blib/lib/Test/Data/Sah/JS.pm line 245.
    # output=<<            not ok 1 - valid (rt=bool)
    #             not ok 2 - valid (rt=str)
    #             not ok 3 - validator (rt=full) returns object
    # /tmp/y8wFvnPANt/jsUqqWSX4R:140
    #     ok(Object.keys(res['errors']   ? res['errors']   : {}).length==0, 'errors (rt=full)');
    #                       ^
    # 
    # TypeError: Cannot read property 'errors' of undefined
    #     at /tmp/y8wFvnPANt/jsUqqWSX4R:140:23
    #     at subtest (/tmp/y8wFvnPANt/jsUqqWSX4R:44:6)
    #     at Object.<anonymous> (/tmp/y8wFvnPANt/jsUqqWSX4R:135:1)
    #     at Module._compile (internal/modules/cjs/loader.js:999:30)
    #     at Object.Module._extensions..js (internal/modules/cjs/loader.js:1027:10)
    #     at Module.load (internal/modules/cjs/loader.js:863:32)
    #     at Function.Module._load (internal/modules/cjs/loader.js:708:14)
    #     at Function.executeUserEntryPoint [as runMain] (internal/modules/run_main.js:60:12)
    #     at internal/main/run_main_module.js:17:47
    # >>, exit status ($?)=256, errno ($!)=Illegal seek, result=256Illegal seek
    # Looks like you failed 3 tests of 467.

#   Failed test '10-type-buf.json'
#   at /home/sand/src/perl/repoperls/installed-perls/host/k93jammy/v5.38.3/5674/lib/site_perl/5.38.3/Test/Data/Sah.pm line 275.
    # Loading 10-type-cistr.json ...

    #   Failed test 'compile ok ((tags=clause:default, type, type:cistr) cistr0020: default: must accept valid default a}, bool)'
    #   at /tmp/loop_over_bdir-935399-bfmh6H/Data-Sah-JS-0.87-0/blib/lib/Test/Data/Sah/JS.pm line 157.
    # Can't locate object method "expr_list" via package "Data::Sah::Compiler::js" at /home/sand/src/perl/repoperls/installed-perls/host/k93jammy/v5.38.3/5674/lib/site_perl/5.38.3/Data/Sah/Compiler/Prog.pm line 707.

    #   Failed test 'compile ok ((tags=clause:default, type, type:cistr) cistr0021: default: must reject invalid default []}, bool)'
    #   at /tmp/loop_over_bdir-935399-bfmh6H/Data-Sah-JS-0.87-0/blib/lib/Test/Data/Sah/JS.pm line 157.
    # Can't locate object method "expr_list" via package "Data::Sah::Compiler::js" at /home/sand/src/perl/repoperls/installed-perls/host/k93jammy/v5.38.3/5674/lib/site_perl/5.38.3/Data/Sah/Compiler/Prog.pm line 707.
    # Skipping test (tags=clause:check_each_index, type, type:cistr) cistr0164: check_each_index: clause check_each_index not yet implemented
    # Skipping test (tags=clause:check_each_elem, type, type:cistr) cistr0165: check_each_elem: clause check_each_elem not yet implemented
    # Skipping test (tags=clause:uniq, type, type:cistr) cistr0166: uniq=1: clause uniq not yet implemented
    # Skipping test (tags=clause:uniq, type, type:cistr) cistr0167: uniq=0: clause uniq not yet implemented
    # Skipping test (tags=clause:uniq, op, op:not, opshortcut, type, type:cistr) cistr0168: !uniq=1: clause uniq not yet implemented
    # Skipping test (tags=clause:exists, type, type:cistr) cistr0169: exists: clause exists not yet implemented
    # Skipping test (tags=prop:len, type, type:cistr) cistr0174: prop:len: properties are not yet implemented
    # Skipping test (tags=prop:indices, type, type:cistr) cistr0175: prop:indices: properties are not yet implemented
    # Skipping test (tags=prop:elems, type, type:cistr) cistr0176: prop:elems: properties are not yet implemented

    #   Failed test 'js file executed successfully'
    #   at /tmp/loop_over_bdir-935399-bfmh6H/Data-Sah-JS-0.87-0/blib/lib/Test/Data/Sah/JS.pm line 245.
    # output=<<            not ok 1 - valid (rt=bool)
    #             not ok 2 - valid (rt=str)
    #             not ok 3 - validator (rt=full) returns object
    # /tmp/y8wFvnPANt/jsjwiTiQPB:140
    #     ok(Object.keys(res['errors']   ? res['errors']   : {}).length==0, 'errors (rt=full)');
    #                       ^
    # 
    # TypeError: Cannot read property 'errors' of undefined
    #     at /tmp/y8wFvnPANt/jsjwiTiQPB:140:23
    #     at subtest (/tmp/y8wFvnPANt/jsjwiTiQPB:44:6)
    #     at Object.<anonymous> (/tmp/y8wFvnPANt/jsjwiTiQPB:135:1)
    #     at Module._compile (internal/modules/cjs/loader.js:999:30)
    #     at Object.Module._extensions..js (internal/modules/cjs/loader.js:1027:10)
    #     at Module.load (internal/modules/cjs/loader.js:863:32)
    #     at Function.Module._load (internal/modules/cjs/loader.js:708:14)
    #     at Function.executeUserEntryPoint [as runMain] (internal/modules/run_main.js:60:12)
    #     at internal/main/run_main_module.js:17:47
    # >>, exit status ($?)=256, errno ($!)=Illegal seek, result=256Illegal seek
    # Looks like you failed 3 tests of 467.

#   Failed test '10-type-cistr.json'
#   at /home/sand/src/perl/repoperls/installed-perls/host/k93jammy/v5.38.3/5674/lib/site_perl/5.38.3/Test/Data/Sah.pm line 275.
    # Loading 10-type-float.json ...

    #   Failed test 'compile ok ((tags=clause:default, type, type:float) float0022: default: must accept valid default 1.1}, bool)'
    #   at /tmp/loop_over_bdir-935399-bfmh6H/Data-Sah-JS-0.87-0/blib/lib/Test/Data/Sah/JS.pm line 157.
    # Can't locate object method "expr_list" via package "Data::Sah::Compiler::js" at /home/sand/src/perl/repoperls/installed-perls/host/k93jammy/v5.38.3/5674/lib/site_perl/5.38.3/Data/Sah/Compiler/Prog.pm line 707.

    #   Failed test 'compile ok ((tags=clause:default, type, type:float) float0023: default: must reject invalid default []}, bool)'
    #   at /tmp/loop_over_bdir-935399-bfmh6H/Data-Sah-JS-0.87-0/blib/lib/Test/Data/Sah/JS.pm line 157.
    # Can't locate object method "expr_list" via package "Data::Sah::Compiler::js" at /home/sand/src/perl/repoperls/installed-perls/host/k93jammy/v5.38.3/5674/lib/site_perl/5.38.3/Data/Sah/Compiler/Prog.pm line 707.

    #   Failed test 'js file executed successfully'
    #   at /tmp/loop_over_bdir-935399-bfmh6H/Data-Sah-JS-0.87-0/blib/lib/Test/Data/Sah/JS.pm line 245.
    # output=<<            not ok 1 - valid (rt=bool)
    #             not ok 2 - valid (rt=str)
    #             not ok 3 - validator (rt=full) returns object
    # /tmp/y8wFvnPANt/jssYDPqB1r:140
    #     ok(Object.keys(res['errors']   ? res['errors']   : {}).length==0, 'errors (rt=full)');
    #                       ^
    # 
    # TypeError: Cannot read property 'errors' of undefined
    #     at /tmp/y8wFvnPANt/jssYDPqB1r:140:23
    #     at subtest (/tmp/y8wFvnPANt/jssYDPqB1r:44:6)
    #     at Object.<anonymous> (/tmp/y8wFvnPANt/jssYDPqB1r:135:1)
    #     at Module._compile (internal/modules/cjs/loader.js:999:30)
    #     at Object.Module._extensions..js (internal/modules/cjs/loader.js:1027:10)
    #     at Module.load (internal/modules/cjs/loader.js:863:32)
    #     at Function.Module._load (internal/modules/cjs/loader.js:708:14)
    #     at Function.executeUserEntryPoint [as runMain] (internal/modules/run_main.js:60:12)
    #     at internal/main/run_main_module.js:17:47
    # >>, exit status ($?)=256, errno ($!)=Illegal seek, result=256Illegal seek
    # Looks like you failed 3 tests of 411.

#   Failed test '10-type-float.json'
#   at /home/sand/src/perl/repoperls/installed-perls/host/k93jammy/v5.38.3/5674/lib/site_perl/5.38.3/Test/Data/Sah.pm line 275.
    # Loading 10-type-hash.json ...

    #   Failed test 'compile ok ((tags=clause:default, type, type:hash) hash0020: default: must accept valid default {}}, bool)'
    #   at /tmp/loop_over_bdir-935399-bfmh6H/Data-Sah-JS-0.87-0/blib/lib/Test/Data/Sah/JS.pm line 157.
    # Can't locate object method "expr_list" via package "Data::Sah::Compiler::js" at /home/sand/src/perl/repoperls/installed-perls/host/k93jammy/v5.38.3/5674/lib/site_perl/5.38.3/Data/Sah/Compiler/Prog.pm line 707.

    #   Failed test 'compile ok ((tags=clause:default, type, type:hash) hash0021: default: must reject invalid default a}, bool)'
    #   at /tmp/loop_over_bdir-935399-bfmh6H/Data-Sah-JS-0.87-0/blib/lib/Test/Data/Sah/JS.pm line 157.
    # Can't locate object method "expr_list" via package "Data::Sah::Compiler::js" at /home/sand/src/perl/repoperls/installed-perls/host/k93jammy/v5.38.3/5674/lib/site_perl/5.38.3/Data/Sah/Compiler/Prog.pm line 707.
    # Skipping test (tags=clause:check_each_index, type, type:hash) hash0121: check_each_index: clause check_each_index not yet implemented
    # Skipping test (tags=clause:check_each_key, type, type:hash) hash0122: check_each_key: clause check_each_key not yet implemented
    # Skipping test (tags=clause:check_each_elem, type, type:hash) hash0123: check_each_elem: clause check_each_elem not yet implemented
    # Skipping test (tags=clause:check_each_value, type, type:hash) hash0124: check_each_value: clause check_each_value not yet implemented
    # Skipping test (tags=clause:uniq, type, type:hash) hash0125: uniq=1: clause uniq not yet implemented
    # Skipping test (tags=clause:uniq, type, type:hash) hash0126: uniq=0: clause uniq not yet implemented
    # Skipping test (tags=clause:uniq, op, op:not, opshortcut, type, type:hash) hash0127: !uniq=1: clause uniq not yet implemented
    # Skipping test (tags=clause:exists, type, type:hash) hash0128: exists: clause exists not yet implemented
    # Skipping test (tags=prop:len, type, type:hash) hash0133: prop:len: properties are not yet implemented
    # Skipping test (tags=prop:indices, type, type:hash) hash0134: prop:indices: properties are not yet implemented
    # Skipping test (tags=prop:keys, type, type:hash) hash0135: prop:keys: properties are not yet implemented
    # Skipping test (tags=prop:elems, type, type:hash) hash0136: prop:elems: properties are not yet implemented
    # Skipping test (tags=prop:values, type, type:hash) hash0137: prop:values: properties are not yet implemented

    #   Failed test 'compile ok ((tags=clause:keys, type, type:hash) hash0149: keys (create_default=1) 1}, bool)'
    #   at /tmp/loop_over_bdir-935399-bfmh6H/Data-Sah-JS-0.87-0/blib/lib/Test/Data/Sah/JS.pm line 157.
    # Can't locate object method "expr_list" via package "Data::Sah::Compiler::js" at /home/sand/src/perl/repoperls/installed-perls/host/k93jammy/v5.38.3/5674/lib/site_perl/5.38.3/Data/Sah/Compiler/Prog.pm line 707.

    #   Failed test 'compile ok ((tags=clause:keys, type, type:hash) hash0151: keys (create_default=0) 1}, bool)'
    #   at /tmp/loop_over_bdir-935399-bfmh6H/Data-Sah-JS-0.87-0/blib/lib/Test/Data/Sah/JS.pm line 157.
    # Can't locate object method "expr_list" via package "Data::Sah::Compiler::js" at /home/sand/src/perl/repoperls/installed-perls/host/k93jammy/v5.38.3/5674/lib/site_perl/5.38.3/Data/Sah/Compiler/Prog.pm line 707.

    #   Failed test 'compile ok ((tags=clause:keys, type, type:hash) hash0152: keys (create_default=0) 2}, bool)'
    #   at /tmp/loop_over_bdir-935399-bfmh6H/Data-Sah-JS-0.87-0/blib/lib/Test/Data/Sah/JS.pm line 157.
    # Can't locate object method "expr_list" via package "Data::Sah::Compiler::js" at /home/sand/src/perl/repoperls/installed-perls/host/k93jammy/v5.38.3/5674/lib/site_perl/5.38.3/Data/Sah/Compiler/Prog.pm line 707.
    # Skipping test (tags=prop:keys, type, type:hash) hash0263: prop:keys: properties are not yet implemented
    # Skipping test (tags=prop:values, type, type:hash) hash0264: prop:values: properties are not yet implemented

    #   Failed test 'js file executed successfully'
    #   at /tmp/loop_over_bdir-935399-bfmh6H/Data-Sah-JS-0.87-0/blib/lib/Test/Data/Sah/JS.pm line 245.
    # output=<<            not ok 1 - valid (rt=bool)
    #             not ok 2 - valid (rt=str)
    #             not ok 3 - validator (rt=full) returns object
    # /tmp/y8wFvnPANt/jsbKH3i7hC:107
    #     ok(Object.keys(res['errors']   ? res['errors']   : {}).length==0, 'errors (rt=full)');
    #                       ^
    # 
    # TypeError: Cannot read property 'errors' of undefined
    #     at /tmp/y8wFvnPANt/jsbKH3i7hC:107:23
    #     at subtest (/tmp/y8wFvnPANt/jsbKH3i7hC:44:6)
    #     at Object.<anonymous> (/tmp/y8wFvnPANt/jsbKH3i7hC:102:1)
    #     at Module._compile (internal/modules/cjs/loader.js:999:30)
    #     at Object.Module._extensions..js (internal/modules/cjs/loader.js:1027:10)
    #     at Module.load (internal/modules/cjs/loader.js:863:32)
    #     at Function.Module._load (internal/modules/cjs/loader.js:708:14)
    #     at Function.executeUserEntryPoint [as runMain] (internal/modules/run_main.js:60:12)
    #     at internal/main/run_main_module.js:17:47
    # >>, exit status ($?)=256, errno ($!)=Illegal seek, result=256Illegal seek
    # Looks like you failed 6 tests of 423.

#   Failed test '10-type-hash.json'
#   at /home/sand/src/perl/repoperls/installed-perls/host/k93jammy/v5.38.3/5674/lib/site_perl/5.38.3/Test/Data/Sah.pm line 275.
    # Loading 10-type-int.json ...

    #   Failed test 'compile ok ((tags=clause:default, type, type:int) int0021: default: must accept valid default 1}, bool)'
    #   at /tmp/loop_over_bdir-935399-bfmh6H/Data-Sah-JS-0.87-0/blib/lib/Test/Data/Sah/JS.pm line 157.
    # Can't locate object method "expr_list" via package "Data::Sah::Compiler::js" at /home/sand/src/perl/repoperls/installed-perls/host/k93jammy/v5.38.3/5674/lib/site_perl/5.38.3/Data/Sah/Compiler/Prog.pm line 707.

    #   Failed test 'compile ok ((tags=clause:default, type, type:int) int0022: default: must reject invalid default []}, bool)'
    #   at /tmp/loop_over_bdir-935399-bfmh6H/Data-Sah-JS-0.87-0/blib/lib/Test/Data/Sah/JS.pm line 157.
    # Can't locate object method "expr_list" via package "Data::Sah::Compiler::js" at /home/sand/src/perl/repoperls/installed-perls/host/k93jammy/v5.38.3/5674/lib/site_perl/5.38.3/Data/Sah/Compiler/Prog.pm line 707.

    #   Failed test 'js file executed successfully'
    #   at /tmp/loop_over_bdir-935399-bfmh6H/Data-Sah-JS-0.87-0/blib/lib/Test/Data/Sah/JS.pm line 245.
    # output=<<            not ok 1 - valid (rt=bool)
    #             not ok 2 - valid (rt=str)
    #             not ok 3 - validator (rt=full) returns object
    # /tmp/y8wFvnPANt/jsKXNkWZ7T:140
    #     ok(Object.keys(res['errors']   ? res['errors']   : {}).length==0, 'errors (rt=full)');
    #                       ^
    # 
    # TypeError: Cannot read property 'errors' of undefined
    #     at /tmp/y8wFvnPANt/jsKXNkWZ7T:140:23
    #     at subtest (/tmp/y8wFvnPANt/jsKXNkWZ7T:44:6)
    #     at Object.<anonymous> (/tmp/y8wFvnPANt/jsKXNkWZ7T:135:1)
    #     at Module._compile (internal/modules/cjs/loader.js:999:30)
    #     at Object.Module._extensions..js (internal/modules/cjs/loader.js:1027:10)
    #     at Module.load (internal/modules/cjs/loader.js:863:32)
    #     at Function.Module._load (internal/modules/cjs/loader.js:708:14)
    #     at Function.executeUserEntryPoint [as runMain] (internal/modules/run_main.js:60:12)
    #     at internal/main/run_main_module.js:17:47
    # >>, exit status ($?)=256, errno ($!)=Illegal seek, result=256Illegal seek
    # Looks like you failed 3 tests of 414.

#   Failed test '10-type-int.json'
#   at /home/sand/src/perl/repoperls/installed-perls/host/k93jammy/v5.38.3/5674/lib/site_perl/5.38.3/Test/Data/Sah.pm line 275.
    # Loading 10-type-num.json ...

    #   Failed test 'compile ok ((tags=clause:default, type, type:num) num0022: default: must accept valid default 1.1}, bool)'
    #   at /tmp/loop_over_bdir-935399-bfmh6H/Data-Sah-JS-0.87-0/blib/lib/Test/Data/Sah/JS.pm line 157.
    # Can't locate object method "expr_list" via package "Data::Sah::Compiler::js" at /home/sand/src/perl/repoperls/installed-perls/host/k93jammy/v5.38.3/5674/lib/site_perl/5.38.3/Data/Sah/Compiler/Prog.pm line 707.

    #   Failed test 'compile ok ((tags=clause:default, type, type:num) num0023: default: must reject invalid default []}, bool)'
    #   at /tmp/loop_over_bdir-935399-bfmh6H/Data-Sah-JS-0.87-0/blib/lib/Test/Data/Sah/JS.pm line 157.
    # Can't locate object method "expr_list" via package "Data::Sah::Compiler::js" at /home/sand/src/perl/repoperls/installed-perls/host/k93jammy/v5.38.3/5674/lib/site_perl/5.38.3/Data/Sah/Compiler/Prog.pm line 707.

    #   Failed test 'js file executed successfully'
    #   at /tmp/loop_over_bdir-935399-bfmh6H/Data-Sah-JS-0.87-0/blib/lib/Test/Data/Sah/JS.pm line 245.
    # output=<<            not ok 1 - valid (rt=bool)
    #             not ok 2 - valid (rt=str)
    #             not ok 3 - validator (rt=full) returns object
    # /tmp/y8wFvnPANt/jsQOBJBRd4:140
    #     ok(Object.keys(res['errors']   ? res['errors']   : {}).length==0, 'errors (rt=full)');
    #                       ^
    # 
    # TypeError: Cannot read property 'errors' of undefined
    #     at /tmp/y8wFvnPANt/jsQOBJBRd4:140:23
    #     at subtest (/tmp/y8wFvnPANt/jsQOBJBRd4:44:6)
    #     at Object.<anonymous> (/tmp/y8wFvnPANt/jsQOBJBRd4:135:1)
    #     at Module._compile (internal/modules/cjs/loader.js:999:30)
    #     at Object.Module._extensions..js (internal/modules/cjs/loader.js:1027:10)
    #     at Module.load (internal/modules/cjs/loader.js:863:32)
    #     at Function.Module._load (internal/modules/cjs/loader.js:708:14)
    #     at Function.executeUserEntryPoint [as runMain] (internal/modules/run_main.js:60:12)
    #     at internal/main/run_main_module.js:17:47
    # >>, exit status ($?)=256, errno ($!)=Illegal seek, result=256Illegal seek
    # Looks like you failed 3 tests of 411.

#   Failed test '10-type-num.json'
#   at /home/sand/src/perl/repoperls/installed-perls/host/k93jammy/v5.38.3/5674/lib/site_perl/5.38.3/Test/Data/Sah.pm line 275.
    # Loading 10-type-obj.json ...
    # Skipping test (tags=clause:isa, type, type:obj) obj0002: isa (nok): obj clause isa not yet implemented
    # Skipping test (tags=prop:meths, type, type:obj) obj0003: prop:meths (nok): properties are not yet implemented
    # Skipping test (tags=prop:attrs, type, type:obj) obj0004: prop:attrs (nok): properties are not yet implemented

    #   Failed test 'js file executed successfully'
    #   at /tmp/loop_over_bdir-935399-bfmh6H/Data-Sah-JS-0.87-0/blib/lib/Test/Data/Sah/JS.pm line 245.
    # output=<<            ok 1 - invalid (rt=bool)
    # /tmp/y8wFvnPANt/jsvIvFw140:119
    #     ok(sahv_obj1_str(1).match(/\S/), 'invalid (rt=str)');
    #                        ^
    # 
    # TypeError: Cannot read property 'match' of undefined
    #     at /tmp/y8wFvnPANt/jsvIvFw140:119:24
    #     at subtest (/tmp/y8wFvnPANt/jsvIvFw140:44:6)
    #     at Object.<anonymous> (/tmp/y8wFvnPANt/jsvIvFw140:117:1)
    #     at Module._compile (internal/modules/cjs/loader.js:999:30)
    #     at Object.Module._extensions..js (internal/modules/cjs/loader.js:1027:10)
    #     at Module.load (internal/modules/cjs/loader.js:863:32)
    #     at Function.Module._load (internal/modules/cjs/loader.js:708:14)
    #     at Function.executeUserEntryPoint [as runMain] (internal/modules/run_main.js:60:12)
    #     at internal/main/run_main_module.js:17:47
    # >>, exit status ($?)=256, errno ($!)=Illegal seek, result=256Illegal seek
    # Looks like you failed 1 test of 4.

#   Failed test '10-type-obj.json'
#   at /home/sand/src/perl/repoperls/installed-perls/host/k93jammy/v5.38.3/5674/lib/site_perl/5.38.3/Test/Data/Sah.pm line 275.
    # Loading 10-type-str.json ...

    #   Failed test 'compile ok ((tags=clause:default, type, type:str) str0020: default: must accept valid default a}, bool)'
    #   at /tmp/loop_over_bdir-935399-bfmh6H/Data-Sah-JS-0.87-0/blib/lib/Test/Data/Sah/JS.pm line 157.
    # Can't locate object method "expr_list" via package "Data::Sah::Compiler::js" at /home/sand/src/perl/repoperls/installed-perls/host/k93jammy/v5.38.3/5674/lib/site_perl/5.38.3/Data/Sah/Compiler/Prog.pm line 707.

    #   Failed test 'compile ok ((tags=clause:default, type, type:str) str0021: default: must reject invalid default []}, bool)'
    #   at /tmp/loop_over_bdir-935399-bfmh6H/Data-Sah-JS-0.87-0/blib/lib/Test/Data/Sah/JS.pm line 157.
    # Can't locate object method "expr_list" via package "Data::Sah::Compiler::js" at /home/sand/src/perl/repoperls/installed-perls/host/k93jammy/v5.38.3/5674/lib/site_perl/5.38.3/Data/Sah/Compiler/Prog.pm line 707.
    # Skipping test (tags=clause:check_each_index, type, type:str) str0164: check_each_index: clause check_each_index not yet implemented
    # Skipping test (tags=clause:check_each_elem, type, type:str) str0165: check_each_elem: clause check_each_elem not yet implemented
    # Skipping test (tags=clause:uniq, type, type:str) str0166: uniq=1: clause uniq not yet implemented
    # Skipping test (tags=clause:uniq, type, type:str) str0167: uniq=0: clause uniq not yet implemented
    # Skipping test (tags=clause:uniq, op, op:not, opshortcut, type, type:str) str0168: !uniq=1: clause uniq not yet implemented
    # Skipping test (tags=clause:exists, type, type:str) str0169: exists: clause exists not yet implemented
    # Skipping test (tags=prop:len, type, type:str) str0174: prop:len: properties are not yet implemented
    # Skipping test (tags=prop:indices, type, type:str) str0175: prop:indices: properties are not yet implemented
    # Skipping test (tags=prop:elems, type, type:str) str0176: prop:elems: properties are not yet implemented

    #   Failed test 'js file executed successfully'
    #   at /tmp/loop_over_bdir-935399-bfmh6H/Data-Sah-JS-0.87-0/blib/lib/Test/Data/Sah/JS.pm line 245.
    # output=<<            not ok 1 - valid (rt=bool)
    #             not ok 2 - valid (rt=str)
    #             not ok 3 - validator (rt=full) returns object
    # /tmp/y8wFvnPANt/jsiJZb6WJn:140
    #     ok(Object.keys(res['errors']   ? res['errors']   : {}).length==0, 'errors (rt=full)');
    #                       ^
    # 
    # TypeError: Cannot read property 'errors' of undefined
    #     at /tmp/y8wFvnPANt/jsiJZb6WJn:140:23
    #     at subtest (/tmp/y8wFvnPANt/jsiJZb6WJn:44:6)
    #     at Object.<anonymous> (/tmp/y8wFvnPANt/jsiJZb6WJn:135:1)
    #     at Module._compile (internal/modules/cjs/loader.js:999:30)
    #     at Object.Module._extensions..js (internal/modules/cjs/loader.js:1027:10)
    #     at Module.load (internal/modules/cjs/loader.js:863:32)
    #     at Function.Module._load (internal/modules/cjs/loader.js:708:14)
    #     at Function.executeUserEntryPoint [as runMain] (internal/modules/run_main.js:60:12)
    #     at internal/main/run_main_module.js:17:47
    # >>, exit status ($?)=256, errno ($!)=Illegal seek, result=256Illegal seek
    # Looks like you failed 3 tests of 467.

#   Failed test '10-type-str.json'
#   at /home/sand/src/perl/repoperls/installed-perls/host/k93jammy/v5.38.3/5674/lib/site_perl/5.38.3/Test/Data/Sah.pm line 275.
    # Loading 10-type-undef.json ...

    #   Failed test 'js file executed successfully'
    #   at /tmp/loop_over_bdir-935399-bfmh6H/Data-Sah-JS-0.87-0/blib/lib/Test/Data/Sah/JS.pm line 245.
    # output=<<            not ok 1 - valid (rt=bool)
    #             not ok 2 - valid (rt=str)
    #             not ok 3 - validator (rt=full) returns object
    # /tmp/y8wFvnPANt/jsNe2o6q55:107
    #     ok(Object.keys(res['errors']   ? res['errors']   : {}).length==0, 'errors (rt=full)');
    #                       ^
    # 
    # TypeError: Cannot read property 'errors' of undefined
    #     at /tmp/y8wFvnPANt/jsNe2o6q55:107:23
    #     at subtest (/tmp/y8wFvnPANt/jsNe2o6q55:44:6)
    #     at Object.<anonymous> (/tmp/y8wFvnPANt/jsNe2o6q55:102:1)
    #     at Module._compile (internal/modules/cjs/loader.js:999:30)
    #     at Object.Module._extensions..js (internal/modules/cjs/loader.js:1027:10)
    #     at Module.load (internal/modules/cjs/loader.js:863:32)
    #     at Function.Module._load (internal/modules/cjs/loader.js:708:14)
    #     at Function.executeUserEntryPoint [as runMain] (internal/modules/run_main.js:60:12)
    #     at internal/main/run_main_module.js:17:47
    # >>, exit status ($?)=256, errno ($!)=Illegal seek, result=256Illegal seek
    # Looks like you failed 1 test of 4.

#   Failed test '10-type-undef.json'
#   at /home/sand/src/perl/repoperls/installed-perls/host/k93jammy/v5.38.3/5674/lib/site_perl/5.38.3/Test/Data/Sah.pm line 275.
    # Loading 20-clause-prefilters.json ...
    # Skipping test (tags=clause:prefilters) prefilters: clause prefilters not yet implemented
# Looks like you failed 13 tests of 14.
t/spectest-js.t .......... 
Dubious, test returned 13 (wstat 3328, 0xd00)
Failed 13/14 subtests 

Test Summary Report
-------------------
t/js-misc.t            (Wstat: 65280 (exited 255) Tests: 0 Failed: 0)
  Non-zero exit status: 255
  Parse errors: No plan found in TAP output
t/js-type-date.t       (Wstat: 65280 (exited 255) Tests: 0 Failed: 0)
  Non-zero exit status: 255
  Parse errors: No plan found in TAP output
t/js-type-duration.t   (Wstat: 65280 (exited 255) Tests: 0 Failed: 0)
  Non-zero exit status: 255
  Parse errors: No plan found in TAP output
t/spectest-js.t        (Wstat: 3328 (exited 13) Tests: 14 Failed: 13)
  Failed tests:  1-13
  Non-zero exit status: 13
Files=8, Tests=36, 13 wallclock secs ( 0.46 usr  0.10 sys + 11.29 cusr  1.49 csys = 13.34 CPU)
Result: FAIL
Failed 4/8 test programs. 13/36 subtests failed.
make: *** [Makefile:1013: test_dynamic] Error 13

------------------------------
PREREQUISITES
------------------------------

Prerequisite modules loaded:

requires:

    Module                        Need     Have    
    ----------------------------- -------- --------
    Capture::Tiny                 0        0.50    
    Data::Clean::JSON             0.11     0.392   
    Data::Sah                     0.84     0.917   
    Data::Sah::Coerce             0.014    0.054   
    Data::Sah::Compiler::Prog     0        0.917   
    Data::Sah::Compiler::Prog::TH 0        0.917   
    Data::Sah::Type::array        0        0.917   
    Data::Sah::Type::bool         0        0.917   
    Data::Sah::Type::buf          0        0.917   
    Data::Sah::Type::cistr        0        0.917   
    Data::Sah::Type::code         0        0.917   
    Data::Sah::Type::date         0        0.917   
    Data::Sah::Type::duration     0        0.917   
    Data::Sah::Type::float        0        0.917   
    Data::Sah::Type::hash         0        0.917   
    Data::Sah::Type::int          0        0.917   
    Data::Sah::Type::num          0        0.917   
    Data::Sah::Type::obj          0        0.917   
    Data::Sah::Type::re           0        0.917   
    Data::Sah::Type::str          0        0.917   
    Data::Sah::Type::undef        0        0.917   
    Exporter                      0        5.78    
    File::Temp                    0        0.2311  
    IPC::System::Options          0.27     0.341   
    JSON::MaybeXS                 0        1.004008
    Mo                            0        0.40    
    Nodejs::Util                  0.006    0.012   
    parent                        0        0.244   
    perl                          5.010001 5.038003
    Role::Tiny::With              0        2.002004
    Scalar::Util                  0        1.68    
    Scalar::Util::Numeric::PP     0        0.04    
    strict                        0        1.12    
    String::Indent                0        0.040   
    Test::Data::Sah               0.87     0.917   
    Test::More                    0.98     1.302209
    warnings                      0        1.65    

build_requires:

    Module                        Need     Have    
    ----------------------------- -------- --------
    ExtUtils::MakeMaker           0        7.70    
    File::Spec                    0        3.88    
    IO::Handle                    0        1.52    
    IPC::Open3                    0        1.22    
    Sah::SpecTest                 v0.9.42  0.9.51  
    Test::Exception               0        0.43    
    Test::More                    0.98     1.302209

configure_requires:

    Module                        Need     Have    
    ----------------------------- -------- --------
    ExtUtils::MakeMaker           0        7.70    


------------------------------
ENVIRONMENT AND OTHER CONTEXT
------------------------------

Environment variables:

    AUTOMATED_TESTING = 1
    LANG = en_US.UTF-8
    LC_ADDRESS = de_DE.UTF-8
    LC_IDENTIFICATION = de_DE.UTF-8
    LC_MEASUREMENT = de_DE.UTF-8
    LC_MONETARY = de_DE.UTF-8
    LC_NAME = de_DE.UTF-8
    LC_NUMERIC = de_DE.UTF-8
    LC_PAPER = de_DE.UTF-8
    LC_TELEPHONE = de_DE.UTF-8
    LC_TIME = de_DE.UTF-8
    PATH = /home/sand/bin:/usr/local/bin:/usr/local/sbin:/usr/sbin:/usr/bin:/sbin:/bin:/usr/games:/usr/local/games:/snap/bin:/usr/local/perl/bin:/usr/X11/bin
    PERL = /tmp/basesmoker-reloperl-mogV/bin/perl
    PERL5LIB = /tmp/loop_over_bdir-935399-bfmh6H/OSDial-3.0.2.124-0/blib/arch:/tmp/loop_over_bdir-935399-bfmh6H/OSDial-3.0.2.124-0/blib/lib:/tmp/loop_over_bdir-935399-bfmh6H/Net-OpenVPN-DDNS-0.1-0/blib/arch:/tmp/loop_over_bdir-935399-bfmh6H/Net-OpenVPN-DDNS-0.1-0/blib/lib:/tmp/loop_over_bdir-935399-bfmh6H/dta-tokwrap-0.98-0/blib/arch:/tmp/loop_over_bdir-935399-bfmh6H/dta-tokwrap-0.98-0/blib/lib:/tmp/loop_over_bdir-935399-bfmh6H/App-nrun-v1.1.2-0/blib/arch:/tmp/loop_over_bdir-935399-bfmh6H/App-nrun-v1.1.2-0/blib/lib:/tmp/loop_over_bdir-935399-bfmh6H/Linux-InitFS-0.2-0/blib/arch:/tmp/loop_over_bdir-935399-bfmh6H/Linux-InitFS-0.2-0/blib/lib:/tmp/loop_over_bdir-935399-bfmh6H/Captive-Portal-4.10-0/blib/arch:/tmp/loop_over_bdir-935399-bfmh6H/Captive-Portal-4.10-0/blib/lib:/tmp/loop_over_bdir-935399-bfmh6H/RDF-NLP-SPARQLQuery-0.1-0/blib/arch:/tmp/loop_over_bdir-935399-bfmh6H/RDF-NLP-SPARQLQuery-0.1-0/blib/lib:/tmp/loop_over_bdir-935399-bfmh6H/Module-ScanDeps-Static-1.7.2-0/blib/arch:/tmp/loop_over_bdir-935399-bfmh6H/Module-ScanDeps-Static-1.7.2-0/blib/lib:/tmp/loop_over_bdir-935399-bfmh6H/Alien-SNMP-MIBDEV-2.020000-0/blib/arch:/tmp/loop_over_bdir-935399-bfmh6H/Alien-SNMP-MIBDEV-2.020000-0/blib/lib:/tmp/loop_over_bdir-935399-bfmh6H/Devel-Required-0.16-0/blib/arch:/tmp/loop_over_bdir-935399-bfmh6H/Devel-Required-0.16-0/blib/lib:/tmp/loop_over_bdir-935399-bfmh6H/triceps-2.1.0-0/blib/arch:/tmp/loop_over_bdir-935399-bfmh6H/triceps-2.1.0-0/blib/lib:/tmp/loop_over_bdir-935399-bfmh6H/Simulation-Automate-1.0.1-0/blib/arch:/tmp/loop_over_bdir-935399-bfmh6H/Simulation-Automate-1.0.1-0/blib/lib:/tmp/loop_over_bdir-935399-bfmh6H/NoZone-1.3-0/blib/arch:/tmp/loop_over_bdir-935399-bfmh6H/NoZone-1.3-0/blib/lib:/tmp/loop_over_bdir-935399-bfmh6H/Lingua-YaTeA-0.626-0/blib/arch:/tmp/loop_over_bdir-935399-bfmh6H/Lingua-YaTeA-0.626-0/blib/lib:/tmp/loop_over_bdir-935399-bfmh6H/XML-Bare-SAX-Parser-0.01-0/blib/arch:/tmp/loop_over_bdir-935399-bfmh6H/XML-Bare-SAX-Parser-0.01-0/blib/lib
    PERL5OPT = 
    PERL5_CPANPLUS_IS_RUNNING = 935407
    PERL5_CPAN_IS_RUNNING = 935407
    PERL_CANARY_STABILITY_NOPROMPT = 1
    PERL_MM_USE_DEFAULT = 1
    PERL_USE_UNSAFE_INC = 1
    SHELL = /usr/bin/zsh
    TERM = screen

Perl special variables (and OS-specific diagnostics, for MSWin32):

    $^X = /tmp/basesmoker-reloperl-mogV/bin/perl
    $UID/$EUID = 1005 / 1005
    $GID = 1005 1005
    $EGID = 1005 1005

Perl module toolchain versions installed:

    Module              Have    
    ------------------- --------
    CPAN                2.38    
    CPAN::Meta          2.150010
    Cwd                 3.89    
    ExtUtils::CBuilder  0.280238
    ExtUtils::Command   7.70    
    ExtUtils::Install   2.22    
    ExtUtils::MakeMaker 7.70    
    ExtUtils::Manifest  1.75    
    ExtUtils::ParseXS   3.51    
    File::Spec          3.88    
    JSON                4.10    
    JSON::PP            4.16    
    Module::Build       0.4234  
    Module::Signature   0.89    
    Parse::CPAN::Meta   2.150010
    Test2               1.302209
    Test::Harness       3.50    
    Test::More          1.302209
    YAML                1.31    
    YAML::Syck          1.34    
    version             0.9933  


--

Summary of my perl5 (revision 5 version 38 subversion 3) configuration:
  Commit id: 06697759559c52236e296a256776b1222f228163
  Platform:
    osname=linux
    osvers=6.8.0-52-generic
    archname=x86_64-linux-ld
    uname='linux k93jammy 6.8.0-52-generic #53~22.04.1-ubuntu smp preempt_dynamic wed jan 15 19:18:46 utc 2 x86_64 x86_64 x86_64 gnulinux '
    config_args='-Dprefix=/home/sand/src/perl/repoperls/installed-perls/host/k93jammy/v5.38.3/5674 -Dmyhostname=k93jammy -Dinstallusrbinperl=n -Uversiononly -Dusedevel -des -Ui_db -Dlibswanted=cl pthread socket inet nsl gdbm dbm malloc dl ld sun m crypt sec util c cposix posix ucb BSD gdbm_compat -Uuseithreads -Duselongdouble -DEBUGGING=-g'
    hint=recommended
    useposix=true
    d_sigaction=define
    useithreads=undef
    usemultiplicity=undef
    use64bitint=define
    use64bitall=define
    uselongdouble=define
    usemymalloc=n
    default_inc_excludes_dot=define
  Compiler:
    cc='cc'
    ccflags ='-fwrapv -fno-strict-aliasing -pipe -fstack-protector-strong -I/usr/local/include -D_LARGEFILE_SOURCE -D_FILE_OFFSET_BITS=64'
    optimize='-O2 -g'
    cppflags='-fwrapv -fno-strict-aliasing -pipe -fstack-protector-strong -I/usr/local/include'
    ccversion=''
    gccversion='11.4.0'
    gccosandvers=''
    intsize=4
    longsize=8
    ptrsize=8
    doublesize=8
    byteorder=12345678
    doublekind=3
    d_longlong=define
    longlongsize=8
    d_longdbl=define
    longdblsize=16
    longdblkind=3
    ivtype='long'
    ivsize=8
    nvtype='long double'
    nvsize=16
    Off_t='off_t'
    lseeksize=8
    alignbytes=16
    prototype=define
  Linker and Libraries:
    ld='cc'
    ldflags =' -fstack-protector-strong -L/usr/local/lib'
    libpth=/usr/local/lib /usr/lib/x86_64-linux-gnu /usr/lib /usr/lib64
    libs=-lpthread -lnsl -ldl -lm -lcrypt -lutil -lc
    perllibs=-lpthread -lnsl -ldl -lm -lcrypt -lutil -lc
    libc=/lib/x86_64-linux-gnu/libc.so.6
    so=so
    useshrplib=false
    libperl=libperl.a
    gnulibc_version='2.35'
  Dynamic Linking:
    dlsrc=dl_dlopen.xs
    dlext=so
    d_dlsymun=undef
    ccdlflags='-Wl,-E'
    cccdlflags='-fPIC'
    lddlflags='-shared -O2 -g -L/usr/local/lib -fstack-protector-strong'


Characteristics of this binary (from libperl): 
  Compile-time options:
    HAS_LONG_DOUBLE
    HAS_STRTOLD
    HAS_TIMES
    PERLIO_LAYERS
    PERL_COPY_ON_WRITE
    PERL_DONT_CREATE_GVSV
    PERL_HASH_FUNC_SIPHASH13
    PERL_HASH_USE_SBOX32
    PERL_MALLOC_WRAP
    PERL_OP_PARENT
    PERL_PRESERVE_IVUV
    PERL_USE_DEVEL
    PERL_USE_SAFE_PUTENV
    USE_64_BIT_ALL
    USE_64_BIT_INT
    USE_LARGE_FILES
    USE_LOCALE
    USE_LOCALE_COLLATE
    USE_LOCALE_CTYPE
    USE_LOCALE_NUMERIC
    USE_LOCALE_TIME
    USE_LONG_DOUBLE
    USE_PERLIO
    USE_PERL_ATOF
  Built under linux
  Compiled at Mar 11 2025 15:33:42
  %ENV:
    PERL="/tmp/basesmoker-reloperl-mogV/bin/perl"
    PERL5LIB="/tmp/loop_over_bdir-935399-bfmh6H/OSDial-3.0.2.124-0/blib/arch:/tmp/loop_over_bdir-935399-bfmh6H/OSDial-3.0.2.124-0/blib/lib:/tmp/loop_over_bdir-935399-bfmh6H/Net-OpenVPN-DDNS-0.1-0/blib/arch:/tmp/loop_over_bdir-935399-bfmh6H/Net-OpenVPN-DDNS-0.1-0/blib/lib:/tmp/loop_over_bdir-935399-bfmh6H/dta-tokwrap-0.98-0/blib/arch:/tmp/loop_over_bdir-935399-bfmh6H/dta-tokwrap-0.98-0/blib/lib:/tmp/loop_over_bdir-935399-bfmh6H/App-nrun-v1.1.2-0/blib/arch:/tmp/loop_over_bdir-935399-bfmh6H/App-nrun-v1.1.2-0/blib/lib:/tmp/loop_over_bdir-935399-bfmh6H/Linux-InitFS-0.2-0/blib/arch:/tmp/loop_over_bdir-935399-bfmh6H/Linux-InitFS-0.2-0/blib/lib:/tmp/loop_over_bdir-935399-bfmh6H/Captive-Portal-4.10-0/blib/arch:/tmp/loop_over_bdir-935399-bfmh6H/Captive-Portal-4.10-0/blib/lib:/tmp/loop_over_bdir-935399-bfmh6H/RDF-NLP-SPARQLQuery-0.1-0/blib/arch:/tmp/loop_over_bdir-935399-bfmh6H/RDF-NLP-SPARQLQuery-0.1-0/blib/lib:/tmp/loop_over_bdir-935399-bfmh6H/Module-ScanDeps-Static-1.7.2-0/blib/arch:/tmp/loop_over_bdir-935399-bfmh6H/Module-ScanDeps-Static-1.7.2-0/blib/lib:/tmp/loop_over_bdir-935399-bfmh6H/Alien-SNMP-MIBDEV-2.020000-0/blib/arch:/tmp/loop_over_bdir-935399-bfmh6H/Alien-SNMP-MIBDEV-2.020000-0/blib/lib:/tmp/loop_over_bdir-935399-bfmh6H/Devel-Required-0.16-0/blib/arch:/tmp/loop_over_bdir-935399-bfmh6H/Devel-Required-0.16-0/blib/lib:/tmp/loop_over_bdir-935399-bfmh6H/triceps-2.1.0-0/blib/arch:/tmp/loop_over_bdir-935399-bfmh6H/triceps-2.1.0-0/blib/lib:/tmp/loop_over_bdir-935399-bfmh6H/Simulation-Automate-1.0.1-0/blib/arch:/tmp/loop_over_bdir-935399-bfmh6H/Simulation-Automate-1.0.1-0/blib/lib:/tmp/loop_over_bdir-935399-bfmh6H/NoZone-1.3-0/blib/arch:/tmp/loop_over_bdir-935399-bfmh6H/NoZone-1.3-0/blib/lib:/tmp/loop_over_bdir-935399-bfmh6H/Lingua-YaTeA-0.626-0/blib/arch:/tmp/loop_over_bdir-935399-bfmh6H/Lingua-YaTeA-0.626-0/blib/lib:/tmp/loop_over_bdir-935399-bfmh6H/XML-Bare-SAX-Parser-0.01-0/blib/arch:/tmp/loop_over_bdir-935399-bfmh6H/XML-Bare-SAX-Parser-0.01-0/blib/lib"
    PERL5OPT=""
    PERL5_CPANPLUS_IS_RUNNING="935407"
    PERL5_CPAN_IS_RUNNING="935407"
    PERL_CANARY_STABILITY_NOPROMPT="1"
    PERL_MM_USE_DEFAULT="1"
    PERL_USE_UNSAFE_INC="1"
  @INC:
    /tmp/loop_over_bdir-935399-bfmh6H/OSDial-3.0.2.124-0/blib/arch
    /tmp/loop_over_bdir-935399-bfmh6H/OSDial-3.0.2.124-0/blib/lib
    /tmp/loop_over_bdir-935399-bfmh6H/Net-OpenVPN-DDNS-0.1-0/blib/arch
    /tmp/loop_over_bdir-935399-bfmh6H/Net-OpenVPN-DDNS-0.1-0/blib/lib
    /tmp/loop_over_bdir-935399-bfmh6H/dta-tokwrap-0.98-0/blib/arch
    /tmp/loop_over_bdir-935399-bfmh6H/dta-tokwrap-0.98-0/blib/lib
    /tmp/loop_over_bdir-935399-bfmh6H/App-nrun-v1.1.2-0/blib/arch
    /tmp/loop_over_bdir-935399-bfmh6H/App-nrun-v1.1.2-0/blib/lib
    /tmp/loop_over_bdir-935399-bfmh6H/Linux-InitFS-0.2-0/blib/arch
    /tmp/loop_over_bdir-935399-bfmh6H/Linux-InitFS-0.2-0/blib/lib
    /tmp/loop_over_bdir-935399-bfmh6H/Captive-Portal-4.10-0/blib/arch
    /tmp/loop_over_bdir-935399-bfmh6H/Captive-Portal-4.10-0/blib/lib
    /tmp/loop_over_bdir-935399-bfmh6H/RDF-NLP-SPARQLQuery-0.1-0/blib/arch
    /tmp/loop_over_bdir-935399-bfmh6H/RDF-NLP-SPARQLQuery-0.1-0/blib/lib
    /tmp/loop_over_bdir-935399-bfmh6H/Module-ScanDeps-Static-1.7.2-0/blib/arch
    /tmp/loop_over_bdir-935399-bfmh6H/Module-ScanDeps-Static-1.7.2-0/blib/lib
    /tmp/loop_over_bdir-935399-bfmh6H/Alien-SNMP-MIBDEV-2.020000-0/blib/arch
    /tmp/loop_over_bdir-935399-bfmh6H/Alien-SNMP-MIBDEV-2.020000-0/blib/lib
    /tmp/loop_over_bdir-935399-bfmh6H/Devel-Required-0.16-0/blib/arch
    /tmp/loop_over_bdir-935399-bfmh6H/Devel-Required-0.16-0/blib/lib
    /tmp/loop_over_bdir-935399-bfmh6H/triceps-2.1.0-0/blib/arch
    /tmp/loop_over_bdir-935399-bfmh6H/triceps-2.1.0-0/blib/lib
    /tmp/loop_over_bdir-935399-bfmh6H/Simulation-Automate-1.0.1-0/blib/arch
    /tmp/loop_over_bdir-935399-bfmh6H/Simulation-Automate-1.0.1-0/blib/lib
    /tmp/loop_over_bdir-935399-bfmh6H/NoZone-1.3-0/blib/arch
    /tmp/loop_over_bdir-935399-bfmh6H/NoZone-1.3-0/blib/lib
    /tmp/loop_over_bdir-935399-bfmh6H/Lingua-YaTeA-0.626-0/blib/arch
    /tmp/loop_over_bdir-935399-bfmh6H/Lingua-YaTeA-0.626-0/blib/lib
    /tmp/loop_over_bdir-935399-bfmh6H/XML-Bare-SAX-Parser-0.01-0/blib/arch
    /tmp/loop_over_bdir-935399-bfmh6H/XML-Bare-SAX-Parser-0.01-0/blib/lib
    /home/sand/src/perl/repoperls/installed-perls/host/k93jammy/v5.38.3/5674/lib/site_perl/5.38.3/x86_64-linux-ld
    /home/sand/src/perl/repoperls/installed-perls/host/k93jammy/v5.38.3/5674/lib/site_perl/5.38.3
    /home/sand/src/perl/repoperls/installed-perls/host/k93jammy/v5.38.3/5674/lib/5.38.3/x86_64-linux-ld
    /home/sand/src/perl/repoperls/installed-perls/host/k93jammy/v5.38.3/5674/lib/5.38.3
    .