Sledge-Plugin-BeforeOutput v0.03 Perl 5 v5.12.0 i386-freebsd-thread-multi-64int

Status
Na
From
Chris Williams (BINGOS)
Dist
Sledge-Plugin-BeforeOutput v0.03
Platform
Perl 5 v5.12.0 i386-freebsd-thread-multi-64int
Date
2010-04-22T23:42:09
ID
ab1ed0f0-4e68-11df-862b-995f90befd91
This distribution has been tested as part of the CPAN Testers
project, supporting the Perl programming language.  See
http://wiki.cpantesters.org/ for more information or email
questions to cpan-testers-discuss@perl.org


--

Dear MATSUMOTO,
    
This is a computer-generated error report created automatically by
CPANPLUS, version 0.9003. Testers personal comments may appear 
at the end of this report.


Thank you for uploading your work to CPAN.  However, it appears that
there were some problems testing your distribution.

TEST RESULTS:

Below is the error stack from stage 'make test':

[MSG] [Fri Apr 23 00:42:09 2010] cp lib/Sledge/Plugin/BeforeOutput.pm blib/lib/Sledge/Plugin/BeforeOutput.pm
Manifying blib/man3/Sledge::Plugin::BeforeOutput.3

[ERROR] [Fri Apr 23 00:42:09 2010] MAKE TEST failed: No such file or directory PERL_DL_NONLAZY=1 /usr/home/cpan/pit/rel/perl-5.12.0/bin/perl "-MExtUtils::Command::MM" "-e" "test_harness(0, 'blib/lib', 'blib/arch')" t/*.t
Can't locate Sledge/Pages/Base.pm in @INC (@INC contains: /usr/home/cpan/pit/rel/conf/perl-5.12.0/.cpanplus/5.12.0/build/Sledge-Plugin-BeforeOutput-0.03/blib/lib /usr/home/cpan/pit/rel/conf/perl-5.12.0/.cpanplus/5.12.0/build/Sledge-Plugin-BeforeOutput-0.03/blib/arch /usr/home/cpan/pit/rel/conf/perl-5.12.0/.cpanplus/5.12.0/build/IO-stringy-2.110/blib/lib /usr/home/cpan/pit/rel/conf/perl-5.12.0/.cpanplus/5.12.0/build/IO-stringy-2.110/blib/arch /usr/home/cpan/pit/rel/conf/perl-5.12.0/.cpanplus/5.12.0/build/Class-Trigger-0.14/blib/lib /usr/home/cpan/pit/rel/conf/perl-5.12.0/.cpanplus/5.12.0/build/Class-Trigger-0.14/blib/arch /usr/home/cpan/pit/rel/perl-5.12.0/lib/site_perl/5.12.0/i386-freebsd-thread-multi-64int /usr/home/cpan/pit/rel/perl-5.12.0/lib/site_perl/5.12.0 /usr/home/cpan/pit/rel/perl-5.12.0/lib/5.12.0/i386-freebsd-thread-multi-64int /usr/home/cpan/pit/rel/perl-5.12.0/lib/5.12.0) at t/00-load.t line 5.
BEGIN failed--compilation aborted at t/00-load.t line 5.
# Looks like your test exited with 2 before it could output anything.
t/00-load.t ....... 
Dubious, test returned 2 (wstat 512, 0x200)
Failed 1/1 subtests 
t/boilerplate.t ... ok
t/pod-coverage.t .. skipped: Test::Pod::Coverage 1.08 required for testing POD coverage
t/pod.t ........... skipped: Test::Pod 1.22 required for testing POD

Test Summary Report
-------------------
t/00-load.t     (Wstat: 512 Tests: 0 Failed: 0)
  Non-zero exit status: 2
  Parse errors: Bad plan.  You planned 1 tests but ran 0.
t/boilerplate.t (Wstat: 0 Tests: 3 Failed: 0)
  TODO passed:   2-3
Files=4, Tests=3,  0 wallclock secs ( 0.05 usr  0.05 sys +  0.15 cusr  0.07 csys =  0.33 CPU)
Result: FAIL
Failed 1/4 test programs. 0/3 subtests failed.
*** Error code 255

Stop in /usr/home/cpan/pit/rel/conf/perl-5.12.0/.cpanplus/5.12.0/build/Sledge-Plugin-BeforeOutput-0.03.

[MSG] [Fri Apr 23 00:42:09 2010] DEFAULT 'proceed_on_test_failure' HANDLER RETURNING 'sub return value'


******************************** NOTE ********************************
The comments above are created mechanically, possibly without manual
checking by the sender.  As there are many people performing automatic
tests on each upload to CPAN, it is likely that you will receive 
identical messages about the same problem.

If you believe that the message is mistaken, please reply to the first
one with correction and/or additional informations, and do not take
it personally.  We appreciate your patience. :)
**********************************************************************

Additional comments:
 

This report was machine-generated by CPANPLUS::Dist::YACSmoke 0.54.
Powered by minismokebox version 0.26

------------------------------
ENVIRONMENT AND OTHER CONTEXT
------------------------------

Environment variables:

    AUTOMATED_TESTING = 1
    PATH = /sbin:/bin:/usr/sbin:/usr/bin:/usr/games:/usr/local/sbin:/usr/local/bin:/home/cpan/bin
    PERL5LIB = :/usr/home/cpan/pit/rel/conf/perl-5.12.0/.cpanplus/5.12.0/build/IO-stringy-2.110/blib/lib:/usr/home/cpan/pit/rel/conf/perl-5.12.0/.cpanplus/5.12.0/build/IO-stringy-2.110/blib/arch:/usr/home/cpan/pit/rel/conf/perl-5.12.0/.cpanplus/5.12.0/build/Class-Trigger-0.14/blib/lib:/usr/home/cpan/pit/rel/conf/perl-5.12.0/.cpanplus/5.12.0/build/Class-Trigger-0.14/blib/arch:/usr/home/cpan/pit/rel/conf/perl-5.12.0/.cpanplus/5.12.0/build/Sledge-Plugin-BeforeOutput-0.03/blib/lib:/usr/home/cpan/pit/rel/conf/perl-5.12.0/.cpanplus/5.12.0/build/Sledge-Plugin-BeforeOutput-0.03/blib/arch
    PERL5_CPANPLUS_IS_RUNNING = 69382
    PERL5_CPANPLUS_IS_VERSION = 0.9003
    PERL5_MINISMOKEBOX = 0.26
    PERL5_YACSMOKE_BASE = /usr/home/cpan/pit/rel/conf/perl-5.12.0/
    PERL_EXTUTILS_AUTOINSTALL = --defaultdeps
    PERL_MM_USE_DEFAULT = 1
    SHELL = /usr/local/bin/bash
    TERM = screen

Perl special variables (and OS-specific diagnostics, for MSWin32):

    Perl: $^X = /usr/home/cpan/pit/rel/perl-5.12.0/bin/perl
    UID:  $<  = 1003
    EUID: $>  = 1003
    GID:  $(  = 1003 1003 1003
    EGID: $)  = 1003 1003 1003


-------------------------------


--

Summary of my perl5 (revision 5 version 12 subversion 0) configuration:
   
  Platform:
    osname=freebsd, osvers=7.2-release, archname=i386-freebsd-thread-multi-64int
    uname='freebsd wintermute.staffordshire.gov.uk 7.2-release freebsd 7.2-release #0: fri may 1 08:49:13 utc 2009 root@walker.cse.buffalo.edu:usrobjusrsrcsysgeneric i386 '
    config_args='-de -Dprefix=/usr/home/cpan/pit/rel/perl-5.12.0 -Dusethreads -Duse64bitint'
    hint=recommended, useposix=true, d_sigaction=define
    useithreads=define, usemultiplicity=define
    useperlio=define, d_sfio=undef, uselargefiles=define, usesocks=undef
    use64bitint=define, use64bitall=undef, uselongdouble=undef
    usemymalloc=n, bincompat5005=undef
  Compiler:
    cc='cc', ccflags ='-DHAS_FPSETMASK -DHAS_FLOATINGPOINT_H -fno-strict-aliasing -pipe -fstack-protector -I/usr/local/include',
    optimize='-O',
    cppflags='-DHAS_FPSETMASK -DHAS_FLOATINGPOINT_H -fno-strict-aliasing -pipe -fstack-protector -I/usr/local/include'
    ccversion='', gccversion='4.2.1 20070719  [FreeBSD]', gccosandvers=''
    intsize=4, longsize=4, ptrsize=4, doublesize=8, byteorder=12345678
    d_longlong=define, longlongsize=8, d_longdbl=define, longdblsize=12
    ivtype='long long', ivsize=8, nvtype='double', nvsize=8, Off_t='off_t', lseeksize=8
    alignbytes=4, prototype=define
  Linker and Libraries:
    ld='cc', ldflags ='-pthread -Wl,-E  -fstack-protector -L/usr/local/lib'
    libpth=/usr/lib /usr/local/lib
    libs=-lgdbm -lm -lcrypt
    perllibs=-lm -lcrypt
    libc=, so=so, useshrplib=false, libperl=libperl.a
    gnulibc_version=''
  Dynamic Linking:
    dlsrc=dl_dlopen.xs, dlext=so, d_dlsymun=undef, ccdlflags=' '
    cccdlflags='-DPIC -fPIC', lddlflags='-shared  -L/usr/local/lib -fstack-protector'


Characteristics of this binary (from libperl): 
  Compile-time options: MULTIPLICITY PERL_DONT_CREATE_GVSV
                        PERL_IMPLICIT_CONTEXT PERL_MALLOC_WRAP USE_64_BIT_INT
                        USE_ITHREADS USE_LARGE_FILES USE_PERLIO USE_PERL_ATOF
                        USE_REENTRANT_API
  Built under freebsd
  Compiled at Apr 18 2010 11:43:19
  %ENV:
    PERL5LIB=":/usr/home/cpan/pit/rel/conf/perl-5.12.0/.cpanplus/5.12.0/build/IO-stringy-2.110/blib/lib:/usr/home/cpan/pit/rel/conf/perl-5.12.0/.cpanplus/5.12.0/build/IO-stringy-2.110/blib/arch:/usr/home/cpan/pit/rel/conf/perl-5.12.0/.cpanplus/5.12.0/build/Class-Trigger-0.14/blib/lib:/usr/home/cpan/pit/rel/conf/perl-5.12.0/.cpanplus/5.12.0/build/Class-Trigger-0.14/blib/arch:/usr/home/cpan/pit/rel/conf/perl-5.12.0/.cpanplus/5.12.0/build/Sledge-Plugin-BeforeOutput-0.03/blib/lib:/usr/home/cpan/pit/rel/conf/perl-5.12.0/.cpanplus/5.12.0/build/Sledge-Plugin-BeforeOutput-0.03/blib/arch"
    PERL5_CPANPLUS_IS_RUNNING="69382"
    PERL5_CPANPLUS_IS_VERSION="0.9003"
    PERL5_MINISMOKEBOX="0.26"
    PERL5_YACSMOKE_BASE="/usr/home/cpan/pit/rel/conf/perl-5.12.0/"
    PERL_EXTUTILS_AUTOINSTALL="--defaultdeps"
    PERL_MM_USE_DEFAULT="1"
  @INC:
    /usr/home/cpan/pit/rel/conf/perl-5.12.0/.cpanplus/5.12.0/build/IO-stringy-2.110/blib/lib
    /usr/home/cpan/pit/rel/conf/perl-5.12.0/.cpanplus/5.12.0/build/IO-stringy-2.110/blib/arch
    /usr/home/cpan/pit/rel/conf/perl-5.12.0/.cpanplus/5.12.0/build/Class-Trigger-0.14/blib/lib
    /usr/home/cpan/pit/rel/conf/perl-5.12.0/.cpanplus/5.12.0/build/Class-Trigger-0.14/blib/arch
    /usr/home/cpan/pit/rel/conf/perl-5.12.0/.cpanplus/5.12.0/build/Sledge-Plugin-BeforeOutput-0.03/blib/lib
    /usr/home/cpan/pit/rel/conf/perl-5.12.0/.cpanplus/5.12.0/build/Sledge-Plugin-BeforeOutput-0.03/blib/arch
    /usr/home/cpan/pit/rel/perl-5.12.0/lib/site_perl/5.12.0/i386-freebsd-thread-multi-64int
    /usr/home/cpan/pit/rel/perl-5.12.0/lib/site_perl/5.12.0
    /usr/home/cpan/pit/rel/perl-5.12.0/lib/5.12.0/i386-freebsd-thread-multi-64int
    /usr/home/cpan/pit/rel/perl-5.12.0/lib/5.12.0
    .