DBD-Redbase v0.22 Perl 5 v5.38.2 MSWin32-x86-multi-thread-64int

Status
Fail
From
gregor herrmann
Dist
DBD-Redbase v0.22
Platform
Perl 5 v5.38.2 MSWin32-x86-multi-thread-64int
Date
2024-02-02 14:47:11
ID
ab011850-7432-1014-86a3-bc3db27a4e8d
This distribution has been tested as part of the CPAN Testers
project, supporting the Perl programming language.  See
http://wiki.cpantesters.org/ for more information or email
questions to cpan-testers-discuss@perl.org


--
Dear Ilya Verlinsky,

This is a computer-generated report for DBD-Redbase-0.22
on perl 5.38.2, created by CPAN-Reporter-1.2019.

Thank you for uploading your work to CPAN.  However, there was a problem
testing your distribution.

If you think this report is invalid, please consult the CPAN Testers Wiki
for suggestions on how to avoid getting FAIL reports for missing library
or binary dependencies, unsupported operating systems, and so on:

http://wiki.cpantesters.org/wiki/CPANAuthorNotes

Sections of this report:

    * Tester comments
    * Program output
    * Prerequisites
    * Environment and other context

------------------------------
TESTER COMMENTS
------------------------------

Additional comments from tester:

this report is from an automated smoke testing program
and was not reviewed by a human for accuracy

------------------------------
PROGRAM OUTPUT
------------------------------

Output from 'C:\strawberry\c\bin\gmake.EXE test':

"C:\Strawberry\perl\bin\perl.exe" "-MExtUtils::Command::MM" "-MTest::Harness" "-e" "undef *Test::Harness::Switches; test_harness(0, 'blib\lib', 'blib\arch')" t/*.t
t/00base.t ......... ok
t/10dsnlist.t ...... 
Dubious, test returned 10 (wstat 2560, 0xa00)
Failed 3/3 subtests 
t/20createdrop.t ... 
Dubious, test returned 10 (wstat 2560, 0xa00)
Failed 5/5 subtests 
t/30insertfetch.t .. 
Dubious, test returned 10 (wstat 2560, 0xa00)
Failed 17/17 subtests 
t/40bindparam.t .... 
Dubious, test returned 10 (wstat 2560, 0xa00)
Failed 28/28 subtests 
t/40listfields.t ... 
Dubious, test returned 10 (wstat 2560, 0xa00)
Failed 13/13 subtests 
t/40nulls.t ........ 
Dubious, test returned 10 (wstat 2560, 0xa00)
Failed 11/11 subtests 
t/40numrows.t ...... 
Dubious, test returned 10 (wstat 2560, 0xa00)
Failed 25/25 subtests 
t/50chopblanks.t ... 
Dubious, test returned 10 (wstat 2560, 0xa00)
Failed 35/35 subtests 
t/50commit.t ....... 
Dubious, test returned 255 (wstat 65280, 0xff00)
Failed 30/30 subtests 

Test Summary Report
-------------------
t/10dsnlist.t    (Wstat: 2560 (exited 10) Tests: 1 Failed: 1)
  Failed test:  1
  Non-zero exit status: 10
  Parse errors: Bad plan.  You planned 3 tests but ran 1.
t/20createdrop.t (Wstat: 2560 (exited 10) Tests: 1 Failed: 1)
  Failed test:  1
  Non-zero exit status: 10
  Parse errors: Bad plan.  You planned 5 tests but ran 1.
t/30insertfetch.t (Wstat: 2560 (exited 10) Tests: 1 Failed: 1)
  Failed test:  1
  Non-zero exit status: 10
  Parse errors: Bad plan.  You planned 17 tests but ran 1.
t/40bindparam.t  (Wstat: 2560 (exited 10) Tests: 1 Failed: 1)
  Failed test:  1
  Non-zero exit status: 10
  Parse errors: Bad plan.  You planned 28 tests but ran 1.
t/40listfields.t (Wstat: 2560 (exited 10) Tests: 1 Failed: 1)
  Failed test:  1
  Non-zero exit status: 10
  Parse errors: Bad plan.  You planned 13 tests but ran 1.
t/40nulls.t      (Wstat: 2560 (exited 10) Tests: 1 Failed: 1)
  Failed test:  1
  Non-zero exit status: 10
  Parse errors: Bad plan.  You planned 11 tests but ran 1.
t/40numrows.t    (Wstat: 2560 (exited 10) Tests: 1 Failed: 1)
  Failed test:  1
  Non-zero exit status: 10
  Parse errors: Bad plan.  You planned 25 tests but ran 1.
t/50chopblanks.t (Wstat: 2560 (exited 10) Tests: 1 Failed: 1)
  Failed test:  1
  Non-zero exit status: 10
  Parse errors: Bad plan.  You planned 35 tests but ran 1.
t/50commit.t     (Wstat: 65280 (exited 255) Tests: 1 Failed: 1)
  Failed test:  1
  Non-zero exit status: 255
  Parse errors: Bad plan.  You planned 30 tests but ran 1.
Files=10, Tests=14, 26 wallclock secs ( 0.08 usr +  0.09 sys =  0.17 CPU)
Result: FAIL
Failed 9/10 test programs. 9/14 subtests failed.
gmake.EXE: *** [Makefile:850: test_dynamic] Error 255

------------------------------
PREREQUISITES
------------------------------

Prerequisite modules loaded:

requires:

    Module                Need Have
    --------------------- ---- ----
    Bit::Vector           6.1  7.4 
    Bit::Vector::Overload 6.1  7.4 
    Unicode::String       2.06 2.10

build_requires:

    Module                Need Have
    --------------------- ---- ----
    ExtUtils::MakeMaker   0    7.70


------------------------------
ENVIRONMENT AND OTHER CONTEXT
------------------------------

Environment variables:

    AUTOMATED_TESTING = 1
    COMSPEC = C:\WINDOWS\system32\cmd.exe
    NONINTERACTIVE_TESTING = 1
    NUMBER_OF_PROCESSORS = 2
    PATH = C:\WINDOWS\system32;C:\strawberry\c\bin;C:\strawberry\perl\site\bin;C:\strawberry\perl\bin
    PERL5LIB = 
    PERL5OPT = 
    PERL5_CPANPLUS_IS_RUNNING = 10660
    PERL5_CPAN_IS_RUNNING = 10660
    PERL5_CPAN_IS_RUNNING_IN_RECURSION = 112,10660
    PERL_CR_SMOKER_CURRENT = DBD-Redbase-0.22
    PERL_EXTUTILS_AUTOINSTALL = --defaultdeps
    PERL_MM_USE_DEFAULT = 1
    PERL_USE_UNSAFE_INC = 1
    PROCESSOR_IDENTIFIER = x86 Family 6 Model 15 Stepping 11, GenuineIntel
    TEMP = C:\Users\smoker\AppData\Local\Temp

Perl special variables (and OS-specific diagnostics, for MSWin32):

    $^X = C:\Strawberry\perl\bin\perl.exe
    $UID/$EUID = 0 / 0
    $GID = 0
    $EGID = 0
    Win32::GetOSName = Win10
    Win32::GetOSVersion = , 10, 0, 19045, 2, 0, 0, 256, 1
    Win32::FsType = NTFS
    Win32::IsAdminUser = 0

Perl module toolchain versions installed:

    Module              Have    
    ------------------- --------
    CPAN                2.36    
    CPAN::Meta          2.150010
    Cwd                 3.89    
    ExtUtils::CBuilder  0.280238
    ExtUtils::Command   7.70    
    ExtUtils::Install   2.22    
    ExtUtils::MakeMaker 7.70    
    ExtUtils::Manifest  1.75    
    ExtUtils::ParseXS   3.51    
    File::Spec          3.88    
    JSON                4.10    
    JSON::PP            4.16    
    Module::Build       0.4234  
    Module::Signature   n/a     
    Parse::CPAN::Meta   2.150010
    Test2               1.302198
    Test::Harness       3.48    
    Test::More          1.302198
    YAML                1.31    
    YAML::Syck          1.34    
    version             0.9930  


--

Summary of my perl5 (revision 5 version 38 subversion 2) configuration:
   
  Platform:
    osname=MSWin32
    osvers=10.0.19045.3693
    archname=MSWin32-x86-multi-thread-64int
    uname='Win32 strawberry-perl 5.38.2.1 # 01:08:54 Thu November 30 2023 x32'
    config_args='undef'
    hint=recommended
    useposix=true
    d_sigaction=undef
    useithreads=define
    usemultiplicity=define
    use64bitint=define
    use64bitall=undef
    uselongdouble=undef
    usemymalloc=n
    default_inc_excludes_dot=define
  Compiler:
    cc='gcc'
    ccflags =' -DWIN32  -DPERL_TEXTMODE_SCRIPTS -DMULTIPLICITY -DPERL_IMPLICIT_SYS -DUSE_PERLIO -D__USE_MINGW_ANSI_STDIO -fwrapv -fno-strict-aliasing -mms-bitfields'
    optimize='-Os'
    cppflags='-DWIN32'
    ccversion=''
    gccversion='8.3.0'
    gccosandvers=''
    intsize=4
    longsize=4
    ptrsize=4
    doublesize=8
    byteorder=12345678
    doublekind=3
    d_longlong=define
    longlongsize=8
    d_longdbl=define
    longdblsize=12
    longdblkind=3
    ivtype='long long'
    ivsize=8
    nvtype='double'
    nvsize=8
    Off_t='long long'
    lseeksize=8
    alignbytes=8
    prototype=define
  Linker and Libraries:
    ld='g++'
    ldflags ='-s -L"C:\STRAWB~1\perl\lib\CORE" -L"C:\STRAWB~1\c\lib" -L"C:\STRAWB~1\c\i686-w64-mingw32\lib" -L"C:\STRAWB~1\c\lib\gcc\i686-w64-mingw32\8.3.0"'
    libpth=C:\STRAWB~1\c\lib C:\STRAWB~1\c\i686-w64-mingw32\lib C:\STRAWB~1\c\lib\gcc\i686-w64-mingw32\8.3.0 C:\STRAWB~1\c\i686-w64-mingw32\lib C:\STRAWB~1\c\lib\gcc\i686-w64-mingw32\8.3.0
    libs= -lmoldname -lkernel32 -luser32 -lgdi32 -lwinspool -lcomdlg32 -ladvapi32 -lshell32 -lole32 -loleaut32 -lnetapi32 -luuid -lws2_32 -lmpr -lwinmm -lversion -lodbc32 -lodbccp32 -lcomctl32
    perllibs= -lmoldname -lkernel32 -luser32 -lgdi32 -lwinspool -lcomdlg32 -ladvapi32 -lshell32 -lole32 -loleaut32 -lnetapi32 -luuid -lws2_32 -lmpr -lwinmm -lversion -lodbc32 -lodbccp32 -lcomctl32
    libc=
    so=dll
    useshrplib=true
    libperl=libperl538.a
    gnulibc_version=''
  Dynamic Linking:
    dlsrc=dl_win32.xs
    dlext=xs.dll
    d_dlsymun=undef
    ccdlflags=' '
    cccdlflags=' '
    lddlflags='-shared -s -L"C:\STRAWB~1\perl\lib\CORE" -L"C:\STRAWB~1\c\lib" -L"C:\STRAWB~1\c\i686-w64-mingw32\lib" -L"C:\STRAWB~1\c\lib\gcc\i686-w64-mingw32\8.3.0"'


Characteristics of this binary (from libperl): 
  Compile-time options:
    HAS_LONG_DOUBLE
    HAS_TIMES
    HAVE_INTERP_INTERN
    MULTIPLICITY
    PERLIO_LAYERS
    PERL_COPY_ON_WRITE
    PERL_DONT_CREATE_GVSV
    PERL_HASH_FUNC_SIPHASH13
    PERL_HASH_USE_SBOX32
    PERL_IMPLICIT_SYS
    PERL_MALLOC_WRAP
    PERL_OP_PARENT
    PERL_PRESERVE_IVUV
    PERL_USE_SAFE_PUTENV
    USE_64_BIT_INT
    USE_ITHREADS
    USE_LARGE_FILES
    USE_LOCALE
    USE_LOCALE_COLLATE
    USE_LOCALE_CTYPE
    USE_LOCALE_NUMERIC
    USE_LOCALE_TIME
    USE_PERLIO
    USE_PERL_ATOF
  Built under MSWin32
  Compiled at Nov 30 2023 12:14:21
  %ENV:
    PERL5_CPANPLUS_IS_RUNNING="10660"
    PERL5_CPAN_IS_RUNNING="10660"
    PERL5_CPAN_IS_RUNNING_IN_RECURSION="112,10660"
    PERL_CR_SMOKER_CURRENT="DBD-Redbase-0.22"
    PERL_EXTUTILS_AUTOINSTALL="--defaultdeps"
    PERL_MM_USE_DEFAULT="1"
    PERL_USE_UNSAFE_INC="1"
  @INC:
    C:/Strawberry/perl/site/lib/MSWin32-x86-multi-thread-64int
    C:/Strawberry/perl/site/lib
    C:/Strawberry/perl/vendor/lib
    C:/Strawberry/perl/lib
    .