App-Git-Perl v0.1.12 Perl 5 v5.26.1 i686-linux-thread-multi-64int
- Status
- Fail
- From
- Chris Williams (BINGOS)
- Dist
-
App-Git-Perl v0.1.12
- Platform
- Perl 5 v5.26.1 i686-linux-thread-multi-64int
- Date
- 2022-07-09 15:13:20
- ID
- aaeb41e6-ff99-11ec-8f4e-c962458f5e5b
This distribution has been tested as part of the CPAN Testers
project, supporting the Perl programming language. See
http://wiki.cpantesters.org/ for more information or email
questions to cpan-testers-discuss@perl.org
--
Dear NHRNJICA,
This is a computer-generated error report created automatically by
CPANPLUS, version 0.9914. Testers personal comments may appear
at the end of this report.
Thank you for uploading your work to CPAN. However, it appears that
there were some problems testing your distribution.
TEST RESULTS:
Below is the error stack from stage 'make test':
PERL_DL_NONLAZY=1 "/home/cpan/pit/rel/perl-5.26.1/bin/perl" "-MExtUtils::Command::MM" "-MTest::Harness" "-e" "undef *Test::Harness::Switches; test_harness(0, 'blib/lib', 'blib/arch')" t/*.t
t/0-start.t .............. ok
t/1-external-programs.t .. ok
# Failed test 'Able to get data from remote site / git perl recent.'
# at t/2-script.t line 19.
# Failed test 'git log does not work. I cannot see changes from git log'
# at t/2-script.t line 35.
# Failed test 'Local repository created.'
# at t/2-script.t line 45.
# Failed test 'Able to remove local repository.'
# at t/2-script.t line 48.
# Failed test 'git log does not work. I cannot see changes from git log'
# at t/2-script.t line 61.
# Failed test 'Able to get remote repository.'
# at t/2-script.t line 68.
# Failed test 'Local repository created.'
# at t/2-script.t line 71.
# Failed test 'Able to remove local repository.'
# at t/2-script.t line 74.
# Failed test 'Local repository created.'
# at t/2-script.t line 90.
# Failed test 'Able to remove local repository.'
# at t/2-script.t line 93.
# Failed test 'Able to get remote repository.'
# at t/2-script.t line 106.
# Failed test 'Local repository created.'
# at t/2-script.t line 109.
# Failed test 'Able to remove local repository.'
# at t/2-script.t line 112.
# Failed test 'Able to get remote repository.'
# at t/2-script.t line 126.
# Failed test 'Local repository created.'
# at t/2-script.t line 129.
# Failed test 'Able to read list of local repositories.'
# at t/2-script.t line 134.
# Failed test 'Able to list repository.'
# at t/2-script.t line 140.
# Failed test 'git log does not work. I cannot see changes from git log'
# at t/2-script.t line 146.
# Failed test 'Able to remove local repository.'
# at t/2-script.t line 150.
# Failed test 'Able to get remote repository.'
# at t/2-script.t line 161.
# Failed test 'Local repository created.'
# at t/2-script.t line 164.
# Failed test 'Able to remove local repository.'
# at t/2-script.t line 167.
t/2-script.t .............
Dubious, test returned 22 (wstat 5632, 0x1600)
Failed 22/38 subtests
Test Summary Report
-------------------
t/2-script.t (Wstat: 5632 (exited 22) Tests: 38 Failed: 22)
Failed tests: 2, 4, 6-7, 9-12, 15-16, 18-20, 22-24, 26-28
30-32
Non-zero exit status: 22
Files=3, Tests=54, 1 wallclock secs ( 0.02 usr 0.01 sys + 1.11 cusr 0.11 csys = 1.25 CPU)
Result: FAIL
# Looks like you failed 22 tests of 38.
Failed 1/3 test programs. 22/54 subtests failed.
make: *** [Makefile:886: test_dynamic] Error 22
PREREQUISITES:
Here is a list of prerequisites you specified and versions we
managed to load:
Module Name Have Want
ExtUtils::MakeMaker 7.64 0
Perl module toolchain versions installed:
Module Name Have
CPANPLUS 0.9914
CPANPLUS::Dist::Build 0.90
Cwd 3.75
ExtUtils::CBuilder 0.280236
ExtUtils::Command 7.64
ExtUtils::Install 2.20
ExtUtils::MakeMaker 7.64
ExtUtils::Manifest 1.73
ExtUtils::ParseXS 3.44
File::Spec 3.75
Module::Build 0.4231
Pod::Parser 1.63
Pod::Simple 3.35
Test2 1.302190
Test::Harness 3.44
Test::More 1.302190
version 0.9929
******************************** NOTE ********************************
The comments above are created mechanically, possibly without manual
checking by the sender. As there are many people performing automatic
tests on each upload to CPAN, it is likely that you will receive
identical messages about the same problem.
If you believe that the message is mistaken, please reply to the first
one with correction and/or additional informations, and do not take
it personally. We appreciate your patience. :)
**********************************************************************
Additional comments:
This report was machine-generated by CPANPLUS::Dist::YACSmoke 1.08.
Powered by minismokebox version 0.68
CPANPLUS is prefering Build.PL
------------------------------
ENVIRONMENT AND OTHER CONTEXT
------------------------------
Environment variables:
AUTOMATED_TESTING = 1
LANG = en_GB.UTF-8
LANGUAGE = en_GB:en
NONINTERACTIVE_TESTING = 1
PATH = /home/cpan/pit/rel/conf/perl-5.26.1/.cpanplus/5.26.1/build/1NBAou10O0/App-Git-Perl-0.1.12/blib/script:/home/cpan/pit/jail/omjJ_t7LC_/bin:/usr/local/bin:/usr/bin:/bin:/usr/local/games:/usr/games
PERL5LIB = /home/cpan/pit/jail/omjJ_t7LC_/lib/perl5:/home/cpan/pit/rel/conf/perl-5.26.1/.cpanplus/5.26.1/build/1NBAou10O0/App-Git-Perl-0.1.12/blib/lib:/home/cpan/pit/rel/conf/perl-5.26.1/.cpanplus/5.26.1/build/1NBAou10O0/App-Git-Perl-0.1.12/blib/arch
PERL5_CPANPLUS_IS_RUNNING = 13218
PERL5_CPANPLUS_IS_VERSION = 0.9914
PERL5_MINISMOKEBOX = 0.68
PERL5_YACSMOKE_BASE = /home/cpan/pit/rel/conf/perl-5.26.1
PERL_EXTUTILS_AUTOINSTALL = --defaultdeps
PERL_LOCAL_LIB_ROOT = /home/cpan/pit/jail/omjJ_t7LC_
PERL_MB_OPT = --install_base "/home/cpan/pit/jail/omjJ_t7LC_"
PERL_MM_OPT = INSTALL_BASE=/home/cpan/pit/jail/omjJ_t7LC_
PERL_MM_USE_DEFAULT = 1
SHELL = /bin/bash
TERM = screen.xterm-256color
Perl special variables (and OS-specific diagnostics, for MSWin32):
Perl: $^X = /home/cpan/pit/rel/perl-5.26.1/bin/perl
UID: $< = 1001
EUID: $> = 1001
GID: $( = 1001 1001
EGID: $) = 1001 1001
-------------------------------
--
Summary of my perl5 (revision 5 version 26 subversion 1) configuration:
Platform:
osname=linux
osvers=5.10.0-12-686
archname=i686-linux-thread-multi-64int
uname='linux dagobah 5.10.0-12-686 #1 smp debian 5.10.103-1 (2022-03-07) i686 gnulinux '
config_args='-des -Dprefix=/home/cpan/pit/rel/perl-5.26.1 -Dusethreads -Duse64bitint'
hint=recommended
useposix=true
d_sigaction=define
useithreads=define
usemultiplicity=define
use64bitint=define
use64bitall=undef
uselongdouble=undef
usemymalloc=n
default_inc_excludes_dot=define
bincompat5005=undef
Compiler:
cc='cc'
ccflags ='-D_REENTRANT -D_GNU_SOURCE -fwrapv -fno-strict-aliasing -pipe -fstack-protector-strong -I/usr/local/include -D_LARGEFILE_SOURCE -D_FILE_OFFSET_BITS=64 -D_FORTIFY_SOURCE=2'
optimize='-O2'
cppflags='-D_REENTRANT -D_GNU_SOURCE -fwrapv -fno-strict-aliasing -pipe -fstack-protector-strong -I/usr/local/include'
ccversion=''
gccversion='10.2.1 20210110'
gccosandvers=''
intsize=4
longsize=4
ptrsize=4
doublesize=8
byteorder=12345678
doublekind=3
d_longlong=define
longlongsize=8
d_longdbl=define
longdblsize=12
longdblkind=3
ivtype='long long'
ivsize=8
nvtype='double'
nvsize=8
Off_t='off_t'
lseeksize=8
alignbytes=4
prototype=define
Linker and Libraries:
ld='cc'
ldflags =' -fstack-protector-strong -L/usr/local/lib'
libpth=/usr/local/lib /usr/include/i386-linux-gnu /usr/lib /lib/i386-linux-gnu /lib/../lib /usr/lib/i386-linux-gnu /usr/lib/../lib /lib /lib64 /usr/lib64
libs=-lpthread -lnsl -lgdbm -ldl -lm -lcrypt -lutil -lc
perllibs=-lpthread -lnsl -ldl -lm -lcrypt -lutil -lc
libc=libc-2.31.so
so=so
useshrplib=false
libperl=libperl.a
gnulibc_version='2.31'
Dynamic Linking:
dlsrc=dl_dlopen.xs
dlext=so
d_dlsymun=undef
ccdlflags='-Wl,-E'
cccdlflags='-fPIC'
lddlflags='-shared -O2 -L/usr/local/lib -fstack-protector-strong'
Characteristics of this binary (from libperl):
Compile-time options:
HAS_TIMES
MULTIPLICITY
PERLIO_LAYERS
PERL_COPY_ON_WRITE
PERL_DONT_CREATE_GVSV
PERL_IMPLICIT_CONTEXT
PERL_MALLOC_WRAP
PERL_OP_PARENT
PERL_PRESERVE_IVUV
USE_64_BIT_INT
USE_ITHREADS
USE_LARGE_FILES
USE_LOCALE
USE_LOCALE_COLLATE
USE_LOCALE_CTYPE
USE_LOCALE_NUMERIC
USE_LOCALE_TIME
USE_PERLIO
USE_PERL_ATOF
USE_REENTRANT_API
Locally applied patches:
Devel::PatchPerl 2.08
Built under linux
Compiled at Mar 18 2022 14:45:46
%ENV:
PERL5LIB="/home/cpan/pit/jail/omjJ_t7LC_/lib/perl5:/home/cpan/pit/rel/conf/perl-5.26.1/.cpanplus/5.26.1/build/1NBAou10O0/App-Git-Perl-0.1.12/blib/lib:/home/cpan/pit/rel/conf/perl-5.26.1/.cpanplus/5.26.1/build/1NBAou10O0/App-Git-Perl-0.1.12/blib/arch"
PERL5_CPANPLUS_IS_RUNNING="13218"
PERL5_CPANPLUS_IS_VERSION="0.9914"
PERL5_MINISMOKEBOX="0.68"
PERL5_YACSMOKE_BASE="/home/cpan/pit/rel/conf/perl-5.26.1"
PERL_EXTUTILS_AUTOINSTALL="--defaultdeps"
PERL_LOCAL_LIB_ROOT="/home/cpan/pit/jail/omjJ_t7LC_"
PERL_MB_OPT="--install_base "/home/cpan/pit/jail/omjJ_t7LC_""
PERL_MM_OPT="INSTALL_BASE=/home/cpan/pit/jail/omjJ_t7LC_"
PERL_MM_USE_DEFAULT="1"
@INC:
/home/cpan/pit/jail/omjJ_t7LC_/lib/perl5/5.26.1/i686-linux-thread-multi-64int
/home/cpan/pit/jail/omjJ_t7LC_/lib/perl5/5.26.1
/home/cpan/pit/jail/omjJ_t7LC_/lib/perl5/i686-linux-thread-multi-64int
/home/cpan/pit/jail/omjJ_t7LC_/lib/perl5
/home/cpan/pit/rel/conf/perl-5.26.1/.cpanplus/5.26.1/build/1NBAou10O0/App-Git-Perl-0.1.12/blib/lib
/home/cpan/pit/rel/conf/perl-5.26.1/.cpanplus/5.26.1/build/1NBAou10O0/App-Git-Perl-0.1.12/blib/arch
/home/cpan/pit/rel/perl-5.26.1/lib/site_perl/5.26.1/i686-linux-thread-multi-64int
/home/cpan/pit/rel/perl-5.26.1/lib/site_perl/5.26.1
/home/cpan/pit/rel/perl-5.26.1/lib/5.26.1/i686-linux-thread-multi-64int
/home/cpan/pit/rel/perl-5.26.1/lib/5.26.1