Report for Class-PObject-2.17

Back
From: metabase:user:30ae4450-2aae-11df-837a-5e0a49663a4f
Subject: FAIL Class-PObject-2.17 v5.24.0 
Date: 2017-02-05T10:55:19Z

This distribution has been tested as part of the CPAN Testers
project, supporting the Perl programming language.  See
http://wiki.cpantesters.org/ for more information or email
questions to cpan-testers-discuss@perl.org


--
Dear Sherzod Ruzmetov,

This is a computer-generated report for Class-PObject-2.17
on perl 5.24.0, created by CPAN-Reporter-1.2018.

Thank you for uploading your work to CPAN.  However, there was a problem
testing your distribution.

If you think this report is invalid, please consult the CPAN Testers Wiki
for suggestions on how to avoid getting FAIL reports for missing library
or binary dependencies, unsupported operating systems, and so on:

http://wiki.cpantesters.org/wiki/CPANAuthorNotes

Sections of this report:

    * Tester comments
    * Program output
    * Prerequisites
    * Environment and other context

------------------------------
TESTER COMMENTS
------------------------------

Additional comments from tester:

this report is from an automated smoke testing program
and was not reviewed by a human for accuracy

------------------------------
PROGRAM OUTPUT
------------------------------

Output from 'C:\STRAWB~1\c\bin\dmake.exe test':

"C:\Strawberry240\perl\bin\perl.exe" "-MExtUtils::Command::MM" "-MTest::Harness" "-e" "undef *Test::Harness::Switches; test_harness(0, 'blib\lib', 'blib\arch')" t/*.t
t/01basic_file.t ..... ok
DBD::CSV::db do failed: 
Execution ERROR: Cannot create table po_author: Already exists at C:/Strawberry240/perl/vendor/lib/DBI/DBD/SqlEngine.pm line 1624.
 called from C:\STRAWB~1\cpan\build\Class-PObject-2.17-0\blib\lib/Class/PObject/Driver/csv.pm at 124.

 at C:/Strawberry240/perl/vendor/lib/DBI/DBD/SqlEngine.pm line 1271.
 [for Statement "
CREATE TABLE po_author (
	id INTEGER PRIMARY KEY ,
	name VARCHAR(40) ,
	url VARCHAR(255) ,
	email VARCHAR(255) 
)"] at C:\STRAWB~1\cpan\build\Class-PObject-2.17-0\blib\lib/Class/PObject/Driver/csv.pm line 124.
DBD::CSV::db do failed: 
Execution ERROR: Cannot create table po_author: Already exists at C:/Strawberry240/perl/vendor/lib/DBI/DBD/SqlEngine.pm line 1624.
 called from C:\STRAWB~1\cpan\build\Class-PObject-2.17-0\blib\lib/Class/PObject/Driver/csv.pm at 124.

 at C:/Strawberry240/perl/vendor/lib/DBI/DBD/SqlEngine.pm line 1271.
 [for Statement "
CREATE TABLE po_author (
	id INTEGER PRIMARY KEY ,
	name VARCHAR(40) ,
	url VARCHAR(255) ,
	email VARCHAR(255) 
)"] at C:\STRAWB~1\cpan\build\Class-PObject-2.17-0\blib\lib/Class/PObject/Driver/csv.pm line 124.
# Looks like your test exited with 2 just after 43.
t/06basic_csv.t ...... 
Dubious, test returned 2 (wstat 512, 0x200)
Failed 161/204 subtests 
t/11basic_mysql.t .... skipped: Read INSTALL for details on running mysql-related tests
t/16basic_db_file.t .. ok

#   Failed test at C:\STRAWB~1\cpan\build\Class-PObject-2.17-0\blib\lib/Class/PObject/Test/Basic.pm line 195.

#   Failed test at C:\STRAWB~1\cpan\build\Class-PObject-2.17-0\blib\lib/Class/PObject/Test/Basic.pm line 198.

#   Failed test at C:\STRAWB~1\cpan\build\Class-PObject-2.17-0\blib\lib/Class/PObject/Test/Basic.pm line 231.
Can't call method "title" on an undefined value at C:\STRAWB~1\cpan\build\Class-PObject-2.17-0\blib\lib/Class/PObject/Test/Basic.pm line 233.
# Looks like your test exited with 255 just after 51.
t/21basic_sqlite.t ... 
Dubious, test returned 255 (wstat 65280, 0xff00)
Failed 156/204 subtests 
t/61types_file.t ..... ok
DBD::CSV::db do failed: 
Execution ERROR: Cannot create table user: Already exists at C:/Strawberry240/perl/vendor/lib/DBI/DBD/SqlEngine.pm line 1624.
 called from C:\STRAWB~1\cpan\build\Class-PObject-2.17-0\blib\lib/Class/PObject/Driver/csv.pm at 124.

 at C:/Strawberry240/perl/vendor/lib/DBI/DBD/SqlEngine.pm line 1271.
 [for Statement "
CREATE TABLE user (
	id INTEGER PRIMARY KEY ,
	name VARCHAR(40) ,
	login CHAR(18) ,
	psswd CHAR(18) ,
	activation_key CHAR(32) 
)"] at C:\STRAWB~1\cpan\build\Class-PObject-2.17-0\blib\lib/Class/PObject/Driver/csv.pm line 124.
DBD::CSV::db do failed: 
Execution ERROR: Cannot create table user: Already exists at C:/Strawberry240/perl/vendor/lib/DBI/DBD/SqlEngine.pm line 1624.
 called from C:\STRAWB~1\cpan\build\Class-PObject-2.17-0\blib\lib/Class/PObject/Driver/csv.pm at 124.

 at C:/Strawberry240/perl/vendor/lib/DBI/DBD/SqlEngine.pm line 1271.
 [for Statement "
CREATE TABLE user (
	id INTEGER PRIMARY KEY ,
	name VARCHAR(40) ,
	login CHAR(18) ,
	psswd CHAR(18) ,
	activation_key CHAR(32) 
)"] at C:\STRAWB~1\cpan\build\Class-PObject-2.17-0\blib\lib/Class/PObject/Driver/csv.pm line 124.
# Looks like your test exited with 2 just after 19.
t/62types_csv.t ...... 
Dubious, test returned 2 (wstat 512, 0x200)
Failed 27/46 subtests 
t/63types_db_file.t .. ok
t/64types_mysql.t .... skipped: Read INSTALL for details on running mysql-related tests

#   Failed test at C:\STRAWB~1\cpan\build\Class-PObject-2.17-0\blib\lib/Class/PObject/Test/Types.pm line 105.
Can't call method "name" on an undefined value at C:\STRAWB~1\cpan\build\Class-PObject-2.17-0\blib\lib/Class/PObject/Test/Types.pm line 113.
# Looks like your test exited with 2 just after 21.
t/65types_sqlite.t ... 
Dubious, test returned 2 (wstat 512, 0x200)
Failed 26/46 subtests 
t/70hasa_file.t ...... ok
DBD::CSV::db do failed: 
Execution ERROR: Cannot create table po_author: Already exists at C:/Strawberry240/perl/vendor/lib/DBI/DBD/SqlEngine.pm line 1624.
 called from C:\STRAWB~1\cpan\build\Class-PObject-2.17-0\blib\lib/Class/PObject/Driver/csv.pm at 124.

 at C:/Strawberry240/perl/vendor/lib/DBI/DBD/SqlEngine.pm line 1271.
 [for Statement "
CREATE TABLE po_author (
	id INTEGER PRIMARY KEY ,
	name VARCHAR(255) 
)"] at C:\STRAWB~1\cpan\build\Class-PObject-2.17-0\blib\lib/Class/PObject/Driver/csv.pm line 124.
DBD::CSV::db do failed: 
Execution ERROR: Cannot create table po_author: Already exists at C:/Strawberry240/perl/vendor/lib/DBI/DBD/SqlEngine.pm line 1624.
 called from C:\STRAWB~1\cpan\build\Class-PObject-2.17-0\blib\lib/Class/PObject/Driver/csv.pm at 124.

 at C:/Strawberry240/perl/vendor/lib/DBI/DBD/SqlEngine.pm line 1271.
 [for Statement "
CREATE TABLE po_author (
	id INTEGER PRIMARY KEY ,
	name VARCHAR(255) 
)"] at C:\STRAWB~1\cpan\build\Class-PObject-2.17-0\blib\lib/Class/PObject/Driver/csv.pm line 124.
# Looks like your test exited with 2 just after 7.
t/71hasa_csv.t ....... 
Dubious, test returned 2 (wstat 512, 0x200)
Failed 30/37 subtests 
t/72hasa_mysql.t ..... skipped: Read INSTALL for details on running mysql-related tests
t/73hasa_db_file.t ... ok

#   Failed test at C:\STRAWB~1\cpan\build\Class-PObject-2.17-0\blib\lib/Class/PObject/Test/HAS_A.pm line 99.

#   Failed test at C:\STRAWB~1\cpan\build\Class-PObject-2.17-0\blib\lib/Class/PObject/Test/HAS_A.pm line 108.
Can't call method "author" on an undefined value at C:\STRAWB~1\cpan\build\Class-PObject-2.17-0\blib\lib/Class/PObject/Test/HAS_A.pm line 112.
# Looks like your test exited with 2 just after 15.
t/74hasa_sqlite.t .... 
Dubious, test returned 2 (wstat 512, 0x200)
Failed 24/37 subtests 

Test Summary Report
-------------------
t/06basic_csv.t    (Wstat: 512 Tests: 43 Failed: 0)
  Non-zero exit status: 2
  Parse errors: Bad plan.  You planned 204 tests but ran 43.
t/21basic_sqlite.t (Wstat: 65280 Tests: 51 Failed: 3)
  Failed tests:  45-46, 51
  Non-zero exit status: 255
  Parse errors: Bad plan.  You planned 204 tests but ran 51.
t/62types_csv.t    (Wstat: 512 Tests: 19 Failed: 0)
  Non-zero exit status: 2
  Parse errors: Bad plan.  You planned 46 tests but ran 19.
t/65types_sqlite.t (Wstat: 512 Tests: 21 Failed: 1)
  Failed test:  21
  Non-zero exit status: 2
  Parse errors: Bad plan.  You planned 46 tests but ran 21.
t/71hasa_csv.t     (Wstat: 512 Tests: 7 Failed: 0)
  Non-zero exit status: 2
  Parse errors: Bad plan.  You planned 37 tests but ran 7.
t/74hasa_sqlite.t  (Wstat: 512 Tests: 15 Failed: 2)
  Failed tests:  12, 15
  Non-zero exit status: 2
  Parse errors: Bad plan.  You planned 37 tests but ran 15.
Files=15, Tests=730, 11 wallclock secs ( 0.04 usr +  0.25 sys =  0.29 CPU)
Result: FAIL
Failed 6/15 test programs. 6/730 subtests failed.
dmake.exe:  Error code 130, while making 'test_dynamic'

------------------------------
PREREQUISITES
------------------------------

Prerequisite modules loaded:

requires:

    Module              Need Have    
    ------------------- ---- --------
    File::Basename      0    2.85    
    File::Path          0    2.12_01 
    File::Spec          0    3.63    
    IO::Dir             0    1.10    
    Log::Agent          0    1.001   
    Storable            0    2.56    
    Test::More          0    1.302073

build_requires:

    Module              Need Have    
    ------------------- ---- --------
    ExtUtils::MakeMaker 0    7.24    


------------------------------
ENVIRONMENT AND OTHER CONTEXT
------------------------------

Environment variables:

    AUTOMATED_TESTING = 1
    COMSPEC = C:\WINDOWS\system32\cmd.exe
    NUMBER_OF_PROCESSORS = 1
    PATH = C:\WINDOWS\system32;C:\WINDOWS;C:\WINDOWS\System32\Wbem;C:\Git\cmd;C:\Strawberry240\c\bin;C:\Strawberry240\perl\site\bin;C:\Strawberry240\perl\bin
    PERL5LIB = C:\STRAWB~1\cpan\build\Log-Agent-1.001-0/blib/arch;C:\STRAWB~1\cpan\build\Log-Agent-1.001-0/blib/lib
    PERL5OPT = 
    PERL5_CPANPLUS_IS_RUNNING = 164
    PERL5_CPAN_IS_RUNNING = 164
    PERL5_CPAN_IS_RUNNING_IN_RECURSION = 1216,164
    PERL_CR_SMOKER_CURRENT = Class-PObject-2.17
    PERL_CR_SMOKER_RUNONCE = 1
    PERL_EXTUTILS_AUTOINSTALL = --defaultdeps
    PERL_HASH_SEED = 0x11111111
    PERL_MM_USE_DEFAULT = 1
    PROCESSOR_IDENTIFIER = x86 Family 16 Model 5 Stepping 3, AuthenticAMD
    TEMP = C:\DOCUME~1\a\LOCALS~1\Temp

Perl special variables (and OS-specific diagnostics, for MSWin32):

    $^X = C:\Strawberry240\perl\bin\perl.exe
    $UID/$EUID = 0 / 0
    $GID = 0
    $EGID = 0
    Win32::GetOSName = WinXP/.Net
    Win32::GetOSVersion = Service Pack 3, 5, 1, 2600, 2, 3, 0, 256, 1
    Win32::FsType = NTFS
    Win32::IsAdminUser = 1

Perl module toolchain versions installed:

    Module              Have    
    ------------------- --------
    CPAN                2.14    
    CPAN::Meta          2.150010
    Cwd                 3.63    
    ExtUtils::CBuilder  0.280225
    ExtUtils::Command   7.24    
    ExtUtils::Install   2.04    
    ExtUtils::MakeMaker 7.24    
    ExtUtils::Manifest  1.70    
    ExtUtils::ParseXS   3.31    
    File::Spec          3.63    
    JSON                2.90    
    JSON::PP            2.27400 
    Module::Build       0.4220  
    Module::Signature   0.81    
    Parse::CPAN::Meta   2.150010
    Test::Harness       3.36    
    Test::More          1.302073
    YAML                1.21    
    YAML::Syck          1.29    
    version             0.9917  


--

Summary of my perl5 (revision 5 version 24 subversion 0) configuration:
   
  Platform:
    osname=MSWin32, osvers=4.0, archname=MSWin32-x86-multi-thread
    uname='Win32 strawberry-perl 5.24.0.1-beta1 #1 Thu Dec 29 16:46:05 2016 i386'
    config_args='undef'
    hint=recommended, useposix=true, d_sigaction=undef
    useithreads=define, usemultiplicity=define
    use64bitint=undef, use64bitall=undef, uselongdouble=undef
    usemymalloc=n, bincompat5005=undef
  Compiler:
    cc='gcc', ccflags =' -s -O2 -DWIN32  -DPERL_TEXTMODE_SCRIPTS -DPERL_IMPLICIT_CONTEXT -DPERL_IMPLICIT_SYS -fwrapv -fno-strict-aliasing -mms-bitfields',
    optimize='-s -O2',
    cppflags='-DWIN32'
    ccversion='', gccversion='4.9.2', gccosandvers=''
    intsize=4, longsize=4, ptrsize=4, doublesize=8, byteorder=1234, doublekind=3
    d_longlong=define, longlongsize=8, d_longdbl=define, longdblsize=12, longdblkind=3
    ivtype='long', ivsize=4, nvtype='double', nvsize=8, Off_t='long long', lseeksize=8
    alignbytes=8, prototype=define
  Linker and Libraries:
    ld='g++', ldflags ='-s -L"C:\STRAWB~1\perl\lib\CORE" -L"C:\STRAWB~1\c\lib"'
    libpth=C:\STRAWB~1\c\lib C:\STRAWB~1\c\i686-w64-mingw32\lib C:\STRAWB~1\c\lib\gcc\i686-w64-mingw32\4.9.2
    libs=-lmoldname -lkernel32 -luser32 -lgdi32 -lwinspool -lcomdlg32 -ladvapi32 -lshell32 -lole32 -loleaut32 -lnetapi32 -luuid -lws2_32 -lmpr -lwinmm -lversion -lodbc32 -lodbccp32 -lcomctl32
    perllibs=-lmoldname -lkernel32 -luser32 -lgdi32 -lwinspool -lcomdlg32 -ladvapi32 -lshell32 -lole32 -loleaut32 -lnetapi32 -luuid -lws2_32 -lmpr -lwinmm -lversion -lodbc32 -lodbccp32 -lcomctl32
    libc=, so=dll, useshrplib=true, libperl=libperl524.a
    gnulibc_version=''
  Dynamic Linking:
    dlsrc=dl_win32.xs, dlext=xs.dll, d_dlsymun=undef, ccdlflags=' '
    cccdlflags=' ', lddlflags='-mdll -s -L"C:\STRAWB~1\perl\lib\CORE" -L"C:\STRAWB~1\c\lib"'


Characteristics of this binary (from libperl): 
  Compile-time options: HAS_TIMES HAVE_INTERP_INTERN MULTIPLICITY
                        PERLIO_LAYERS PERL_COPY_ON_WRITE
                        PERL_DONT_CREATE_GVSV
                        PERL_HASH_FUNC_ONE_AT_A_TIME_HARD
                        PERL_IMPLICIT_CONTEXT PERL_IMPLICIT_SYS
                        PERL_MALLOC_WRAP PERL_PRESERVE_IVUV USE_ITHREADS
                        USE_LARGE_FILES USE_LOCALE USE_LOCALE_COLLATE
                        USE_LOCALE_CTYPE USE_LOCALE_NUMERIC USE_LOCALE_TIME
                        USE_PERLIO USE_PERL_ATOF
  Built under MSWin32
  Compiled at Dec 29 2016 16:55:33
  %ENV:
    PERL5LIB="C:\STRAWB~1\cpan\build\Log-Agent-1.001-0/blib/arch;C:\STRAWB~1\cpan\build\Log-Agent-1.001-0/blib/lib"
    PERL5_CPANPLUS_IS_RUNNING="164"
    PERL5_CPAN_IS_RUNNING="164"
    PERL5_CPAN_IS_RUNNING_IN_RECURSION="1216,164"
    PERL_CR_SMOKER_CURRENT="Class-PObject-2.17"
    PERL_CR_SMOKER_RUNONCE="1"
    PERL_EXTUTILS_AUTOINSTALL="--defaultdeps"
    PERL_HASH_SEED="0x11111111"
    PERL_MM_USE_DEFAULT="1"
  @INC:
    C:\STRAWB~1\cpan\build\Log-Agent-1.001-0/blib/arch
    C:\STRAWB~1\cpan\build\Log-Agent-1.001-0/blib/lib
    C:/Strawberry240/perl/site/lib
    C:/Strawberry240/perl/vendor/lib
    C:/Strawberry240/perl/lib
    .