Back
From: metabase:user:320bfe00-2aae-11df-837a-5e0a49663a4f
Subject: FAIL SQL-SplitStatement-1.00020 v5.14.2 GNU/Linux
Date: 2016-02-25T09:03:41Z
This distribution has been tested as part of the CPAN Testers
project, supporting the Perl programming language. See
http://wiki.cpantesters.org/ for more information or email
questions to cpan-testers-discuss@perl.org
--
Dear Emanuele Zeppieri,
This is a computer-generated report for SQL-SplitStatement-1.00020
on perl 5.14.2, created by CPAN-Reporter-1.2015.
Thank you for uploading your work to CPAN. However, there was a problem
testing your distribution.
If you think this report is invalid, please consult the CPAN Testers Wiki
for suggestions on how to avoid getting FAIL reports for missing library
or binary dependencies, unsupported operating systems, and so on:
http://wiki.cpantesters.org/wiki/CPANAuthorNotes
Sections of this report:
* Tester comments
* Program output
* Prerequisites
* Environment and other context
------------------------------
TESTER COMMENTS
------------------------------
Additional comments from tester:
this report is from an automated smoke testing program
and was not reviewed by a human for accuracy
------------------------------
PROGRAM OUTPUT
------------------------------
Output from '/usr/bin/make test':
PERL_DL_NONLAZY=1 "/tmp/basesmoker-reloperl-6rCr/bin/perl" "-MExtUtils::Command::MM" "-MTest::Harness" "-e" "undef *Test::Harness::Switches; test_harness(0, 'blib/lib', 'blib/arch')" t/*.t
t/00-compile.t .................................... ok
# Testing SQL::SplitStatement 1.00020, Perl 5.014002, /tmp/basesmoker-reloperl-6rCr/bin/perl
t/00-load.t ....................................... ok
t/05-empty_statements.t ........................... ok
t/10-simple.t ..................................... ok
t/20-hard.t ....................................... ok
t/25-keywords_as_unquoted_identifiers.t ........... ok
t/30-nested_blocks.t .............................. ok
t/40-comments.t ................................... ok
t/42-slash_terminates.t ........................... ok
t/50-transactions.t ............................... ok
t/51-transactions_and_proc.t ...................... ok
t/60-placeholders.t ............................... ok
t/61-placeholders_empty.t ......................... ok
t/70-proc_plsql_mixed.t ........................... ok
t/70-proc_plsql_slash_endings.t ................... ok
t/71-proc_plsql_RTbug_57971.t ..................... ok
t/72-proc_plsql_alias.t ........................... ok
t/72-proc_plsql_function_inside_package.t ......... ok
t/72-proc_plsql_mixed_endings.t ................... ok
t/72-proc_plsql_nested_functions.t ................ ok
t/72-proc_plsql_package.t ......................... ok
t/74-proc_plpgsql_dollar_quoted.t ................. ok
t/74-proc_plpgsql_dollar_quoted_w_transactions.t .. ok
t/75-proc_grant.t ................................. ok
t/80-examples.t ................................... ok
t/81-examples_procedural.t ........................ ok
t/82-synopsis.t ................................... ok
t/90-mysql_delimiter.t ............................ ok
t/90-mysql_mixed.t ................................ ok
t/90-mysql_sakila.t ............................... ok
t/92-postgresql_pagila.t .......................... ok
t/94-exception.t .................................. ok
# Failed test 'number of files found in output - empty statements'
# at t/95-script.t line 92.
# got: 0
# expected: 2
Can't use an undefined value as an ARRAY reference at t/95-script.t line 98.
# Looks like you planned 18 tests but ran 9.
# Looks like you failed 1 test of 9 run.
# Looks like your test exited with 25 just after 9.
t/95-script.t .....................................
Dubious, test returned 25 (wstat 6400, 0x1900)
Failed 10/18 subtests
t/author-critic.t ................................. skipped: these tests are for testing by the author
t/release-distmeta.t .............................. skipped: these tests are for release candidate testing
t/release-kwalitee.t .............................. skipped: these tests are for release candidate testing
t/release-no-tabs.t ............................... skipped: these tests are for release candidate testing
t/release-pod-coverage.t .......................... skipped: these tests are for release candidate testing
t/release-pod-syntax.t ............................ skipped: these tests are for release candidate testing
t/release-synopsis.t .............................. skipped: these tests are for release candidate testing
t/release-unused-vars.t ........................... skipped: these tests are for release candidate testing
Test Summary Report
-------------------
t/95-script.t (Wstat: 6400 Tests: 9 Failed: 1)
Failed test: 9
Non-zero exit status: 25
Parse errors: Bad plan. You planned 18 tests but ran 9.
Files=41, Tests=294, 5 wallclock secs ( 0.14 usr 0.21 sys + 3.11 cusr 0.44 csys = 3.90 CPU)
Result: FAIL
Failed 1/41 test programs. 1/294 subtests failed.
Makefile:880: recipe for target 'test_dynamic' failed
make: *** [test_dynamic] Error 255
------------------------------
PREREQUISITES
------------------------------
Prerequisite modules loaded:
requires:
Module Need Have
--------------------- ---- ----------
Carp 0 1.38
Class::Accessor::Fast 0 0.34
constant 0 1.33
Getopt::Long 0 2.48
List::MoreUtils 0 0.413
Pod::Usage 0 1.68
Regexp::Common 0 2016020301
SQL::Tokenizer 0.22 0.24
build_requires:
Module Need Have
--------------------- ---- ----------
English 0 1.04
File::Find 0 1.19
File::Temp 0 0.2304
Test::Exception 0.27 0.43
Test::More 0.7 1.001014
configure_requires:
Module Need Have
--------------------- ---- ----------
ExtUtils::MakeMaker 6.31 7.10
------------------------------
ENVIRONMENT AND OTHER CONTEXT
------------------------------
Environment variables:
AUTOMATED_TESTING = 1
LANG = en_US.UTF-8
LANGUAGE = en_US:en
PATH = /usr/lib/ccache:/home/sand/bin:/usr/local/bin:/usr/bin:/bin:/usr/games:/usr/local/perl/bin:/usr/X11/bin:/sbin:/usr/sbin
PERL = /tmp/basesmoker-reloperl-6rCr/bin/perl
PERL5LIB =
PERL5OPT =
PERL5_CPANPLUS_IS_RUNNING = 14597
PERL5_CPAN_IS_RUNNING = 14597
PERL_MM_USE_DEFAULT = 1
SHELL = /usr/bin/zsh
TERM = screen
Perl special variables (and OS-specific diagnostics, for MSWin32):
$^X = /tmp/basesmoker-reloperl-6rCr/bin/perl
$UID/$EUID = 1005 / 1005
$GID = 1005 1005
$EGID = 1005 1005
Perl module toolchain versions installed:
Module Have
------------------- --------
CPAN 2.10
CPAN::Meta 2.150005
Cwd 3.62
ExtUtils::CBuilder 0.280224
ExtUtils::Command 7.10
ExtUtils::Install 1.56
ExtUtils::MakeMaker 7.10
ExtUtils::Manifest 1.70
ExtUtils::ParseXS 3.30
File::Spec 3.62
JSON 2.90
JSON::PP 2.27300
Module::Build 0.4216
Module::Signature 0.79
Parse::CPAN::Meta 1.4417
Test::Harness 3.36
Test::More 1.001014
YAML 1.15
YAML::Syck 1.29
version 0.9914
--
Summary of my perl5 (revision 5 version 14 subversion 2) configuration:
Derived from: dc281e6088d189558b79a5121119b7196c8b3db0
Platform:
osname=linux, osvers=4.3.0-1-amd64, archname=x86_64-linux-thread-multi-ld
uname='linux k83 4.3.0-1-amd64 #1 smp debian 4.3.3-7 (2016-01-19) x86_64 gnulinux '
config_args='-Dprefix=/home/sand/src/perl/repoperls/installed-perls/perl/v5.14.2/109d -Dmyhostname=k83 -Dinstallusrbinperl=n -Uversiononly -Dusedevel -des -Ui_db -Dlibswanted=cl pthread socket inet nsl gdbm dbm malloc dl ld sun m crypt sec util c cposix posix ucb BSD gdbm_compat -Duseithreads -Duselongdouble -DDEBUGGING=-g'
hint=recommended, useposix=true, d_sigaction=define
useithreads=define, usemultiplicity=define
useperlio=define, d_sfio=undef, uselargefiles=define, usesocks=undef
use64bitint=define, use64bitall=define, uselongdouble=define
usemymalloc=n, bincompat5005=undef
Compiler:
cc='cc', ccflags ='-D_REENTRANT -D_GNU_SOURCE -fno-strict-aliasing -pipe -fstack-protector -I/usr/local/include -D_LARGEFILE_SOURCE -D_FILE_OFFSET_BITS=64',
optimize='-O2 -g',
cppflags='-D_REENTRANT -D_GNU_SOURCE -fno-strict-aliasing -pipe -fstack-protector -I/usr/local/include'
ccversion='', gccversion='5.3.1 20160121', gccosandvers=''
intsize=4, longsize=8, ptrsize=8, doublesize=8, byteorder=12345678
d_longlong=define, longlongsize=8, d_longdbl=define, longdblsize=16
ivtype='long', ivsize=8, nvtype='long double', nvsize=16, Off_t='off_t', lseeksize=8
alignbytes=16, prototype=define
Linker and Libraries:
ld='cc', ldflags =' -fstack-protector -L/usr/local/lib'
libpth=/usr/local/lib /lib/x86_64-linux-gnu /lib/../lib /usr/lib/x86_64-linux-gnu /usr/lib/../lib /lib /usr/lib
libs=-lpthread -lnsl -lgdbm -ldl -lm -lcrypt -lutil -lc -lgdbm_compat
perllibs=-lpthread -lnsl -ldl -lm -lcrypt -lutil -lc
libc=libc-2.21.so, so=so, useshrplib=false, libperl=libperl.a
gnulibc_version='2.21'
Dynamic Linking:
dlsrc=dl_dlopen.xs, dlext=so, d_dlsymun=undef, ccdlflags='-Wl,-E'
cccdlflags='-fPIC', lddlflags='-shared -O2 -g -L/usr/local/lib -fstack-protector'
Characteristics of this binary (from libperl):
Compile-time options: MULTIPLICITY PERL_DONT_CREATE_GVSV
PERL_IMPLICIT_CONTEXT PERL_MALLOC_WRAP
PERL_PRESERVE_IVUV PERL_USE_DEVEL USE_64_BIT_ALL
USE_64_BIT_INT USE_ITHREADS USE_LARGE_FILES
USE_LONG_DOUBLE USE_PERLIO USE_PERL_ATOF
USE_REENTRANT_API
Locally applied patches:
uncommitted-changes
Devel::PatchPerl 1.40
Built under linux
Compiled at Feb 23 2016 13:41:17
%ENV:
PERL="/tmp/basesmoker-reloperl-6rCr/bin/perl"
PERL5LIB=""
PERL5OPT=""
PERL5_CPANPLUS_IS_RUNNING="14597"
PERL5_CPAN_IS_RUNNING="14597"
PERL_MM_USE_DEFAULT="1"
@INC:
/home/sand/src/perl/repoperls/installed-perls/perl/v5.14.2/109d/lib/site_perl/5.14.2/x86_64-linux-thread-multi-ld
/home/sand/src/perl/repoperls/installed-perls/perl/v5.14.2/109d/lib/site_perl/5.14.2
/home/sand/src/perl/repoperls/installed-perls/perl/v5.14.2/109d/lib/5.14.2/x86_64-linux-thread-multi-ld
/home/sand/src/perl/repoperls/installed-perls/perl/v5.14.2/109d/lib/5.14.2
.