Back
From: metabase:user:314402c4-2aae-11df-837a-5e0a49663a4f
Subject: FAIL App-GitHubWebhooks2Ikachan-0.10 v5.22.3 RC4 FreeBSD
Date: 2016-10-28T22:27:10Z
This distribution has been tested as part of the CPAN Testers
project, supporting the Perl programming language. See
http://wiki.cpantesters.org/ for more information or email
questions to cpan-testers-discuss@perl.org
--
Dear Taiki Kawakami,
This is a computer-generated report for App-GitHubWebhooks2Ikachan-0.10
on perl 5.22.3, created by CPAN-Reporter-1.2018.
Thank you for uploading your work to CPAN. However, there was a problem
testing your distribution.
If you think this report is invalid, please consult the CPAN Testers Wiki
for suggestions on how to avoid getting FAIL reports for missing library
or binary dependencies, unsupported operating systems, and so on:
http://wiki.cpantesters.org/wiki/CPANAuthorNotes
Sections of this report:
* Tester comments
* Program output
* Prerequisites
* Environment and other context
------------------------------
TESTER COMMENTS
------------------------------
Additional comments from tester:
none provided
------------------------------
PROGRAM OUTPUT
------------------------------
Output from './Build test':
t/00_compile.t ......... ok
# Failed test at t/01_issues.t line 36.
# ''
# doesn't match '(?^:\[INFO\] POST foo, \00303\[issue opened \(#13\)\] This is new issue \(\@moznion\)\17 https://github.com/moznion/sandbox/issues/13)'
# Looks like you failed 1 test of 1.
# Failed test 'issue opened'
# at t/01_issues.t line 37.
# Failed test at t/01_issues.t line 54.
# ''
# doesn't match '(?^:\[INFO\] POST foo, \00303\[issue closed \(#13\)\] This is new issue \(\@moznion\)\17 https://github.com/moznion/sandbox/issues/13)'
# Looks like you failed 1 test of 1.
# Failed test 'issue closed'
# at t/01_issues.t line 55.
# Failed test at t/01_issues.t line 72.
# ''
# doesn't match '(?^:\[INFO\] POST foo, \00303\[issue reopened \(#13\)\] This is new issue \(\@moznion\)\17 https://github.com/moznion/sandbox/issues/13)'
# Looks like you failed 1 test of 1.
# Failed test 'issue reopened'
# at t/01_issues.t line 73.
# Failed test at t/01_issues.t line 89.
# ''
# doesn't match '(?^:\[INFO\] POST foo, \00303\[issue opened \(#13\)\] This is new issue \(\@moznion\)\17 https://github.com/moznion/sandbox/issues/13)'
# Looks like you failed 1 test of 1.
# Failed test 'subscribe all actions'
# at t/01_issues.t line 90.
# Looks like you failed 4 tests of 5.
t/01_issues.t ..........
Dubious, test returned 4 (wstat 1024, 0x400)
Failed 4/5 subtests
# Failed test at t/02_issue_comment.t line 35.
# ''
# doesn't match '(?^:POST foo, \00303\[comment \(#13\)\] foobar \(\@moznion\)\17 https://github\.com/moznion/sandbox/issues/13#issuecomment-37093289)'
# Looks like you failed 1 test of 1.
# Failed test 'comment created'
# at t/02_issue_comment.t line 36.
# Looks like you failed 1 test of 1.
t/02_issue_comment.t ...
Dubious, test returned 1 (wstat 256, 0x100)
Failed 1/1 subtests
# Failed test at t/03_pull_request.t line 36.
# ''
# doesn't match '(?^:\[INFO\] POST foo, \00303\[pull request opened \(#15\)\] New Pull Request \(\@moznion\)\17 https://github.com/moznion/sandbox/pull/15)'
# Looks like you failed 1 test of 1.
# Failed test 'pull request opened'
# at t/03_pull_request.t line 37.
# Failed test at t/03_pull_request.t line 54.
# ''
# doesn't match '(?^:\[INFO\] POST foo, \00303\[pull request closed \(#15\)\] New Pull Request \(\@moznion\)\17 https://github.com/moznion/sandbox/pull/15)'
# Looks like you failed 1 test of 1.
# Failed test 'pull request closed'
# at t/03_pull_request.t line 55.
# Failed test at t/03_pull_request.t line 72.
# ''
# doesn't match '(?^:\[INFO\] POST foo, \00303\[pull request reopened \(#15\)\] New Pull Request \(\@moznion\)\17 https://github.com/moznion/sandbox/pull/15)'
# Looks like you failed 1 test of 1.
# Failed test 'issue reopened'
# at t/03_pull_request.t line 73.
# Failed test at t/03_pull_request.t line 90.
# ''
# doesn't match '(?^:\[INFO\] POST foo, \00303\[pull request synchronize \(#15\)\] New Pull Request \(\@moznion\)\17 https://github.com/moznion/sandbox/pull/15)'
# Looks like you failed 1 test of 1.
# Failed test 'issue synchronize'
# at t/03_pull_request.t line 91.
# Failed test at t/03_pull_request.t line 106.
# ''
# doesn't match '(?^:\[INFO\] POST foo, \00303\[pull request opened \(#15\)\] New Pull Request \(\@moznion\)\17 https://github.com/moznion/sandbox/pull/15)'
# Looks like you failed 1 test of 1.
# Failed test 'subscribe all actions'
# at t/03_pull_request.t line 107.
# Looks like you failed 5 tests of 6.
t/03_pull_request.t ....
Dubious, test returned 5 (wstat 1280, 0x500)
Failed 5/6 subtests
# Failed test at t/04_push.t line 37.
# undef
# doesn't match '(?^:POST foo, \00303\[push to master\] Commit1 \(\@moznion\)\17 https://github\.com/moznion/sandbox/commit/b4da12df1bc19d2b20d7ab8a11fe9a4413ddf509)'
# Failed test at t/04_push.t line 38.
# undef
# doesn't match '(?^:POST foo, \00303\[push to master\] Commit2 \(\@moznion\)\17 https://github\.com/moznion/sandbox/commit/e2e64cea713dbfb574f1ace80a4be6c55f98433d)'
# Looks like you failed 2 tests of 2.
# Failed test 'commits'
# at t/04_push.t line 39.
# Failed test at t/04_push.t line 55.
# ''
# doesn't match '(?^:POST foo, \00303\[push to master\] Merge pull request #15 from moznion/new_pull_request \(\@moznion\)\17 https://github\.com/moznion/sandbox/commit/d2427a9b4ffbf5277cfe4229f22b0337146b77d3)'
# Looks like you failed 1 test of 1.
# Failed test 'merge commit'
# at t/04_push.t line 56.
# Looks like you failed 2 tests of 2.
t/04_push.t ............
Dubious, test returned 2 (wstat 512, 0x200)
Failed 2/2 subtests
# Failed test at t/05_commit_comment.t line 37.
# undef
# doesn't match '(?^:POST foo, \00303\[comment \(adfb4f5\)\] Hello! \(\@moznion\)\17 https://github\.com/moznion/sandbox/commit/adfb4f5fa983e4fc5d5559d6b653284ca03f296d#commitcomment-5920929)'
# Looks like you failed 1 test of 1.
# Failed test 'commit comment'
# at t/05_commit_comment.t line 38.
# Looks like you failed 1 test of 1.
t/05_commit_comment.t ..
Dubious, test returned 1 (wstat 256, 0x100)
Failed 1/1 subtests
# Failed test at t/06_review_comment.t line 37.
# undef
# doesn't match '(?^:POST foo, \00303\[review comment \(#18\)\] Hello \(\@moznion\)\17 https://github\.com/moznion/sandbox/pull/18#discussion_r11326210)'
# Looks like you failed 1 test of 1.
# Failed test 'commit comment'
# at t/06_review_comment.t line 38.
# Looks like you failed 1 test of 1.
t/06_review_comment.t ..
Dubious, test returned 1 (wstat 256, 0x100)
Failed 1/1 subtests
# Failed test at t/10_subscribe.t line 34.
# ''
# doesn't match '(?^:\[INFO\] POST foo, \00303\[issue opened \(#13\)\] This is new issue \(\@moznion\)\17 https://github\.com/moznion/sandbox/issues/13)'
# Looks like you failed 1 test of 1.
# Failed test 'subscribe all events'
# at t/10_subscribe.t line 35.
# Looks like you failed 1 test of 2.
t/10_subscribe.t .......
Dubious, test returned 1 (wstat 256, 0x100)
Failed 1/2 subtests
t/20_error_handling.t .. ok
Test Summary Report
-------------------
t/01_issues.t (Wstat: 1024 Tests: 5 Failed: 4)
Failed tests: 1-4
Non-zero exit status: 4
t/02_issue_comment.t (Wstat: 256 Tests: 1 Failed: 1)
Failed test: 1
Non-zero exit status: 1
t/03_pull_request.t (Wstat: 1280 Tests: 6 Failed: 5)
Failed tests: 1-5
Non-zero exit status: 5
t/04_push.t (Wstat: 512 Tests: 2 Failed: 2)
Failed tests: 1-2
Non-zero exit status: 2
t/05_commit_comment.t (Wstat: 256 Tests: 1 Failed: 1)
Failed test: 1
Non-zero exit status: 1
t/06_review_comment.t (Wstat: 256 Tests: 1 Failed: 1)
Failed test: 1
Non-zero exit status: 1
t/10_subscribe.t (Wstat: 256 Tests: 2 Failed: 1)
Failed test: 1
Non-zero exit status: 1
Files=9, Tests=26, 2 wallclock secs ( 0.02 usr 0.05 sys + 0.93 cusr 0.27 csys = 1.27 CPU)
Result: FAIL
Failed 7/9 test programs. 15/26 subtests failed.
------------------------------
PREREQUISITES
------------------------------
Prerequisite modules loaded:
requires:
Module Need Have
--------------------- -------- --------
Class::Accessor::Lite 0 0.08
Encode 0 2.72_01
Getopt::Long 2.42 2.45
JSON 0 2.90
Log::Minimal 0 0.19
LWP::UserAgent 0 6.15
perl 5.008005 5.022003
Plack 0 1.0042
Pod::Usage 0 1.69
String::IRC 0 0.04
build_requires:
Module Need Have
--------------------- -------- --------
Capture::Tiny 0 0.44
ExtUtils::CBuilder 0 0.280221
Hash::MultiValue 0 0.16
Test::More 0.98 1.302059
configure_requires:
Module Need Have
--------------------- -------- --------
CPAN::Meta 0 2.150001
CPAN::Meta::Prereqs 0 2.150001
Module::Build 0.38 0.4220
------------------------------
ENVIRONMENT AND OTHER CONTEXT
------------------------------
Environment variables:
LC_ALL = de_DE.ISO8859-1
PATH = /usr/local/bin:/usr/bin:/bin:/usr/local/sbin:/usr/sbin:/sbin:/home/cpansand/bin/freebsd10.1:/home/cpansand/bin/sh:/home/cpansand/bin:/usr/games:/home/cpansand/devel:/home/eserte/src/srezic-misc/scripts
PERL5LIB = /home/cpansand/.cpan/build/2016102900/Log-Minimal-0.19-Htp98w/blib/arch:/home/cpansand/.cpan/build/2016102900/Log-Minimal-0.19-Htp98w/blib/lib:/home/cpansand/.cpan/build/2016102900/String-IRC-0.04-qvfs9P/blib/arch:/home/cpansand/.cpan/build/2016102900/String-IRC-0.04-qvfs9P/blib/lib:/home/cpansand/.cpan/build/2016102900/Class-Accessor-Lite-0.08-VUMw6g/blib/arch:/home/cpansand/.cpan/build/2016102900/Class-Accessor-Lite-0.08-VUMw6g/blib/lib
PERL5OPT =
PERL5_CPANPLUS_IS_RUNNING = 55789
PERL5_CPAN_IS_RUNNING = 55789
PERL5_CPAN_IS_RUNNING_IN_RECURSION = 54214,55789
PERLDOC = -MPod::Perldoc::ToTextOverstrike
PERL_BATCH = yes
PERL_CANARY_STABILITY_NOPROMPT = 1
PERL_CPAN_REPORTER_CONFIG = /var/tmp/cpansmoker-1023/2016102900/cpanreporter_000_config.ini
PERL_EXTUTILS_AUTOINSTALL = --defaultdeps
SHELL = /usr/local/bin/zsh
TERM = screen
TMPDIR = /var/tmp/cpansmoker-1023/2016102900
Perl special variables (and OS-specific diagnostics, for MSWin32):
$^X = /usr/perl5.22.3-RC4p/bin/perl
$UID/$EUID = 1023 / 1023
$GID = 1023 1023
$EGID = 1023 1023
Perl module toolchain versions installed:
Module Have
------------------- ----------
CPAN 2.11_01
CPAN::Meta 2.150001
Cwd 3.56_02
ExtUtils::CBuilder 0.280221
ExtUtils::Command 1.20_01
ExtUtils::Install 2.04
ExtUtils::MakeMaker 7.04_02
ExtUtils::Manifest 1.70
ExtUtils::ParseXS 3.28
File::Spec 3.56_02
JSON 2.90
JSON::PP 2.27300_01
Module::Build 0.4220
Module::Signature n/a
Parse::CPAN::Meta 1.4414_001
Test::Harness 3.35_01
Test::More 1.302059
YAML 1.18
YAML::Syck 1.29
version 0.9909
--
Summary of my perl5 (revision 5 version 22 subversion 3) configuration:
Platform:
osname=freebsd, osvers=10.1-release, archname=amd64-freebsd
uname='freebsd cvrsnica-freebsd-101.herceg.de 10.1-release freebsd 10.1-release #0 r274401: tue nov 11 21:02:49 utc 2014 root@releng1.nyi.freebsd.org:usrobjusrsrcsysgeneric amd64 '
config_args='-ds -e -Dprefix=/usr/perl5.22.3-RC4p -Dcf_email=srezic@cpan.org -Doptimize=-O2 -pipe'
hint=recommended, useposix=true, d_sigaction=define
useithreads=undef, usemultiplicity=undef
use64bitint=define, use64bitall=define, uselongdouble=undef
usemymalloc=n, bincompat5005=undef
Compiler:
cc='cc', ccflags ='-DHAS_FPSETMASK -DHAS_FLOATINGPOINT_H -fno-strict-aliasing -pipe -fstack-protector -I/usr/local/include -D_FORTIFY_SOURCE=2',
optimize='-O2 -pipe',
cppflags='-DHAS_FPSETMASK -DHAS_FLOATINGPOINT_H -fno-strict-aliasing -pipe -fstack-protector -I/usr/local/include'
ccversion='', gccversion='4.2.1 Compatible FreeBSD Clang 3.4.1 (tags/RELEASE_34/dot1-final 208032)', gccosandvers=''
intsize=4, longsize=8, ptrsize=8, doublesize=8, byteorder=12345678, doublekind=3
d_longlong=define, longlongsize=8, d_longdbl=define, longdblsize=16, longdblkind=3
ivtype='long', ivsize=8, nvtype='double', nvsize=8, Off_t='off_t', lseeksize=8
alignbytes=8, prototype=define
Linker and Libraries:
ld='cc', ldflags ='-pthread -Wl,-E -fstack-protector -L/usr/local/lib'
libpth=/usr/lib /usr/local/lib /usr/include/clang/3.4.1 /usr/lib
libs=-lpthread -lgdbm -lm -lcrypt -lutil -lc
perllibs=-lpthread -lm -lcrypt -lutil -lc
libc=, so=so, useshrplib=false, libperl=libperl.a
gnulibc_version=''
Dynamic Linking:
dlsrc=dl_dlopen.xs, dlext=so, d_dlsymun=undef, ccdlflags=' '
cccdlflags='-DPIC -fPIC', lddlflags='-shared -L/usr/local/lib -fstack-protector'
Characteristics of this binary (from libperl):
Compile-time options: HAS_TIMES PERLIO_LAYERS PERL_DONT_CREATE_GVSV
PERL_HASH_FUNC_ONE_AT_A_TIME_HARD PERL_MALLOC_WRAP
PERL_NEW_COPY_ON_WRITE PERL_PRESERVE_IVUV
USE_64_BIT_ALL USE_64_BIT_INT USE_LARGE_FILES
USE_LOCALE USE_LOCALE_COLLATE USE_LOCALE_CTYPE
USE_LOCALE_NUMERIC USE_LOCALE_TIME USE_PERLIO
USE_PERL_ATOF
Locally applied patches:
RC4
Built under freebsd
Compiled at Oct 13 2016 19:50:47
%ENV:
PERL5LIB="/home/cpansand/.cpan/build/2016102900/Log-Minimal-0.19-Htp98w/blib/arch:/home/cpansand/.cpan/build/2016102900/Log-Minimal-0.19-Htp98w/blib/lib:/home/cpansand/.cpan/build/2016102900/String-IRC-0.04-qvfs9P/blib/arch:/home/cpansand/.cpan/build/2016102900/String-IRC-0.04-qvfs9P/blib/lib:/home/cpansand/.cpan/build/2016102900/Class-Accessor-Lite-0.08-VUMw6g/blib/arch:/home/cpansand/.cpan/build/2016102900/Class-Accessor-Lite-0.08-VUMw6g/blib/lib"
PERL5OPT=""
PERL5_CPANPLUS_IS_RUNNING="55789"
PERL5_CPAN_IS_RUNNING="55789"
PERL5_CPAN_IS_RUNNING_IN_RECURSION="54214,55789"
PERLDOC="-MPod::Perldoc::ToTextOverstrike"
PERL_BATCH="yes"
PERL_CANARY_STABILITY_NOPROMPT="1"
PERL_CPAN_REPORTER_CONFIG="/var/tmp/cpansmoker-1023/2016102900/cpanreporter_000_config.ini"
PERL_EXTUTILS_AUTOINSTALL="--defaultdeps"
@INC:
/home/cpansand/.cpan/build/2016102900/Log-Minimal-0.19-Htp98w/blib/arch
/home/cpansand/.cpan/build/2016102900/Log-Minimal-0.19-Htp98w/blib/lib
/home/cpansand/.cpan/build/2016102900/String-IRC-0.04-qvfs9P/blib/arch
/home/cpansand/.cpan/build/2016102900/String-IRC-0.04-qvfs9P/blib/lib
/home/cpansand/.cpan/build/2016102900/Class-Accessor-Lite-0.08-VUMw6g/blib/arch
/home/cpansand/.cpan/build/2016102900/Class-Accessor-Lite-0.08-VUMw6g/blib/lib
/usr/perl5.22.3-RC4p/lib/site_perl/5.22.3/amd64-freebsd
/usr/perl5.22.3-RC4p/lib/site_perl/5.22.3
/usr/perl5.22.3-RC4p/lib/5.22.3/amd64-freebsd
/usr/perl5.22.3-RC4p/lib/5.22.3
.