Sque v0.010 Perl 5 v5.27.9 x86_64-linux
- Status
- Fail
- From
- Slaven Rezić (SREZIC)
- Dist
-
Sque v0.010
- Platform
- Perl 5 v5.27.9 x86_64-linux
- Date
- 2018-02-26 00:33:29
- ID
- aa9e8082-1a8c-11e8-b485-d8b104f47514
This distribution has been tested as part of the CPAN Testers
project, supporting the Perl programming language. See
http://wiki.cpantesters.org/ for more information or email
questions to cpan-testers-discuss@perl.org
--
Dear William Wolf,
This is a computer-generated report for Sque-0.010
on perl 5.27.9, created by CPAN-Reporter-1.2018.
Thank you for uploading your work to CPAN. However, there was a problem
testing your distribution.
If you think this report is invalid, please consult the CPAN Testers Wiki
for suggestions on how to avoid getting FAIL reports for missing library
or binary dependencies, unsupported operating systems, and so on:
http://wiki.cpantesters.org/wiki/CPANAuthorNotes
Sections of this report:
* Tester comments
* Program output
* Prerequisites
* Environment and other context
------------------------------
TESTER COMMENTS
------------------------------
Additional comments from tester:
none provided
------------------------------
PROGRAM OUTPUT
------------------------------
Output from '/usr/bin/make test':
PERL_DL_NONLAZY=1 "/opt/perl-5.27.9/bin/perl5.27.9" "-MExtUtils::Command::MM" "-MTest::Harness" "-e" "undef *Test::Harness::Switches; test_harness(0, 'blib/lib', 'blib/arch')" t/*.t
Any::Moose is deprecated. Please use Moo instead at /home/cpansand/.cpan/build/2018022600/Sque-0.010-0/blib/lib/Sque.pm line 5.
# Testing Resque 0.010, Perl 5.027009, /opt/perl-5.27.9/bin/perl5.27.9
t/00-load.t ......... ok
Any::Moose is deprecated. Please use Moo instead at /home/cpansand/.cpan/build/2018022600/Sque-0.010-0/blib/lib/Sque.pm line 5.
t/01-namespace.t .... ok
Any::Moose is deprecated. Please use Moo instead at /home/cpansand/.cpan/build/2018022600/Sque-0.010-0/blib/lib/Sque.pm line 5.
Could not fork(): Illegal seek at t/lib/Test/SpawnMq.pm line 41.
Error connecting to 127.0.0.1:11079: Connection refused at /opt/perl-5.27.9/lib/site_perl/5.27.9/Net/Stomp.pm line 26.
Failed to connect: Error connecting to 127.0.0.1:11079: Connection refused at /opt/perl-5.27.9/lib/site_perl/5.27.9/Net/Stomp.pm line 27.; giving up at /opt/perl-5.27.9/lib/site_perl/5.27.9/Net/Stomp.pm line 26.
# Failed test 'Sque->new() died'
# at t/02-worker.t line 10.
# Error was: Failed to connect: Error connecting to 127.0.0.1:11079: Connection refused at /opt/perl-5.27.9/lib/site_perl/5.27.9/Net/Stomp.pm line 27.; giving up at /opt/perl-5.27.9/lib/site_perl/5.27.9/Net/Stomp.pm line 27.
Can't call method "worker" on an undefined value at t/02-worker.t line 13.
# Tests were run but no plan was declared and done_testing() was not seen.
t/02-worker.t .......
Dubious, test returned 1 (wstat 256, 0x100)
Failed 1/1 subtests
Any::Moose is deprecated. Please use Moo instead at /home/cpansand/.cpan/build/2018022600/Sque-0.010-0/blib/lib/Sque.pm line 5.
Could not fork(): Illegal seek at t/lib/Test/SpawnMq.pm line 41.
Error connecting to 127.0.0.1:11083: Connection refused at /opt/perl-5.27.9/lib/site_perl/5.27.9/Net/Stomp.pm line 26.
Failed to connect: Error connecting to 127.0.0.1:11083: Connection refused at /opt/perl-5.27.9/lib/site_perl/5.27.9/Net/Stomp.pm line 27.; retrying at /opt/perl-5.27.9/lib/site_perl/5.27.9/Net/Stomp.pm line 90.
Error connecting to 127.0.0.1:11083: Connection refused at /opt/perl-5.27.9/lib/site_perl/5.27.9/Net/Stomp.pm line 26.
Failed to connect: Error connecting to 127.0.0.1:11083: Connection refused at /opt/perl-5.27.9/lib/site_perl/5.27.9/Net/Stomp.pm line 27.; giving up at /opt/perl-5.27.9/lib/site_perl/5.27.9/Net/Stomp.pm line 26.
# Failed test 'Sque->new() died'
# at t/03-failover.t line 13.
# Error was: Failed to connect: Error connecting to 127.0.0.1:11083: Connection refused at /opt/perl-5.27.9/lib/site_perl/5.27.9/Net/Stomp.pm line 27.; giving up at /opt/perl-5.27.9/lib/site_perl/5.27.9/Net/Stomp.pm line 27.
Can't call method "worker" on an undefined value at t/03-failover.t line 16.
# Tests were run but no plan was declared and done_testing() was not seen.
t/03-failover.t .....
Dubious, test returned 1 (wstat 256, 0x100)
Failed 1/1 subtests
Any::Moose is deprecated. Please use Moo instead at /home/cpansand/.cpan/build/2018022600/Sque-0.010-0/blib/lib/Sque.pm line 5.
t/04-sighandling.t .. ok
Test Summary Report
-------------------
t/02-worker.t (Wstat: 256 Tests: 1 Failed: 1)
Failed test: 1
Non-zero exit status: 1
Parse errors: No plan found in TAP output
t/03-failover.t (Wstat: 256 Tests: 1 Failed: 1)
Failed test: 1
Non-zero exit status: 1
Parse errors: No plan found in TAP output
Files=5, Tests=11, 14 wallclock secs ( 0.01 usr 0.02 sys + 0.82 cusr 0.23 csys = 1.08 CPU)
Result: FAIL
Failed 2/5 test programs. 2/11 subtests failed.
Makefile:922: die Regel für Ziel âÂÂtest_dynamicâ scheiterte
make: *** [test_dynamic] Fehler 255
------------------------------
PREREQUISITES
------------------------------
Prerequisite modules loaded:
requires:
Module Need Have
---------------------------- ---- --------
Any::Moose 0 0.27
App::Cmd::Setup 0 0.331
JSON 0 2.97001
Net::Stomp 0 0.57
Parallel::ForkManager 0 1.19
strict 0 1.11
Try::Tiny 0 0.30
UNIVERSAL::require 0 0.18
warnings 0 1.41
build_requires:
Module Need Have
---------------------------- ---- --------
base 0 2.27
Capture::Tiny 0 0.46
Exporter 0 5.72
File::Temp 0 0.2304
lib 0 0.64
Moose 0 2.2010
POE::Component::MessageQueue 0 0.3004
POSIX 0 1.82
Test::More 0 1.302125
configure_requires:
Module Need Have
---------------------------- ---- --------
ExtUtils::MakeMaker 6.30 7.32
------------------------------
ENVIRONMENT AND OTHER CONTEXT
------------------------------
Environment variables:
LANG = C
LC_ALL = de_DE.UTF-8
PATH = /usr/local/bin:/usr/bin:/bin:/usr/local/sbin:/usr/sbin:/sbin:/home/cpansand/bin/linux-gnu:/home/cpansand/bin/sh:/home/cpansand/bin:/usr/games:/home/cpansand/devel:/home/eserte/src/srezic-misc/scripts
PERL5LIB =
PERL5OPT =
PERL5_CPANPLUS_IS_RUNNING = 13686
PERL5_CPAN_IS_RUNNING = 13686
PERL5_CPAN_IS_RUNNING_IN_RECURSION = 17452,13686
PERLDOC = -MPod::Perldoc::ToTextOverstrike
PERL_BATCH = yes
PERL_CANARY_STABILITY_NOPROMPT = 1
PERL_CPAN_REPORTER_CONFIG = /var/tmp/cpansmoker-1023/2018022418/cpanreporter_000_config.ini
PERL_EXTUTILS_AUTOINSTALL = --defaultdeps
PERL_PARALLEL_SMOKER = yes
PERL_USE_UNSAFE_INC = 1
SHELL = /usr/bin/zsh
TERM = screen
TMPDIR = /var/tmp/cpansmoker-1023/2018022418
Perl special variables (and OS-specific diagnostics, for MSWin32):
$^X = /opt/perl-5.27.9/bin/perl5.27.9
$UID/$EUID = 1023 / 1023
$GID = 1023 1023
$EGID = 1023 1023
Perl module toolchain versions installed:
Module Have
------------------- --------
CPAN 2.16
CPAN::Meta 2.150010
Cwd 3.74
ExtUtils::CBuilder 0.280230
ExtUtils::Command 7.32
ExtUtils::Install 2.14
ExtUtils::MakeMaker 7.32
ExtUtils::Manifest 1.70
ExtUtils::ParseXS 3.35
File::Spec 3.74
JSON 2.97001
JSON::PP 2.97001
Module::Build 0.4224
Module::Signature 0.81
Parse::CPAN::Meta 2.150010
Test::Harness 3.39
Test::More 1.302125
YAML 1.24
YAML::Syck 1.30
version 0.9918
--
Summary of my perl5 (revision 5 version 27 subversion 9) configuration:
Platform:
osname=linux
osvers=4.9.0-3-amd64
archname=x86_64-linux
uname='linux debian9 4.9.0-3-amd64 #1 smp debian 4.9.30-2+deb9u5 (2017-09-19) x86_64 gnulinux '
config_args='-ds -e -Dprefix=/opt/perl-5.27.9 -Dusedevel -Dusemallocwrap=no -Dcf_email=srezic@cpan.org'
hint=recommended
useposix=true
d_sigaction=define
useithreads=undef
usemultiplicity=undef
use64bitint=define
use64bitall=define
uselongdouble=undef
usemymalloc=n
default_inc_excludes_dot=define
bincompat5005=undef
Compiler:
cc='cc'
ccflags ='-fwrapv -fno-strict-aliasing -pipe -fstack-protector-strong -I/usr/local/include -D_LARGEFILE_SOURCE -D_FILE_OFFSET_BITS=64 -D_FORTIFY_SOURCE=2'
optimize='-O2'
cppflags='-fwrapv -fno-strict-aliasing -pipe -fstack-protector-strong -I/usr/local/include'
ccversion=''
gccversion='6.3.0 20170516'
gccosandvers=''
intsize=4
longsize=8
ptrsize=8
doublesize=8
byteorder=12345678
doublekind=3
d_longlong=define
longlongsize=8
d_longdbl=define
longdblsize=16
longdblkind=3
ivtype='long'
ivsize=8
nvtype='double'
nvsize=8
Off_t='off_t'
lseeksize=8
alignbytes=8
prototype=define
Linker and Libraries:
ld='cc'
ldflags =' -fstack-protector-strong -L/usr/local/lib'
libpth=/usr/local/lib /usr/lib/gcc/x86_64-linux-gnu/6/include-fixed /usr/include/x86_64-linux-gnu /usr/lib /lib/x86_64-linux-gnu /lib/../lib /usr/lib/x86_64-linux-gnu /usr/lib/../lib /lib
libs=-lpthread -lnsl -lgdbm -ldb -ldl -lm -lcrypt -lutil -lc -lgdbm_compat
perllibs=-lpthread -lnsl -ldl -lm -lcrypt -lutil -lc
libc=libc-2.24.so
so=so
useshrplib=false
libperl=libperl.a
gnulibc_version='2.24'
Dynamic Linking:
dlsrc=dl_dlopen.xs
dlext=so
d_dlsymun=undef
ccdlflags='-Wl,-E'
cccdlflags='-fPIC'
lddlflags='-shared -O2 -L/usr/local/lib -fstack-protector-strong'
Characteristics of this binary (from libperl):
Compile-time options:
HAS_TIMES
PERLIO_LAYERS
PERL_COPY_ON_WRITE
PERL_DONT_CREATE_GVSV
PERL_OP_PARENT
PERL_PRESERVE_IVUV
PERL_USE_DEVEL
USE_64_BIT_ALL
USE_64_BIT_INT
USE_LARGE_FILES
USE_LOCALE
USE_LOCALE_COLLATE
USE_LOCALE_CTYPE
USE_LOCALE_NUMERIC
USE_LOCALE_TIME
USE_PERLIO
USE_PERL_ATOF
Built under linux
Compiled at Feb 20 2018 21:05:34
%ENV:
PERL5LIB=""
PERL5OPT=""
PERL5_CPANPLUS_IS_RUNNING="13686"
PERL5_CPAN_IS_RUNNING="13686"
PERL5_CPAN_IS_RUNNING_IN_RECURSION="17452,13686"
PERLDOC="-MPod::Perldoc::ToTextOverstrike"
PERL_BATCH="yes"
PERL_CANARY_STABILITY_NOPROMPT="1"
PERL_CPAN_REPORTER_CONFIG="/var/tmp/cpansmoker-1023/2018022418/cpanreporter_000_config.ini"
PERL_EXTUTILS_AUTOINSTALL="--defaultdeps"
PERL_PARALLEL_SMOKER="yes"
PERL_USE_UNSAFE_INC="1"
@INC:
/opt/perl-5.27.9/lib/site_perl/5.27.9/x86_64-linux
/opt/perl-5.27.9/lib/site_perl/5.27.9
/opt/perl-5.27.9/lib/5.27.9/x86_64-linux
/opt/perl-5.27.9/lib/5.27.9
.