XML-Compile-SOAP-Daemon-Dancer2 v0.07 Perl 5 v5.18.2 amd64-freebsd
- Status
- Fail
- From
- Slaven Rezić
- Dist
-
XML-Compile-SOAP-Daemon-Dancer2 v0.07
- Platform
- Perl 5 v5.18.2 amd64-freebsd
- Date
- 2023-12-26 18:29:12
- ID
- aa705b56-a41c-11ee-9daa-f01d6e8775ea
This distribution has been tested as part of the CPAN Testers
project, supporting the Perl programming language. See
http://wiki.cpantesters.org/ for more information or email
questions to cpan-testers-discuss@perl.org
--
Dear Pierre VIGIER,
This is a computer-generated report for XML-Compile-SOAP-Daemon-Dancer2-0.07
on perl 5.18.2, created by CPAN-Reporter-1.2019.
Thank you for uploading your work to CPAN. However, there was a problem
testing your distribution.
If you think this report is invalid, please consult the CPAN Testers Wiki
for suggestions on how to avoid getting FAIL reports for missing library
or binary dependencies, unsupported operating systems, and so on:
http://wiki.cpantesters.org/wiki/CPANAuthorNotes
Sections of this report:
* Tester comments
* Program output
* Prerequisites
* Environment and other context
------------------------------
TESTER COMMENTS
------------------------------
Additional comments from tester:
none provided
------------------------------
PROGRAM OUTPUT
------------------------------
Output from './Build test':
t/010-basic.t .................... ok
Use of uninitialized value $args{"style"} in string eq at /usr/perl5.18.2/lib/site_perl/5.18.2/XML/Compile/SOAP/Server.pm line 107.
[Custom1:15818] error @2023-12-26 11:14:31> Route exception: DEPRECATED: header keyword. Please use the 'response_header' keyword instead of 'header' at /home/cpansand/.cpan/build/2023122611/Dancer2-1.1.0-3/blib/lib/Dancer2/Core/Role/DSL.pm line 76.
in /home/cpansand/.cpan/build/2023122611/Dancer2-1.1.0-3/blib/lib/Dancer2/Core/App.pm l. 1529
# Failed test 'Response is correct SOAP1.1'
# at t/020-embedded-implementation.t line 75.
#
# got: '<!DOCTYPE html>
# <html lang="en">
# <head>
# <meta charset="UTF-8">
# <meta name="viewport" content="width=device-width, initial-scale=1.0, user-scalable=yes">
# <title>Error 500 - Internal Server Error</title>
# <link rel="stylesheet" href="http://localhost/css/error.css">
# </head>
# <body>
# <h1>Error 500 - Internal Server Error</h1>
# <div id="content">
# Wooops, something went wrong
# </div>
# <div id="footer">
# Powered by <a href="http://perldancer.org/">Dancer2</a> 1.1.0
# </div>
# </body>
# </html>
# '
# expected: '<?xml version="1.0" encoding="UTF-8"?>
# <SOAP-ENV:Envelope xmlns:SOAP-ENV="http://schemas.xmlsoap.org/soap/envelope/"><SOAP-ENV:Body><tns:addResponse xmlns:tns="http://www.parasoft.com/wsdl/calculator/"><tns:Result>9</tns:Result></tns:addResponse></SOAP-ENV:Body></SOAP-ENV:Envelope>
# '
#
# Failed test at t/020-embedded-implementation.t line 80.
#
# got: 'text/html'
# expected: 'text/xml'
#
# Failed test at t/020-embedded-implementation.t line 81.
#
# got: 'text/html; charset=UTF-8'
# expected: 'text/xml; charset="utf-8"'
#
# Looks like you failed 3 tests of 4.
#
# Failed test 'SOAP 1.1 Test'
# at t/020-embedded-implementation.t line 83.
#
[Custom2:15818] error @2023-12-26 11:14:31> Route exception: DEPRECATED: header keyword. Please use the 'response_header' keyword instead of 'header' at /home/cpansand/.cpan/build/2023122611/Dancer2-1.1.0-3/blib/lib/Dancer2/Core/Role/DSL.pm line 76.
in /home/cpansand/.cpan/build/2023122611/Dancer2-1.1.0-3/blib/lib/Dancer2/Core/App.pm l. 1529
# Failed test 'Response is correct SOAP1.2'
# at t/020-embedded-implementation.t line 114.
#
# got: '<!DOCTYPE html>
# <html lang="en">
# <head>
# <meta charset="UTF-8">
# <meta name="viewport" content="width=device-width, initial-scale=1.0, user-scalable=yes">
# <title>Error 500 - Internal Server Error</title>
# <link rel="stylesheet" href="http://localhost/css/error.css">
# </head>
# <body>
# <h1>Error 500 - Internal Server Error</h1>
# <div id="content">
# Wooops, something went wrong
# </div>
# <div id="footer">
# Powered by <a href="http://perldancer.org/">Dancer2</a> 1.1.0
# </div>
# </body>
# </html>
# '
# expected: '<?xml version="1.0" encoding="UTF-8"?>
# <env12:Envelope xmlns:env12="http://www.w3.org/2003/05/soap-envelope"><env12:Body><tns:addResponse xmlns:tns="http://www.parasoft.com/wsdl/calculator/"><tns:Result>9</tns:Result></tns:addResponse></env12:Body></env12:Envelope>
# '
#
# Failed test at t/020-embedded-implementation.t line 118.
#
# got: 'text/html'
# expected: 'application/soap+xml'
#
# Failed test at t/020-embedded-implementation.t line 119.
#
# got: 'text/html; charset=UTF-8'
# expected: 'application/soap+xml; charset=utf-8'
#
# Looks like you failed 3 tests of 4.
#
# Failed test 'SOAP1.2 test'
# at t/020-embedded-implementation.t line 120.
#
# Looks like you failed 2 tests of 2.
#
t/020-embedded-implementation.t ..
Dubious, test returned 2 (wstat 512, 0x200)
Failed 2/2 subtests
Use of uninitialized value $args{"style"} in string eq at /usr/perl5.18.2/lib/site_perl/5.18.2/XML/Compile/SOAP/Server.pm line 107.
[Custom1:15830] error @2023-12-26 11:14:32> Route exception: DEPRECATED: header keyword. Please use the 'response_header' keyword instead of 'header' at /home/cpansand/.cpan/build/2023122611/Dancer2-1.1.0-3/blib/lib/Dancer2/Core/Role/DSL.pm line 76.
in /home/cpansand/.cpan/build/2023122611/Dancer2-1.1.0-3/blib/lib/Dancer2/Core/App.pm l. 1529
# Failed test 'Response is correct SOAP1.1'
# at t/030-class-implementation.t line 76.
#
# got: '<!DOCTYPE html>
# <html lang="en">
# <head>
# <meta charset="UTF-8">
# <meta name="viewport" content="width=device-width, initial-scale=1.0, user-scalable=yes">
# <title>Error 500 - Internal Server Error</title>
# <link rel="stylesheet" href="http://localhost/css/error.css">
# </head>
# <body>
# <h1>Error 500 - Internal Server Error</h1>
# <div id="content">
# Wooops, something went wrong
# </div>
# <div id="footer">
# Powered by <a href="http://perldancer.org/">Dancer2</a> 1.1.0
# </div>
# </body>
# </html>
# '
# expected: '<?xml version="1.0" encoding="UTF-8"?>
# <SOAP-ENV:Envelope xmlns:SOAP-ENV="http://schemas.xmlsoap.org/soap/envelope/"><SOAP-ENV:Body><tns:addResponse xmlns:tns="http://www.parasoft.com/wsdl/calculator/"><tns:Result>9</tns:Result></tns:addResponse></SOAP-ENV:Body></SOAP-ENV:Envelope>
# '
#
# Failed test at t/030-class-implementation.t line 81.
#
# got: 'text/html'
# expected: 'text/xml'
#
# Failed test at t/030-class-implementation.t line 82.
#
# got: 'text/html; charset=UTF-8'
# expected: 'text/xml; charset="utf-8"'
#
# Looks like you failed 3 tests of 4.
#
# Failed test 'SOAP 1.1 Test'
# at t/030-class-implementation.t line 84.
#
[Custom2:15830] error @2023-12-26 11:14:32> Route exception: DEPRECATED: header keyword. Please use the 'response_header' keyword instead of 'header' at /home/cpansand/.cpan/build/2023122611/Dancer2-1.1.0-3/blib/lib/Dancer2/Core/Role/DSL.pm line 76.
in /home/cpansand/.cpan/build/2023122611/Dancer2-1.1.0-3/blib/lib/Dancer2/Core/App.pm l. 1529
# Failed test 'Response is correct SOAP1.2'
# at t/030-class-implementation.t line 115.
#
# got: '<!DOCTYPE html>
# <html lang="en">
# <head>
# <meta charset="UTF-8">
# <meta name="viewport" content="width=device-width, initial-scale=1.0, user-scalable=yes">
# <title>Error 500 - Internal Server Error</title>
# <link rel="stylesheet" href="http://localhost/css/error.css">
# </head>
# <body>
# <h1>Error 500 - Internal Server Error</h1>
# <div id="content">
# Wooops, something went wrong
# </div>
# <div id="footer">
# Powered by <a href="http://perldancer.org/">Dancer2</a> 1.1.0
# </div>
# </body>
# </html>
# '
# expected: '<?xml version="1.0" encoding="UTF-8"?>
# <env12:Envelope xmlns:env12="http://www.w3.org/2003/05/soap-envelope"><env12:Body><tns:addResponse xmlns:tns="http://www.parasoft.com/wsdl/calculator/"><tns:Result>9</tns:Result></tns:addResponse></env12:Body></env12:Envelope>
# '
#
# Failed test at t/030-class-implementation.t line 119.
#
# got: 'text/html'
# expected: 'application/soap+xml'
#
# Failed test at t/030-class-implementation.t line 120.
#
# got: 'text/html; charset=UTF-8'
# expected: 'application/soap+xml; charset=utf-8'
#
# Looks like you failed 3 tests of 4.
#
# Failed test 'SOAP1.2 test'
# at t/030-class-implementation.t line 121.
#
# Looks like you failed 2 tests of 2.
#
t/030-class-implementation.t .....
Dubious, test returned 2 (wstat 512, 0x200)
Failed 2/2 subtests
t/author-pod-syntax.t ............ skipped: these tests are for testing by the author
Test Summary Report
-------------------
t/020-embedded-implementation.t (Wstat: 512 (exited 2) Tests: 2 Failed: 2)
Failed tests: 1-2
Non-zero exit status: 2
t/030-class-implementation.t (Wstat: 512 (exited 2) Tests: 2 Failed: 2)
Failed tests: 1-2
Non-zero exit status: 2
Files=4, Tests=5, 4 wallclock secs ( 0.02 usr 0.01 sys + 1.49 cusr 0.15 csys = 1.67 CPU)
Result: FAIL
------------------------------
PREREQUISITES
------------------------------
Prerequisite modules loaded:
requires:
Module Need Have
-------------------------- -------- --------
Dancer2 0 1.1.0
perl 5.008005 5.018002
XML::Compile::SOAP 0 3.24
XML::Compile::SOAP12 0 3.05
XML::Compile::SOAP::Daemon 0 3.12
XML::Compile::WSDL11 0 3.08
build_requires:
Module Need Have
-------------------------- -------- --------
HTTP::Request 0 6.45
Plack::Test 0 0
Test::More 0.96 1.302198
configure_requires:
Module Need Have
-------------------------- -------- --------
Module::Build::Tiny 0.034 0.046
------------------------------
ENVIRONMENT AND OTHER CONTEXT
------------------------------
Environment variables:
LC_ALL = de_DE.ISO8859-1
PATH = /usr/local/bin:/usr/bin:/bin:/usr/local/sbin:/usr/sbin:/sbin:/home/cpansand/bin/freebsd9.3:/home/cpansand/bin/sh:/home/cpansand/bin:/usr/games:/home/cpansand/devel:/usr/home/eserte/src/srezic-misc/scripts
PERL5LIB = /home/cpansand/.cpan/build/2023122611/Dancer2-1.1.0-3/blib/arch:/home/cpansand/.cpan/build/2023122611/Dancer2-1.1.0-3/blib/lib
PERL5OPT =
PERL5_CPANPLUS_IS_RUNNING = 14363
PERL5_CPAN_IS_RUNNING = 14363
PERL5_CPAN_IS_RUNNING_IN_RECURSION = 9171,14363
PERLDOC = -MPod::Perldoc::ToTextOverstrike
PERL_BATCH = yes
PERL_CANARY_STABILITY_NOPROMPT = 1
PERL_CPAN_REPORTER_CONFIG = /var/tmp/cpansmoker-1023/2023122610/cpanreporter_001_config.ini
PERL_EXTUTILS_AUTOINSTALL = --defaultdeps
PERL_USE_UNSAFE_INC = 1
SHELL = /usr/local/bin/zsh
TERM = screen
TMPDIR = /var/tmp/cpansmoker-1023/2023122610
Perl special variables (and OS-specific diagnostics, for MSWin32):
$^X = /usr/perl5.18.2/bin/perl
$UID/$EUID = 1023 / 1023
$GID = 1023 1023
$EGID = 1023 1023
Perl module toolchain versions installed:
Module Have
------------------- --------
CPAN 2.36
CPAN::Meta 2.150010
Cwd 3.75
ExtUtils::CBuilder 0.280236
ExtUtils::Command 7.70
ExtUtils::Install 2.22
ExtUtils::MakeMaker 7.70
ExtUtils::Manifest 1.75
ExtUtils::ParseXS 3.51
File::Spec 3.75
JSON 4.10
JSON::PP 4.16
Module::Build 0.4234
Module::Signature 0.88
Parse::CPAN::Meta 2.150010
Test2 1.302198
Test::Harness 3.47
Test::More 1.302198
YAML 1.30
YAML::Syck 1.34
version 0.9929
--
Summary of my perl5 (revision 5 version 18 subversion 2) configuration:
Platform:
osname=freebsd, osvers=9.2-release-p4, archname=amd64-freebsd
uname='freebsd cvrsnica-freebsd-92 9.2-release-p4 freebsd 9.2-release-p4 #0: tue apr 8 18:08:22 utc 2014 root@amd64-builder.daemonology.net:usrobjusrsrcsysgeneric amd64 '
config_args='-ds -e -Dprefix=/usr/perl5.18.2'
hint=recommended, useposix=true, d_sigaction=define
useithreads=undef, usemultiplicity=undef
useperlio=define, d_sfio=undef, uselargefiles=define, usesocks=undef
use64bitint=define, use64bitall=define, uselongdouble=undef
usemymalloc=n, bincompat5005=undef
Compiler:
cc='cc', ccflags ='-DHAS_FPSETMASK -DHAS_FLOATINGPOINT_H -fno-strict-aliasing -pipe -fstack-protector -I/usr/local/include',
optimize='-O',
cppflags='-DHAS_FPSETMASK -DHAS_FLOATINGPOINT_H -fno-strict-aliasing -pipe -fstack-protector -I/usr/local/include'
ccversion='', gccversion='4.2.1 20070831 patched [FreeBSD]', gccosandvers=''
intsize=4, longsize=8, ptrsize=8, doublesize=8, byteorder=12345678
d_longlong=define, longlongsize=8, d_longdbl=define, longdblsize=16
ivtype='long', ivsize=8, nvtype='double', nvsize=8, Off_t='off_t', lseeksize=8
alignbytes=8, prototype=define
Linker and Libraries:
ld='cc', ldflags ='-Wl,-E -fstack-protector -L/usr/local/lib'
libpth=/usr/lib /usr/local/lib
libs=-lgdbm -lm -lcrypt -lutil -lc
perllibs=-lm -lcrypt -lutil -lc
libc=, so=so, useshrplib=false, libperl=libperl.a
gnulibc_version=''
Dynamic Linking:
dlsrc=dl_dlopen.xs, dlext=so, d_dlsymun=undef, ccdlflags=' '
cccdlflags='-DPIC -fPIC', lddlflags='-shared -L/usr/local/lib -fstack-protector'
Characteristics of this binary (from libperl):
Compile-time options: HAS_TIMES PERLIO_LAYERS PERL_DONT_CREATE_GVSV
PERL_HASH_FUNC_ONE_AT_A_TIME_HARD PERL_MALLOC_WRAP
PERL_PRESERVE_IVUV PERL_SAWAMPERSAND USE_64_BIT_ALL
USE_64_BIT_INT USE_LARGE_FILES USE_LOCALE
USE_LOCALE_COLLATE USE_LOCALE_CTYPE
USE_LOCALE_NUMERIC USE_PERLIO USE_PERL_ATOF
Built under freebsd
Compiled at May 16 2014 01:27:28
%ENV:
PERL5LIB="/home/cpansand/.cpan/build/2023122611/Dancer2-1.1.0-3/blib/arch:/home/cpansand/.cpan/build/2023122611/Dancer2-1.1.0-3/blib/lib"
PERL5OPT=""
PERL5_CPANPLUS_IS_RUNNING="14363"
PERL5_CPAN_IS_RUNNING="14363"
PERL5_CPAN_IS_RUNNING_IN_RECURSION="9171,14363"
PERLDOC="-MPod::Perldoc::ToTextOverstrike"
PERL_BATCH="yes"
PERL_CANARY_STABILITY_NOPROMPT="1"
PERL_CPAN_REPORTER_CONFIG="/var/tmp/cpansmoker-1023/2023122610/cpanreporter_001_config.ini"
PERL_EXTUTILS_AUTOINSTALL="--defaultdeps"
PERL_USE_UNSAFE_INC="1"
@INC:
/home/cpansand/.cpan/build/2023122611/Dancer2-1.1.0-3/blib/arch
/home/cpansand/.cpan/build/2023122611/Dancer2-1.1.0-3/blib/lib
/usr/perl5.18.2/lib/site_perl/5.18.2/amd64-freebsd
/usr/perl5.18.2/lib/site_perl/5.18.2
/usr/perl5.18.2/lib/5.18.2/amd64-freebsd
/usr/perl5.18.2/lib/5.18.2
.