Back
From: metabase:user:322078bc-2aae-11df-837a-5e0a49663a4f
Subject: FAIL Regexp-CharClasses-Helper-0.004 v5.14.4 Debian GNU/kFreeBSD
Date: 2016-10-08T19:01:49Z
This distribution has been tested as part of the CPAN Testers
project, supporting the Perl programming language. See
http://wiki.cpantesters.org/ for more information or email
questions to cpan-testers-discuss@perl.org
--
Dear Ahmad Fatoum,
This is a computer-generated error report created automatically by
CPANPLUS, version 0.9156. Testers personal comments may appear
at the end of this report.
Thank you for uploading your work to CPAN. However, it appears that
there were some problems testing your distribution.
TEST RESULTS:
Below is the error stack from stage 'make test':
PERL_DL_NONLAZY=1 "/home/cpan/pit/rel/perl-5.14.4/bin/perl" "-MExtUtils::Command::MM" "-MTest::Harness" "-e" "undef *Test::Harness::Switches; test_harness(0, 'blib/lib', 'blib/arch')" t/*.t
#
# Versions for all modules listed in MYMETA.json (including optional ones):
#
# === Configure Requires ===
#
# Module Want Have
# ------------------- ---- ----
# ExtUtils::MakeMaker any 7.14
#
# === Build Requires ===
#
# Module Want Have
# ------------------- ---- ----
# ExtUtils::MakeMaker any 7.14
#
# === Test Requires ===
#
# Module Want Have
# ------------------- ---- --------
# ExtUtils::MakeMaker any 7.14
# File::Spec any 3.62
# Test::Exception any 0.43
# Test::FailWarnings any 0.008
# Test::More 0.88 1.001014
#
# === Test Recommends ===
#
# Module Want Have
# ---------- -------- --------
# CPAN::Meta 2.120900 2.150005
#
# === Runtime Requires ===
#
# Module Want Have
# --------- ---- ----
# Carp any 1.20
# charnames any 1.18
# strict any 1.04
# utf8 any 1.09
# warnings any 1.12
#
t/00-report-prereqs.t .. ok
t/fmt.t ................ ok
t/malformed.t .......... ok
# Failed test at t/usage.t line 34.
# 'aA+'
# doesn't match '(?^u:^\p{IsA}+$)'
# Failed test at t/usage.t line 36.
# 'BCD'
# doesn't match '(?^u:^\p{InBD}+$)'
# Failed test at t/usage.t line 37.
# 'BCD'
# doesn't match '(?^u:^\p{InBD}+$)'
# Failed test at t/usage.t line 38.
# 'BD'
# doesn't match '(?^u:^\p{InBDnoC}+$)'
# Failed test at t/usage.t line 40.
# 'ACD'
# doesn't match '(?^u:^\p{InCapitalsButNot42}+$)'
# Looks like you failed 5 tests of 8.
t/usage.t ..............
Dubious, test returned 5 (wstat 1280, 0x500)
Failed 5/8 subtests
Test Summary Report
-------------------
t/usage.t (Wstat: 1280 Tests: 8 Failed: 5)
Failed tests: 1, 3-5, 7
Non-zero exit status: 5
Files=4, Tests=587, 0 wallclock secs ( 0.08 usr 0.02 sys + 0.42 cusr 0.10 csys = 0.62 CPU)
Result: FAIL
Failed 1/4 test programs. 5/587 subtests failed.
make: *** [test_dynamic] Error 5
PREREQUISITES:
Here is a list of prerequisites you specified and versions we
managed to load:
Module Name Have Want
Carp 1.20 0
ExtUtils::MakeMaker 7.14 0
File::Spec 3.62 0
Test::Exception 0.43 0
Test::FailWarnings 0.008 0
Test::More 1.001014 0.88
charnames 1.18 0
strict 1.04 0
utf8 1.09 0
warnings 1.12 0
Perl module toolchain versions installed:
Module Name Have
CPANPLUS 0.9156
CPANPLUS::Dist::Build 0.78
Cwd 3.62
ExtUtils::CBuilder 0.280224
ExtUtils::Command 7.14
ExtUtils::Install 2.04
ExtUtils::MakeMaker 7.14
ExtUtils::Manifest 1.70
ExtUtils::ParseXS 3.30
File::Spec 3.62
Module::Build 0.4218
Pod::Parser 1.37
Pod::Simple 3.16
Test::Harness 3.36
Test::More 1.001014
version 0.9916
******************************** NOTE ********************************
The comments above are created mechanically, possibly without manual
checking by the sender. As there are many people performing automatic
tests on each upload to CPAN, it is likely that you will receive
identical messages about the same problem.
If you believe that the message is mistaken, please reply to the first
one with correction and/or additional informations, and do not take
it personally. We appreciate your patience. :)
**********************************************************************
Additional comments:
This report was machine-generated by CPANPLUS::Dist::YACSmoke 0.98.
Powered by minismokebox version 0.58
------------------------------
ENVIRONMENT AND OTHER CONTEXT
------------------------------
Environment variables:
AUTOMATED_TESTING = 1
LANG = en_GB.UTF-8
LANGUAGE = en_GB:en
NONINTERACTIVE_TESTING = 1
PATH = /usr/local/bin:/usr/bin:/bin:/usr/local/games:/usr/games
PERL5LIB = :/home/cpan/pit/rel/conf/perl-5.14.4/.cpanplus/5.14.4/build/fjxIFn0j9u/Sub-Uplevel-0.2600/blib/lib:/home/cpan/pit/rel/conf/perl-5.14.4/.cpanplus/5.14.4/build/fjxIFn0j9u/Sub-Uplevel-0.2600/blib/arch:/home/cpan/pit/rel/conf/perl-5.14.4/.cpanplus/5.14.4/build/qgrpFDDVh4/Test-Exception-0.43/blib/lib:/home/cpan/pit/rel/conf/perl-5.14.4/.cpanplus/5.14.4/build/qgrpFDDVh4/Test-Exception-0.43/blib/arch:/home/cpan/pit/rel/conf/perl-5.14.4/.cpanplus/5.14.4/build/58r56Evrbz/Capture-Tiny-0.44/blib/lib:/home/cpan/pit/rel/conf/perl-5.14.4/.cpanplus/5.14.4/build/58r56Evrbz/Capture-Tiny-0.44/blib/arch:/home/cpan/pit/rel/conf/perl-5.14.4/.cpanplus/5.14.4/build/dBlIvm5mF5/Test-FailWarnings-0.008/blib/lib:/home/cpan/pit/rel/conf/perl-5.14.4/.cpanplus/5.14.4/build/dBlIvm5mF5/Test-FailWarnings-0.008/blib/arch:/home/cpan/pit/rel/conf/perl-5.14.4/.cpanplus/5.14.4/build/aJq2CVJcsF/Regexp-CharClasses-Helper-0.004/blib/lib:/home/cpan/pit/rel/conf/perl-5.14.4/.cpanplus/5.14.4/build/aJq2CVJcsF/Regexp-CharClasses-Helper-0.004/blib/arch
PERL5_CPANPLUS_IS_RUNNING = 49147
PERL5_CPANPLUS_IS_VERSION = 0.9156
PERL5_MINISMOKEBOX = 0.58
PERL5_YACSMOKE_BASE = /home/cpan/pit/rel/conf/perl-5.14.4
PERL_EXTUTILS_AUTOINSTALL = --defaultdeps
PERL_MM_USE_DEFAULT = 1
SHELL = /bin/bash
TERM = screen
Perl special variables (and OS-specific diagnostics, for MSWin32):
Perl: $^X = /home/cpan/pit/rel/perl-5.14.4/bin/perl
UID: $< = 1001
EUID: $> = 1001
GID: $( = 1001 1001
EGID: $) = 1001 1001
-------------------------------
--
Summary of my perl5 (revision 5 version 14 subversion 4) configuration:
Platform:
osname=gnukfreebsd, osvers=9.0-2-686, archname=i386-gnukfreebsd-thread-multi-64int
uname='gnukfreebsd knurl 9.0-2-686 #0 sat nov 24 07:40:35 utc 2012 i386 i386 intel(r) pentium(r) cpu g840 @ 2.80ghz gnukfreebsd '
config_args='-des -Dprefix=/home/cpan/pit/rel/perl-5.14.4 -Dusethreads -Duse64bitint'
hint=recommended, useposix=true, d_sigaction=define
useithreads=define, usemultiplicity=define
useperlio=define, d_sfio=undef, uselargefiles=define, usesocks=undef
use64bitint=define, use64bitall=undef, uselongdouble=undef
usemymalloc=n, bincompat5005=undef
Compiler:
cc='cc', ccflags ='-D_REENTRANT -D_GNU_SOURCE -fno-strict-aliasing -pipe -fstack-protector -I/usr/local/include -D_LARGEFILE_SOURCE -D_FILE_OFFSET_BITS=64',
optimize='-O2',
cppflags='-D_REENTRANT -D_GNU_SOURCE -fno-strict-aliasing -pipe -fstack-protector -I/usr/local/include'
ccversion='', gccversion='4.7.2', gccosandvers=''
intsize=4, longsize=4, ptrsize=4, doublesize=8, byteorder=12345678
d_longlong=define, longlongsize=8, d_longdbl=define, longdblsize=12
ivtype='long long', ivsize=8, nvtype='double', nvsize=8, Off_t='off_t', lseeksize=8
alignbytes=4, prototype=define
Linker and Libraries:
ld='cc', ldflags =' -fstack-protector -L/usr/local/lib'
libpth=/usr/local/lib /lib/i386-kfreebsd-gnu /lib /usr/lib/i386-kfreebsd-gnu /usr/lib
libs=-lnsl -lgdbm -ldl -lm -lcrypt -lutil -lpthread -lc -lgdbm_compat
perllibs=-lnsl -ldl -lm -lcrypt -lutil -lpthread -lc
libc=, so=so, useshrplib=false, libperl=libperl.a
gnulibc_version='2.13'
Dynamic Linking:
dlsrc=dl_dlopen.xs, dlext=so, d_dlsymun=undef, ccdlflags='-Wl,-E'
cccdlflags='-fpic', lddlflags='-shared -O2 -L/usr/local/lib -fstack-protector'
Characteristics of this binary (from libperl):
Compile-time options: MULTIPLICITY PERL_DONT_CREATE_GVSV
PERL_IMPLICIT_CONTEXT PERL_MALLOC_WRAP
PERL_PRESERVE_IVUV USE_64_BIT_INT USE_ITHREADS
USE_LARGE_FILES USE_PERLIO USE_PERL_ATOF
USE_REENTRANT_API
Built under gnukfreebsd
Compiled at Apr 15 2013 19:03:09
%ENV:
PERL5LIB=":/home/cpan/pit/rel/conf/perl-5.14.4/.cpanplus/5.14.4/build/fjxIFn0j9u/Sub-Uplevel-0.2600/blib/lib:/home/cpan/pit/rel/conf/perl-5.14.4/.cpanplus/5.14.4/build/fjxIFn0j9u/Sub-Uplevel-0.2600/blib/arch:/home/cpan/pit/rel/conf/perl-5.14.4/.cpanplus/5.14.4/build/qgrpFDDVh4/Test-Exception-0.43/blib/lib:/home/cpan/pit/rel/conf/perl-5.14.4/.cpanplus/5.14.4/build/qgrpFDDVh4/Test-Exception-0.43/blib/arch:/home/cpan/pit/rel/conf/perl-5.14.4/.cpanplus/5.14.4/build/58r56Evrbz/Capture-Tiny-0.44/blib/lib:/home/cpan/pit/rel/conf/perl-5.14.4/.cpanplus/5.14.4/build/58r56Evrbz/Capture-Tiny-0.44/blib/arch:/home/cpan/pit/rel/conf/perl-5.14.4/.cpanplus/5.14.4/build/dBlIvm5mF5/Test-FailWarnings-0.008/blib/lib:/home/cpan/pit/rel/conf/perl-5.14.4/.cpanplus/5.14.4/build/dBlIvm5mF5/Test-FailWarnings-0.008/blib/arch:/home/cpan/pit/rel/conf/perl-5.14.4/.cpanplus/5.14.4/build/aJq2CVJcsF/Regexp-CharClasses-Helper-0.004/blib/lib:/home/cpan/pit/rel/conf/perl-5.14.4/.cpanplus/5.14.4/build/aJq2CVJcsF/Regexp-CharClasses-Helper-0.004/blib/arch"
PERL5_CPANPLUS_IS_RUNNING="49147"
PERL5_CPANPLUS_IS_VERSION="0.9156"
PERL5_MINISMOKEBOX="0.58"
PERL5_YACSMOKE_BASE="/home/cpan/pit/rel/conf/perl-5.14.4"
PERL_EXTUTILS_AUTOINSTALL="--defaultdeps"
PERL_MM_USE_DEFAULT="1"
@INC:
/home/cpan/pit/rel/conf/perl-5.14.4/.cpanplus/5.14.4/build/fjxIFn0j9u/Sub-Uplevel-0.2600/blib/lib
/home/cpan/pit/rel/conf/perl-5.14.4/.cpanplus/5.14.4/build/fjxIFn0j9u/Sub-Uplevel-0.2600/blib/arch
/home/cpan/pit/rel/conf/perl-5.14.4/.cpanplus/5.14.4/build/qgrpFDDVh4/Test-Exception-0.43/blib/lib
/home/cpan/pit/rel/conf/perl-5.14.4/.cpanplus/5.14.4/build/qgrpFDDVh4/Test-Exception-0.43/blib/arch
/home/cpan/pit/rel/conf/perl-5.14.4/.cpanplus/5.14.4/build/58r56Evrbz/Capture-Tiny-0.44/blib/lib
/home/cpan/pit/rel/conf/perl-5.14.4/.cpanplus/5.14.4/build/58r56Evrbz/Capture-Tiny-0.44/blib/arch
/home/cpan/pit/rel/conf/perl-5.14.4/.cpanplus/5.14.4/build/dBlIvm5mF5/Test-FailWarnings-0.008/blib/lib
/home/cpan/pit/rel/conf/perl-5.14.4/.cpanplus/5.14.4/build/dBlIvm5mF5/Test-FailWarnings-0.008/blib/arch
/home/cpan/pit/rel/conf/perl-5.14.4/.cpanplus/5.14.4/build/aJq2CVJcsF/Regexp-CharClasses-Helper-0.004/blib/lib
/home/cpan/pit/rel/conf/perl-5.14.4/.cpanplus/5.14.4/build/aJq2CVJcsF/Regexp-CharClasses-Helper-0.004/blib/arch
/home/cpan/pit/rel/perl-5.14.4/lib/site_perl/5.14.4/i386-gnukfreebsd-thread-multi-64int
/home/cpan/pit/rel/perl-5.14.4/lib/site_perl/5.14.4
/home/cpan/pit/rel/perl-5.14.4/lib/5.14.4/i386-gnukfreebsd-thread-multi-64int
/home/cpan/pit/rel/perl-5.14.4/lib/5.14.4
.