Report for Catalyst-ActionRole-BuildDBICResult-0.04

Back
From: metabase:user:314402c4-2aae-11df-837a-5e0a49663a4f
Subject: FAIL Catalyst-ActionRole-BuildDBICResult-0.04 v5.18.2 GNU/Linux
Date: 2014-05-14T20:16:42Z

This distribution has been tested as part of the CPAN Testers
project, supporting the Perl programming language.  See
http://wiki.cpantesters.org/ for more information or email
questions to cpan-testers-discuss@perl.org


--
Dear John Napiorkowski,

This is a computer-generated report for Catalyst-ActionRole-BuildDBICResult-0.04
on perl 5.18.2, created by CPAN-Reporter-1.2011.

Thank you for uploading your work to CPAN.  However, there was a problem
testing your distribution.

If you think this report is invalid, please consult the CPAN Testers Wiki
for suggestions on how to avoid getting FAIL reports for missing library
or binary dependencies, unsupported operating systems, and so on:

http://wiki.cpantesters.org/wiki/CPANAuthorNotes

Sections of this report:

    * Tester comments
    * Program output
    * Prerequisites
    * Environment and other context

------------------------------
TESTER COMMENTS
------------------------------

Additional comments from tester:

none provided

------------------------------
PROGRAM OUTPUT
------------------------------

Output from '/usr/bin/make test':

PERL_DL_NONLAZY=1 /bbbike/perl-5.18.2t/bin/perl "-MExtUtils::Command::MM" "-MTest::Harness" "-e" "undef *Test::Harness::Switches; test_harness(0, 'inc', 'blib/lib', 'blib/arch')" t/app.t t/app_attrs.t t/attributes.t t/basic.t t/dbic.t
DBIx::Class::Storage::DBI::SQLite::_dbi_attrs_for_bind(): Non-integer value supplied for column 'me.user_id' despite the integer datatype at /tmpfs/.cpan-build/Catalyst-ActionRole-BuildDBICResult-0.04-quplbe/t/lib/TestApp/DBIC/ResultSet/User.pm line 11
datatype mismatch: bind param (0) john@shutterstock.com as integer at /opt/perl-5.18.2t/lib/site_perl/5.18.2/DBIx/Class/Storage/DBI.pm line 1834.

#   Failed test 'got expected values for user email (john@shutterstock.com)'
#   at t/app.t line 62.
#          got: 'user_default,john@shutterstock.com'
#     expected: 'user_default,error,john@shutterstock.com'
datatype mismatch: bind param (0) 99999.com as integer at /opt/perl-5.18.2t/lib/site_perl/5.18.2/DBIx/Class/Storage/DBI.pm line 1834.

#   Failed test 'got expected values for user not found'
#   at t/app.t line 69.
#          got: 'user_default,notfound'
#     expected: 'user_default,error,notfound'
datatype mismatch: bind param (0) error@error.com as integer at /opt/perl-5.18.2t/lib/site_perl/5.18.2/DBIx/Class/Storage/DBI.pm line 1834.

#   Failed test 'got expected values for user not found'
#   at t/app.t line 75.
#          got: 'user_default,error,BOO,notfound'
#     expected: 'user_default,error,error,BOO,notfound'
datatype mismatch: bind param (0) john@shutterstock.com as integer at /opt/perl-5.18.2t/lib/site_perl/5.18.2/DBIx/Class/Storage/DBI.pm line 1834.

#   Failed test 'got expected values for user email (john@shutterstock.com)'
#   at t/app.t line 139.
#          got: 'user_default,john@shutterstock.com'
#     expected: 'user_default,error,john@shutterstock.com'
datatype mismatch: bind param (0) 99999.com as integer at /opt/perl-5.18.2t/lib/site_perl/5.18.2/DBIx/Class/Storage/DBI.pm line 1834.

#   Failed test 'got expected values for user not found'
#   at t/app.t line 145.
#          got: 'user_default,notfound'
#     expected: 'user_default,error,notfound'
datatype mismatch: bind param (0) error@error.com as integer at /opt/perl-5.18.2t/lib/site_perl/5.18.2/DBIx/Class/Storage/DBI.pm line 1834.

#   Failed test 'got expected values for user not found'
#   at t/app.t line 151.
#          got: 'user_default,error,BOO,notfound'
#     expected: 'user_default,error,error,BOO,notfound'
[error] the number of args ($#args) does not equal the constraint fields ($#columns)
# Looks like you failed 6 tests of 65.
t/app.t ......... 
Dubious, test returned 6 (wstat 1536, 0x600)
Failed 6/65 subtests 
	(less 2 skipped subtests: 57 okay)
Useless use of a constant ("model") in void context at (eval 745) line 1.
t/app_attrs.t ... ok
t/attributes.t .. ok
t/basic.t ....... ok
t/dbic.t ........ ok

Test Summary Report
-------------------
t/app.t       (Wstat: 1536 Tests: 65 Failed: 6)
  Failed tests:  19, 21, 23, 42, 44, 46
  Non-zero exit status: 6
Files=5, Tests=119,  4 wallclock secs ( 0.04 usr  0.04 sys +  3.74 cusr  0.39 csys =  4.21 CPU)
Result: FAIL
Failed 1/5 test programs. 6/119 subtests failed.
make: *** [test_dynamic] Error 255

------------------------------
PREREQUISITES
------------------------------

Prerequisite modules loaded:

requires:

    Module                           Need    Have    
    -------------------------------- ------- --------
    Catalyst::Controller::ActionRole 0.15    0.16    
    Catalyst::Model::DBIC::Schema    0.43    0.63    
    Catalyst::Runtime                5.80025 5.90064 
    DBD::SQLite                      1.35    1.42    
    DBIx::Class                      0.08123 0.08270 
    Moose                            1.10    2.1205  
    MooseX::Types                    0.23    0.44    
    Perl6::Junction                  1.40000 1.60000 
    Test::More                       0.94    1.001003
    Try::Tiny                        0.06    0.22    

build_requires:

    Module                           Need    Have    
    -------------------------------- ------- --------
    Catalyst::Model::DBIC::Schema    0.43    0.63    
    Catalyst::Runtime                5.80025 5.90064 
    DBD::SQLite                      1.35    1.42    
    DBIx::Class                      0.08123 0.08270 
    ExtUtils::MakeMaker              6.36    6.98    
    Test::More                       0.94    1.001003

configure_requires:

    Module                           Need    Have    
    -------------------------------- ------- --------
    ExtUtils::MakeMaker              6.36    6.98    


------------------------------
ENVIRONMENT AND OTHER CONTEXT
------------------------------

Environment variables:

    DBIC_NO_WARN_BAD_PERL = 1
    LANG = C
    PATH = /usr/local/bin:/usr/bin:/bin:/usr/local/sbin:/usr/sbin:/sbin:/home/eserte/bin/linux-gnu:/home/eserte/bin/sh:/home/eserte/bin:/usr/games:/home/eserte/devel:/home/eserte/src/srezic-misc/scripts
    PERL5LIB = 
    PERL5OPT = 
    PERL5_CPANPLUS_IS_RUNNING = 14268
    PERL5_CPAN_IS_RUNNING = 14268
    PERL5_CPAN_IS_RUNNING_IN_RECURSION = 7959,14268
    PERLDOC = -MPod::Perldoc::ToTextOverstrike
    PERL_BATCH = yes
    PERL_CPAN_REPORTER_CONFIG = /var/tmp/cpansmoker-1001/aVLM63EswO_config.ini
    PERL_EXTUTILS_AUTOINSTALL = --defaultdeps
    PERL_HTML_DISPLAY_CLASS = HTML::Display::Mozilla
    PERL_PARALLEL_SMOKER = yes
    SHELL = /bin/zsh
    TERM = screen
    TMPDIR = /var/tmp/cpansmoker-1001

Perl special variables (and OS-specific diagnostics, for MSWin32):

    $^X = /bbbike/perl-5.18.2t/bin/perl
    $UID/$EUID = 1001 / 1001
    $GID = 1001 109 1001
    $EGID = 1001 109 1001

Perl module toolchain versions installed:

    Module              Have    
    ------------------- --------
    CPAN                2.00    
    CPAN::Meta          2.141170
    Cwd                 3.40    
    ExtUtils::CBuilder  0.280210
    ExtUtils::Command   1.17    
    ExtUtils::Install   1.59    
    ExtUtils::MakeMaker 6.98    
    ExtUtils::Manifest  1.63    
    ExtUtils::ParseXS   3.24    
    File::Spec          3.40    
    JSON                2.90    
    JSON::PP            2.27203 
    Module::Build       0.4205  
    Module::Signature   n/a     
    Parse::CPAN::Meta   1.4414  
    Test::Harness       3.30    
    Test::More          1.001003
    YAML                0.90    
    YAML::Syck          1.27    
    version             0.9902  


--

Summary of my perl5 (revision 5 version 18 subversion 2) configuration:
   
  Platform:
    osname=linux, osvers=3.2.0-4-amd64, archname=x86_64-linux-thread-multi
    uname='linux eserte 3.2.0-4-amd64 #1 smp debian 3.2.57-3 x86_64 gnulinux '
    config_args='-ds -e -Dprefix=/opt/perl-5.18.2t -Dusethreads'
    hint=recommended, useposix=true, d_sigaction=define
    useithreads=define, usemultiplicity=define
    useperlio=define, d_sfio=undef, uselargefiles=define, usesocks=undef
    use64bitint=define, use64bitall=define, uselongdouble=undef
    usemymalloc=n, bincompat5005=undef
  Compiler:
    cc='cc', ccflags ='-D_REENTRANT -D_GNU_SOURCE -fno-strict-aliasing -pipe -fstack-protector -I/usr/local/include -D_LARGEFILE_SOURCE -D_FILE_OFFSET_BITS=64',
    optimize='-O2',
    cppflags='-D_REENTRANT -D_GNU_SOURCE -fno-strict-aliasing -pipe -fstack-protector -I/usr/local/include'
    ccversion='', gccversion='4.7.2', gccosandvers=''
    intsize=4, longsize=8, ptrsize=8, doublesize=8, byteorder=12345678
    d_longlong=define, longlongsize=8, d_longdbl=define, longdblsize=16
    ivtype='long', ivsize=8, nvtype='double', nvsize=8, Off_t='off_t', lseeksize=8
    alignbytes=8, prototype=define
  Linker and Libraries:
    ld='cc', ldflags =' -fstack-protector -L/usr/local/lib'
    libpth=/usr/local/lib /lib/x86_64-linux-gnu /lib/../lib /usr/lib/x86_64-linux-gnu /usr/lib/../lib /lib /usr/lib
    libs=-lnsl -ldb -ldl -lm -lcrypt -lutil -lpthread -lc
    perllibs=-lnsl -ldl -lm -lcrypt -lutil -lpthread -lc
    libc=, so=so, useshrplib=false, libperl=libperl.a
    gnulibc_version='2.13'
  Dynamic Linking:
    dlsrc=dl_dlopen.xs, dlext=so, d_dlsymun=undef, ccdlflags='-Wl,-E'
    cccdlflags='-fPIC', lddlflags='-shared -O2 -L/usr/local/lib -fstack-protector'


Characteristics of this binary (from libperl): 
  Compile-time options: HAS_TIMES MULTIPLICITY PERLIO_LAYERS
                        PERL_DONT_CREATE_GVSV
                        PERL_HASH_FUNC_ONE_AT_A_TIME_HARD
                        PERL_IMPLICIT_CONTEXT PERL_MALLOC_WRAP
                        PERL_PRESERVE_IVUV PERL_SAWAMPERSAND USE_64_BIT_ALL
                        USE_64_BIT_INT USE_ITHREADS USE_LARGE_FILES
                        USE_LOCALE USE_LOCALE_COLLATE USE_LOCALE_CTYPE
                        USE_LOCALE_NUMERIC USE_PERLIO USE_PERL_ATOF
                        USE_REENTRANT_API
  Built under linux
  Compiled at May 14 2014 07:16:29
  %ENV:
    PERL5LIB=""
    PERL5OPT=""
    PERL5_CPANPLUS_IS_RUNNING="14268"
    PERL5_CPAN_IS_RUNNING="14268"
    PERL5_CPAN_IS_RUNNING_IN_RECURSION="7959,14268"
    PERLDOC="-MPod::Perldoc::ToTextOverstrike"
    PERL_BATCH="yes"
    PERL_CPAN_REPORTER_CONFIG="/var/tmp/cpansmoker-1001/aVLM63EswO_config.ini"
    PERL_EXTUTILS_AUTOINSTALL="--defaultdeps"
    PERL_HTML_DISPLAY_CLASS="HTML::Display::Mozilla"
    PERL_PARALLEL_SMOKER="yes"
  @INC:
    /opt/perl-5.18.2t/lib/site_perl/5.18.2/x86_64-linux-thread-multi
    /opt/perl-5.18.2t/lib/site_perl/5.18.2
    /opt/perl-5.18.2t/lib/5.18.2/x86_64-linux-thread-multi
    /opt/perl-5.18.2t/lib/5.18.2
    .