Report for DBI-Test-0.001

Back
From: metabase:user:fcf99560-6bf4-1014-86b3-1cf189224fdf
Subject: FAIL DBI-Test-0.001 v5.18.1 
Date: 2013-08-30T11:01:37Z

This distribution has been tested as part of the CPAN Testers
project, supporting the Perl programming language.  See
http://wiki.cpantesters.org/ for more information or email
questions to cpan-testers-discuss@perl.org


--
Dear Jens Rehsack,

This is a computer-generated report for DBI-Test-0.001
on perl 5.18.1, created by CPAN-Reporter-1.2010.

Thank you for uploading your work to CPAN.  However, there was a problem
testing your distribution.

If you think this report is invalid, please consult the CPAN Testers Wiki
for suggestions on how to avoid getting FAIL reports for missing library
or binary dependencies, unsupported operating systems, and so on:

http://wiki.cpantesters.org/wiki/CPANAuthorNotes

Sections of this report:

    * Tester comments
    * Program output
    * Prerequisites
    * Environment and other context

------------------------------
TESTER COMMENTS
------------------------------

Additional comments from tester:

none provided

------------------------------
PROGRAM OUTPUT
------------------------------

Output from 'C:\sp\c\bin\dmake.exe test':

C:\sp\perl\bin\perl.exe "-MExtUtils::Command::MM" "-e" "test_harness(0, 'blib\lib', 'blib\arch')" xt/*.t t\basic\*.t
DBI connect('','',...) failed: Can't Open Connection ''

  Package    : DBD::ADO::dr
  Filename   : C:/sp/perl/vendor/lib/DBD/ADO.pm
  Line       : 158
  Last error : -2147467259

OLE exception from "Microsoft OLE DB Provider for ODBC Drivers":

[Microsoft][ODBC Driver Manager] Data source name not found and no default
driver specified

Win32::OLE(0.1709) error 0x80004005: "Unspecified error"
    in METHOD/PROPERTYGET "Open" at C:\sp\cpan\build\DBI-Test-0.001-xG_310\blib\lib/DBI/Test.pm line 31.

#   Failed test 'basic connect'
#   at C:\sp\cpan\build\DBI-Test-0.001-xG_310\blib\lib/DBI/Test/Case/basic/connect.pm line 16.

#   Failed test 'dbh is active'
#   at C:\sp\cpan\build\DBI-Test-0.001-xG_310\blib\lib/DBI/Test/Case/basic/connect.pm line 20.
DBI connect('','',...) failed: Can't Open Connection ''

  Package    : DBD::ADO::dr
  Filename   : C:/sp/perl/vendor/lib/DBD/ADO.pm
  Line       : 158
  Last error : -2147467259

OLE exception from "Microsoft OLE DB Provider for ODBC Drivers":

[Microsoft][ODBC Driver Manager] Data source name not found and no default
driver specified

Win32::OLE(0.1709) error 0x80004005: "Unspecified error"
    in METHOD/PROPERTYGET "Open" at C:\sp\cpan\build\DBI-Test-0.001-xG_310\blib\lib/DBI/Test.pm line 31.

#   Failed test 'basic connect'
#   at C:\sp\cpan\build\DBI-Test-0.001-xG_310\blib\lib/DBI/Test/Case/basic/connect.pm line 29.
DBI connect('','',...) failed: Can't Open Connection ''

  Package    : DBD::ADO::dr
  Filename   : C:/sp/perl/vendor/lib/DBD/ADO.pm
  Line       : 158
  Last error : -2147467259

OLE exception from "Microsoft OLE DB Provider for ODBC Drivers":

[Microsoft][ODBC Driver Manager] Data source name not found and no default
driver specified

Win32::OLE(0.1709) error 0x80004005: "Unspecified error"
    in METHOD/PROPERTYGET "Open" at C:\sp\cpan\build\DBI-Test-0.001-xG_310\blib\lib/DBI/Test.pm line 31.

#   Failed test 'connect without attr'
#   at C:\sp\cpan\build\DBI-Test-0.001-xG_310\blib\lib/DBI/Test/Case/basic/connect.pm line 46.
Use of uninitialized value $got in numeric eq (==) at (eval in cmp_ok) C:\sp\cpan\build\DBI-Test-0.001-xG_310\blib\lib/DBI/Test/Case/basic/connect.pm line 50.

#   Failed test 'AutoCommit == 1'
#   at C:\sp\cpan\build\DBI-Test-0.001-xG_310\blib\lib/DBI/Test/Case/basic/connect.pm line 50.
Use of uninitialized value $val in addition (+) at C:/sp/perl/lib/Test/Builder.pm line 917.
#          got: undef
#     expected: 1
Can't call method "FETCH" on unblessed reference at C:\sp\cpan\build\DBI-Test-0.001-xG_310\blib\lib/DBI/Test/Case/basic/connect.pm line 51.
# Tests were run but no plan was declared and done_testing() was not seen.
t\basic\dva_connect.t ......... 
Dubious, test returned 255 (wstat 65280, 0xff00)
Failed 5/5 subtests 
DBI connect('','',...) failed: Can't Open Connection ''

  Package    : DBD::ADO::dr
  Filename   : C:/sp/perl/vendor/lib/DBD/ADO.pm
  Line       : 158
  Last error : -2147467259

OLE exception from "Microsoft OLE DB Provider for ODBC Drivers":

[Microsoft][ODBC Driver Manager] Data source name not found and no default
driver specified

Win32::OLE(0.1709) error 0x80004005: "Unspecified error"
    in METHOD/PROPERTYGET "Open" at C:\sp\cpan\build\DBI-Test-0.001-xG_310\blib\lib/DBI/Test.pm line 31.

#   Failed test 'basic connect'
#   at C:\sp\cpan\build\DBI-Test-0.001-xG_310\blib\lib/DBI/Test/Case/basic/disconnect.pm line 20.
Can't call method "disconnect" on an undefined value at C:\sp\cpan\build\DBI-Test-0.001-xG_310\blib\lib/DBI/Test/Case/basic/disconnect.pm line 22.
# Tests were run but no plan was declared and done_testing() was not seen.
t\basic\dva_disconnect.t ...... 
Dubious, test returned 255 (wstat 65280, 0xff00)
Failed 1/1 subtests 
t\basic\dvc_connect.t ......... ok
t\basic\dvc_disconnect.t ...... ok
t\basic\dvd_connect.t ......... ok
t\basic\dvd_disconnect.t ...... ok
t\basic\dve_connect.t ......... ok
t\basic\dve_disconnect.t ...... ok
t\basic\dvf_connect.t ......... ok
t\basic\dvf_disconnect.t ...... ok
install_driver(mysql) failed: Attempt to reload DBD/mysql.pm aborted.
Compilation failed in require at (eval 144) line 3.

 at C:\sp\cpan\build\DBI-Test-0.001-xG_310\blib\lib/DBI/Test.pm line 31.
t\basic\dvm_connect.t ......... 
Dubious, test returned 255 (wstat 65280, 0xff00)
No subtests run 
install_driver(mysql) failed: Attempt to reload DBD/mysql.pm aborted.
Compilation failed in require at (eval 144) line 3.

 at C:\sp\cpan\build\DBI-Test-0.001-xG_310\blib\lib/DBI/Test.pm line 31.
t\basic\dvm_disconnect.t ...... 
Dubious, test returned 255 (wstat 65280, 0xff00)
No subtests run 
t\basic\dvn_connect.t ......... ok
t\basic\dvn_disconnect.t ...... ok
install_driver(ODBC) failed: Attempt to reload DBD/ODBC.pm aborted.
Compilation failed in require at (eval 144) line 3.

 at C:\sp\cpan\build\DBI-Test-0.001-xG_310\blib\lib/DBI/Test.pm line 31.
t\basic\dvo_connect.t ......... 
Dubious, test returned 255 (wstat 65280, 0xff00)
No subtests run 
install_driver(ODBC) failed: Attempt to reload DBD/ODBC.pm aborted.
Compilation failed in require at (eval 144) line 3.

 at C:\sp\cpan\build\DBI-Test-0.001-xG_310\blib\lib/DBI/Test.pm line 31.
t\basic\dvo_disconnect.t ...... 
Dubious, test returned 255 (wstat 65280, 0xff00)
No subtests run 
install_driver(Pg) failed: Attempt to reload DBD/Pg.pm aborted.
Compilation failed in require at (eval 144) line 3.

 at C:\sp\cpan\build\DBI-Test-0.001-xG_310\blib\lib/DBI/Test.pm line 31.
t\basic\dvp_connect.t ......... 
Dubious, test returned 255 (wstat 65280, 0xff00)
No subtests run 
install_driver(Pg) failed: Attempt to reload DBD/Pg.pm aborted.
Compilation failed in require at (eval 144) line 3.

 at C:\sp\cpan\build\DBI-Test-0.001-xG_310\blib\lib/DBI/Test.pm line 31.
t\basic\dvp_disconnect.t ...... 
Dubious, test returned 255 (wstat 65280, 0xff00)
No subtests run 
install_driver(SQLite) failed: Attempt to reload DBD/SQLite.pm aborted.
Compilation failed in require at (eval 144) line 3.

 at C:\sp\cpan\build\DBI-Test-0.001-xG_310\blib\lib/DBI/Test.pm line 31.
t\basic\dvs_connect.t ......... 
Dubious, test returned 255 (wstat 65280, 0xff00)
No subtests run 
install_driver(SQLite) failed: Attempt to reload DBD/SQLite.pm aborted.
Compilation failed in require at (eval 144) line 3.

 at C:\sp\cpan\build\DBI-Test-0.001-xG_310\blib\lib/DBI/Test.pm line 31.
t\basic\dvs_disconnect.t ...... 
Dubious, test returned 255 (wstat 65280, 0xff00)
No subtests run 
t\basic\mvb_dvn_connect.t ..... ok
t\basic\mvb_dvn_disconnect.t .. ok

Test Summary Report
-------------------
t\basic\dva_connect.t       (Wstat: 65280 Tests: 5 Failed: 5)
  Failed tests:  1-5
  Non-zero exit status: 255
  Parse errors: No plan found in TAP output
t\basic\dva_disconnect.t    (Wstat: 65280 Tests: 1 Failed: 1)
  Failed test:  1
  Non-zero exit status: 255
  Parse errors: No plan found in TAP output
t\basic\dvc_connect.t       (Wstat: 0 Tests: 18 Failed: 0)
  TODO passed:   14
t\basic\dvc_disconnect.t    (Wstat: 0 Tests: 19 Failed: 0)
  TODO passed:   8-9, 14-15, 18
t\basic\dvd_connect.t       (Wstat: 0 Tests: 18 Failed: 0)
  TODO passed:   14
t\basic\dvd_disconnect.t    (Wstat: 0 Tests: 19 Failed: 0)
  TODO passed:   8-9, 14-15, 18
t\basic\dve_connect.t       (Wstat: 0 Tests: 16 Failed: 0)
  TODO passed:   12
t\basic\dve_disconnect.t    (Wstat: 0 Tests: 19 Failed: 0)
  TODO passed:   8-9, 14-15, 18
t\basic\dvf_connect.t       (Wstat: 0 Tests: 18 Failed: 0)
  TODO passed:   14
t\basic\dvf_disconnect.t    (Wstat: 0 Tests: 19 Failed: 0)
  TODO passed:   8-9, 14-15, 18
t\basic\dvm_connect.t       (Wstat: 65280 Tests: 0 Failed: 0)
  Non-zero exit status: 255
  Parse errors: No plan found in TAP output
t\basic\dvm_disconnect.t    (Wstat: 65280 Tests: 0 Failed: 0)
  Non-zero exit status: 255
  Parse errors: No plan found in TAP output
t\basic\dvn_connect.t       (Wstat: 0 Tests: 16 Failed: 0)
  TODO passed:   12
t\basic\dvn_disconnect.t    (Wstat: 0 Tests: 19 Failed: 0)
  TODO passed:   8-9, 14-15, 18
t\basic\dvo_connect.t       (Wstat: 65280 Tests: 0 Failed: 0)
  Non-zero exit status: 255
  Parse errors: No plan found in TAP output
t\basic\dvo_disconnect.t    (Wstat: 65280 Tests: 0 Failed: 0)
  Non-zero exit status: 255
  Parse errors: No plan found in TAP output
t\basic\dvp_connect.t       (Wstat: 65280 Tests: 0 Failed: 0)
  Non-zero exit status: 255
  Parse errors: No plan found in TAP output
t\basic\dvp_disconnect.t    (Wstat: 65280 Tests: 0 Failed: 0)
  Non-zero exit status: 255
  Parse errors: No plan found in TAP output
t\basic\dvs_connect.t       (Wstat: 65280 Tests: 0 Failed: 0)
  Non-zero exit status: 255
  Parse errors: No plan found in TAP output
t\basic\dvs_disconnect.t    (Wstat: 65280 Tests: 0 Failed: 0)
  Non-zero exit status: 255
  Parse errors: No plan found in TAP output
t\basic\mvb_dvn_connect.t   (Wstat: 0 Tests: 16 Failed: 0)
  TODO passed:   12
t\basic\mvb_dvn_disconnect.t (Wstat: 0 Tests: 19 Failed: 0)
  TODO passed:   8-9, 14-15, 18
Files=22, Tests=222, 11 wallclock secs ( 0.17 usr +  0.00 sys =  0.17 CPU)
Result: FAIL
Failed 10/22 test programs. 6/222 subtests failed.
dmake.exe:  Error code 255, while making 'test_dynamic'

------------------------------
PREREQUISITES
------------------------------

Prerequisite modules loaded:

requires:

    Module              Need     Have    
    ------------------- -------- --------
    perl                5.008001 5.018001

build_requires:

    Module              Need     Have    
    ------------------- -------- --------
    Test::Simple        0.90     0.98    

configure_requires:

    Module              Need     Have    
    ------------------- -------- --------
    ExtUtils::MakeMaker 0        6.72    


------------------------------
ENVIRONMENT AND OTHER CONTEXT
------------------------------

Environment variables:

    COMSPEC = C:\WINDOWS\system32\cmd.exe
    NUMBER_OF_PROCESSORS = 4
    PATH = C:\sp\perl\site\bin;C:\sp\perl\bin;C:\sp\c\bin;C:\sp\perl\site\bin;C:\sp\perl\bin;C:\sp\c\bin;c:\instantclient_11_2;C:\Perl\site\bin;C:\Perl\bin;C:\WINDOWS\system32;C:\WINDOWS;C:\WINDOWS\System32\Wbem;C:\WINDOWS\System32\WindowsPowerShell\v1.0\;C:\Program Files (x86)\Git\cmd;C:\Program Files (x86)\Microsoft SQL Server\110\Tools\Binn\;C:\Program Files\Microsoft SQL Server\110\Tools\Binn\;C:\Program Files\Microsoft SQL Server\110\DTS\Binn\;C:\Program Files (x86)\Microsoft SQL Server\110\Tools\Binn\ManagementStudio\;C:\Program Files (x86)\Microsoft Visual Studio 10.0\Common7\IDE\PrivateAssemblies\;C:\Program Files (x86)\Microsoft SQL Server\110\DTS\Binn\;C:\Program Files (x86)\Intel\OpenCL SDK\2.0\bin\x86;C:\Program Files (x86)\Intel\OpenCL SDK\2.0\bin\x64;C:\Program Files\TortoiseSVN\bin;C:\Program Files (x86)\Nmap;C:\Program Files (x86)\CVSNT\
    PERL5LIB = 
    PERL5OPT = 
    PERL5_CPANPLUS_IS_RUNNING = 4560
    PERL5_CPAN_IS_RUNNING = 4560
    PROCESSOR_IDENTIFIER = Intel64 Family 6 Model 42 Stepping 7, GenuineIntel
    TEMP = C:\Users\MICHI_~1\AppData\Local\Temp
    TERM = dumb

Perl special variables (and OS-specific diagnostics, for MSWin32):

    $^X = C:\sp\perl\bin\perl.exe
    $UID/$EUID = 0 / 0
    $GID = 0
    $EGID = 0
    Win32::GetOSName = Win8
    Win32::GetOSVersion = , 6, 2, 9200, 2, 0, 0, 256, 1
    Win32::FsType = NTFS
    Win32::IsAdminUser = 0

Perl module toolchain versions installed:

    Module              Have    
    ------------------- --------
    CPAN                2.00    
    CPAN::Meta          2.132140
    Cwd                 3.40    
    ExtUtils::CBuilder  0.280210
    ExtUtils::Command   1.17    
    ExtUtils::Install   1.59    
    ExtUtils::MakeMaker 6.72    
    ExtUtils::Manifest  1.63    
    ExtUtils::ParseXS   3.21    
    File::Spec          3.40    
    JSON                2.59    
    JSON::PP            2.27202 
    Module::Build       0.4007  
    Module::Signature   n/a     
    Parse::CPAN::Meta   1.4405  
    Test::Harness       3.28    
    Test::More          0.98    
    YAML                0.84    
    YAML::Syck          n/a     
    version             0.9902  


--

Summary of my perl5 (revision 5 version 18 subversion 1) configuration:
   
  Platform:
    osname=MSWin32, osvers=4.0, archname=MSWin32-x64-multi-thread
    uname='Win32 strawberry-perl 5.18.1.1 #1 Tue Aug 13 17:18:28 2013 x64'
    config_args='undef'
    hint=recommended, useposix=true, d_sigaction=undef
    useithreads=define, usemultiplicity=define
    useperlio=define, d_sfio=undef, uselargefiles=define, usesocks=undef
    use64bitint=define, use64bitall=undef, uselongdouble=undef
    usemymalloc=n, bincompat5005=undef
  Compiler:
    cc='gcc', ccflags =' -s -O2 -DWIN32 -DWIN64 -DCONSERVATIVE  -DPERL_TEXTMODE_SCRIPTS -DPERL_IMPLICIT_CONTEXT -DPERL_IMPLICIT_SYS -DUSE_PERLIO -fno-strict-aliasing -mms-bitfields',
    optimize='-s -O2',
    cppflags='-DWIN32'
    ccversion='', gccversion='4.7.3', gccosandvers=''
    intsize=4, longsize=4, ptrsize=8, doublesize=8, byteorder=12345678
    d_longlong=define, longlongsize=8, d_longdbl=define, longdblsize=12
    ivtype='long long', ivsize=8, nvtype='double', nvsize=8, Off_t='long long', lseeksize=8
    alignbytes=8, prototype=define
  Linker and Libraries:
    ld='g++.exe', ldflags ='-s -L"C:\sp\perl\lib\CORE" -L"C:\sp\c\lib"'
    libpth=C:\sp\c\lib C:\sp\c\x86_64-w64-mingw32\lib
    libs=-lmoldname -lkernel32 -luser32 -lgdi32 -lwinspool -lcomdlg32 -ladvapi32 -lshell32 -lole32 -loleaut32 -lnetapi32 -luuid -lws2_32 -lmpr -lwinmm -lversion -lodbc32 -lodbccp32 -lcomctl32
    perllibs=-lmoldname -lkernel32 -luser32 -lgdi32 -lwinspool -lcomdlg32 -ladvapi32 -lshell32 -lole32 -loleaut32 -lnetapi32 -luuid -lws2_32 -lmpr -lwinmm -lversion -lodbc32 -lodbccp32 -lcomctl32
    libc=, so=dll, useshrplib=true, libperl=libperl518.a
    gnulibc_version=''
  Dynamic Linking:
    dlsrc=dl_win32.xs, dlext=dll, d_dlsymun=undef, ccdlflags=' '
    cccdlflags=' ', lddlflags='-mdll -s -L"C:\sp\perl\lib\CORE" -L"C:\sp\c\lib"'


Characteristics of this binary (from libperl): 
  Compile-time options: HAS_TIMES HAVE_INTERP_INTERN MULTIPLICITY
                        PERLIO_LAYERS PERL_DONT_CREATE_GVSV
                        PERL_HASH_FUNC_ONE_AT_A_TIME_HARD
                        PERL_IMPLICIT_CONTEXT PERL_IMPLICIT_SYS
                        PERL_MALLOC_WRAP PERL_PRESERVE_IVUV PERL_SAWAMPERSAND
                        USE_64_BIT_INT USE_ITHREADS USE_LARGE_FILES
                        USE_LOCALE USE_LOCALE_COLLATE USE_LOCALE_CTYPE
                        USE_LOCALE_NUMERIC USE_PERLIO USE_PERL_ATOF
  Built under MSWin32
  Compiled at Aug 13 2013 17:23:34
  %ENV:
    PERL5_CPANPLUS_IS_RUNNING="4560"
    PERL5_CPAN_IS_RUNNING="4560"
  @INC:
    C:/sp/perl/site/lib/MSWin32-x64-multi-thread
    C:/sp/perl/site/lib
    C:/sp/perl/vendor/lib
    C:/sp/perl/lib
    .