Back
From: metabase:user:314402c4-2aae-11df-837a-5e0a49663a4f
Subject: FAIL File-PathInfo-Ext-1.30 v5.23.5 GNU/Linux
Date: 2015-11-27T07:51:27Z
This distribution has been tested as part of the CPAN Testers
project, supporting the Perl programming language. See
http://wiki.cpantesters.org/ for more information or email
questions to cpan-testers-discuss@perl.org
--
Dear Leo Charre,
This is a computer-generated report for File-PathInfo-Ext-1.30
on perl 5.23.5, created by CPAN-Reporter-1.2015.
Thank you for uploading your work to CPAN. However, there was a problem
testing your distribution.
If you think this report is invalid, please consult the CPAN Testers Wiki
for suggestions on how to avoid getting FAIL reports for missing library
or binary dependencies, unsupported operating systems, and so on:
http://wiki.cpantesters.org/wiki/CPANAuthorNotes
Sections of this report:
* Tester comments
* Program output
* Prerequisites
* Environment and other context
------------------------------
TESTER COMMENTS
------------------------------
Additional comments from tester:
none provided
------------------------------
PROGRAM OUTPUT
------------------------------
Output from '/usr/bin/make test':
PERL_DL_NONLAZY=1 "/bbbike/perl-5.23.5/bin/perl5.23.5" "-MExtUtils::Command::MM" "-MTest::Harness" "-e" "undef *Test::Harness::Switches; test_harness(0, 'blib/lib', 'blib/arch')" t/*.t
Possible precedence issue with control flow operator at lib/File/PathInfo/Ext.pm line 146.
===================
PART [1], ./T/PUBLIC_HTML/DEMO
stat key 'ctime' = '1448609757'
stat key 'mtime' = '1259076971'
stat key 'nlink' = '2'
stat key 'size' = '80'
stat key 'blocks' = '0'
# Failed test 'stat key method 'blocks()''
# at t/0.t line 84.
stat key 'atime_pretty' = '2015/11/27 07:35'
stat key 'mtime_pretty' = '2009/11/24 15:36'
stat key 'ctime_pretty' = '2015/11/27 07:35'
stat key 'ino' = '62886703'
===================
PART [2], ./T/PUBLIC_HTML/SEVEN.PDF
stat key 'ctime' = '1448609757'
stat key 'mtime' = '1179497048'
stat key 'nlink' = '1'
stat key 'size' = '769239'
stat key 'blocks' = '1504'
stat key 'atime_pretty' = '2015/11/27 07:35'
stat key 'mtime_pretty' = '2007/05/18 14:04'
stat key 'ctime_pretty' = '2015/11/27 07:35'
stat key 'ino' = '62888141'
===================
PART [3], DEMO
stat key 'ctime' = '1448609757'
stat key 'mtime' = '1259076971'
stat key 'nlink' = '2'
stat key 'size' = '80'
stat key 'blocks' = '0'
# Failed test 'stat key method 'blocks()''
# at t/0.t line 84.
stat key 'atime_pretty' = '2015/11/27 07:35'
stat key 'mtime_pretty' = '2009/11/24 15:36'
stat key 'ctime_pretty' = '2015/11/27 07:35'
stat key 'ino' = '62886703'
===================
PART [4], ./T/PUBLIC_HTML/DEMO/HELLOKITTY.GIF
stat key 'ctime' = '1448609757'
stat key 'mtime' = '1174604434'
stat key 'nlink' = '1'
stat key 'size' = '4099'
stat key 'blocks' = '16'
stat key 'atime_pretty' = '2015/11/27 07:35'
stat key 'mtime_pretty' = '2007/03/22 23:00'
stat key 'ctime_pretty' = '2015/11/27 07:35'
stat key 'ino' = '62886704'
===================
PART [5], ./T/PUBLIC_HTML/DEMO/../DEMO/CIVIL.TXT
stat key 'ctime' = '1448609757'
stat key 'mtime' = '1174604434'
stat key 'nlink' = '1'
stat key 'size' = '51460'
stat key 'blocks' = '104'
stat key 'atime_pretty' = '2015/11/27 07:35'
stat key 'mtime_pretty' = '2007/03/22 23:00'
stat key 'ctime_pretty' = '2015/11/27 07:35'
stat key 'ino' = '62886705'
===================
PART [6], DEMO/../DEMO/CIVIL.TXT
stat key 'ctime' = '1448609757'
stat key 'mtime' = '1174604434'
stat key 'nlink' = '1'
stat key 'size' = '51460'
stat key 'blocks' = '104'
stat key 'atime_pretty' = '2015/11/27 07:35'
stat key 'mtime_pretty' = '2007/03/22 23:00'
stat key 'ctime_pretty' = '2015/11/27 07:35'
stat key 'ino' = '62886705'
===================
PART [7], DEMO/CIVIL.TXT
stat key 'ctime' = '1448609757'
stat key 'mtime' = '1174604434'
stat key 'nlink' = '1'
stat key 'size' = '51460'
stat key 'blocks' = '104'
stat key 'atime_pretty' = '2015/11/27 07:35'
stat key 'mtime_pretty' = '2007/03/22 23:00'
stat key 'ctime_pretty' = '2015/11/27 07:35'
stat key 'ino' = '62886705'
# Looks like you failed 2 tests of 129.
t/0.t .................
Dubious, test returned 2 (wstat 512, 0x200)
Failed 2/129 subtests
Possible precedence issue with control flow operator at lib/File/PathInfo/Ext.pm line 146.
newname cannot contain slashes at lib/File/PathInfo/Ext.pm line 16.
File::PathInfo::Ext::rename(File::PathInfo::Ext=HASH(0x11e4238), "awe/gfaw/egawg/\\pou*()^T)(T3wt//n23") called at t/1.t line 21
ls for [/tmpfs/.cpan-build/2015112706/File-PathInfo-Ext-1.30-eiknMe]
ls for [/tmpfs/.cpan-build/2015112706/File-PathInfo-Ext-1.30-eiknMe/tmp2]
ls for [/tmpfs/.cpan-build/2015112706/File-PathInfo-Ext-1.30-eiknMe/tmp2]
t/1.t ................. ok
Possible precedence issue with control flow operator at lib/File/PathInfo/Ext.pm line 146.
SET 2
# on move newloc is : /tmpfs/.cpan-build/2015112706/File-PathInfo-Ext-1.30-eiknMe/t/public_html/timp/incoming/movedme.txt
Can't move to '/tmpfs/.cpan-build/2015112706/File-PathInfo-Ext-1.30-eiknMe/t/public_html/timp/movedme.txt', destination already exists at lib/File/PathInfo/Ext.pm line 136.
File::PathInfo::Ext::move(File::PathInfo::Ext=HASH(0x27b5b78), "/tmpfs/.cpan-build/2015112706/File-PathInfo-Ext-1.30-eiknMe/t"...) called at t/2_move.t line 92
t/2_move.t ............ ok
Possible precedence issue with control flow operator at lib/File/PathInfo/Ext.pm line 146.
Can't move '/tmpfs/.cpan-build/2015112706/File-PathInfo-Ext-1.30-eiknMe/t/f1' to '/tmpfs/.cpan-build/2015112706/File-PathInfo-Ext-1.30-eiknMe/t/f2', already exists. at lib/File/PathInfo/Ext.pm line 152.
File::PathInfo::Ext::move(File::PathInfo::Ext=HASH(0xbaf238), "/tmpfs/.cpan-build/2015112706/File-PathInfo-Ext-1.30-eiknMe/t/f2") called at lib/File/PathInfo/Ext.pm line 17
File::PathInfo::Ext::rename(File::PathInfo::Ext=HASH(0xbaf238), "f2") called at t/3.t line 21
t/3.t ................. ok
Possible precedence issue with control flow operator at lib/File/PathInfo/Ext.pm line 146.
### $val: undef
### $val: 'this is'
### $val: 'this is a val for errstr'
--------------
----
--------------
----
### $val: '/tmpfs/.cpan-build/2015112706/File-PathInfo-Ext-1.30-eiknMe/t/tmp/dir/file.txt'
--------------others
----
arg './file.txt' = [/tmpfs/.cpan-build/2015112706/File-PathInfo-Ext-1.30-eiknMe/file.txt]
err?
arg './' = [NO RESULT]
err? Can't set destination to '/tmpfs/.cpan-build/2015112706/File-PathInfo-Ext-1.30-eiknMe', already exists.
arg '.' = [NO RESULT]
err? Can't resolve arg ..
arg './../file.txt' = [/tmpfs/.cpan-build/2015112706/file.txt]
err?
arg './../bogus/thing' = [NO RESULT]
err? Can't resolve arg ../bogus/thing
arg './t/tmp/bogusdir/' = [NO RESULT]
err? Can't resolve arg t/tmp/bogusdir/
t/4_resolve_arg_to.t .. ok
Possible precedence issue with control flow operator at lib/File/PathInfo/Ext.pm line 146.
# NOW try to dirs
### $r: '/tmpfs/.cpan-build/2015112706/File-PathInfo-Ext-1.30-eiknMe/t/tmp/dir/filealso.txt'
t/5_copy.t ............ ok
t/99_cleanup.t ........ ok
Test Summary Report
-------------------
t/0.t (Wstat: 512 Tests: 129 Failed: 2)
Failed tests: 13, 49
Non-zero exit status: 2
Files=7, Tests=204, 1 wallclock secs ( 0.03 usr 0.03 sys + 0.26 cusr 0.16 csys = 0.48 CPU)
Result: FAIL
Failed 1/7 test programs. 2/204 subtests failed.
make: *** [test_dynamic] Error 255
------------------------------
PREREQUISITES
------------------------------
Prerequisite modules loaded:
requires:
Module Need Have
------------------- ---- --------
Carp 1 1.38
Cwd 3 3.60
Digest::MD5 2 2.54
File::Copy 2 2.30
File::Path 1 2.12
File::PathInfo 1.27 1.27
File::Type 0 0.22
Test::Simple 0 1.001014
YAML 0 1.15
build_requires:
Module Need Have
------------------- ---- --------
ExtUtils::MakeMaker 0 7.10
configure_requires:
Module Need Have
------------------- ---- --------
ExtUtils::MakeMaker 0 7.10
------------------------------
ENVIRONMENT AND OTHER CONTEXT
------------------------------
Environment variables:
LANG = C
PATH = /usr/local/bin:/usr/bin:/bin:/usr/local/sbin:/usr/sbin:/sbin:/home/eserte/bin/linux-gnu:/home/eserte/bin/sh:/home/eserte/bin:/usr/games:/home/eserte/devel:/home/eserte/src/srezic-misc/scripts
PERL5LIB = /home/eserte/.cpan/build/2015112706/File-PathInfo-1.27-oUqJqu/blib/arch:/home/eserte/.cpan/build/2015112706/File-PathInfo-1.27-oUqJqu/blib/lib:/home/eserte/.cpan/build/2015112706/Time-Format-1.12-RRq8R3/blib/arch:/home/eserte/.cpan/build/2015112706/Time-Format-1.12-RRq8R3/blib/lib
PERL5OPT =
PERL5_CPANPLUS_IS_RUNNING = 26543
PERL5_CPAN_IS_RUNNING = 26543
PERL5_CPAN_IS_RUNNING_IN_RECURSION = 25443,26543
PERLDOC = -MPod::Perldoc::ToTextOverstrike
PERL_BATCH = yes
PERL_CANARY_STABILITY_NOPROMPT = 1
PERL_CPAN_REPORTER_CONFIG = /var/tmp/cpansmoker-1001/2015112706/cpanreporter_006_config.ini
PERL_EXTUTILS_AUTOINSTALL = --defaultdeps
SHELL = /bin/zsh
TERM = screen
TMPDIR = /var/tmp/cpansmoker-1001/2015112706
Perl special variables (and OS-specific diagnostics, for MSWin32):
$^X = /bbbike/perl-5.23.5/bin/perl5.23.5
$UID/$EUID = 1001 / 1001
$GID = 1001 109 1001
$EGID = 1001 109 1001
Perl module toolchain versions installed:
Module Have
------------------- --------
CPAN 2.11
CPAN::Meta 2.150005
Cwd 3.60
ExtUtils::CBuilder 0.280224
ExtUtils::Command 7.10
ExtUtils::Install 2.04
ExtUtils::MakeMaker 7.10
ExtUtils::Manifest 1.70
ExtUtils::ParseXS 3.30
File::Spec 3.60
JSON 2.90
JSON::PP 2.27300
Module::Build 0.4214
Module::Signature n/a
Parse::CPAN::Meta 1.4417
Test::Harness 3.35
Test::More 1.001014
YAML 1.15
YAML::Syck 1.29
version 0.9909
--
Summary of my perl5 (revision 5 version 23 subversion 5) configuration:
Platform:
osname=linux, osvers=3.2.0-4-amd64, archname=x86_64-linux
uname='linux eserte 3.2.0-4-amd64 #1 smp debian 3.2.68-1+deb7u6 x86_64 gnulinux '
config_args='-ds -e -Dprefix=/opt/perl-5.23.5 -Dusedevel -Dusemallocwrap=no -Dcf_email=srezic@cpan.org'
hint=recommended, useposix=true, d_sigaction=define
useithreads=undef, usemultiplicity=undef
use64bitint=define, use64bitall=define, uselongdouble=undef
usemymalloc=n, bincompat5005=undef
Compiler:
cc='cc', ccflags ='-fwrapv -fno-strict-aliasing -pipe -fstack-protector -I/usr/local/include -D_LARGEFILE_SOURCE -D_FILE_OFFSET_BITS=64 -D_FORTIFY_SOURCE=2',
optimize='-O2',
cppflags='-fwrapv -fno-strict-aliasing -pipe -fstack-protector -I/usr/local/include'
ccversion='', gccversion='4.7.2', gccosandvers=''
intsize=4, longsize=8, ptrsize=8, doublesize=8, byteorder=12345678, doublekind=3
d_longlong=define, longlongsize=8, d_longdbl=define, longdblsize=16, longdblkind=3
ivtype='long', ivsize=8, nvtype='double', nvsize=8, Off_t='off_t', lseeksize=8
alignbytes=8, prototype=define
Linker and Libraries:
ld='cc', ldflags =' -fstack-protector -L/usr/local/lib'
libpth=/usr/local/lib /usr/lib/gcc/x86_64-linux-gnu/4.7/include-fixed /usr/include/x86_64-linux-gnu /usr/lib /lib/x86_64-linux-gnu /lib/../lib /usr/lib/x86_64-linux-gnu /usr/lib/../lib /lib
libs=-lpthread -lnsl -ldb -ldl -lm -lcrypt -lutil -lc
perllibs=-lpthread -lnsl -ldl -lm -lcrypt -lutil -lc
libc=libc-2.13.so, so=so, useshrplib=false, libperl=libperl.a
gnulibc_version='2.13'
Dynamic Linking:
dlsrc=dl_dlopen.xs, dlext=so, d_dlsymun=undef, ccdlflags='-Wl,-E'
cccdlflags='-fPIC', lddlflags='-shared -O2 -L/usr/local/lib -fstack-protector'
Characteristics of this binary (from libperl):
Compile-time options: HAS_TIMES PERLIO_LAYERS PERL_COPY_ON_WRITE
PERL_DONT_CREATE_GVSV
PERL_HASH_FUNC_ONE_AT_A_TIME_HARD PERL_PRESERVE_IVUV
PERL_USE_DEVEL USE_64_BIT_ALL USE_64_BIT_INT
USE_LARGE_FILES USE_LOCALE USE_LOCALE_COLLATE
USE_LOCALE_CTYPE USE_LOCALE_NUMERIC USE_LOCALE_TIME
USE_PERLIO USE_PERL_ATOF
Built under linux
Compiled at Nov 21 2015 09:58:25
%ENV:
PERL5LIB="/home/eserte/.cpan/build/2015112706/File-PathInfo-1.27-oUqJqu/blib/arch:/home/eserte/.cpan/build/2015112706/File-PathInfo-1.27-oUqJqu/blib/lib:/home/eserte/.cpan/build/2015112706/Time-Format-1.12-RRq8R3/blib/arch:/home/eserte/.cpan/build/2015112706/Time-Format-1.12-RRq8R3/blib/lib"
PERL5OPT=""
PERL5_CPANPLUS_IS_RUNNING="26543"
PERL5_CPAN_IS_RUNNING="26543"
PERL5_CPAN_IS_RUNNING_IN_RECURSION="25443,26543"
PERLDOC="-MPod::Perldoc::ToTextOverstrike"
PERL_BATCH="yes"
PERL_CANARY_STABILITY_NOPROMPT="1"
PERL_CPAN_REPORTER_CONFIG="/var/tmp/cpansmoker-1001/2015112706/cpanreporter_006_config.ini"
PERL_EXTUTILS_AUTOINSTALL="--defaultdeps"
@INC:
/home/eserte/.cpan/build/2015112706/File-PathInfo-1.27-oUqJqu/blib/arch
/home/eserte/.cpan/build/2015112706/File-PathInfo-1.27-oUqJqu/blib/lib
/home/eserte/.cpan/build/2015112706/Time-Format-1.12-RRq8R3/blib/arch
/home/eserte/.cpan/build/2015112706/Time-Format-1.12-RRq8R3/blib/lib
/opt/perl-5.23.5/lib/site_perl/5.23.5/x86_64-linux
/opt/perl-5.23.5/lib/site_perl/5.23.5
/opt/perl-5.23.5/lib/5.23.5/x86_64-linux
/opt/perl-5.23.5/lib/5.23.5
.