Facebook-Graph v1.1205 Perl 5 v5.8.9 amd64-freebsd

Status
Fail
From
Slaven Rezić (SREZIC)
Dist
Facebook-Graph v1.1205
Platform
Perl 5 v5.8.9 amd64-freebsd
Date
2019-01-21 18:16:24
ID
a940a2f4-1da8-11e9-9982-f14742636834
This distribution has been tested as part of the CPAN Testers
project, supporting the Perl programming language.  See
http://wiki.cpantesters.org/ for more information or email
questions to cpan-testers-discuss@perl.org


--
Dear JT Smith,

This is a computer-generated report for Facebook-Graph-1.1205
on perl 5.8.9, created by CPAN-Reporter-1.2018.

Thank you for uploading your work to CPAN.  However, there was a problem
testing your distribution.

If you think this report is invalid, please consult the CPAN Testers Wiki
for suggestions on how to avoid getting FAIL reports for missing library
or binary dependencies, unsupported operating systems, and so on:

http://wiki.cpantesters.org/wiki/CPANAuthorNotes

Sections of this report:

    * Tester comments
    * Program output
    * Prerequisites
    * Environment and other context

------------------------------
TESTER COMMENTS
------------------------------

Additional comments from tester:

none provided

------------------------------
PROGRAM OUTPUT
------------------------------

Output from '/usr/bin/make test':

PERL_DL_NONLAZY=1 "/usr/perl5.8.9/bin/perl" "-MExtUtils::Command::MM" "-MTest::Harness" "-e" "undef *Test::Harness::Switches; test_harness(0, 'blib/lib', 'blib/arch')" t/*.t

#   Failed test 'get an api version'
#   at t/01_versioned_path.t line 14.
#          got: 'v3.1'
#     expected: 'v2.8'

#   Failed test 'create a versioned api path'
#   at t/01_versioned_path.t line 15.
#          got: 'v3.1/sarahbownds'
#     expected: 'v2.8/sarahbownds'
# Looks like you failed 2 tests of 5.
t/01_versioned_path.t ... 
Dubious, test returned 2 (wstat 512, 0x200)
Failed 2/5 subtests 
t/02_signed_requests.t .. ok

#   Failed test 'default pic'
#   at t/04_picture.t line 14.
#          got: 'https://graph.facebook.com/v3.1/sarahbownds/picture'
#     expected: 'https://graph.facebook.com/v2.8/sarahbownds/picture'

#   Failed test 'small pic'
#   at t/04_picture.t line 15.
#          got: 'https://graph.facebook.com/v3.1/sarahbownds/picture?type=small'
#     expected: 'https://graph.facebook.com/v2.8/sarahbownds/picture?type=small'

#   Failed test 'large pic'
#   at t/04_picture.t line 16.
#          got: 'https://graph.facebook.com/v3.1/sarahbownds/picture?type=large'
#     expected: 'https://graph.facebook.com/v2.8/sarahbownds/picture?type=large'

#   Failed test 'square pic'
#   at t/04_picture.t line 17.
#          got: 'https://graph.facebook.com/v3.1/sarahbownds/picture?type=square'
#     expected: 'https://graph.facebook.com/v2.8/sarahbownds/picture?type=square'
# Looks like you failed 4 tests of 7.
t/04_picture.t .......... 
Dubious, test returned 4 (wstat 1024, 0x400)
Failed 4/7 subtests 
t/05_access_token.t ..... ok
t/author-pod-syntax.t ... skipped: these tests are for testing by the author

Test Summary Report
-------------------
t/01_versioned_path.t (Wstat: 512 Tests: 5 Failed: 2)
  Failed tests:  4-5
  Non-zero exit status: 2
t/04_picture.t        (Wstat: 1024 Tests: 7 Failed: 4)
  Failed tests:  4-7
  Non-zero exit status: 4
Files=5, Tests=19,  1 wallclock secs ( 0.01 usr  0.04 sys +  0.46 cusr  0.12 csys =  0.62 CPU)
Result: FAIL
Failed 2/5 test programs. 6/19 subtests failed.
*** [test_dynamic] Error code 255

Stop in /usr/home/eserte/.cpan/build/2019012118/Facebook-Graph-1.1205-5.

------------------------------
PREREQUISITES
------------------------------

Prerequisite modules loaded:

requires:

    Module                     Need   Have    
    -------------------------- ------ --------
    DateTime                   0.61   1.50    
    DateTime::Format::Strptime 1.4000 1.74    
    JSON                       2.16   4.00    
    LWP::Protocol::https       6.06   6.07    
    LWP::UserAgent             6.13   6.36    
    MIME::Base64::URLSafe      0.01   0.01    
    Moo                        0      2.003004
    Ouch                       0.0400 0.0500  
    perl                       5.006  5.008009
    Test::More                 0      1.302160
    URI                        1.54   1.74    

build_requires:

    Module                     Need   Have    
    -------------------------- ------ --------
    HTTP::Response             0      6.18    
    Test::Pod                  0      1.52    

configure_requires:

    Module                     Need   Have    
    -------------------------- ------ --------
    ExtUtils::MakeMaker        0      7.34    


------------------------------
ENVIRONMENT AND OTHER CONTEXT
------------------------------

Environment variables:

    LC_ALL = de_DE.ISO8859-1
    PATH = /usr/local/bin:/usr/bin:/bin:/usr/local/sbin:/usr/sbin:/sbin:/home/cpansand/bin/freebsd9.3:/home/cpansand/bin/sh:/home/cpansand/bin:/usr/games:/home/cpansand/devel:/usr/home/eserte/src/srezic-misc/scripts
    PERL5LIB = 
    PERL5OPT = 
    PERL5_CPANPLUS_IS_RUNNING = 71527
    PERL5_CPAN_IS_RUNNING = 71527
    PERL5_CPAN_IS_RUNNING_IN_RECURSION = 70440,71527
    PERLDOC = -MPod::Perldoc::ToTextOverstrike
    PERL_BATCH = yes
    PERL_CANARY_STABILITY_NOPROMPT = 1
    PERL_CPAN_REPORTER_CONFIG = /var/tmp/cpansmoker-1023/2019012118/cpanreporter_000_config.ini
    PERL_EXTUTILS_AUTOINSTALL = --defaultdeps
    PERL_USE_UNSAFE_INC = 1
    SHELL = /usr/local/bin/zsh
    TERM = screen
    TMPDIR = /var/tmp/cpansmoker-1023/2019012118

Perl special variables (and OS-specific diagnostics, for MSWin32):

    $^X = /usr/perl5.8.9/bin/perl
    $UID/$EUID = 1023 / 1023
    $GID = 1023 1023
    $EGID = 1023 1023

Perl module toolchain versions installed:

    Module              Have    
    ------------------- --------
    CPAN                2.22    
    CPAN::Meta          2.150010
    Cwd                 3.75    
    ExtUtils::CBuilder  0.280230
    ExtUtils::Command   7.34    
    ExtUtils::Install   2.14    
    ExtUtils::MakeMaker 7.34    
    ExtUtils::Manifest  1.71    
    ExtUtils::ParseXS   3.35    
    File::Spec          3.75    
    JSON                4.00    
    JSON::PP            4.00    
    Module::Build       0.4224  
    Module::Signature   0.81    
    Parse::CPAN::Meta   2.150010
    Test::Harness       3.41    
    Test::More          1.302160
    YAML                1.27    
    YAML::Syck          1.31    
    version             0.9924  


--

Summary of my perl5 (revision 5 version 8 subversion 9) configuration:
  Platform:
    osname=freebsd, osvers=9.2-release-p4, archname=amd64-freebsd
    uname='freebsd cvrsnica-freebsd-92 9.2-release-p4 freebsd 9.2-release-p4 #0: tue apr 8 18:08:22 utc 2014 root@amd64-builder.daemonology.net:usrobjusrsrcsysgeneric amd64 '
    config_args='-ds -e -Dprefix=/usr/perl5.8.9'
    hint=recommended, useposix=true, d_sigaction=define
    usethreads=undef use5005threads=undef useithreads=undef usemultiplicity=undef
    useperlio=define d_sfio=undef uselargefiles=define usesocks=undef
    use64bitint=define use64bitall=define uselongdouble=undef
    usemymalloc=n, bincompat5005=undef
  Compiler:
    cc='cc', ccflags ='-DHAS_FPSETMASK -DHAS_FLOATINGPOINT_H -fno-strict-aliasing -pipe -I/usr/local/include',
    optimize='-O',
    cppflags='-DHAS_FPSETMASK -DHAS_FLOATINGPOINT_H -fno-strict-aliasing -pipe -I/usr/local/include'
    ccversion='', gccversion='4.2.1 20070831 patched [FreeBSD]', gccosandvers=''
    intsize=4, longsize=8, ptrsize=8, doublesize=8, byteorder=12345678
    d_longlong=define, longlongsize=8, d_longdbl=define, longdblsize=16
    ivtype='long', ivsize=8, nvtype='double', nvsize=8, Off_t='off_t', lseeksize=8
    alignbytes=8, prototype=define
  Linker and Libraries:
    ld='cc', ldflags ='-Wl,-E  -L/usr/local/lib'
    libpth=/usr/lib /usr/local/lib
    libs=-lgdbm -lm -lcrypt -lutil -lc
    perllibs=-lm -lcrypt -lutil -lc
    libc=, so=so, useshrplib=false, libperl=libperl.a
    gnulibc_version=''
  Dynamic Linking:
    dlsrc=dl_dlopen.xs, dlext=so, d_dlsymun=undef, ccdlflags=' '
    cccdlflags='-DPIC -fPIC', lddlflags='-shared  -L/usr/local/lib'


Characteristics of this binary (from libperl): 
  Compile-time options: PERL_MALLOC_WRAP USE_64_BIT_ALL USE_64_BIT_INT
                        USE_FAST_STDIO USE_LARGE_FILES USE_PERLIO
  Built under freebsd
  Compiled at May 15 2014 22:27:57
  %ENV:
    PERL5LIB=""
    PERL5OPT=""
    PERL5_CPANPLUS_IS_RUNNING="71527"
    PERL5_CPAN_IS_RUNNING="71527"
    PERL5_CPAN_IS_RUNNING_IN_RECURSION="70440,71527"
    PERLDOC="-MPod::Perldoc::ToTextOverstrike"
    PERL_BATCH="yes"
    PERL_CANARY_STABILITY_NOPROMPT="1"
    PERL_CPAN_REPORTER_CONFIG="/var/tmp/cpansmoker-1023/2019012118/cpanreporter_000_config.ini"
    PERL_EXTUTILS_AUTOINSTALL="--defaultdeps"
    PERL_USE_UNSAFE_INC="1"
  @INC:
    /usr/perl5.8.9/lib/5.8.9/amd64-freebsd
    /usr/perl5.8.9/lib/5.8.9
    /usr/perl5.8.9/lib/site_perl/5.8.9/amd64-freebsd
    /usr/perl5.8.9/lib/site_perl/5.8.9
    .