POE-Component-SSLify v1.012 Perl 5 v5.28.0 RC2 amd64-freebsd

Status
Fail
From
Slaven Rezić (SREZIC)
Dist
POE-Component-SSLify v1.012
Platform
Perl 5 v5.28.0 RC2 amd64-freebsd
Date
2018-12-02 12:13:21
ID
a8f77f2e-f62b-11e8-90fb-ee0136244074
This distribution has been tested as part of the CPAN Testers
project, supporting the Perl programming language.  See
http://wiki.cpantesters.org/ for more information or email
questions to cpan-testers-discuss@perl.org


--
Dear Apocalypse,

This is a computer-generated report for POE-Component-SSLify-1.012
on perl 5.28.0, created by CPAN-Reporter-1.2018.

Thank you for uploading your work to CPAN.  However, there was a problem
testing your distribution.

If you think this report is invalid, please consult the CPAN Testers Wiki
for suggestions on how to avoid getting FAIL reports for missing library
or binary dependencies, unsupported operating systems, and so on:

http://wiki.cpantesters.org/wiki/CPANAuthorNotes

Sections of this report:

    * Tester comments
    * Program output
    * Prerequisites
    * Environment and other context

------------------------------
TESTER COMMENTS
------------------------------

Additional comments from tester:

none provided

------------------------------
PROGRAM OUTPUT
------------------------------

Output from './Build test':

t/00-compile.t ................ ok
# 
# Versions for all modules listed in MYMETA.json (including optional ones):
# 
# === Configure Requires ===
# 
#     Module               Want  Have
#     ------------------- ----- -----
#     ExtUtils::MakeMaker   any  7.34
#     Module::Build::Tiny 0.039 0.039
# 
# === Test Requires ===
# 
#     Module                          Want     Have
#     --------------------------- -------- --------
#     ExtUtils::MakeMaker              any     7.34
#     File::Spec                       any     3.75
#     File::Temp                       any   0.2308
#     IO::Handle                      1.28     1.39
#     IPC::Open3                       any     1.20
#     POE                            1.267    1.367
#     POE::Component::Client::TCP      any    1.367
#     POE::Component::Server::TCP      any    1.367
#     POE::Filter::Stream              any    1.367
#     Socket                           any    2.027
#     Test::FailWarnings               any    0.008
#     Test::More                  1.001002 1.302140
# 
# === Test Recommends ===
# 
#     Module         Want     Have
#     ---------- -------- --------
#     CPAN::Meta 2.120900 2.150010
# 
# === Runtime Requires ===
# 
#     Module        Want  Have
#     ------------ ----- -----
#     Exporter       any  5.73
#     IO::Handle    1.28  1.39
#     Net::SSLeay   1.36  1.85
#     POE          1.267 1.367
#     Scalar::Util   any  1.50
#     Symbol         any  1.08
#     Task::Weaken  1.03  1.06
#     parent         any 0.236
#     strict         any  1.11
#     warnings       any  1.42
# 
t/00-report-prereqs.t ......... ok
# 
# Net::SSLeay::ver_number is 0x100020af
# 	OpenSSL 1.0.2j  26 Sep 2016
# 	compiler: cc -I. -I.. -I../include  -fPIC -DOPENSSL_PIC -DOPENSSL_THREADS -pthread -D_THREAD_SAFE -D_REENTRANT -DDSO_DLFCN -DHAVE_DLFCN_H -DL_ENDIAN -O3 -Wall -O2 -pipe  -fstack-protector -fno-strict-aliasing
# 	built on: reproducible build, date unspecified
# 	platform: BSD-x86_64
# 	pogomips: 54426387
t/00-ssleay-info.t ............ ok
t/99_mire_test.t .............. skipped: AUTHOR TEST
t/apocalypse.t ................ skipped: Test::Apocalypse required for validating the distribution
t/connect_hook.t .............. ok
t/connect_hook_nodata.t ....... ok
t/connfail_client.t ........... ok
t/connfail_server.t ........... ok
t/renegotiate_client.t ........ ok
t/renegotiate_client_pings.t .. ok
t/renegotiate_server.t ........ ok
t/simple.t .................... ok
t/simple_large.t .............. 
All 12 subtests passed 
t/simple_parallel.t ........... ok

#   Failed test 'SERVER: SSLify_Options 20403: private key
# '
#   at t/simple_parallel_large.t line 54.

#   Failed test 'SERVER: Server_SSLify Please do SSLify_Options() first ( or pass in a $ctx object ) at /home/cpansand/.cpan/build/2018120213/POE-Component-SSLify-1.012-0/blib/lib/POE/Component/SSLify.pm line 247.
# '
#   at t/simple_parallel_large.t line 57.
Can't use an undefined value as a symbol reference at /home/cpansand/.cpan/build/2018120213/POE-Component-SSLify-1.012-0/blib/lib/POE/Component/SSLify.pm line 446.
# Tests were run but no plan was declared and done_testing() was not seen.
# Looks like your test exited with 22 just after 97.
t/simple_parallel_large.t ..... 
Dubious, test returned 22 (wstat 5632, 0x1600)
Failed 2/97 subtests 
t/simple_parallel_superbig.t .. skipped: AUTHOR TEST: NO at (eval 9) line 1.
t/simple_superbig.t ........... skipped: AUTHOR TEST: NO at (eval 9) line 1.
t/upgrade.t ................... ok

Test Summary Report
-------------------
t/renegotiate_client_pings.t (Wstat: 0 Tests: 22 Failed: 0)
  TODO passed:   15-17
t/simple_large.t            (Wstat: 9 Tests: 12 Failed: 0)
  Non-zero wait status: 9
  Parse errors: No plan found in TAP output
t/simple_parallel_large.t   (Wstat: 5632 Tests: 97 Failed: 2)
  Failed tests:  96-97
  Non-zero exit status: 22
  Parse errors: No plan found in TAP output
Files=19, Tests=398, 209 wallclock secs ( 0.00 usr  0.10 sys +  1.47 cusr 167.64 csys = 169.21 CPU)
Result: FAIL

------------------------------
PREREQUISITES
------------------------------

Prerequisite modules loaded:

requires:

    Module                      Need     Have    
    --------------------------- -------- --------
    Exporter                    0        5.73    
    IO::Handle                  1.28     1.39    
    Net::SSLeay                 1.36     1.85    
    parent                      0        0.236   
    perl                        5.006    5.028000
    POE                         1.267    1.367   
    Scalar::Util                0        1.50    
    strict                      0        1.11    
    Symbol                      0        1.08    
    Task::Weaken                1.03     1.06    
    warnings                    0        1.42    

build_requires:

    Module                      Need     Have    
    --------------------------- -------- --------
    ExtUtils::MakeMaker         0        7.34    
    File::Spec                  0        3.75    
    File::Temp                  0        0.2308  
    IO::Handle                  1.28     1.39    
    IPC::Open3                  0        1.20    
    perl                        5.006    5.028000
    POE                         1.267    1.367   
    POE::Component::Client::TCP 0        1.367   
    POE::Component::Server::TCP 0        1.367   
    POE::Filter::Stream         0        1.367   
    Socket                      0        2.027   
    Test::FailWarnings          0        0.008   
    Test::More                  1.001002 1.302140

configure_requires:

    Module                      Need     Have    
    --------------------------- -------- --------
    ExtUtils::MakeMaker         0        7.34    
    Module::Build::Tiny         0.039    0.039   
    perl                        5.006    5.028000


------------------------------
ENVIRONMENT AND OTHER CONTEXT
------------------------------

Environment variables:

    LC_ALL = de_DE.ISO8859-1
    PATH = /usr/local/bin:/usr/bin:/bin:/usr/local/sbin:/usr/sbin:/sbin:/home/cpansand/bin/freebsd10.3:/home/cpansand/bin/sh:/home/cpansand/bin:/usr/games:/home/cpansand/devel:/home/eserte/src/srezic-misc/scripts
    PERL5LIB = /home/cpansand/.cpan/build/2018120213/POE-Component-EasyDBI-1.28-0/blib/arch:/home/cpansand/.cpan/build/2018120213/POE-Component-EasyDBI-1.28-0/blib/lib
    PERL5OPT = 
    PERL5_CPANPLUS_IS_RUNNING = 19399
    PERL5_CPAN_IS_RUNNING = 19399
    PERL5_CPAN_IS_RUNNING_IN_RECURSION = 19367,19399
    PERLDOC = -MPod::Perldoc::ToTextOverstrike
    PERL_BATCH = yes
    PERL_CANARY_STABILITY_NOPROMPT = 1
    PERL_CPAN_REPORTER_CONFIG = /var/tmp/cpansmoker-1023/2018120213/cpanreporter_000_config.ini
    PERL_EXTUTILS_AUTOINSTALL = --defaultdeps
    PERL_USE_UNSAFE_INC = 1
    SHELL = /usr/local/bin/zsh
    TERM = screen
    TMPDIR = /var/tmp/cpansmoker-1023/2018120213

Perl special variables (and OS-specific diagnostics, for MSWin32):

    $^X = /usr/perl5.28.0-RC2p/bin/perl5.28.0
    $UID/$EUID = 1023 / 1023
    $GID = 1023 1023
    $EGID = 1023 1023

Perl module toolchain versions installed:

    Module              Have    
    ------------------- --------
    CPAN                2.20    
    CPAN::Meta          2.150010
    Cwd                 3.75    
    ExtUtils::CBuilder  0.280230
    ExtUtils::Command   7.34    
    ExtUtils::Install   2.14    
    ExtUtils::MakeMaker 7.34    
    ExtUtils::Manifest  1.70    
    ExtUtils::ParseXS   3.39    
    File::Spec          3.75    
    JSON                2.97001 
    JSON::PP            2.97001 
    Module::Build       0.4224  
    Module::Signature   0.83    
    Parse::CPAN::Meta   2.150010
    Test::Harness       3.42    
    Test::More          1.302140
    YAML                1.27    
    YAML::Syck          1.30    
    version             0.9923  


--

Summary of my perl5 (revision 5 version 28 subversion 0) configuration:
   
  Platform:
    osname=freebsd
    osvers=10.3-release-p24
    archname=amd64-freebsd
    uname='freebsd cvrsnica-freebsd-101.herceg.de 10.3-release-p24 freebsd 10.3-release-p24 #0: wed nov 15 04:57:40 utc 2017 root@amd64-builder.daemonology.net:usrobjusrsrcsysgeneric amd64 '
    config_args='-ds -e -Dprefix=/usr/perl5.28.0-RC2p -Dcf_email=srezic@cpan.org -Doptimize=-O2 -pipe'
    hint=recommended
    useposix=true
    d_sigaction=define
    useithreads=undef
    usemultiplicity=undef
    use64bitint=define
    use64bitall=define
    uselongdouble=undef
    usemymalloc=n
    default_inc_excludes_dot=define
    bincompat5005=undef
  Compiler:
    cc='cc'
    ccflags ='-DHAS_FPSETMASK -DHAS_FLOATINGPOINT_H -fno-strict-aliasing -pipe -fstack-protector -I/usr/local/include -D_FORTIFY_SOURCE=2'
    optimize='-O2 -pipe'
    cppflags='-DHAS_FPSETMASK -DHAS_FLOATINGPOINT_H -fno-strict-aliasing -pipe -fstack-protector -I/usr/local/include'
    ccversion=''
    gccversion='4.2.1 Compatible FreeBSD Clang 3.4.1 (tags/RELEASE_34/dot1-final 208032)'
    gccosandvers=''
    intsize=4
    longsize=8
    ptrsize=8
    doublesize=8
    byteorder=12345678
    doublekind=3
    d_longlong=define
    longlongsize=8
    d_longdbl=define
    longdblsize=16
    longdblkind=3
    ivtype='long'
    ivsize=8
    nvtype='double'
    nvsize=8
    Off_t='off_t'
    lseeksize=8
    alignbytes=8
    prototype=define
  Linker and Libraries:
    ld='cc'
    ldflags ='-pthread -Wl,-E  -fstack-protector -L/usr/local/lib'
    libpth=/usr/lib /usr/local/lib /usr/include/clang/3.4.1 /usr/lib
    libs=-lpthread -lgdbm -lm -lcrypt -lutil -lc -lelf
    perllibs=-lpthread -lm -lcrypt -lutil -lc -lelf
    libc=
    so=so
    useshrplib=false
    libperl=libperl.a
    gnulibc_version=''
  Dynamic Linking:
    dlsrc=dl_dlopen.xs
    dlext=so
    d_dlsymun=undef
    ccdlflags=' '
    cccdlflags='-DPIC -fPIC'
    lddlflags='-shared  -L/usr/local/lib -fstack-protector'


Characteristics of this binary (from libperl): 
  Compile-time options:
    HAS_TIMES
    PERLIO_LAYERS
    PERL_COPY_ON_WRITE
    PERL_DONT_CREATE_GVSV
    PERL_MALLOC_WRAP
    PERL_OP_PARENT
    PERL_PRESERVE_IVUV
    USE_64_BIT_ALL
    USE_64_BIT_INT
    USE_LARGE_FILES
    USE_LOCALE
    USE_LOCALE_COLLATE
    USE_LOCALE_CTYPE
    USE_LOCALE_NUMERIC
    USE_LOCALE_TIME
    USE_PERLIO
    USE_PERL_ATOF
  Locally applied patches:
    RC2
  Built under freebsd
  Compiled at Jun  6 2018 23:53:25
  %ENV:
    PERL5LIB="/home/cpansand/.cpan/build/2018120213/POE-Component-EasyDBI-1.28-0/blib/arch:/home/cpansand/.cpan/build/2018120213/POE-Component-EasyDBI-1.28-0/blib/lib"
    PERL5OPT=""
    PERL5_CPANPLUS_IS_RUNNING="19399"
    PERL5_CPAN_IS_RUNNING="19399"
    PERL5_CPAN_IS_RUNNING_IN_RECURSION="19367,19399"
    PERLDOC="-MPod::Perldoc::ToTextOverstrike"
    PERL_BATCH="yes"
    PERL_CANARY_STABILITY_NOPROMPT="1"
    PERL_CPAN_REPORTER_CONFIG="/var/tmp/cpansmoker-1023/2018120213/cpanreporter_000_config.ini"
    PERL_EXTUTILS_AUTOINSTALL="--defaultdeps"
    PERL_USE_UNSAFE_INC="1"
  @INC:
    /home/cpansand/.cpan/build/2018120213/POE-Component-EasyDBI-1.28-0/blib/arch
    /home/cpansand/.cpan/build/2018120213/POE-Component-EasyDBI-1.28-0/blib/lib
    /usr/perl5.28.0-RC2p/lib/site_perl/5.28.0/amd64-freebsd
    /usr/perl5.28.0-RC2p/lib/site_perl/5.28.0
    /usr/perl5.28.0-RC2p/lib/5.28.0/amd64-freebsd
    /usr/perl5.28.0-RC2p/lib/5.28.0
    .