Report for Net-SSH-Mechanize-0.1.3

Back
From: metabase:user:314402c4-2aae-11df-837a-5e0a49663a4f
Subject: FAIL Net-SSH-Mechanize-0.1.3 v5.22.3 RC5 GNU/Linux
Date: 2017-01-10T14:18:29Z

This distribution has been tested as part of the CPAN Testers
project, supporting the Perl programming language.  See
http://wiki.cpantesters.org/ for more information or email
questions to cpan-testers-discuss@perl.org


--
Dear Nick Stokoe,

This is a computer-generated report for Net-SSH-Mechanize-0.1.3
on perl 5.22.3, created by CPAN-Reporter-1.2018.

Thank you for uploading your work to CPAN.  However, there was a problem
testing your distribution.

If you think this report is invalid, please consult the CPAN Testers Wiki
for suggestions on how to avoid getting FAIL reports for missing library
or binary dependencies, unsupported operating systems, and so on:

http://wiki.cpantesters.org/wiki/CPANAuthorNotes

Sections of this report:

    * Tester comments
    * Program output
    * Prerequisites
    * Environment and other context

------------------------------
TESTER COMMENTS
------------------------------

Additional comments from tester:

none provided

------------------------------
PROGRAM OUTPUT
------------------------------

Output from './Build test':

Passing a list of values to enum is deprecated. Enum values should be wrapped in an arrayref. at /opt/perl-5.22.3-RC5/lib/site_perl/5.22.3/AnyEvent/Subprocess/Types.pm line 42.
	require AnyEvent/Subprocess/Types.pm called at /opt/perl-5.22.3-RC5/lib/site_perl/5.22.3/AnyEvent/Subprocess/Done.pm line 9
	AnyEvent::Subprocess::Done::BEGIN() called at /opt/perl-5.22.3-RC5/lib/site_perl/5.22.3/AnyEvent/Subprocess/Types.pm line 0
	eval {...} called at /opt/perl-5.22.3-RC5/lib/site_perl/5.22.3/AnyEvent/Subprocess/Types.pm line 0
	require AnyEvent/Subprocess/Done.pm called at /opt/perl-5.22.3-RC5/lib/site_perl/5.22.3/AnyEvent/Subprocess/Running.pm line 10
	AnyEvent::Subprocess::Running::BEGIN() called at /opt/perl-5.22.3-RC5/lib/site_perl/5.22.3/AnyEvent/Subprocess/Types.pm line 0
	eval {...} called at /opt/perl-5.22.3-RC5/lib/site_perl/5.22.3/AnyEvent/Subprocess/Types.pm line 0
	require AnyEvent/Subprocess/Running.pm called at /opt/perl-5.22.3-RC5/lib/site_perl/5.22.3/Module/Runtime.pm line 317
	Module::Runtime::require_module("AnyEvent::Subprocess::Running") called at /opt/perl-5.22.3-RC5/lib/site_perl/5.22.3/Module/Runtime.pm line 381
	eval {...} called at /opt/perl-5.22.3-RC5/lib/site_perl/5.22.3/Module/Runtime.pm line 381
	Module::Runtime::use_package_optimistically("AnyEvent::Subprocess::Running") called at /opt/perl-5.22.3-RC5/lib/site_perl/5.22.3/x86_64-linux/Moose/Util.pm line 352
	Moose::Util::_load_user_class("AnyEvent::Subprocess::Running", undef) called at /opt/perl-5.22.3-RC5/lib/site_perl/5.22.3/x86_64-linux/Moose/Meta/Class.pm line 561
	Moose::Meta::Class::superclasses(undef, "AnyEvent::Subprocess::Running") called at /opt/perl-5.22.3-RC5/lib/site_perl/5.22.3/x86_64-linux/Moose.pm line 53
	Moose::extends(Moose::Meta::Class=HASH(0x2be6bd0), "AnyEvent::Subprocess::Running") called at /opt/perl-5.22.3-RC5/lib/site_perl/5.22.3/x86_64-linux/Moose/Exporter.pm line 419
	Moose::extends("AnyEvent::Subprocess::Running") called at /tmpfs/.cpan-build-cpansand/2017011012/Net-SSH-Mechanize-0.1.3-0/blib/lib/Net/SSH/Mechanize/Session.pm line 10
	require Net/SSH/Mechanize/Session.pm called at /tmpfs/.cpan-build-cpansand/2017011012/Net-SSH-Mechanize-0.1.3-0/blib/lib/Net/SSH/Mechanize.pm line 7
	Net::SSH::Mechanize::BEGIN() called at /opt/perl-5.22.3-RC5/lib/site_perl/5.22.3/AnyEvent/Subprocess/Types.pm line 0
	eval {...} called at /opt/perl-5.22.3-RC5/lib/site_perl/5.22.3/AnyEvent/Subprocess/Types.pm line 0
	require Net/SSH/Mechanize.pm called at t/00.load.t line 76
	main::BEGIN() called at /opt/perl-5.22.3-RC5/lib/site_perl/5.22.3/AnyEvent/Subprocess/Types.pm line 0
	eval {...} called at /opt/perl-5.22.3-RC5/lib/site_perl/5.22.3/AnyEvent/Subprocess/Types.pm line 0
	eval 'package main;
BEGIN { ${^WARNING_BITS} = $args[-1] if defined $args[-1] }
#line 76 t/00.load.t
use Net::SSH::Mechanize @{$args[0]};
1;
' called at /opt/perl-5.22.3-RC5/lib/site_perl/5.22.3/Test/More.pm line 1032
	Test::More::_eval("package main;\x{a}BEGIN { \${^WARNING_BITS} = \$args[-1] if defined"..., ARRAY(0x1dfe7a0), "UUUUUUUUUUUUUUUUU\x{15}") called at /opt/perl-5.22.3-RC5/lib/site_perl/5.22.3/Test/More.pm line 1007
	Test::More::use_ok("Net::SSH::Mechanize") called at t/00.load.t line 76
	main::__ANON__() called at /opt/perl-5.22.3-RC5/lib/5.22.3/File/Find.pm line 453
	File::Find::_find_dir(HASH(0x1e48210), "/tmpfs/.cpan-build-cpansand/2017011012/Net-SSH-Mechanize-0.1."..., 3) called at /opt/perl-5.22.3-RC5/lib/5.22.3/File/Find.pm line 235
	File::Find::_find_opt(HASH(0x1e48210), "/tmpfs/.cpan-build-cpansand/2017011012/Net-SSH-Mechanize-0.1."...) called at /opt/perl-5.22.3-RC5/lib/5.22.3/File/Find.pm line 759
	File::Find::find(HASH(0x1e48210), "/tmpfs/.cpan-build-cpansand/2017011012/Net-SSH-Mechanize-0.1."...) called at t/00.load.t line 78
t/00.load.t ................. ok

#   Failed test 'POD test for blib/lib/Net/SSH/Mechanize.pm'
#   at /opt/perl-5.22.3-RC5/lib/site_perl/5.22.3/Test/Pod.pm line 187.
# blib/lib/Net/SSH/Mechanize.pm (415): L<> starts or ends with whitespace
# Looks like you failed 1 test of 4.
t/01.pod.t .................. 
Dubious, test returned 1 (wstat 256, 0x100)
Failed 1/4 subtests 
Passing a list of values to enum is deprecated. Enum values should be wrapped in an arrayref. at /opt/perl-5.22.3-RC5/lib/site_perl/5.22.3/AnyEvent/Subprocess/Types.pm line 42.
	require AnyEvent/Subprocess/Types.pm called at /opt/perl-5.22.3-RC5/lib/site_perl/5.22.3/AnyEvent/Subprocess/Done.pm line 9
	AnyEvent::Subprocess::Done::BEGIN() called at /opt/perl-5.22.3-RC5/lib/site_perl/5.22.3/AnyEvent/Subprocess/Types.pm line 0
	eval {...} called at /opt/perl-5.22.3-RC5/lib/site_perl/5.22.3/AnyEvent/Subprocess/Types.pm line 0
	require AnyEvent/Subprocess/Done.pm called at /opt/perl-5.22.3-RC5/lib/site_perl/5.22.3/AnyEvent/Subprocess/Running.pm line 10
	AnyEvent::Subprocess::Running::BEGIN() called at /opt/perl-5.22.3-RC5/lib/site_perl/5.22.3/AnyEvent/Subprocess/Types.pm line 0
	eval {...} called at /opt/perl-5.22.3-RC5/lib/site_perl/5.22.3/AnyEvent/Subprocess/Types.pm line 0
	require AnyEvent/Subprocess/Running.pm called at /opt/perl-5.22.3-RC5/lib/site_perl/5.22.3/Module/Runtime.pm line 317
	Module::Runtime::require_module("AnyEvent::Subprocess::Running") called at /opt/perl-5.22.3-RC5/lib/site_perl/5.22.3/Module/Runtime.pm line 381
	eval {...} called at /opt/perl-5.22.3-RC5/lib/site_perl/5.22.3/Module/Runtime.pm line 381
	Module::Runtime::use_package_optimistically("AnyEvent::Subprocess::Running") called at /opt/perl-5.22.3-RC5/lib/site_perl/5.22.3/x86_64-linux/Moose/Util.pm line 352
	Moose::Util::_load_user_class("AnyEvent::Subprocess::Running", undef) called at /opt/perl-5.22.3-RC5/lib/site_perl/5.22.3/x86_64-linux/Moose/Meta/Class.pm line 561
	Moose::Meta::Class::superclasses(undef, "AnyEvent::Subprocess::Running") called at /opt/perl-5.22.3-RC5/lib/site_perl/5.22.3/x86_64-linux/Moose.pm line 53
	Moose::extends(Moose::Meta::Class=HASH(0x3794530), "AnyEvent::Subprocess::Running") called at /opt/perl-5.22.3-RC5/lib/site_perl/5.22.3/x86_64-linux/Moose/Exporter.pm line 419
	Moose::extends("AnyEvent::Subprocess::Running") called at /tmpfs/.cpan-build-cpansand/2017011012/Net-SSH-Mechanize-0.1.3-0/t/../lib/Net/SSH/Mechanize/Session.pm line 10
	require Net/SSH/Mechanize/Session.pm called at /tmpfs/.cpan-build-cpansand/2017011012/Net-SSH-Mechanize-0.1.3-0/t/../lib/Net/SSH/Mechanize.pm line 7
	Net::SSH::Mechanize::BEGIN() called at /opt/perl-5.22.3-RC5/lib/site_perl/5.22.3/AnyEvent/Subprocess/Types.pm line 0
	eval {...} called at /opt/perl-5.22.3-RC5/lib/site_perl/5.22.3/AnyEvent/Subprocess/Types.pm line 0
	require Net/SSH/Mechanize.pm called at t/01.single-capture.t line 9
	main::BEGIN() called at /opt/perl-5.22.3-RC5/lib/site_perl/5.22.3/AnyEvent/Subprocess/Types.pm line 0
	eval {...} called at /opt/perl-5.22.3-RC5/lib/site_perl/5.22.3/AnyEvent/Subprocess/Types.pm line 0
unexpected stderr from command: Redundant argument in printf at /tmpfs/.cpan-build-cpansand/2017011012/Net-SSH-Mechanize-0.1.3-0/t/bin/mock-ssh line 134, <STDIN> line 4.
stderr output
t/01.single-capture.t ....... ok
Passing a list of values to enum is deprecated. Enum values should be wrapped in an arrayref. at /opt/perl-5.22.3-RC5/lib/site_perl/5.22.3/AnyEvent/Subprocess/Types.pm line 42.
	require AnyEvent/Subprocess/Types.pm called at /opt/perl-5.22.3-RC5/lib/site_perl/5.22.3/AnyEvent/Subprocess/Done.pm line 9
	AnyEvent::Subprocess::Done::BEGIN() called at /opt/perl-5.22.3-RC5/lib/site_perl/5.22.3/AnyEvent/Subprocess/Types.pm line 0
	eval {...} called at /opt/perl-5.22.3-RC5/lib/site_perl/5.22.3/AnyEvent/Subprocess/Types.pm line 0
	require AnyEvent/Subprocess/Done.pm called at /opt/perl-5.22.3-RC5/lib/site_perl/5.22.3/AnyEvent/Subprocess/Running.pm line 10
	AnyEvent::Subprocess::Running::BEGIN() called at /opt/perl-5.22.3-RC5/lib/site_perl/5.22.3/AnyEvent/Subprocess/Types.pm line 0
	eval {...} called at /opt/perl-5.22.3-RC5/lib/site_perl/5.22.3/AnyEvent/Subprocess/Types.pm line 0
	require AnyEvent/Subprocess/Running.pm called at /opt/perl-5.22.3-RC5/lib/site_perl/5.22.3/Module/Runtime.pm line 317
	Module::Runtime::require_module("AnyEvent::Subprocess::Running") called at /opt/perl-5.22.3-RC5/lib/site_perl/5.22.3/Module/Runtime.pm line 381
	eval {...} called at /opt/perl-5.22.3-RC5/lib/site_perl/5.22.3/Module/Runtime.pm line 381
	Module::Runtime::use_package_optimistically("AnyEvent::Subprocess::Running") called at /opt/perl-5.22.3-RC5/lib/site_perl/5.22.3/x86_64-linux/Moose/Util.pm line 352
	Moose::Util::_load_user_class("AnyEvent::Subprocess::Running", undef) called at /opt/perl-5.22.3-RC5/lib/site_perl/5.22.3/x86_64-linux/Moose/Meta/Class.pm line 561
	Moose::Meta::Class::superclasses(undef, "AnyEvent::Subprocess::Running") called at /opt/perl-5.22.3-RC5/lib/site_perl/5.22.3/x86_64-linux/Moose.pm line 53
	Moose::extends(Moose::Meta::Class=HASH(0x376d2c0), "AnyEvent::Subprocess::Running") called at /opt/perl-5.22.3-RC5/lib/site_perl/5.22.3/x86_64-linux/Moose/Exporter.pm line 419
	Moose::extends("AnyEvent::Subprocess::Running") called at /tmpfs/.cpan-build-cpansand/2017011012/Net-SSH-Mechanize-0.1.3-0/t/../lib/Net/SSH/Mechanize/Session.pm line 10
	require Net/SSH/Mechanize/Session.pm called at /tmpfs/.cpan-build-cpansand/2017011012/Net-SSH-Mechanize-0.1.3-0/t/../lib/Net/SSH/Mechanize.pm line 7
	Net::SSH::Mechanize::BEGIN() called at /opt/perl-5.22.3-RC5/lib/site_perl/5.22.3/AnyEvent/Subprocess/Types.pm line 0
	eval {...} called at /opt/perl-5.22.3-RC5/lib/site_perl/5.22.3/AnyEvent/Subprocess/Types.pm line 0
	require Net/SSH/Mechanize.pm called at t/01.single-sudo-capture.t line 10
	main::BEGIN() called at /opt/perl-5.22.3-RC5/lib/site_perl/5.22.3/AnyEvent/Subprocess/Types.pm line 0
	eval {...} called at /opt/perl-5.22.3-RC5/lib/site_perl/5.22.3/AnyEvent/Subprocess/Types.pm line 0
unexpected stderr from sudo command: stderr output
t/01.single-sudo-capture.t .. ok
Passing a list of values to enum is deprecated. Enum values should be wrapped in an arrayref. at /opt/perl-5.22.3-RC5/lib/site_perl/5.22.3/AnyEvent/Subprocess/Types.pm line 42.
	require AnyEvent/Subprocess/Types.pm called at /opt/perl-5.22.3-RC5/lib/site_perl/5.22.3/AnyEvent/Subprocess/Done.pm line 9
	AnyEvent::Subprocess::Done::BEGIN() called at /opt/perl-5.22.3-RC5/lib/site_perl/5.22.3/AnyEvent/Subprocess/Types.pm line 0
	eval {...} called at /opt/perl-5.22.3-RC5/lib/site_perl/5.22.3/AnyEvent/Subprocess/Types.pm line 0
	require AnyEvent/Subprocess/Done.pm called at /opt/perl-5.22.3-RC5/lib/site_perl/5.22.3/AnyEvent/Subprocess/Running.pm line 10
	AnyEvent::Subprocess::Running::BEGIN() called at /opt/perl-5.22.3-RC5/lib/site_perl/5.22.3/AnyEvent/Subprocess/Types.pm line 0
	eval {...} called at /opt/perl-5.22.3-RC5/lib/site_perl/5.22.3/AnyEvent/Subprocess/Types.pm line 0
	require AnyEvent/Subprocess/Running.pm called at /opt/perl-5.22.3-RC5/lib/site_perl/5.22.3/Module/Runtime.pm line 317
	Module::Runtime::require_module("AnyEvent::Subprocess::Running") called at /opt/perl-5.22.3-RC5/lib/site_perl/5.22.3/Module/Runtime.pm line 381
	eval {...} called at /opt/perl-5.22.3-RC5/lib/site_perl/5.22.3/Module/Runtime.pm line 381
	Module::Runtime::use_package_optimistically("AnyEvent::Subprocess::Running") called at /opt/perl-5.22.3-RC5/lib/site_perl/5.22.3/x86_64-linux/Moose/Util.pm line 352
	Moose::Util::_load_user_class("AnyEvent::Subprocess::Running", undef) called at /opt/perl-5.22.3-RC5/lib/site_perl/5.22.3/x86_64-linux/Moose/Meta/Class.pm line 561
	Moose::Meta::Class::superclasses(undef, "AnyEvent::Subprocess::Running") called at /opt/perl-5.22.3-RC5/lib/site_perl/5.22.3/x86_64-linux/Moose.pm line 53
	Moose::extends(Moose::Meta::Class=HASH(0x2deaf78), "AnyEvent::Subprocess::Running") called at /opt/perl-5.22.3-RC5/lib/site_perl/5.22.3/x86_64-linux/Moose/Exporter.pm line 419
	Moose::extends("AnyEvent::Subprocess::Running") called at /tmpfs/.cpan-build-cpansand/2017011012/Net-SSH-Mechanize-0.1.3-0/t/../lib/Net/SSH/Mechanize/Session.pm line 10
	require Net/SSH/Mechanize/Session.pm called at /tmpfs/.cpan-build-cpansand/2017011012/Net-SSH-Mechanize-0.1.3-0/t/../lib/Net/SSH/Mechanize.pm line 7
	Net::SSH::Mechanize::BEGIN() called at /opt/perl-5.22.3-RC5/lib/site_perl/5.22.3/AnyEvent/Subprocess/Types.pm line 0
	eval {...} called at /opt/perl-5.22.3-RC5/lib/site_perl/5.22.3/AnyEvent/Subprocess/Types.pm line 0
	require Net/SSH/Mechanize.pm called at t/02.multi-capture.t line 10
	main::BEGIN() called at /opt/perl-5.22.3-RC5/lib/site_perl/5.22.3/AnyEvent/Subprocess/Types.pm line 0
	eval {...} called at /opt/perl-5.22.3-RC5/lib/site_perl/5.22.3/AnyEvent/Subprocess/Types.pm line 0
unexpected stderr from command: Redundant argument in printf at /tmpfs/.cpan-build-cpansand/2017011012/Net-SSH-Mechanize-0.1.3-0/t/bin/mock-ssh line 134, <STDIN> line 4.
stderr output
unexpected stderr from command: Redundant argument in printf at /tmpfs/.cpan-build-cpansand/2017011012/Net-SSH-Mechanize-0.1.3-0/t/bin/mock-ssh line 134, <STDIN> line 4.
stderr output
unexpected stderr from command: Redundant argument in printf at /tmpfs/.cpan-build-cpansand/2017011012/Net-SSH-Mechanize-0.1.3-0/t/bin/mock-ssh line 134, <STDIN> line 4.
stderr output
unexpected stderr from command: Redundant argument in printf at /tmpfs/.cpan-build-cpansand/2017011012/Net-SSH-Mechanize-0.1.3-0/t/bin/mock-ssh line 134, <STDIN> line 4.
stderr output
unexpected stderr from command: Redundant argument in printf at /tmpfs/.cpan-build-cpansand/2017011012/Net-SSH-Mechanize-0.1.3-0/t/bin/mock-ssh line 134, <STDIN> line 4.
stderr output
Redundant argument in sprintf at /tmpfs/.cpan-build-cpansand/2017011012/Net-SSH-Mechanize-0.1.3-0/t/../lib/Net/SSH/Mechanize.pm line 120.
Redundant argument in sprintf at /tmpfs/.cpan-build-cpansand/2017011012/Net-SSH-Mechanize-0.1.3-0/t/../lib/Net/SSH/Mechanize.pm line 120.
Redundant argument in sprintf at /tmpfs/.cpan-build-cpansand/2017011012/Net-SSH-Mechanize-0.1.3-0/t/../lib/Net/SSH/Mechanize.pm line 120.
Redundant argument in sprintf at /tmpfs/.cpan-build-cpansand/2017011012/Net-SSH-Mechanize-0.1.3-0/t/../lib/Net/SSH/Mechanize.pm line 120.
Redundant argument in sprintf at /tmpfs/.cpan-build-cpansand/2017011012/Net-SSH-Mechanize-0.1.3-0/t/../lib/Net/SSH/Mechanize.pm line 120.
unexpected stderr from command: Redundant argument in printf at /tmpfs/.cpan-build-cpansand/2017011012/Net-SSH-Mechanize-0.1.3-0/t/bin/mock-ssh line 134, <STDIN> line 4.
stderr output
unexpected stderr from command: Redundant argument in printf at /tmpfs/.cpan-build-cpansand/2017011012/Net-SSH-Mechanize-0.1.3-0/t/bin/mock-ssh line 134, <STDIN> line 4.
stderr output
unexpected stderr from command: Redundant argument in printf at /tmpfs/.cpan-build-cpansand/2017011012/Net-SSH-Mechanize-0.1.3-0/t/bin/mock-ssh line 134, <STDIN> line 4.
stderr output
Redundant argument in sprintf at /tmpfs/.cpan-build-cpansand/2017011012/Net-SSH-Mechanize-0.1.3-0/t/../lib/Net/SSH/Mechanize.pm line 120.
unexpected stderr from command: Redundant argument in printf at /tmpfs/.cpan-build-cpansand/2017011012/Net-SSH-Mechanize-0.1.3-0/t/bin/mock-ssh line 134, <STDIN> line 4.
stderr output
Redundant argument in sprintf at /tmpfs/.cpan-build-cpansand/2017011012/Net-SSH-Mechanize-0.1.3-0/t/../lib/Net/SSH/Mechanize.pm line 120.
unexpected stderr from command: Redundant argument in printf at /tmpfs/.cpan-build-cpansand/2017011012/Net-SSH-Mechanize-0.1.3-0/t/bin/mock-ssh line 134, <STDIN> line 4.
stderr output
Redundant argument in sprintf at /tmpfs/.cpan-build-cpansand/2017011012/Net-SSH-Mechanize-0.1.3-0/t/../lib/Net/SSH/Mechanize.pm line 120.
Redundant argument in sprintf at /tmpfs/.cpan-build-cpansand/2017011012/Net-SSH-Mechanize-0.1.3-0/t/../lib/Net/SSH/Mechanize.pm line 120.
t/02.multi-capture.t ........ ok
t/author-critic.t ........... skipped: these tests are for testing by the author
t/release-pod-coverage.t .... skipped: these tests are for release candidate testing
t/release-pod-syntax.t ...... skipped: these tests are for release candidate testing

Test Summary Report
-------------------
t/01.pod.t                (Wstat: 256 Tests: 4 Failed: 1)
  Failed test:  1
  Non-zero exit status: 1
Files=8, Tests=49,  3 wallclock secs ( 0.03 usr  0.04 sys +  2.15 cusr  0.40 csys =  2.62 CPU)
Result: FAIL
Failed 1/8 test programs. 1/49 subtests failed.

------------------------------
PREREQUISITES
------------------------------

Prerequisite modules loaded:

requires:

    Module                        Need   Have    
    ----------------------------- ------ --------
    AnyEvent                      0      7.13    
    AnyEvent::Subprocess          0      1.102912
    AnyEvent::Subprocess::Running 0      1.102912
    Carp                          0      1.38    
    Coro                          0      6.511   
    Moose                         0      2.1807  
    MooseX::Params::Validate      0      0.21    

build_requires:

    Module                        Need   Have    
    ----------------------------- ------ --------
    Config                        0      5.022003
    English                       0      1.09    
    File::Find                    0      1.29    
    FindBin                       0      1.51    
    Getopt::Long                  0      2.49    
    Module::Build                 0.2808 0.4220  
    Pod::Coverage::TrustPod       0      0.100003
    strict                        0      1.09    
    Test::More                    0      1.302073
    Text::ParseWords              0      3.30    
    warnings                      0      1.34    

configure_requires:

    Module                        Need   Have    
    ----------------------------- ------ --------
    Module::Build                 0.2808 0.4220  


------------------------------
ENVIRONMENT AND OTHER CONTEXT
------------------------------

Environment variables:

    LANG = C
    LC_ALL = de_DE.UTF-8
    PATH = /usr/local/bin:/usr/bin:/bin:/usr/local/sbin:/usr/sbin:/sbin:/home/cpansand/bin/linux-gnu:/home/cpansand/bin/sh:/home/cpansand/bin:/usr/games:/home/cpansand/devel:/home/eserte/src/srezic-misc/scripts
    PERL5LIB = 
    PERL5OPT = 
    PERL5_CPANPLUS_IS_RUNNING = 31860
    PERL5_CPAN_IS_RUNNING = 31860
    PERL5_CPAN_IS_RUNNING_IN_RECURSION = 12201,31860
    PERLDOC = -MPod::Perldoc::ToTextOverstrike
    PERL_BATCH = yes
    PERL_CANARY_STABILITY_NOPROMPT = 1
    PERL_CPAN_REPORTER_CONFIG = /var/tmp/cpansmoker-1023/2017010921/cpanreporter_001_config.ini
    PERL_EXTUTILS_AUTOINSTALL = --defaultdeps
    PERL_PARALLEL_SMOKER = yes
    PERL_USE_UNSAFE_INC = 1
    SHELL = /bin/zsh
    TERM = screen
    TMPDIR = /var/tmp/cpansmoker-1023/2017010921

Perl special variables (and OS-specific diagnostics, for MSWin32):

    $^X = /bbbike/perl-5.22.3-RC5/bin/perl
    $UID/$EUID = 1023 / 1023
    $GID = 1023 1023
    $EGID = 1023 1023

Perl module toolchain versions installed:

    Module              Have    
    ------------------- --------
    CPAN                2.14    
    CPAN::Meta          2.150010
    Cwd                 3.62    
    ExtUtils::CBuilder  0.280224
    ExtUtils::Command   7.24    
    ExtUtils::Install   2.04    
    ExtUtils::MakeMaker 7.24    
    ExtUtils::Manifest  1.70    
    ExtUtils::ParseXS   3.30    
    File::Spec          3.62    
    JSON                2.90    
    JSON::PP            2.27400 
    Module::Build       0.4220  
    Module::Signature   0.81    
    Parse::CPAN::Meta   2.150010
    Test::Harness       3.36    
    Test::More          1.302073
    YAML                1.21    
    YAML::Syck          1.29    
    version             0.9917  


--

Summary of my perl5 (revision 5 version 22 subversion 3) configuration:
   
  Platform:
    osname=linux, osvers=3.16.0-4-amd64, archname=x86_64-linux
    uname='linux eserte 3.16.0-4-amd64 #1 smp debian 3.16.36-1+deb8u2 (2016-10-19) x86_64 gnulinux '
    config_args='-ds -e -Dprefix=/opt/perl-5.22.3-RC5 -Dcf_email=srezic@cpan.org'
    hint=recommended, useposix=true, d_sigaction=define
    useithreads=undef, usemultiplicity=undef
    use64bitint=define, use64bitall=define, uselongdouble=undef
    usemymalloc=n, bincompat5005=undef
  Compiler:
    cc='cc', ccflags ='-fwrapv -fno-strict-aliasing -pipe -fstack-protector-strong -I/usr/local/include -D_LARGEFILE_SOURCE -D_FILE_OFFSET_BITS=64 -D_FORTIFY_SOURCE=2',
    optimize='-O2',
    cppflags='-fwrapv -fno-strict-aliasing -pipe -fstack-protector-strong -I/usr/local/include'
    ccversion='', gccversion='4.9.2', gccosandvers=''
    intsize=4, longsize=8, ptrsize=8, doublesize=8, byteorder=12345678, doublekind=3
    d_longlong=define, longlongsize=8, d_longdbl=define, longdblsize=16, longdblkind=3
    ivtype='long', ivsize=8, nvtype='double', nvsize=8, Off_t='off_t', lseeksize=8
    alignbytes=8, prototype=define
  Linker and Libraries:
    ld='cc', ldflags =' -fstack-protector-strong -L/usr/local/lib'
    libpth=/usr/local/lib /usr/lib/gcc/x86_64-linux-gnu/4.9/include-fixed /usr/include/x86_64-linux-gnu /usr/lib /lib/x86_64-linux-gnu /lib/../lib /usr/lib/x86_64-linux-gnu /usr/lib/../lib /lib
    libs=-lpthread -lnsl -lgdbm -ldb -ldl -lm -lcrypt -lutil -lc -lgdbm_compat
    perllibs=-lpthread -lnsl -ldl -lm -lcrypt -lutil -lc
    libc=libc-2.19.so, so=so, useshrplib=false, libperl=libperl.a
    gnulibc_version='2.19'
  Dynamic Linking:
    dlsrc=dl_dlopen.xs, dlext=so, d_dlsymun=undef, ccdlflags='-Wl,-E'
    cccdlflags='-fPIC', lddlflags='-shared -O2 -L/usr/local/lib -fstack-protector-strong'


Characteristics of this binary (from libperl): 
  Compile-time options: HAS_TIMES PERLIO_LAYERS PERL_DONT_CREATE_GVSV
                        PERL_HASH_FUNC_ONE_AT_A_TIME_HARD PERL_MALLOC_WRAP
                        PERL_NEW_COPY_ON_WRITE PERL_PRESERVE_IVUV
                        USE_64_BIT_ALL USE_64_BIT_INT USE_LARGE_FILES
                        USE_LOCALE USE_LOCALE_COLLATE USE_LOCALE_CTYPE
                        USE_LOCALE_NUMERIC USE_LOCALE_TIME USE_PERLIO
                        USE_PERL_ATOF
  Locally applied patches:
	RC5
  Built under linux
  Compiled at Jan  5 2017 19:28:05
  %ENV:
    PERL5LIB=""
    PERL5OPT=""
    PERL5_CPANPLUS_IS_RUNNING="31860"
    PERL5_CPAN_IS_RUNNING="31860"
    PERL5_CPAN_IS_RUNNING_IN_RECURSION="12201,31860"
    PERLDOC="-MPod::Perldoc::ToTextOverstrike"
    PERL_BATCH="yes"
    PERL_CANARY_STABILITY_NOPROMPT="1"
    PERL_CPAN_REPORTER_CONFIG="/var/tmp/cpansmoker-1023/2017010921/cpanreporter_001_config.ini"
    PERL_EXTUTILS_AUTOINSTALL="--defaultdeps"
    PERL_PARALLEL_SMOKER="yes"
    PERL_USE_UNSAFE_INC="1"
  @INC:
    /opt/perl-5.22.3-RC5/lib/site_perl/5.22.3/x86_64-linux
    /opt/perl-5.22.3-RC5/lib/site_perl/5.22.3
    /opt/perl-5.22.3-RC5/lib/5.22.3/x86_64-linux
    /opt/perl-5.22.3-RC5/lib/5.22.3
    .