Back
From: metabase:user:3198cbe2-2aae-11df-837a-5e0a49663a4f
Subject: FAIL MooseX-DOM-0.00999_02 v5.18.0 GNU/Linux
Date: 2013-11-29T21:03:12Z
This distribution has been tested as part of the CPAN Testers
project, supporting the Perl programming language. See
http://wiki.cpantesters.org/ for more information or email
questions to cpan-testers-discuss@perl.org
--
Dear Daisuke Maki,
This is a computer-generated report for MooseX-DOM-0.00999_02
on perl 5.18.0, created by CPAN-Reporter-1.2010.
Thank you for uploading your work to CPAN. However, there was a problem
testing your distribution.
If you think this report is invalid, please consult the CPAN Testers Wiki
for suggestions on how to avoid getting FAIL reports for missing library
or binary dependencies, unsupported operating systems, and so on:
http://wiki.cpantesters.org/wiki/CPANAuthorNotes
Sections of this report:
* Tester comments
* Program output
* Prerequisites
* Environment and other context
------------------------------
TESTER COMMENTS
------------------------------
Additional comments from tester:
this report is from an automated smoke testing program
and was not reviewed by a human for accuracy
------------------------------
PROGRAM OUTPUT
------------------------------
Output from '/usr/bin/make test':
PERL_DL_NONLAZY=1 /home/graham/perls/perl5.18.0/bin/perl "-MExtUtils::Command::MM" "-MTest::Harness" "-e" "undef *Test::Harness::Switches; test_harness(0, 'inc', 'blib/lib', 'blib/arch')" t/*.t t/*/*.t
t/99-pod-coverage.t .. skipped: Enable TEST_POD environment variable to test POD
t/99-pod.t ........... skipped: Enable TEST_POD environment variable to test POD
Class::MOP::load_class is deprecated at /home/graham/perls/perl5.18.0/lib/site_perl/5.18.0/x86_64-linux/Class/MOP.pm line 76.
Class::MOP::load_class("MooseX::DOM::Meta::LibXML") called at /home/graham/perls/caches/perl-5.18.0/build/MooseX-DOM-0.00999-xwqCDj/blib/lib/MooseX/DOM.pm line 17
MooseX::DOM::import("MooseX::DOM") called at t/lib/Test/MooseX/DOM/Recipe001.pm line 5
Test::MooseX::DOM::Recipe001::BEGIN() called at t/lib/Test/MooseX/DOM/Recipe001.pm line 5
eval {...} called at t/lib/Test/MooseX/DOM/Recipe001.pm line 5
require Test/MooseX/DOM/Recipe001.pm called at t/recipe/001.t line 7
main::BEGIN() called at t/lib/Test/MooseX/DOM/Recipe001.pm line 5
eval {...} called at t/lib/Test/MooseX/DOM/Recipe001.pm line 5
eval 'package main;
#line 7 t/recipe/001.t
use Test::MooseX::DOM::Recipe001 @{$args[0]};
1;
' called at /home/graham/perls/perl5.18.0/lib/5.18.0/Test/More.pm line 992
Test::More::_eval("package main;\x{a}\x{a}#line 7 t/recipe/001.t\x{a}use Test::MooseX::DOM::"..., ARRAY(0x23443e8)) called at /home/graham/perls/perl5.18.0/lib/5.18.0/Test/More.pm line 967
Test::More::use_ok("Test::MooseX::DOM::Recipe001") called at t/recipe/001.t line 7
main::BEGIN() called at t/lib/Test/MooseX/DOM/Recipe001.pm line 5
eval {...} called at t/lib/Test/MooseX/DOM/Recipe001.pm line 5
# Failed test 'use Test::MooseX::DOM::Recipe001;'
# at t/recipe/001.t line 7.
# Tried to use 'Test::MooseX::DOM::Recipe001'.
# Error: Undefined subroutine &Moose::Util::MetaRole::apply_metaclass_roles called at /home/graham/perls/caches/perl-5.18.0/build/MooseX-DOM-0.00999-xwqCDj/blib/lib/MooseX/DOM.pm line 19.
# BEGIN failed--compilation aborted at t/lib/Test/MooseX/DOM/Recipe001.pm line 5.
# Compilation failed in require at t/recipe/001.t line 7.
# BEGIN failed--compilation aborted at t/recipe/001.t line 7.
Can't locate object method "parse_string" via package "Test::MooseX::DOM::Recipe001" at t/recipe/001.t line 10.
# Looks like you planned 5 tests but ran 1.
# Looks like you failed 1 test of 1 run.
# Looks like your test exited with 255 just after 1.
t/recipe/001.t .......
Dubious, test returned 255 (wstat 65280, 0xff00)
Failed 5/5 subtests
Class::MOP::load_class is deprecated at /home/graham/perls/perl5.18.0/lib/site_perl/5.18.0/x86_64-linux/Class/MOP.pm line 76.
Class::MOP::load_class("MooseX::DOM::Meta::LibXML") called at /home/graham/perls/caches/perl-5.18.0/build/MooseX-DOM-0.00999-xwqCDj/blib/lib/MooseX/DOM.pm line 17
MooseX::DOM::import("MooseX::DOM") called at t/lib/Test/MooseX/DOM/Recipe002.pm line 5
Test::MooseX::DOM::Recipe002::BEGIN() called at t/lib/Test/MooseX/DOM/Recipe002.pm line 5
eval {...} called at t/lib/Test/MooseX/DOM/Recipe002.pm line 5
require Test/MooseX/DOM/Recipe002.pm called at t/recipe/002.t line 7
main::BEGIN() called at t/lib/Test/MooseX/DOM/Recipe002.pm line 5
eval {...} called at t/lib/Test/MooseX/DOM/Recipe002.pm line 5
eval 'package main;
#line 7 t/recipe/002.t
use Test::MooseX::DOM::Recipe002 @{$args[0]};
1;
' called at /home/graham/perls/perl5.18.0/lib/5.18.0/Test/More.pm line 992
Test::More::_eval("package main;\x{a}\x{a}#line 7 t/recipe/002.t\x{a}use Test::MooseX::DOM::"..., ARRAY(0x1e28408)) called at /home/graham/perls/perl5.18.0/lib/5.18.0/Test/More.pm line 967
Test::More::use_ok("Test::MooseX::DOM::Recipe002") called at t/recipe/002.t line 7
main::BEGIN() called at t/lib/Test/MooseX/DOM/Recipe002.pm line 5
eval {...} called at t/lib/Test/MooseX/DOM/Recipe002.pm line 5
# Failed test 'use Test::MooseX::DOM::Recipe002;'
# at t/recipe/002.t line 7.
# Tried to use 'Test::MooseX::DOM::Recipe002'.
# Error: Undefined subroutine &Moose::Util::MetaRole::apply_metaclass_roles called at /home/graham/perls/caches/perl-5.18.0/build/MooseX-DOM-0.00999-xwqCDj/blib/lib/MooseX/DOM.pm line 19.
# BEGIN failed--compilation aborted at t/lib/Test/MooseX/DOM/Recipe002.pm line 5.
# Compilation failed in require at t/recipe/002.t line 7.
# BEGIN failed--compilation aborted at t/recipe/002.t line 7.
Can't locate object method "parse_string" via package "Test::MooseX::DOM::Recipe002" at t/recipe/002.t line 10.
# Looks like you planned 5 tests but ran 1.
# Looks like you failed 1 test of 1 run.
# Looks like your test exited with 255 just after 1.
t/recipe/002.t .......
Dubious, test returned 255 (wstat 65280, 0xff00)
Failed 5/5 subtests
Test Summary Report
-------------------
t/recipe/001.t (Wstat: 65280 Tests: 1 Failed: 1)
Failed test: 1
Non-zero exit status: 255
Parse errors: Bad plan. You planned 5 tests but ran 1.
t/recipe/002.t (Wstat: 65280 Tests: 1 Failed: 1)
Failed test: 1
Non-zero exit status: 255
Parse errors: Bad plan. You planned 5 tests but ran 1.
Files=4, Tests=2, 1 wallclock secs ( 0.03 usr 0.01 sys + 0.74 cusr 0.03 csys = 0.81 CPU)
Result: FAIL
Failed 2/4 test programs. 2/2 subtests failed.
Makefile:794: recipe for target 'test_dynamic' failed
make: *** [test_dynamic] Error 255
------------------------------
PREREQUISITES
------------------------------
Prerequisite modules loaded:
requires:
Module Need Have
------------------- ------ --------
ExtUtils::MakeMaker 6.8305 6.83_05
Moose 0 2.1106
Test::More 0 1.001002
Test::UseAllModules 0 0.14
XML::LibXML 0 2.0107
build_requires:
Module Need Have
------------------- ------ --------
ExtUtils::MakeMaker 0 6.83_05
------------------------------
ENVIRONMENT AND OTHER CONTEXT
------------------------------
Environment variables:
AUTOMATED_TESTING = 1
LANG = en_GB.UTF-8
LC_ADDRESS = en_GB.UTF-8
LC_COLLATE = en_GB.UTF-8
LC_CTYPE = en_GB.UTF-8
LC_IDENTIFICATION = en_GB.UTF-8
LC_MEASUREMENT = en_GB.UTF-8
LC_MESSAGES = en_GB.UTF-8
LC_MONETARY = en_GB.UTF-8
LC_NAME = en_GB.UTF-8
LC_NUMERIC = en_GB.UTF-8
LC_PAPER = en_GB.UTF-8
LC_TELEPHONE = en_GB.UTF-8
LC_TIME = en_GB.UTF-8
PATH = /home/graham/perls/perl5.18.0/bin:/home/graham/perls/perl5.18.0/bin:/usr/local/sbin:/usr/local/bin:/usr/bin:/usr/bin/core_perl
PERL5LIB =
PERL5OPT =
PERL5_CPANPLUS_IS_RUNNING = 14865
PERL5_CPAN_IS_RUNNING = 14865
PERL5_CPAN_IS_RUNNING_IN_RECURSION = 25872,14865
PERL_CR_SMOKER_CURRENT = MooseX-DOM-0.00999_02
PERL_EXTUTILS_AUTOINSTALL = --defaultdeps
PERL_MM_USE_DEFAULT = 1
SHELL = /bin/bash
TERM = xterm
Perl special variables (and OS-specific diagnostics, for MSWin32):
$^X = /home/graham/perls/perl5.18.0/bin/perl
$UID/$EUID = 1000 / 1000
$GID = 100 10 100
$EGID = 100 10 100
Perl module toolchain versions installed:
Module Have
------------------- --------
CPAN 1.9402
CPAN::Meta 2.132830
Cwd 3.40
ExtUtils::CBuilder 0.280212
ExtUtils::Command 1.18
ExtUtils::Install 1.59
ExtUtils::MakeMaker 6.83_05
ExtUtils::Manifest 1.63
ExtUtils::ParseXS 3.22
File::Spec 3.40
JSON 2.90
JSON::PP 2.27203
Module::Build 0.4003
Module::Signature n/a
Parse::CPAN::Meta 1.4409
Test::Harness 3.30
Test::More 1.001002
YAML 0.86
YAML::Syck 1.27
version 0.9904
--
Summary of my perl5 (revision 5 version 18 subversion 0) configuration:
Platform:
osname=linux, osvers=3.11.6-1-arch, archname=x86_64-linux
uname='linux arch002 3.11.6-1-arch #1 smp preempt fri oct 18 23:22:36 cest 2013 x86_64 gnulinux '
config_args=''
hint=recommended, useposix=true, d_sigaction=define
useithreads=undef, usemultiplicity=undef
useperlio=define, d_sfio=undef, uselargefiles=define, usesocks=undef
use64bitint=define, use64bitall=define, uselongdouble=undef
usemymalloc=n, bincompat5005=undef
Compiler:
cc='cc', ccflags ='-fno-strict-aliasing -pipe -fstack-protector -I/usr/local/include -D_LARGEFILE_SOURCE -D_FILE_OFFSET_BITS=64',
optimize='-O2',
cppflags='-fno-strict-aliasing -pipe -fstack-protector -I/usr/local/include'
ccversion='', gccversion='4.8.2', gccosandvers=''
intsize=4, longsize=8, ptrsize=8, doublesize=8, byteorder=12345678
d_longlong=define, longlongsize=8, d_longdbl=define, longdblsize=16
ivtype='long', ivsize=8, nvtype='double', nvsize=8, Off_t='off_t', lseeksize=8
alignbytes=8, prototype=define
Linker and Libraries:
ld='cc', ldflags =' -fstack-protector -L/usr/local/lib'
libpth=/usr/local/lib /lib/../lib /usr/lib/../lib /lib /usr/lib /lib64 /usr/lib64
libs=-lnsl -lgdbm -ldb -ldl -lm -lcrypt -lutil -lc -lgdbm_compat
perllibs=-lnsl -ldl -lm -lcrypt -lutil -lc
libc=/lib/libc-2.18.so, so=so, useshrplib=false, libperl=libperl.a
gnulibc_version='2.18'
Dynamic Linking:
dlsrc=dl_dlopen.xs, dlext=so, d_dlsymun=undef, ccdlflags='-Wl,-E'
cccdlflags='-fPIC', lddlflags='-shared -O2 -L/usr/local/lib -fstack-protector'
Characteristics of this binary (from libperl):
Compile-time options: HAS_TIMES PERLIO_LAYERS PERL_DONT_CREATE_GVSV
PERL_HASH_FUNC_ONE_AT_A_TIME_HARD PERL_MALLOC_WRAP
PERL_PRESERVE_IVUV PERL_SAWAMPERSAND USE_64_BIT_ALL
USE_64_BIT_INT USE_LARGE_FILES USE_LOCALE
USE_LOCALE_COLLATE USE_LOCALE_CTYPE
USE_LOCALE_NUMERIC USE_PERLIO USE_PERL_ATOF
Built under linux
Compiled at Nov 3 2013 12:53:49
%ENV:
PERL5LIB=""
PERL5OPT=""
PERL5_CPANPLUS_IS_RUNNING="14865"
PERL5_CPAN_IS_RUNNING="14865"
PERL5_CPAN_IS_RUNNING_IN_RECURSION="25872,14865"
PERL_CR_SMOKER_CURRENT="MooseX-DOM-0.00999_02"
PERL_EXTUTILS_AUTOINSTALL="--defaultdeps"
PERL_MM_USE_DEFAULT="1"
@INC:
/home/graham/perls/perl5.18.0/lib/site_perl/5.18.0/x86_64-linux
/home/graham/perls/perl5.18.0/lib/site_perl/5.18.0
/home/graham/perls/perl5.18.0/lib/5.18.0/x86_64-linux
/home/graham/perls/perl5.18.0/lib/5.18.0
.