FFmpeg-Command v0.19 Perl 5 v5.34.0 amd64-freebsd
- Status
- Fail
- From
- Slaven Rezić
- Dist
-
FFmpeg-Command v0.19
- Platform
- Perl 5 v5.34.0 amd64-freebsd
- Date
- 2023-03-30 08:48:35
- ID
- a85a9bd0-ced7-11ed-a9cf-7a3d6e8775ea
This distribution has been tested as part of the CPAN Testers
project, supporting the Perl programming language. See
http://wiki.cpantesters.org/ for more information or email
questions to cpan-testers-discuss@perl.org
--
Dear Gosuke Miyashita,
This is a computer-generated report for FFmpeg-Command-0.19
on perl 5.34.0, created by CPAN-Reporter-1.2018.
Thank you for uploading your work to CPAN. However, there was a problem
testing your distribution.
If you think this report is invalid, please consult the CPAN Testers Wiki
for suggestions on how to avoid getting FAIL reports for missing library
or binary dependencies, unsupported operating systems, and so on:
http://wiki.cpantesters.org/wiki/CPANAuthorNotes
Sections of this report:
* Tester comments
* Program output
* Prerequisites
* Environment and other context
------------------------------
TESTER COMMENTS
------------------------------
Additional comments from tester:
none provided
------------------------------
PROGRAM OUTPUT
------------------------------
Output from '/usr/bin/make test':
PERL_DL_NONLAZY=1 "/usr/perl5.34.0p/bin/perl5.34.0" "-MExtUtils::Command::MM" "-MTest::Harness" "-e" "undef *Test::Harness::Switches; test_harness(0, 'blib/lib', 'blib/arch')" t/*.t
# Testing FFmpeg::Command 0.19, Perl 5.034000, /usr/perl5.34.0p/bin/perl5.34.0
t/00-load.t ............ ok
t/01-coderef.t ......... ok
t/02-option_a.t ........ ok
t/03-option_b.t ........ ok
t/04-option_c.t ........ ok
t/05-option_d.t ........ ok
# Failed test at t/06-output_options.t line 25.
# got: 'ffmpeg -y -i in.mp4 -b 600 -f mp4 -ab 64 -acodec libaac -vcodec mpeg4 -s 320x240 -ar 48000 out.mp4'
# expected: 'ffmpeg -y -i in.mp4 -acodec libaac -b 600 -f mp4 -vcodec mpeg4 -ar 48000 -s 320x240 -ab 64 out.mp4'
# Failed test at t/06-output_options.t line 38.
# got: 'ffmpeg -y -i in.mp4 -ar 48000 -b 600 -acodec libfaac -ab 64 -f mp4 -vcodec mpeg4 -s 320x240 out.mp4'
# expected: 'ffmpeg -y -i in.mp4 -b 600 -acodec libfaac -f mp4 -vcodec mpeg4 -ar 48000 -s 320x240 -ab 64 out.mp4'
# Looks like you failed 2 tests of 2.
t/06-output_options.t ..
Dubious, test returned 2 (wstat 512, 0x200)
Failed 2/2 subtests
t/boilerplate.t ........ ok
t/pod-coverage.t ....... ok
t/pod.t ................ ok
Test Summary Report
-------------------
t/06-output_options.t (Wstat: 512 Tests: 2 Failed: 2)
Failed tests: 1-2
Non-zero exit status: 2
Files=10, Tests=15, 2 wallclock secs ( 0.05 usr 0.02 sys + 1.12 cusr 0.40 csys = 1.59 CPU)
Result: FAIL
Failed 1/10 test programs. 2/15 subtests failed.
*** Error code 255
Stop.
make: stopped in /usr/home/cpansand/.cpan/build/2023033008/FFmpeg-Command-0.19-2
------------------------------
PREREQUISITES
------------------------------
Prerequisite modules loaded:
requires:
Module Need Have
--------------------- ---- ----------
Class::Accessor::Fast 0 0.51
Class::ErrorHandler 0 0.04
IPC::Run 0 20200505.0
MIME::Types 0 2.24
Test::More 0 1.302192
build_requires:
Module Need Have
--------------------- ---- ----------
ExtUtils::MakeMaker 0 7.64
configure_requires:
Module Need Have
--------------------- ---- ----------
ExtUtils::MakeMaker 0 7.64
------------------------------
ENVIRONMENT AND OTHER CONTEXT
------------------------------
Environment variables:
PATH = /usr/local/bin:/usr/bin:/bin:/usr/local/sbin:/usr/sbin:/sbin:/home/cpansand/bin/sh:/home/cpansand/bin:/usr/games:/home/cpansand/devel:/usr/home/eserte/src/srezic-misc/scripts
PERL5LIB =
PERL5OPT =
PERL5_CPANPLUS_IS_RUNNING = 65217
PERL5_CPAN_IS_RUNNING = 65217
PERL5_CPAN_IS_RUNNING_IN_RECURSION = 64301,65217
PERL_BATCH = yes
PERL_CANARY_STABILITY_NOPROMPT = 1
PERL_CPAN_REPORTER_CONFIG = /var/tmp/cpansmoker-1023/2023033008/cpanreporter_000_config.ini
PERL_EXTUTILS_AUTOINSTALL = --defaultdeps
PERL_USE_UNSAFE_INC = 1
SHELL = /bin/sh
TMPDIR = /var/tmp/cpansmoker-1023/2023033008
Perl special variables (and OS-specific diagnostics, for MSWin32):
$^X = /usr/perl5.34.0p/bin/perl5.34.0
$UID/$EUID = 1023 / 1023
$GID = 1023 1023
$EGID = 1023 1023
Perl module toolchain versions installed:
Module Have
------------------- --------
CPAN 2.29
CPAN::Meta 2.150010
Cwd 3.80
ExtUtils::CBuilder 0.280236
ExtUtils::Command 7.64
ExtUtils::Install 2.20
ExtUtils::MakeMaker 7.64
ExtUtils::Manifest 1.73
ExtUtils::ParseXS 3.43
File::Spec 3.80
JSON 4.10
JSON::PP 4.15
Module::Build 0.4232
Module::Signature 0.88
Parse::CPAN::Meta 2.150010
Test::Harness 3.43
Test::More 1.302192
YAML 1.30
YAML::Syck 1.34
version 0.9929
--
Summary of my perl5 (revision 5 version 34 subversion 0) configuration:
Platform:
osname=freebsd
osvers=12.2-stable
archname=amd64-freebsd
uname='freebsd cloud1.bbbike.org 12.2-stable freebsd 12.2-stable stable12-n233163-8ab4e1b9512 generic amd64 '
config_args='-ds -e -Dprefix=/usr/perl5.34.0p -Dcf_email=srezic@cpan.org -Doptimize=-O2 -pipe'
hint=recommended
useposix=true
d_sigaction=define
useithreads=undef
usemultiplicity=undef
use64bitint=define
use64bitall=define
uselongdouble=undef
usemymalloc=n
default_inc_excludes_dot=define
Compiler:
cc='cc'
ccflags ='-DHAS_FPSETMASK -DHAS_FLOATINGPOINT_H -fno-strict-aliasing -pipe -fstack-protector-strong -I/usr/local/include'
optimize='-O2 -pipe'
cppflags='-DHAS_FPSETMASK -DHAS_FLOATINGPOINT_H -fno-strict-aliasing -pipe -fstack-protector-strong -I/usr/local/include'
ccversion=''
gccversion='FreeBSD Clang 10.0.1 (git@github.com:llvm/llvm-project.git llvmorg-10.0.1-0-gef32c611aa2)'
gccosandvers=''
intsize=4
longsize=8
ptrsize=8
doublesize=8
byteorder=12345678
doublekind=3
d_longlong=define
longlongsize=8
d_longdbl=define
longdblsize=16
longdblkind=3
ivtype='long'
ivsize=8
nvtype='double'
nvsize=8
Off_t='off_t'
lseeksize=8
alignbytes=8
prototype=define
Linker and Libraries:
ld='cc'
ldflags ='-pthread -Wl,-E -fstack-protector-strong -L/usr/local/lib'
libpth=/usr/lib /usr/local/lib /usr/lib/clang/10.0.1/lib
libs=-lpthread -lgdbm -ldl -lm -lcrypt -lutil -lc
perllibs=-lpthread -ldl -lm -lcrypt -lutil -lc
libc=
so=so
useshrplib=false
libperl=libperl.a
gnulibc_version=''
Dynamic Linking:
dlsrc=dl_dlopen.xs
dlext=so
d_dlsymun=undef
ccdlflags=' '
cccdlflags='-DPIC -fPIC'
lddlflags='-shared -L/usr/local/lib -fstack-protector-strong'
Characteristics of this binary (from libperl):
Compile-time options:
HAS_TIMES
PERLIO_LAYERS
PERL_COPY_ON_WRITE
PERL_DONT_CREATE_GVSV
PERL_MALLOC_WRAP
PERL_OP_PARENT
PERL_PRESERVE_IVUV
USE_64_BIT_ALL
USE_64_BIT_INT
USE_LARGE_FILES
USE_LOCALE
USE_LOCALE_COLLATE
USE_LOCALE_CTYPE
USE_LOCALE_NUMERIC
USE_LOCALE_TIME
USE_PERLIO
USE_PERL_ATOF
Built under freebsd
Compiled at May 25 2021 16:34:52
%ENV:
PERL5LIB=""
PERL5OPT=""
PERL5_CPANPLUS_IS_RUNNING="65217"
PERL5_CPAN_IS_RUNNING="65217"
PERL5_CPAN_IS_RUNNING_IN_RECURSION="64301,65217"
PERL_BATCH="yes"
PERL_CANARY_STABILITY_NOPROMPT="1"
PERL_CPAN_REPORTER_CONFIG="/var/tmp/cpansmoker-1023/2023033008/cpanreporter_000_config.ini"
PERL_EXTUTILS_AUTOINSTALL="--defaultdeps"
PERL_USE_UNSAFE_INC="1"
@INC:
/usr/perl5.34.0p/lib/site_perl/5.34.0/amd64-freebsd
/usr/perl5.34.0p/lib/site_perl/5.34.0
/usr/perl5.34.0p/lib/5.34.0/amd64-freebsd
/usr/perl5.34.0p/lib/5.34.0
.