Back
From: metabase:user:322078bc-2aae-11df-837a-5e0a49663a4f
Subject: FAIL Git-Repository-Plugin-Test-0.007 v5.18.1 GNU/Linux
Date: 2014-01-04T04:35:36Z
This distribution has been tested as part of the CPAN Testers
project, supporting the Perl programming language. See
http://wiki.cpantesters.org/ for more information or email
questions to cpan-testers-discuss@perl.org
--
Dear Nathan Nutter,
This is a computer-generated error report created automatically by
CPANPLUS, version 0.9144. Testers personal comments may appear
at the end of this report.
Thank you for uploading your work to CPAN. However, it appears that
there were some problems testing your distribution.
TEST RESULTS:
Below is the error stack from stage 'make test':
PERL_DL_NONLAZY=1 /home/cpan/pit/thr/perl-5.18.1/bin/perl "-MExtUtils::Command::MM" "-MTest::Harness" "-e" "undef *Test::Harness::Switches; test_harness(0, 'blib/lib', 'blib/arch')" t/*.t
t/branch_exists.t ... ok
Cloning into '/tmp/fsFyraxy_x'...
warning: You appear to have cloned an empty repository.
done. at /home/cpan/pit/thr/conf/perl-5.18.1/.cpanplus/5.18.1/build/Git-Repository-Plugin-Test-0.007/blib/lib/Git/Repository/Plugin/TestSetUp.pm line 34.
Cloning into bare repository '/tmp/NX_RsJ9I30'...
warning: You appear to have cloned an empty repository.
done. at /home/cpan/pit/thr/conf/perl-5.18.1/.cpanplus/5.18.1/build/Git-Repository-Plugin-Test-0.007/blib/lib/Git/Repository/Plugin/TestSetUp.pm line 34.
t/clone_tmp_repo.t .. ok
t/install_hook.t .... ok
t/new_tmp_repo.t .... ok
Can't locate Test/Fatal.pm in @INC (you may need to install the Test::Fatal module) (@INC contains: /home/cpan/pit/thr/conf/perl-5.18.1/.cpanplus/5.18.1/build/Git-Repository-Plugin-Test-0.007/blib/lib /home/cpan/pit/thr/conf/perl-5.18.1/.cpanplus/5.18.1/build/Git-Repository-Plugin-Test-0.007/blib/arch /home/cpan/pit/thr/conf/perl-5.18.1/.cpanplus/5.18.1/build/IPC-Run-0.92/blib/lib /home/cpan/pit/thr/conf/perl-5.18.1/.cpanplus/5.18.1/build/IPC-Run-0.92/blib/arch /home/cpan/pit/thr/conf/perl-5.18.1/.cpanplus/5.18.1/build/System-Command-1.107/blib/lib /home/cpan/pit/thr/conf/perl-5.18.1/.cpanplus/5.18.1/build/System-Command-1.107/blib/arch /home/cpan/pit/thr/conf/perl-5.18.1/.cpanplus/5.18.1/build/Git-Repository-1.309/blib/lib /home/cpan/pit/thr/conf/perl-5.18.1/.cpanplus/5.18.1/build/Git-Repository-1.309/blib/arch /home/cpan/pit/thr/conf/perl-5.18.1/.cpanplus/5.18.1/build/IPC-Run-0.92/blib/lib /home/cpan/pit/thr/conf/perl-5.18.1/.cpanplus/5.18.1/build/IPC-Run-0.92/blib/arch /home/cpan/pit/thr/conf/perl-5.18.1/.cpanplus/5.18.1/build/System-Command-1.107/blib/lib /home/cpan/pit/thr/conf/perl-5.18.1/.cpanplus/5.18.1/build/System-Command-1.107/blib/arch /home/cpan/pit/thr/conf/perl-5.18.1/.cpanplus/5.18.1/build/Git-Repository-1.309/blib/lib /home/cpan/pit/thr/conf/perl-5.18.1/.cpanplus/5.18.1/build/Git-Repository-1.309/blib/arch /home/cpan/pit/thr/conf/perl-5.18.1/.cpanplus/5.18.1/build/Git-Repository-Plugin-Test-0.007/blib/lib /home/cpan/pit/thr/conf/perl-5.18.1/.cpanplus/5.18.1/build/Git-Repository-Plugin-Test-0.007/blib/arch /home/cpan/pit/thr/perl-5.18.1/lib/site_perl/5.18.1/x86_64-linux-thread-multi /home/cpan/pit/thr/perl-5.18.1/lib/site_perl/5.18.1 /home/cpan/pit/thr/perl-5.18.1/lib/5.18.1/x86_64-linux-thread-multi /home/cpan/pit/thr/perl-5.18.1/lib/5.18.1 .) at t/options.t line 5.
BEGIN failed--compilation aborted at t/options.t line 5.
# Looks like your test exited with 2 before it could output anything.
t/options.t .........
Dubious, test returned 2 (wstat 512, 0x200)
Failed 3/3 subtests
t/run_exit.t ........ ok
Test Summary Report
-------------------
t/options.t (Wstat: 512 Tests: 0 Failed: 0)
Non-zero exit status: 2
Parse errors: Bad plan. You planned 3 tests but ran 0.
Files=6, Tests=15, 2 wallclock secs ( 0.09 usr 0.02 sys + 1.05 cusr 0.52 csys = 1.68 CPU)
Result: FAIL
Failed 1/6 test programs. 0/15 subtests failed.
make: *** [test_dynamic] Error 255
MISSING PREREQUISITES:
It was observed that the test suite seem to fail without these modules:
Test::Fatal
As such, adding the prerequisite module(s) to 'PREREQ_PM' in your
Makefile.PL should solve this problem. For example:
WriteMakefile(
AUTHOR => 'Nathan Nutter (nnutter@cpan.org)',
... # other information
PREREQ_PM => {
'Test::Fatal' => '0', # or a minimum working version
}
);
Thanks! :-)
PREREQUISITES:
Here is a list of prerequisites you specified and versions we
managed to load:
Module Name Have Want
Carp 1.29 0
File::Copy 2.26 0
File::Spec 3.40 0
File::Temp 0.2304 0
Git::Repository 1.309 1.13
Test::More 1.001002 0.94
Perl module toolchain versions installed:
Module Name Have
CPANPLUS 0.9144
CPANPLUS::Dist::Build 0.74
Cwd 3.40
ExtUtils::CBuilder 0.280212
ExtUtils::Command 1.17
ExtUtils::Install 1.59
ExtUtils::MakeMaker 6.84
ExtUtils::Manifest 1.63
ExtUtils::ParseXS 3.22
File::Spec 3.40
Module::Build 0.4203
Pod::Parser 1.60
Pod::Simple 3.28
Test::Harness 3.30
Test::More 1.001002
version 0.9904
******************************** NOTE ********************************
The comments above are created mechanically, possibly without manual
checking by the sender. As there are many people performing automatic
tests on each upload to CPAN, it is likely that you will receive
identical messages about the same problem.
If you believe that the message is mistaken, please reply to the first
one with correction and/or additional informations, and do not take
it personally. We appreciate your patience. :)
**********************************************************************
Additional comments:
This report was machine-generated by CPANPLUS::Dist::YACSmoke 0.90.
Powered by minismokebox version 0.58
------------------------------
ENVIRONMENT AND OTHER CONTEXT
------------------------------
Environment variables:
AUTOMATED_TESTING = 1
LANG = en_GB.UTF-8
LANGUAGE = en_GB:en
NONINTERACTIVE_TESTING = 1
PATH = /usr/local/sbin:/usr/local/bin:/usr/sbin:/usr/bin:/sbin:/bin:/usr/games
PERL5LIB = :/home/cpan/pit/thr/conf/perl-5.18.1/.cpanplus/5.18.1/build/IPC-Run-0.92/blib/lib:/home/cpan/pit/thr/conf/perl-5.18.1/.cpanplus/5.18.1/build/IPC-Run-0.92/blib/arch:/home/cpan/pit/thr/conf/perl-5.18.1/.cpanplus/5.18.1/build/System-Command-1.107/blib/lib:/home/cpan/pit/thr/conf/perl-5.18.1/.cpanplus/5.18.1/build/System-Command-1.107/blib/arch:/home/cpan/pit/thr/conf/perl-5.18.1/.cpanplus/5.18.1/build/Git-Repository-1.309/blib/lib:/home/cpan/pit/thr/conf/perl-5.18.1/.cpanplus/5.18.1/build/Git-Repository-1.309/blib/arch:/home/cpan/pit/thr/conf/perl-5.18.1/.cpanplus/5.18.1/build/Git-Repository-Plugin-Test-0.007/blib/lib:/home/cpan/pit/thr/conf/perl-5.18.1/.cpanplus/5.18.1/build/Git-Repository-Plugin-Test-0.007/blib/arch
PERL5_CPANPLUS_IS_RUNNING = 12203
PERL5_CPANPLUS_IS_VERSION = 0.9144
PERL5_MINISMOKEBOX = 0.58
PERL5_YACSMOKE_BASE = /home/cpan/pit/thr/conf/perl-5.18.1
PERL_EXTUTILS_AUTOINSTALL = --defaultdeps
PERL_MM_USE_DEFAULT = 1
SHELL = /bin/bash
TERM = screen
Perl special variables (and OS-specific diagnostics, for MSWin32):
Perl: $^X = /home/cpan/pit/thr/perl-5.18.1/bin/perl
UID: $< = 1001
EUID: $> = 1001
GID: $( = 1001 1001
EGID: $) = 1001 1001
-------------------------------
--
Summary of my perl5 (revision 5 version 18 subversion 1) configuration:
Platform:
osname=linux, osvers=3.11.0-13-generic, archname=x86_64-linux-thread-multi
uname='linux pluto 3.11.0-13-generic #20~precise2-ubuntu smp thu oct 24 21:04:34 utc 2013 x86_64 x86_64 x86_64 gnulinux '
config_args='-des -Dprefix=/home/cpan/pit/thr/perl-5.18.1 -Dusethreads'
hint=recommended, useposix=true, d_sigaction=define
useithreads=define, usemultiplicity=define
useperlio=define, d_sfio=undef, uselargefiles=define, usesocks=undef
use64bitint=define, use64bitall=define, uselongdouble=undef
usemymalloc=n, bincompat5005=undef
Compiler:
cc='cc', ccflags ='-D_REENTRANT -D_GNU_SOURCE -fno-strict-aliasing -pipe -fstack-protector -I/usr/local/include -D_LARGEFILE_SOURCE -D_FILE_OFFSET_BITS=64',
optimize='-O2',
cppflags='-D_REENTRANT -D_GNU_SOURCE -fno-strict-aliasing -pipe -fstack-protector -I/usr/local/include'
ccversion='', gccversion='4.6.3', gccosandvers=''
intsize=4, longsize=8, ptrsize=8, doublesize=8, byteorder=12345678
d_longlong=define, longlongsize=8, d_longdbl=define, longdblsize=16
ivtype='long', ivsize=8, nvtype='double', nvsize=8, Off_t='off_t', lseeksize=8
alignbytes=8, prototype=define
Linker and Libraries:
ld='cc', ldflags =' -fstack-protector -L/usr/local/lib'
libpth=/usr/local/lib /lib/x86_64-linux-gnu /lib/../lib /usr/lib/x86_64-linux-gnu /usr/lib/../lib /lib /usr/lib
libs=-lnsl -lgdbm -ldb -ldl -lm -lcrypt -lutil -lpthread -lc -lgdbm_compat
perllibs=-lnsl -ldl -lm -lcrypt -lutil -lpthread -lc
libc=, so=so, useshrplib=false, libperl=libperl.a
gnulibc_version='2.15'
Dynamic Linking:
dlsrc=dl_dlopen.xs, dlext=so, d_dlsymun=undef, ccdlflags='-Wl,-E'
cccdlflags='-fPIC', lddlflags='-shared -O2 -L/usr/local/lib -fstack-protector'
Characteristics of this binary (from libperl):
Compile-time options: HAS_TIMES MULTIPLICITY PERLIO_LAYERS
PERL_DONT_CREATE_GVSV
PERL_HASH_FUNC_ONE_AT_A_TIME_HARD
PERL_IMPLICIT_CONTEXT PERL_MALLOC_WRAP
PERL_PRESERVE_IVUV PERL_SAWAMPERSAND USE_64_BIT_ALL
USE_64_BIT_INT USE_ITHREADS USE_LARGE_FILES
USE_LOCALE USE_LOCALE_COLLATE USE_LOCALE_CTYPE
USE_LOCALE_NUMERIC USE_PERLIO USE_PERL_ATOF
USE_REENTRANT_API
Built under linux
Compiled at Nov 25 2013 23:29:11
%ENV:
PERL5LIB=":/home/cpan/pit/thr/conf/perl-5.18.1/.cpanplus/5.18.1/build/IPC-Run-0.92/blib/lib:/home/cpan/pit/thr/conf/perl-5.18.1/.cpanplus/5.18.1/build/IPC-Run-0.92/blib/arch:/home/cpan/pit/thr/conf/perl-5.18.1/.cpanplus/5.18.1/build/System-Command-1.107/blib/lib:/home/cpan/pit/thr/conf/perl-5.18.1/.cpanplus/5.18.1/build/System-Command-1.107/blib/arch:/home/cpan/pit/thr/conf/perl-5.18.1/.cpanplus/5.18.1/build/Git-Repository-1.309/blib/lib:/home/cpan/pit/thr/conf/perl-5.18.1/.cpanplus/5.18.1/build/Git-Repository-1.309/blib/arch:/home/cpan/pit/thr/conf/perl-5.18.1/.cpanplus/5.18.1/build/Git-Repository-Plugin-Test-0.007/blib/lib:/home/cpan/pit/thr/conf/perl-5.18.1/.cpanplus/5.18.1/build/Git-Repository-Plugin-Test-0.007/blib/arch"
PERL5_CPANPLUS_IS_RUNNING="12203"
PERL5_CPANPLUS_IS_VERSION="0.9144"
PERL5_MINISMOKEBOX="0.58"
PERL5_YACSMOKE_BASE="/home/cpan/pit/thr/conf/perl-5.18.1"
PERL_EXTUTILS_AUTOINSTALL="--defaultdeps"
PERL_MM_USE_DEFAULT="1"
@INC:
/home/cpan/pit/thr/conf/perl-5.18.1/.cpanplus/5.18.1/build/IPC-Run-0.92/blib/lib
/home/cpan/pit/thr/conf/perl-5.18.1/.cpanplus/5.18.1/build/IPC-Run-0.92/blib/arch
/home/cpan/pit/thr/conf/perl-5.18.1/.cpanplus/5.18.1/build/System-Command-1.107/blib/lib
/home/cpan/pit/thr/conf/perl-5.18.1/.cpanplus/5.18.1/build/System-Command-1.107/blib/arch
/home/cpan/pit/thr/conf/perl-5.18.1/.cpanplus/5.18.1/build/Git-Repository-1.309/blib/lib
/home/cpan/pit/thr/conf/perl-5.18.1/.cpanplus/5.18.1/build/Git-Repository-1.309/blib/arch
/home/cpan/pit/thr/conf/perl-5.18.1/.cpanplus/5.18.1/build/Git-Repository-Plugin-Test-0.007/blib/lib
/home/cpan/pit/thr/conf/perl-5.18.1/.cpanplus/5.18.1/build/Git-Repository-Plugin-Test-0.007/blib/arch
/home/cpan/pit/thr/perl-5.18.1/lib/site_perl/5.18.1/x86_64-linux-thread-multi
/home/cpan/pit/thr/perl-5.18.1/lib/site_perl/5.18.1
/home/cpan/pit/thr/perl-5.18.1/lib/5.18.1/x86_64-linux-thread-multi
/home/cpan/pit/thr/perl-5.18.1/lib/5.18.1
.