Back
From: metabase:user:322078bc-2aae-11df-837a-5e0a49663a4f
Subject: FAIL Class-DI-0.03 v5.8.9 FreeBSD
Date: 2012-05-18T13:16:19Z
This distribution has been tested as part of the CPAN Testers
project, supporting the Perl programming language. See
http://wiki.cpantesters.org/ for more information or email
questions to cpan-testers-discuss@perl.org
--
Dear HAOSAN,
This is a computer-generated error report created automatically by
CPANPLUS, version 0.9126. Testers personal comments may appear
at the end of this report.
Thank you for uploading your work to CPAN. However, it appears that
there were some problems testing your distribution.
TEST RESULTS:
Below is the error stack from stage 'make test':
PERL_DL_NONLAZY=1 /usr/home/cpan/pit/bare/perl-5.8.9/bin/perl "-MExtUtils::Command::MM" "-e" "test_harness(0, 'blib/lib', 'blib/arch')" t/*.t
# Failed test 'use Class::DI;'
# at t/01_di.t line 9.
# Tried to use 'Class::DI'.
# Error: Can't locate YAML.pm in @INC (@INC contains: /usr/home/cpan/pit/bare/conf/perl-5.8.9/.cpanplus/5.8.9/build/Class-DI-0.03/blib/lib /usr/home/cpan/pit/bare/conf/perl-5.8.9/.cpanplus/5.8.9/build/Class-DI-0.03/blib/arch /usr/home/cpan/pit/bare/conf/perl-5.8.9/.cpanplus/5.8.9/build/Class-DI-0.03/blib/lib /usr/home/cpan/pit/bare/conf/perl-5.8.9/.cpanplus/5.8.9/build/Class-DI-0.03/blib/arch /usr/home/cpan/pit/bare/perl-5.8.9/lib/5.8.9/amd64-freebsd /usr/home/cpan/pit/bare/perl-5.8.9/lib/5.8.9 /usr/home/cpan/pit/bare/perl-5.8.9/lib/site_perl/5.8.9/amd64-freebsd /usr/home/cpan/pit/bare/perl-5.8.9/lib/site_perl/5.8.9 .) at /usr/home/cpan/pit/bare/conf/perl-5.8.9/.cpanplus/5.8.9/build/Class-DI-0.03/blib/lib/Class/DI/Resource/YAML.pm line 4.
# BEGIN failed--compilation aborted at /usr/home/cpan/pit/bare/conf/perl-5.8.9/.cpanplus/5.8.9/build/Class-DI-0.03/blib/lib/Class/DI/Resource/YAML.pm line 4.
# Compilation failed in require at /usr/home/cpan/pit/bare/conf/perl-5.8.9/.cpanplus/5.8.9/build/Class-DI-0.03/blib/lib/Class/DI.pm line 8.
# BEGIN failed--compilation aborted at /usr/home/cpan/pit/bare/conf/perl-5.8.9/.cpanplus/5.8.9/build/Class-DI-0.03/blib/lib/Class/DI.pm line 8.
# Compilation failed in require at (eval 4) line 2.
# BEGIN failed--compilation aborted at (eval 4) line 2.
# Looks like you failed 1 test of 1.
t/01_di.t .............
Dubious, test returned 1 (wstat 256, 0x100)
Failed 1/1 subtests
t/02_definition.t ..... ok
t/03_factory.t ........
Dubious, test returned 255 (wstat 65280, 0xff00)
Failed 1/1 subtests
# Failed test 'use Class::DI::Factory;'
# at t/03_factory.t line 3.
# Tried to use 'Class::DI::Factory'.
# Error: Can't locate UNIVERSAL/require.pm in @INC (@INC contains: /usr/home/cpan/pit/bare/conf/perl-5.8.9/.cpanplus/5.8.9/build/Class-DI-0.03/blib/lib /usr/home/cpan/pit/bare/conf/perl-5.8.9/.cpanplus/5.8.9/build/Class-DI-0.03/blib/arch /usr/home/cpan/pit/bare/conf/perl-5.8.9/.cpanplus/5.8.9/build/Class-DI-0.03/blib/lib /usr/home/cpan/pit/bare/conf/perl-5.8.9/.cpanplus/5.8.9/build/Class-DI-0.03/blib/arch /usr/home/cpan/pit/bare/perl-5.8.9/lib/5.8.9/amd64-freebsd /usr/home/cpan/pit/bare/perl-5.8.9/lib/5.8.9 /usr/home/cpan/pit/bare/perl-5.8.9/lib/site_perl/5.8.9/amd64-freebsd /usr/home/cpan/pit/bare/perl-5.8.9/lib/site_perl/5.8.9 .) at /usr/home/cpan/pit/bare/conf/perl-5.8.9/.cpanplus/5.8.9/build/Class-DI-0.03/blib/lib/Class/DI/Factory.pm line 4.
# BEGIN failed--compilation aborted at /usr/home/cpan/pit/bare/conf/perl-5.8.9/.cpanplus/5.8.9/build/Class-DI-0.03/blib/lib/Class/DI/Factory.pm line 4.
# Compilation failed in require at (eval 4) line 2.
# BEGIN failed--compilation aborted at (eval 4) line 2.
"my" variable $instance masks earlier declaration in same scope at t/03_factory.t line 40.
"my" variable $definition masks earlier declaration in same scope at t/03_factory.t line 61.
"my" variable $instance masks earlier declaration in same scope at t/03_factory.t line 62.
Can't locate object method "new" via package "Class::DI::Factory" at t/03_factory.t line 5.
# Looks like you failed 1 test of 1.
# Looks like your test exited with 255 just after 1.
t/04_resource.t .......
Dubious, test returned 255 (wstat 65280, 0xff00)
Failed 1/1 subtests
# Failed test 'use Class::DI::Resource::YAML;'
# at t/04_resource.t line 3.
# Tried to use 'Class::DI::Resource::YAML'.
# Error: Can't locate YAML.pm in @INC (@INC contains: /usr/home/cpan/pit/bare/conf/perl-5.8.9/.cpanplus/5.8.9/build/Class-DI-0.03/blib/lib /usr/home/cpan/pit/bare/conf/perl-5.8.9/.cpanplus/5.8.9/build/Class-DI-0.03/blib/arch /usr/home/cpan/pit/bare/conf/perl-5.8.9/.cpanplus/5.8.9/build/Class-DI-0.03/blib/lib /usr/home/cpan/pit/bare/conf/perl-5.8.9/.cpanplus/5.8.9/build/Class-DI-0.03/blib/arch /usr/home/cpan/pit/bare/perl-5.8.9/lib/5.8.9/amd64-freebsd /usr/home/cpan/pit/bare/perl-5.8.9/lib/5.8.9 /usr/home/cpan/pit/bare/perl-5.8.9/lib/site_perl/5.8.9/amd64-freebsd /usr/home/cpan/pit/bare/perl-5.8.9/lib/site_perl/5.8.9 .) at /usr/home/cpan/pit/bare/conf/perl-5.8.9/.cpanplus/5.8.9/build/Class-DI-0.03/blib/lib/Class/DI/Resource/YAML.pm line 4.
# BEGIN failed--compilation aborted at /usr/home/cpan/pit/bare/conf/perl-5.8.9/.cpanplus/5.8.9/build/Class-DI-0.03/blib/lib/Class/DI/Resource/YAML.pm line 4.
# Compilation failed in require at (eval 11) line 2.
# BEGIN failed--compilation aborted at (eval 11) line 2.
Can't locate object method "new" via package "Class::DI::Resource::YAML" at t/04_resource.t line 16.
# Looks like you failed 1 test of 1.
# Looks like your test exited with 255 just after 1.
t/05_get_component.t ..
Dubious, test returned 255 (wstat 65280, 0xff00)
Failed 7/7 subtests
Test Summary Report
-------------------
t/01_di.t (Wstat: 256 Tests: 1 Failed: 1)
Failed test: 1
Non-zero exit status: 1
t/03_factory.t (Wstat: 65280 Tests: 1 Failed: 1)
Failed test: 1
Non-zero exit status: 255
t/04_resource.t (Wstat: 65280 Tests: 1 Failed: 1)
Failed test: 1
Non-zero exit status: 255
t/05_get_component.t (Wstat: 65280 Tests: 1 Failed: 1)
Failed test: 1
Non-zero exit status: 255
Parse errors: Bad plan. You planned 7 tests but ran 1.
Files=5, Tests=11, 1 wallclock secs ( 0.04 usr 0.01 sys + 0.15 cusr 0.00 csys = 0.20 CPU)
Result: FAIL
*** Error code 255
Stop in /usr/home/cpan/pit/bare/conf/perl-5.8.9/.cpanplus/5.8.9/build/Class-DI-0.03.
# Failed test 'use Class::DI;'
# at t/05_get_component.t line 3.
# Tried to use 'Class::DI'.
# Error: Can't locate YAML.pm in @INC (@INC contains: /usr/home/cpan/pit/bare/conf/perl-5.8.9/.cpanplus/5.8.9/build/Class-DI-0.03/blib/lib /usr/home/cpan/pit/bare/conf/perl-5.8.9/.cpanplus/5.8.9/build/Class-DI-0.03/blib/arch /usr/home/cpan/pit/bare/conf/perl-5.8.9/.cpanplus/5.8.9/build/Class-DI-0.03/blib/lib /usr/home/cpan/pit/bare/conf/perl-5.8.9/.cpanplus/5.8.9/build/Class-DI-0.03/blib/arch /usr/home/cpan/pit/bare/perl-5.8.9/lib/5.8.9/amd64-freebsd /usr/home/cpan/pit/bare/perl-5.8.9/lib/5.8.9 /usr/home/cpan/pit/bare/perl-5.8.9/lib/site_perl/5.8.9/amd64-freebsd /usr/home/cpan/pit/bare/perl-5.8.9/lib/site_perl/5.8.9 .) at /usr/home/cpan/pit/bare/conf/perl-5.8.9/.cpanplus/5.8.9/build/Class-DI-0.03/blib/lib/Class/DI/Resource/YAML.pm line 4.
# BEGIN failed--compilation aborted at /usr/home/cpan/pit/bare/conf/perl-5.8.9/.cpanplus/5.8.9/build/Class-DI-0.03/blib/lib/Class/DI/Resource/YAML.pm line 4.
# Compilation failed in require at /usr/home/cpan/pit/bare/conf/perl-5.8.9/.cpanplus/5.8.9/build/Class-DI-0.03/blib/lib/Class/DI.pm line 8.
# BEGIN failed--compilation aborted at /usr/home/cpan/pit/bare/conf/perl-5.8.9/.cpanplus/5.8.9/build/Class-DI-0.03/blib/lib/Class/DI.pm line 8.
# Compilation failed in require at (eval 11) line 2.
# BEGIN failed--compilation aborted at (eval 11) line 2.
Can't locate object method "yaml_container" via package "Class::DI" at t/05_get_component.t line 43.
# Looks like you planned 7 tests but ran 1.
# Looks like you failed 1 test of 1 run.
# Looks like your test exited with 255 just after 1.
Failed 4/5 test programs. 4/11 subtests failed.
MISSING PREREQUISITES:
It was observed that the test suite seem to fail without these modules:
YAML
UNIVERSAL::require
As such, adding the prerequisite module(s) to 'PREREQ_PM' in your
Makefile.PL should solve this problem. For example:
WriteMakefile(
AUTHOR => 'HAOSAN (cpanplus-info@lists.sf.net)',
... # other information
PREREQ_PM => {
'YAML' => '0', # or a minimum working version
'UNIVERSAL::require' => '0', # or a minimum working version
}
);
Thanks! :-)
PREREQUISITES:
Here is a list of prerequisites you specified and versions we
managed to load:
Module Name Have Want
ExtUtils::MakeMaker 6.62 0
Perl module toolchain versions installed:
Module Name Have
CPANPLUS 0.9126
CPANPLUS::Dist::Build 0.62
Cwd 3.33
ExtUtils::CBuilder 0.280205
ExtUtils::Command 1.16
ExtUtils::Install 1.54
ExtUtils::MakeMaker 6.62
ExtUtils::Manifest 1.60
ExtUtils::ParseXS 3.15
File::Spec 3.33
Module::Build 0.40
Test::Harness 3.23
Test::More 0.98
version 0.99
******************************** NOTE ********************************
The comments above are created mechanically, possibly without manual
checking by the sender. As there are many people performing automatic
tests on each upload to CPAN, it is likely that you will receive
identical messages about the same problem.
If you believe that the message is mistaken, please reply to the first
one with correction and/or additional informations, and do not take
it personally. We appreciate your patience. :)
**********************************************************************
Additional comments:
This report was machine-generated by CPANPLUS::Dist::YACSmoke 0.80.
Powered by minismokebox version 0.54
------------------------------
ENVIRONMENT AND OTHER CONTEXT
------------------------------
Environment variables:
AUTOMATED_TESTING = 1
PATH = /sbin:/bin:/usr/sbin:/usr/bin:/usr/games:/usr/local/sbin:/usr/local/bin:/home/cpan/bin
PERL5LIB = :/usr/home/cpan/pit/bare/conf/perl-5.8.9/.cpanplus/5.8.9/build/Class-DI-0.03/blib/lib:/usr/home/cpan/pit/bare/conf/perl-5.8.9/.cpanplus/5.8.9/build/Class-DI-0.03/blib/arch
PERL5_CPANPLUS_IS_RUNNING = 57043
PERL5_CPANPLUS_IS_VERSION = 0.9126
PERL5_MINISMOKEBOX = 0.54
PERL5_YACSMOKE_BASE = /usr/home/cpan/pit/bare/conf/perl-5.8.9
PERL_EXTUTILS_AUTOINSTALL = --defaultdeps
PERL_MM_USE_DEFAULT = 1
SHELL = /usr/local/bin/bash
TERM = screen
Perl special variables (and OS-specific diagnostics, for MSWin32):
Perl: $^X = /usr/home/cpan/pit/bare/perl-5.8.9/bin/perl
UID: $< = 1002
EUID: $> = 1002
GID: $( = 1002 1002
EGID: $) = 1002 1002
-------------------------------
--
Summary of my perl5 (revision 5 version 8 subversion 9) configuration:
Platform:
osname=freebsd, osvers=9.0-release, archname=amd64-freebsd
uname='freebsd fremen 9.0-release freebsd 9.0-release #0: tue jan 3 07:46:30 utc 2012 root@farrell.cse.buffalo.edu:usrobjusrsrcsysgeneric amd64 '
config_args='-des -Dprefix=/usr/home/cpan/pit/bare/perl-5.8.9'
hint=recommended, useposix=true, d_sigaction=define
usethreads=undef use5005threads=undef useithreads=undef usemultiplicity=undef
useperlio=define d_sfio=undef uselargefiles=define usesocks=undef
use64bitint=define use64bitall=define uselongdouble=undef
usemymalloc=n, bincompat5005=undef
Compiler:
cc='cc', ccflags ='-DHAS_FPSETMASK -DHAS_FLOATINGPOINT_H -fno-strict-aliasing -pipe -I/usr/local/include',
optimize='-O',
cppflags='-DHAS_FPSETMASK -DHAS_FLOATINGPOINT_H -fno-strict-aliasing -pipe -I/usr/local/include'
ccversion='', gccversion='4.2.1 20070831 patched [FreeBSD]', gccosandvers=''
intsize=4, longsize=8, ptrsize=8, doublesize=8, byteorder=12345678
d_longlong=define, longlongsize=8, d_longdbl=define, longdblsize=16
ivtype='long', ivsize=8, nvtype='double', nvsize=8, Off_t='off_t', lseeksize=8
alignbytes=8, prototype=define
Linker and Libraries:
ld='cc', ldflags ='-Wl,-E -L/usr/local/lib'
libpth=/usr/lib /usr/local/lib
libs=-lgdbm -lm -lcrypt -lutil -lc
perllibs=-lm -lcrypt -lutil -lc
libc=, so=so, useshrplib=false, libperl=libperl.a
gnulibc_version=''
Dynamic Linking:
dlsrc=dl_dlopen.xs, dlext=so, d_dlsymun=undef, ccdlflags=' '
cccdlflags='-DPIC -fPIC', lddlflags='-shared -L/usr/local/lib'
Characteristics of this binary (from libperl):
Compile-time options: PERL_MALLOC_WRAP USE_64_BIT_ALL USE_64_BIT_INT
USE_FAST_STDIO USE_LARGE_FILES USE_PERLIO
Built under freebsd
Compiled at Jan 11 2012 21:18:06
%ENV:
PERL5LIB=":/usr/home/cpan/pit/bare/conf/perl-5.8.9/.cpanplus/5.8.9/build/Class-DI-0.03/blib/lib:/usr/home/cpan/pit/bare/conf/perl-5.8.9/.cpanplus/5.8.9/build/Class-DI-0.03/blib/arch"
PERL5_CPANPLUS_IS_RUNNING="57043"
PERL5_CPANPLUS_IS_VERSION="0.9126"
PERL5_MINISMOKEBOX="0.54"
PERL5_YACSMOKE_BASE="/usr/home/cpan/pit/bare/conf/perl-5.8.9"
PERL_EXTUTILS_AUTOINSTALL="--defaultdeps"
PERL_MM_USE_DEFAULT="1"
@INC:
/usr/home/cpan/pit/bare/conf/perl-5.8.9/.cpanplus/5.8.9/build/Class-DI-0.03/blib/lib
/usr/home/cpan/pit/bare/conf/perl-5.8.9/.cpanplus/5.8.9/build/Class-DI-0.03/blib/arch
/usr/home/cpan/pit/bare/perl-5.8.9/lib/5.8.9/amd64-freebsd
/usr/home/cpan/pit/bare/perl-5.8.9/lib/5.8.9
/usr/home/cpan/pit/bare/perl-5.8.9/lib/site_perl/5.8.9/amd64-freebsd
/usr/home/cpan/pit/bare/perl-5.8.9/lib/site_perl/5.8.9
.