Report for POE-1.367

Back
From: metabase:user:30f4dfbe-2aae-11df-837a-5e0a49663a4f
Subject: FAIL POE-1.367 v5.8.7 GNU/Linux
Date: 2016-09-06T17:23:41Z

This distribution has been tested as part of the CPAN Testers
project, supporting the Perl programming language.  See
http://wiki.cpantesters.org/ for more information or email
questions to cpan-testers-discuss@perl.org


--
Dear Rocco Caputo,

This is a computer-generated report for POE-1.367
on perl 5.8.7, created by CPAN-Reporter-1.2018.

Thank you for uploading your work to CPAN.  However, there was a problem
testing your distribution.

If you think this report is invalid, please consult the CPAN Testers Wiki
for suggestions on how to avoid getting FAIL reports for missing library
or binary dependencies, unsupported operating systems, and so on:

http://wiki.cpantesters.org/wiki/CPANAuthorNotes

Sections of this report:

    * Tester comments
    * Program output
    * Prerequisites
    * Environment and other context

------------------------------
TESTER COMMENTS
------------------------------

Additional comments from tester:

this report is from an automated smoke testing program
and was not reviewed by a human for accuracy

------------------------------
PROGRAM OUTPUT
------------------------------

Output from '/usr/bin/make test':

"/home/njh/perl5/perlbrew/perls/perl-5.8.7/bin/perl" mylib/gen-tests.perl lib/POE.pm
PERL_DL_NONLAZY=1 "/home/njh/perl5/perlbrew/perls/perl-5.8.7/bin/perl" "-MExtUtils::Command::MM" "-MTest::Harness" "-e" "undef *Test::Harness::Switches; test_harness(0, 'blib/lib', 'blib/arch')" t/*.t t/*/*.t t/*/*/*.t
t/10_units/01_pod/01_pod.t ......................... skipped: enable by setting RELEASE_TESTING
t/10_units/01_pod/02_pod_coverage.t ................ skipped: enable by setting RELEASE_TESTING
t/10_units/01_pod/03_pod_no404s.t .................. skipped: enable by setting RELEASE_TESTING
# Testing POE 1.367, POE::Test::Loops 1.360, Perl 5.008007, /home/njh/perl5/perlbrew/perls/perl-5.8.7/bin/perl on linux
# pogomips: 12193001
t/00_info.t ........................................ ok
t/10_units/01_pod/04_pod_linkcheck.t ............... skipped: enable by setting RELEASE_TESTING
t/10_units/02_pipes/01_base.t ...................... skipped: not implemented yet
t/10_units/02_pipes/02_oneway.t .................... ok
t/10_units/02_pipes/03_twoway.t .................... ok
t/10_units/03_base/03_component.t .................. ok
t/10_units/03_base/04_driver.t ..................... ok
t/10_units/03_base/01_poe.t ........................ ok
t/10_units/03_base/05_filter.t ..................... ok
t/10_units/03_base/06_loop.t ....................... ok
t/10_units/03_base/07_queue.t ...................... ok
t/10_units/03_base/08_resource.t ................... ok
t/10_units/03_base/09_resources.t .................. ok
t/10_units/03_base/10_wheel.t ...................... ok
t/10_units/03_base/12_assert_retval.t .............. ok
t/10_units/03_base/11_assert_usage.t ............... ok
t/10_units/03_base/13_assert_data.t ................ ok
t/10_units/03_base/14_kernel.t ..................... ok
t/10_units/03_base/15_kernel_internal.t ............ ok
t/10_units/03_base/16_nfa_usage.t .................. ok
t/10_units/03_base/17_detach_start.t ............... ok
t/10_units/05_filters/01_block.t ................... ok
t/10_units/04_drivers/01_sysrw.t ................... ok
t/10_units/05_filters/02_grep.t .................... ok
t/10_units/05_filters/04_line.t .................... ok
t/10_units/05_filters/05_map.t ..................... ok
Downgrading wide characters in HTTP header. Consider installing Email::MIME::RFC2047::Encoder at /home/njh/.cpan/build/POE-1.367-V3BkU1/blib/lib/POE/Filter/HTTPD.pm line 73.
	POE::Filter::HTTPD::__ANON__("En \x{e9}t\x{e9}") called at /home/njh/.cpan/build/POE-1.367-V3BkU1/blib/lib/POE/Filter/HTTPD.pm line 449
	POE::Filter::HTTPD::headers_as_strings(POE::Filter::HTTPD=ARRAY(0x1c40820), HTTP::Headers=HASH(0x1c40580), "\x{d}\x{a}") called at /home/njh/.cpan/build/POE-1.367-V3BkU1/blib/lib/POE/Filter/HTTPD.pm line 411
	POE::Filter::HTTPD::put(POE::Filter::HTTPD=ARRAY(0x1c40820), ARRAY(0x1c40fc0)) called at t/10_units/05_filters/03_http.t line 426
t/10_units/05_filters/06_recordblock.t ............. ok
t/10_units/05_filters/03_http.t .................... ok
t/10_units/05_filters/08_stream.t .................. ok
t/10_units/05_filters/50_stackable.t ............... ok
t/10_units/05_filters/51_reference_die.t ........... skipped: YAML module not available
t/10_units/05_filters/07_reference.t ............... ok
t/10_units/05_filters/99_filterchange.t ............ ok
t/10_units/06_queues/01_array.t .................... ok
t/10_units/07_exceptions/02_turn_off.t ............. ok
t/10_units/07_exceptions/03_not_handled.t .......... ok
t/10_units/08_loops/01_explicit_loop.t ............. ok
t/10_units/07_exceptions/01_normal.t ............... ok
t/10_units/08_loops/02_explicit_loop_fail.t ........ ok
t/10_units/08_loops/03_explicit_loop_poll.t ........ ok
t/10_units/08_loops/04_explicit_loop_envvar.t ...... ok
t/10_units/08_loops/05_kernel_loop.t ............... ok
t/10_units/08_loops/06_kernel_loop_poll.t .......... ok
t/10_units/08_loops/07_kernel_loop_fail.t .......... ok
t/10_units/08_loops/08_kernel_loop_search_poll.t ... ok
t/10_units/08_loops/09_naive_loop_load.t ........... ok
t/10_units/08_loops/10_naive_loop_load_poll.t ...... ok
t/10_units/08_loops/11_double_loop.t ............... ok
t/20_resources/10_perl/aliases.t ................... ok
t/20_resources/10_perl/caller_state.t .............. ok
t/20_resources/10_perl/events.t .................... ok
t/20_resources/10_perl/extrefs.t ................... ok
t/20_resources/10_perl/extrefs_gc.t ................ ok
t/20_resources/10_perl/sessions.t .................. ok
t/20_resources/10_perl/sids.t ...................... ok
t/20_resources/10_perl/signals.t ................... ok
# Testing POE 1.367, POE::Test::Loops 1.360, Using Loop(POE::Loop::IO_Poll), Perl 5.008007, /home/njh/perl5/perlbrew/perls/perl-5.8.7/bin/perl on linux
t/30_loops/io_poll/00_info.t ....................... ok
t/30_loops/io_poll/all_errors.t .................... skipped: most of these should move into other test files
Bareword "IPPROTO_UDP" not allowed while "strict subs" in use at /home/njh/.cpan/build/POE-1.367-V3BkU1/blib/lib/POE/Wheel/SocketFactory.pm line 84.
Compilation failed in require at /home/njh/.cpan/build/POE-1.367-V3BkU1/blib/lib/POE/Component/Server/TCP.pm line 34.
BEGIN failed--compilation aborted at /home/njh/.cpan/build/POE-1.367-V3BkU1/blib/lib/POE/Component/Server/TCP.pm line 34.
Compilation failed in require at (eval 37) line 1.
BEGIN failed--compilation aborted at (eval 37) line 1.
could not import qw(Component::Server::TCP) at /home/njh/perl5/perlbrew/perls/perl-5.8.7/lib/site_perl/5.8.7/POE/Test/Loops/comp_tcp.pm line 26.
BEGIN failed--compilation aborted at /home/njh/perl5/perlbrew/perls/perl-5.8.7/lib/site_perl/5.8.7/POE/Test/Loops/comp_tcp.pm line 26.
Compilation failed in require at t/30_loops/io_poll/comp_tcp.t line 26.
# Looks like your test exited with 255 before it could output anything.
t/30_loops/io_poll/comp_tcp.t ...................... 
Dubious, test returned 255 (wstat 65280, 0xff00)
Failed 34/34 subtests 
Bareword "IPPROTO_UDP" not allowed while "strict subs" in use at /home/njh/.cpan/build/POE-1.367-V3BkU1/blib/lib/POE/Wheel/SocketFactory.pm line 84.
Compilation failed in require at /home/njh/.cpan/build/POE-1.367-V3BkU1/blib/lib/POE/Component/Server/TCP.pm line 34.
BEGIN failed--compilation aborted at /home/njh/.cpan/build/POE-1.367-V3BkU1/blib/lib/POE/Component/Server/TCP.pm line 34.
Compilation failed in require at (eval 37) line 1.
BEGIN failed--compilation aborted at (eval 37) line 1.
could not import qw(Component::Server::TCP) at /home/njh/perl5/perlbrew/perls/perl-5.8.7/lib/site_perl/5.8.7/POE/Test/Loops/comp_tcp_concurrent.pm line 31.
BEGIN failed--compilation aborted at /home/njh/perl5/perlbrew/perls/perl-5.8.7/lib/site_perl/5.8.7/POE/Test/Loops/comp_tcp_concurrent.pm line 31.
Compilation failed in require at t/30_loops/io_poll/comp_tcp_concurrent.t line 26.
# Looks like your test exited with 255 before it could output anything.
t/30_loops/io_poll/comp_tcp_concurrent.t ........... 
Dubious, test returned 255 (wstat 65280, 0xff00)
Failed 18/18 subtests 
Bareword "IPPROTO_UDP" not allowed while "strict subs" in use at /home/njh/.cpan/build/POE-1.367-V3BkU1/blib/lib/POE/Wheel/SocketFactory.pm line 84.
Compilation failed in require at /home/njh/.cpan/build/POE-1.367-V3BkU1/blib/lib/POE/Component/Client/TCP.pm line 16.
BEGIN failed--compilation aborted at /home/njh/.cpan/build/POE-1.367-V3BkU1/blib/lib/POE/Component/Client/TCP.pm line 16.
Compilation failed in require at (eval 44) line 1.
BEGIN failed--compilation aborted at (eval 44) line 1.
could not import qw(Component::Client::TCP) at /home/njh/perl5/perlbrew/perls/perl-5.8.7/lib/site_perl/5.8.7/POE/Test/Loops/connect_errors.pm line 33.
BEGIN failed--compilation aborted at /home/njh/perl5/perlbrew/perls/perl-5.8.7/lib/site_perl/5.8.7/POE/Test/Loops/connect_errors.pm line 33.
Compilation failed in require at t/30_loops/io_poll/connect_errors.t line 26.
t/30_loops/io_poll/connect_errors.t ................ 
Dubious, test returned 255 (wstat 65280, 0xff00)
No subtests run 
t/20_resources/10_perl/filehandles.t ............... ok
t/30_loops/io_poll/k_aliases.t ..................... ok
t/30_loops/io_poll/k_detach.t ...................... ok
t/30_loops/io_poll/k_run_returns.t ................. ok
t/30_loops/io_poll/k_alarms.t ...................... ok
t/30_loops/io_poll/k_sig_child.t ................... ok
t/30_loops/io_poll/k_selects.t ..................... ok
t/30_loops/io_poll/k_signals_rerun.t ............... ok
t/30_loops/io_poll/sbk_signal_init.t ............... ok
t/30_loops/io_poll/k_signals.t ..................... ok
# This test generates some STDERR during trace testing.
t/30_loops/io_poll/ses_nfa.t ....................... ok
Bareword "IPPROTO_UDP" not allowed while "strict subs" in use at /home/njh/.cpan/build/POE-1.367-V3BkU1/blib/lib/POE/Wheel/SocketFactory.pm line 84.
Compilation failed in require at (eval 41) line 1.
BEGIN failed--compilation aborted at (eval 41) line 1.
could not import qw(Wheel::SocketFactory) at /home/njh/perl5/perlbrew/perls/perl-5.8.7/lib/site_perl/5.8.7/POE/Test/Loops/wheel_accept.pm line 19.
BEGIN failed--compilation aborted at /home/njh/perl5/perlbrew/perls/perl-5.8.7/lib/site_perl/5.8.7/POE/Test/Loops/wheel_accept.pm line 19.
Compilation failed in require at t/30_loops/io_poll/wheel_accept.t line 26.
t/30_loops/io_poll/wheel_accept.t .................. 
Dubious, test returned 255 (wstat 65280, 0xff00)
No subtests run 
t/30_loops/io_poll/wheel_curses.t .................. skipped: Curses not available
t/30_loops/io_poll/wheel_readline.t ................ skipped: not running in a terminal
t/30_loops/io_poll/wheel_readwrite.t ............... ok
t/30_loops/io_poll/wheel_run.t ..................... ok
t/30_loops/io_poll/wheel_run_size.t ................ skipped: This test requires Term::Size
t/30_loops/io_poll/wheel_sf_ipv6.t ................. skipped: Socket::GetAddrInfo is needed for IPv6 tests
Bareword "IPPROTO_UDP" not allowed while "strict subs" in use at /home/njh/.cpan/build/POE-1.367-V3BkU1/blib/lib/POE/Wheel/SocketFactory.pm line 84.
Compilation failed in require at /home/njh/.cpan/build/POE-1.367-V3BkU1/blib/lib/POE/Component/Server/TCP.pm line 34.
BEGIN failed--compilation aborted at /home/njh/.cpan/build/POE-1.367-V3BkU1/blib/lib/POE/Component/Server/TCP.pm line 34.
Compilation failed in require at (eval 37) line 1.
BEGIN failed--compilation aborted at (eval 37) line 1.
could not import qw(Component::Server::TCP) at /home/njh/perl5/perlbrew/perls/perl-5.8.7/lib/site_perl/5.8.7/POE/Test/Loops/wheel_sf_tcp.pm line 19.
BEGIN failed--compilation aborted at /home/njh/perl5/perlbrew/perls/perl-5.8.7/lib/site_perl/5.8.7/POE/Test/Loops/wheel_sf_tcp.pm line 24.
Compilation failed in require at t/30_loops/io_poll/wheel_sf_tcp.t line 26.
t/30_loops/io_poll/wheel_sf_tcp.t .................. 
Dubious, test returned 255 (wstat 65280, 0xff00)
No subtests run 
Bareword "IPPROTO_UDP" not allowed while "strict subs" in use at /home/njh/.cpan/build/POE-1.367-V3BkU1/blib/lib/POE/Wheel/SocketFactory.pm line 84.
Compilation failed in require at (eval 37) line 1.
BEGIN failed--compilation aborted at (eval 37) line 1.
could not import qw(Wheel::SocketFactory) at /home/njh/perl5/perlbrew/perls/perl-5.8.7/lib/site_perl/5.8.7/POE/Test/Loops/wheel_sf_udp.pm line 20.
BEGIN failed--compilation aborted at /home/njh/perl5/perlbrew/perls/perl-5.8.7/lib/site_perl/5.8.7/POE/Test/Loops/wheel_sf_udp.pm line 20.
Compilation failed in require at t/30_loops/io_poll/wheel_sf_udp.t line 26.
t/30_loops/io_poll/wheel_sf_udp.t .................. 
Dubious, test returned 255 (wstat 65280, 0xff00)
No subtests run 
Bareword "IPPROTO_UDP" not allowed while "strict subs" in use at /home/njh/.cpan/build/POE-1.367-V3BkU1/blib/lib/POE/Wheel/SocketFactory.pm line 84.
Compilation failed in require at (eval 39) line 1.
BEGIN failed--compilation aborted at (eval 39) line 1.
could not import qw(Wheel::SocketFactory) at /home/njh/perl5/perlbrew/perls/perl-5.8.7/lib/site_perl/5.8.7/POE/Test/Loops/wheel_sf_unix.pm line 44.
BEGIN failed--compilation aborted at /home/njh/perl5/perlbrew/perls/perl-5.8.7/lib/site_perl/5.8.7/POE/Test/Loops/wheel_sf_unix.pm line 49.
Compilation failed in require at t/30_loops/io_poll/wheel_sf_unix.t line 26.
# Looks like your test exited with 255 before it could output anything.
t/30_loops/io_poll/wheel_sf_unix.t ................. 
Dubious, test returned 255 (wstat 65280, 0xff00)
Failed 12/12 subtests 
Bareword "IPPROTO_UDP" not allowed while "strict subs" in use at /home/njh/.cpan/build/POE-1.367-V3BkU1/blib/lib/POE/Wheel/SocketFactory.pm line 84.
Compilation failed in require at /home/njh/.cpan/build/POE-1.367-V3BkU1/blib/lib/POE/Component/Server/TCP.pm line 34.
BEGIN failed--compilation aborted at /home/njh/.cpan/build/POE-1.367-V3BkU1/blib/lib/POE/Component/Server/TCP.pm line 34.
Compilation failed in require at (eval 37) line 1.
BEGIN failed--compilation aborted at (eval 37) line 1.
could not import qw(Component::Server::TCP) at /home/njh/perl5/perlbrew/perls/perl-5.8.7/lib/site_perl/5.8.7/POE/Test/Loops/wheel_tail.pm line 24.
BEGIN failed--compilation aborted at /home/njh/perl5/perlbrew/perls/perl-5.8.7/lib/site_perl/5.8.7/POE/Test/Loops/wheel_tail.pm line 32.
Compilation failed in require at t/30_loops/io_poll/wheel_tail.t line 26.
t/30_loops/io_poll/wheel_tail.t .................... 
Dubious, test returned 255 (wstat 65280, 0xff00)
No subtests run 
t/30_loops/io_poll/z_kogman_sig_order.t ............ ok
t/30_loops/io_poll/z_leolo_wheel_run.t ............. ok
# Using '/bin/true' as our thing to run under system()
t/30_loops/io_poll/z_merijn_sigchld_system.t ....... ok
=== 7313 === 23 -> _start (from /home/njh/.cpan/build/POE-1.367-V3BkU1/blib/lib/POE/Kernel.pm at 1497)
=== 7313 === 23 -> woot (from /home/njh/perl5/perlbrew/perls/perl-5.8.7/lib/site_perl/5.8.7/POE/Test/Loops/ses_session.pm at 691)
t/30_loops/io_poll/z_rt39872_sigchld.t ............. ok
# Parent 7354 waiting 3sec for slow systems to settle.
=== 7313 === 23 -> narf (from /home/njh/perl5/perlbrew/perls/perl-5.8.7/lib/site_perl/5.8.7/POE/Test/Loops/ses_session.pm at 692)
=== 7313 === 23 -> _stop (from /home/njh/.cpan/build/POE-1.367-V3BkU1/blib/lib/POE/Resource/Sessions.pm at 571)
t/30_loops/io_poll/ses_session.t ................... ok
Bareword "IPPROTO_UDP" not allowed while "strict subs" in use at /home/njh/.cpan/build/POE-1.367-V3BkU1/blib/lib/POE/Wheel/SocketFactory.pm line 84.
Compilation failed in require at /home/njh/.cpan/build/POE-1.367-V3BkU1/blib/lib/POE/Component/Server/TCP.pm line 34.
BEGIN failed--compilation aborted at /home/njh/.cpan/build/POE-1.367-V3BkU1/blib/lib/POE/Component/Server/TCP.pm line 34.
Compilation failed in require at (eval 37) line 1.
BEGIN failed--compilation aborted at (eval 37) line 1.
could not import qw(Component::Server::TCP) at /home/njh/perl5/perlbrew/perls/perl-5.8.7/lib/site_perl/5.8.7/POE/Test/Loops/z_rt53302_fh_watchers.pm line 31.
BEGIN failed--compilation aborted at /home/njh/perl5/perlbrew/perls/perl-5.8.7/lib/site_perl/5.8.7/POE/Test/Loops/z_rt53302_fh_watchers.pm line 31.
Compilation failed in require at t/30_loops/io_poll/z_rt53302_fh_watchers.t line 26.
t/30_loops/io_poll/z_rt53302_fh_watchers.t ......... 
Dubious, test returned 255 (wstat 65280, 0xff00)
No subtests run 
# sending sigusr1
# sent sigusr1
t/30_loops/io_poll/z_rt39872_sigchld_stop.t ........ ok
t/30_loops/io_poll/z_steinert_signal_integrity.t ... ok
# Testing POE 1.367, POE::Test::Loops 1.360, Using Loop(POE::Loop::Select), Perl 5.008007, /home/njh/perl5/perlbrew/perls/perl-5.8.7/bin/perl on linux
t/30_loops/select/00_info.t ........................ ok
t/30_loops/select/all_errors.t ..................... skipped: most of these should move into other test files
Bareword "IPPROTO_UDP" not allowed while "strict subs" in use at /home/njh/.cpan/build/POE-1.367-V3BkU1/blib/lib/POE/Wheel/SocketFactory.pm line 84.
Compilation failed in require at /home/njh/.cpan/build/POE-1.367-V3BkU1/blib/lib/POE/Component/Server/TCP.pm line 34.
BEGIN failed--compilation aborted at /home/njh/.cpan/build/POE-1.367-V3BkU1/blib/lib/POE/Component/Server/TCP.pm line 34.
Compilation failed in require at (eval 36) line 1.
BEGIN failed--compilation aborted at (eval 36) line 1.
could not import qw(Component::Server::TCP) at /home/njh/perl5/perlbrew/perls/perl-5.8.7/lib/site_perl/5.8.7/POE/Test/Loops/comp_tcp.pm line 26.
BEGIN failed--compilation aborted at /home/njh/perl5/perlbrew/perls/perl-5.8.7/lib/site_perl/5.8.7/POE/Test/Loops/comp_tcp.pm line 26.
Compilation failed in require at t/30_loops/select/comp_tcp.t line 19.
# Looks like your test exited with 255 before it could output anything.
t/30_loops/select/comp_tcp.t ....................... 
Dubious, test returned 255 (wstat 65280, 0xff00)
Failed 34/34 subtests 
Bareword "IPPROTO_UDP" not allowed while "strict subs" in use at /home/njh/.cpan/build/POE-1.367-V3BkU1/blib/lib/POE/Wheel/SocketFactory.pm line 84.
Compilation failed in require at /home/njh/.cpan/build/POE-1.367-V3BkU1/blib/lib/POE/Component/Server/TCP.pm line 34.
BEGIN failed--compilation aborted at /home/njh/.cpan/build/POE-1.367-V3BkU1/blib/lib/POE/Component/Server/TCP.pm line 34.
Compilation failed in require at (eval 36) line 1.
BEGIN failed--compilation aborted at (eval 36) line 1.
could not import qw(Component::Server::TCP) at /home/njh/perl5/perlbrew/perls/perl-5.8.7/lib/site_perl/5.8.7/POE/Test/Loops/comp_tcp_concurrent.pm line 31.
BEGIN failed--compilation aborted at /home/njh/perl5/perlbrew/perls/perl-5.8.7/lib/site_perl/5.8.7/POE/Test/Loops/comp_tcp_concurrent.pm line 31.
Compilation failed in require at t/30_loops/select/comp_tcp_concurrent.t line 19.
# Looks like your test exited with 255 before it could output anything.
t/30_loops/select/comp_tcp_concurrent.t ............ 
Dubious, test returned 255 (wstat 65280, 0xff00)
Failed 18/18 subtests 
t/30_loops/io_poll/z_rt54319_bazerka_followtail.t .. ok
Bareword "IPPROTO_UDP" not allowed while "strict subs" in use at /home/njh/.cpan/build/POE-1.367-V3BkU1/blib/lib/POE/Wheel/SocketFactory.pm line 84.
Compilation failed in require at /home/njh/.cpan/build/POE-1.367-V3BkU1/blib/lib/POE/Component/Client/TCP.pm line 16.
BEGIN failed--compilation aborted at /home/njh/.cpan/build/POE-1.367-V3BkU1/blib/lib/POE/Component/Client/TCP.pm line 16.
Compilation failed in require at (eval 43) line 1.
BEGIN failed--compilation aborted at (eval 43) line 1.
could not import qw(Component::Client::TCP) at /home/njh/perl5/perlbrew/perls/perl-5.8.7/lib/site_perl/5.8.7/POE/Test/Loops/connect_errors.pm line 33.
BEGIN failed--compilation aborted at /home/njh/perl5/perlbrew/perls/perl-5.8.7/lib/site_perl/5.8.7/POE/Test/Loops/connect_errors.pm line 33.
Compilation failed in require at t/30_loops/select/connect_errors.t line 19.
t/30_loops/select/connect_errors.t ................. 
Dubious, test returned 255 (wstat 65280, 0xff00)
No subtests run 
t/30_loops/select/k_aliases.t ...................... ok
t/30_loops/select/k_detach.t ....................... ok
t/30_loops/select/k_run_returns.t .................. ok
t/30_loops/select/k_alarms.t ....................... ok
t/30_loops/select/k_sig_child.t .................... ok
t/30_loops/select/k_selects.t ...................... ok
t/30_loops/select/k_signals_rerun.t ................ ok
t/30_loops/select/sbk_signal_init.t ................ ok
t/30_loops/select/ses_nfa.t ........................ ok
t/30_loops/select/k_signals.t ...................... ok
# This test generates some STDERR during trace testing.
Bareword "IPPROTO_UDP" not allowed while "strict subs" in use at /home/njh/.cpan/build/POE-1.367-V3BkU1/blib/lib/POE/Wheel/SocketFactory.pm line 84.
Compilation failed in require at (eval 40) line 1.
BEGIN failed--compilation aborted at (eval 40) line 1.
could not import qw(Wheel::SocketFactory) at /home/njh/perl5/perlbrew/perls/perl-5.8.7/lib/site_perl/5.8.7/POE/Test/Loops/wheel_accept.pm line 19.
BEGIN failed--compilation aborted at /home/njh/perl5/perlbrew/perls/perl-5.8.7/lib/site_perl/5.8.7/POE/Test/Loops/wheel_accept.pm line 19.
Compilation failed in require at t/30_loops/select/wheel_accept.t line 19.
t/30_loops/select/wheel_accept.t ................... 
Dubious, test returned 255 (wstat 65280, 0xff00)
No subtests run 
t/30_loops/select/wheel_curses.t ................... skipped: Curses not available
t/30_loops/select/wheel_readline.t ................. skipped: not running in a terminal
t/30_loops/select/wheel_readwrite.t ................ ok
t/30_loops/select/wheel_run.t ...................... ok
t/30_loops/select/wheel_run_size.t ................. skipped: This test requires Term::Size
t/30_loops/select/wheel_sf_ipv6.t .................. skipped: Socket::GetAddrInfo is needed for IPv6 tests
Bareword "IPPROTO_UDP" not allowed while "strict subs" in use at /home/njh/.cpan/build/POE-1.367-V3BkU1/blib/lib/POE/Wheel/SocketFactory.pm line 84.
Compilation failed in require at /home/njh/.cpan/build/POE-1.367-V3BkU1/blib/lib/POE/Component/Server/TCP.pm line 34.
BEGIN failed--compilation aborted at /home/njh/.cpan/build/POE-1.367-V3BkU1/blib/lib/POE/Component/Server/TCP.pm line 34.
Compilation failed in require at (eval 36) line 1.
BEGIN failed--compilation aborted at (eval 36) line 1.
could not import qw(Component::Server::TCP) at /home/njh/perl5/perlbrew/perls/perl-5.8.7/lib/site_perl/5.8.7/POE/Test/Loops/wheel_sf_tcp.pm line 19.
BEGIN failed--compilation aborted at /home/njh/perl5/perlbrew/perls/perl-5.8.7/lib/site_perl/5.8.7/POE/Test/Loops/wheel_sf_tcp.pm line 24.
Compilation failed in require at t/30_loops/select/wheel_sf_tcp.t line 19.
t/30_loops/select/wheel_sf_tcp.t ................... 
Dubious, test returned 255 (wstat 65280, 0xff00)
No subtests run 
Bareword "IPPROTO_UDP" not allowed while "strict subs" in use at /home/njh/.cpan/build/POE-1.367-V3BkU1/blib/lib/POE/Wheel/SocketFactory.pm line 84.
Compilation failed in require at (eval 36) line 1.
BEGIN failed--compilation aborted at (eval 36) line 1.
could not import qw(Wheel::SocketFactory) at /home/njh/perl5/perlbrew/perls/perl-5.8.7/lib/site_perl/5.8.7/POE/Test/Loops/wheel_sf_udp.pm line 20.
BEGIN failed--compilation aborted at /home/njh/perl5/perlbrew/perls/perl-5.8.7/lib/site_perl/5.8.7/POE/Test/Loops/wheel_sf_udp.pm line 20.
Compilation failed in require at t/30_loops/select/wheel_sf_udp.t line 19.
t/30_loops/select/wheel_sf_udp.t ................... 
Dubious, test returned 255 (wstat 65280, 0xff00)
No subtests run 
Bareword "IPPROTO_UDP" not allowed while "strict subs" in use at /home/njh/.cpan/build/POE-1.367-V3BkU1/blib/lib/POE/Wheel/SocketFactory.pm line 84.
Compilation failed in require at (eval 38) line 1.
BEGIN failed--compilation aborted at (eval 38) line 1.
could not import qw(Wheel::SocketFactory) at /home/njh/perl5/perlbrew/perls/perl-5.8.7/lib/site_perl/5.8.7/POE/Test/Loops/wheel_sf_unix.pm line 44.
BEGIN failed--compilation aborted at /home/njh/perl5/perlbrew/perls/perl-5.8.7/lib/site_perl/5.8.7/POE/Test/Loops/wheel_sf_unix.pm line 49.
Compilation failed in require at t/30_loops/select/wheel_sf_unix.t line 19.
# Looks like your test exited with 255 before it could output anything.
t/30_loops/select/wheel_sf_unix.t .................. 
Dubious, test returned 255 (wstat 65280, 0xff00)
Failed 12/12 subtests 
Bareword "IPPROTO_UDP" not allowed while "strict subs" in use at /home/njh/.cpan/build/POE-1.367-V3BkU1/blib/lib/POE/Wheel/SocketFactory.pm line 84.
Compilation failed in require at /home/njh/.cpan/build/POE-1.367-V3BkU1/blib/lib/POE/Component/Server/TCP.pm line 34.
BEGIN failed--compilation aborted at /home/njh/.cpan/build/POE-1.367-V3BkU1/blib/lib/POE/Component/Server/TCP.pm line 34.
Compilation failed in require at (eval 36) line 1.
BEGIN failed--compilation aborted at (eval 36) line 1.
could not import qw(Component::Server::TCP) at /home/njh/perl5/perlbrew/perls/perl-5.8.7/lib/site_perl/5.8.7/POE/Test/Loops/wheel_tail.pm line 24.
BEGIN failed--compilation aborted at /home/njh/perl5/perlbrew/perls/perl-5.8.7/lib/site_perl/5.8.7/POE/Test/Loops/wheel_tail.pm line 32.
Compilation failed in require at t/30_loops/select/wheel_tail.t line 19.
t/30_loops/select/wheel_tail.t ..................... 
Dubious, test returned 255 (wstat 65280, 0xff00)
No subtests run 
t/30_loops/select/z_kogman_sig_order.t ............. ok
t/30_loops/select/z_leolo_wheel_run.t .............. ok
# Using '/bin/true' as our thing to run under system()
t/30_loops/select/z_merijn_sigchld_system.t ........ ok
t/30_loops/select/z_rt39872_sigchld.t .............. ok
=== 7406 === 23 -> _start (from /home/njh/.cpan/build/POE-1.367-V3BkU1/blib/lib/POE/Kernel.pm at 1497)
=== 7406 === 23 -> woot (from /home/njh/perl5/perlbrew/perls/perl-5.8.7/lib/site_perl/5.8.7/POE/Test/Loops/ses_session.pm at 691)
=== 7406 === 23 -> narf (from /home/njh/perl5/perlbrew/perls/perl-5.8.7/lib/site_perl/5.8.7/POE/Test/Loops/ses_session.pm at 692)
=== 7406 === 23 -> _stop (from /home/njh/.cpan/build/POE-1.367-V3BkU1/blib/lib/POE/Resource/Sessions.pm at 571)
# Parent 7449 waiting 3sec for slow systems to settle.
t/30_loops/select/ses_session.t .................... ok
# sending sigusr1
# sent sigusr1
t/30_loops/select/z_rt39872_sigchld_stop.t ......... ok
Bareword "IPPROTO_UDP" not allowed while "strict subs" in use at /home/njh/.cpan/build/POE-1.367-V3BkU1/blib/lib/POE/Wheel/SocketFactory.pm line 84.
Compilation failed in require at /home/njh/.cpan/build/POE-1.367-V3BkU1/blib/lib/POE/Component/Server/TCP.pm line 34.
BEGIN failed--compilation aborted at /home/njh/.cpan/build/POE-1.367-V3BkU1/blib/lib/POE/Component/Server/TCP.pm line 34.
Compilation failed in require at (eval 36) line 1.
BEGIN failed--compilation aborted at (eval 36) line 1.
could not import qw(Component::Server::TCP) at /home/njh/perl5/perlbrew/perls/perl-5.8.7/lib/site_perl/5.8.7/POE/Test/Loops/z_rt53302_fh_watchers.pm line 31.
BEGIN failed--compilation aborted at /home/njh/perl5/perlbrew/perls/perl-5.8.7/lib/site_perl/5.8.7/POE/Test/Loops/z_rt53302_fh_watchers.pm line 31.
Compilation failed in require at t/30_loops/select/z_rt53302_fh_watchers.t line 19.
t/30_loops/select/z_rt53302_fh_watchers.t .......... 
Dubious, test returned 255 (wstat 65280, 0xff00)
No subtests run 
t/30_loops/select/z_steinert_signal_integrity.t .... ok
Bareword "IPPROTO_UDP" not allowed while "strict subs" in use at /home/njh/.cpan/build/POE-1.367-V3BkU1/blib/lib/POE/Wheel/SocketFactory.pm line 84.
Compilation failed in require at /home/njh/.cpan/build/POE-1.367-V3BkU1/blib/lib/POE/Component/Client/TCP.pm line 16.
BEGIN failed--compilation aborted at /home/njh/.cpan/build/POE-1.367-V3BkU1/blib/lib/POE/Component/Client/TCP.pm line 16.
Compilation failed in require at (eval 38) line 1.
BEGIN failed--compilation aborted at (eval 38) line 1.
could not import qw(Component::Client::TCP) at t/90_regression/agaran-filter-httpd.t line 19.
BEGIN failed--compilation aborted at t/90_regression/agaran-filter-httpd.t line 23.
# Looks like your test exited with 2 before it could output anything.
t/90_regression/agaran-filter-httpd.t .............. 
Dubious, test returned 2 (wstat 512, 0x200)
Failed 3/3 subtests 
t/90_regression/averell-callback-ret.t ............. ok
t/90_regression/bingos-followtail.t ................ ok
t/90_regression/broeren-win32-nbio.t ............... skipped: This test examines ActiveState Perl behavior.
Bareword "IPPROTO_UDP" not allowed while "strict subs" in use at /home/njh/.cpan/build/POE-1.367-V3BkU1/blib/lib/POE/Wheel/SocketFactory.pm line 84.
Compilation failed in require at /home/njh/.cpan/build/POE-1.367-V3BkU1/blib/lib/POE/Component/Client/TCP.pm line 16.
BEGIN failed--compilation aborted at /home/njh/.cpan/build/POE-1.367-V3BkU1/blib/lib/POE/Component/Client/TCP.pm line 16.
Compilation failed in require at (eval 38) line 1.
BEGIN failed--compilation aborted at (eval 38) line 1.
could not import qw(Component::Client::TCP) at t/90_regression/cfedde-filter-httpd.t line 23.
BEGIN failed--compilation aborted at t/90_regression/cfedde-filter-httpd.t line 27.
# Looks like your test exited with 2 before it could output anything.
t/90_regression/cfedde-filter-httpd.t .............. 
Dubious, test returned 2 (wstat 512, 0x200)
Failed 3/3 subtests 
Bareword "IPPROTO_UDP" not allowed while "strict subs" in use at /home/njh/.cpan/build/POE-1.367-V3BkU1/blib/lib/POE/Wheel/SocketFactory.pm line 84.
Compilation failed in require at /home/njh/.cpan/build/POE-1.367-V3BkU1/blib/lib/POE/Component/Server/TCP.pm line 34.
BEGIN failed--compilation aborted at /home/njh/.cpan/build/POE-1.367-V3BkU1/blib/lib/POE/Component/Server/TCP.pm line 34.
Compilation failed in require at t/90_regression/ferrari-server-unix.t line 26.
BEGIN failed--compilation aborted at t/90_regression/ferrari-server-unix.t line 26.
t/90_regression/ferrari-server-unix.t .............. 
Dubious, test returned 255 (wstat 65280, 0xff00)
No subtests run 
t/90_regression/grinnz-die-in-die.t ................ ok
Died at t/90_regression/hinrik-wheel-run-die.t line 21.
t/90_regression/hinrik-wheel-run-die.t ............. ok
# This test can take up to 10 seconds
t/30_loops/select/z_rt54319_bazerka_followtail.t ... ok
# This test can take up to 10 seconds
t/90_regression/kjeldahl-stop-start-polling.t ...... ok
t/90_regression/kjeldahl-stop-start-sig-nopipe.t ... ok
# This test can take up to 10 seconds
t/90_regression/leolo-sig-die.t .................... ok
t/90_regression/kjeldahl-stop-start-sig-pipe.t ..... ok
t/90_regression/meh-startstop-return.t ............. ok
t/90_regression/neyuki_detach.t .................... ok
t/90_regression/prumike-win32-stat.t ............... skipped: This test examines Strawberry/ActiveState Perl behavior.
t/90_regression/rt14444-arg1.t ..................... ok
t/90_regression/rt1648-tied-stderr.t ............... ok
t/90_regression/rt19908-merlyn-stop.t .............. ok
t/90_regression/rt23181-sigchld-rc.t ............... ok
t/90_regression/rt47966-sigchld.t .................. skipped: enable by setting RELEASE_TESTING
t/90_regression/rt56417-wheel-run.t ................ ok
t/90_regression/pipe-followtail.t .................. ok
Bareword "IPPROTO_UDP" not allowed while "strict subs" in use at /home/njh/.cpan/build/POE-1.367-V3BkU1/blib/lib/POE/Wheel/SocketFactory.pm line 84.
Compilation failed in require at (eval 33) line 1.
BEGIN failed--compilation aborted at (eval 33) line 1.
could not import qw(Wheel::SocketFactory) at t/90_regression/socketfactory-timeout.t line 5.
BEGIN failed--compilation aborted at t/90_regression/socketfactory-timeout.t line 5.
t/90_regression/socketfactory-timeout.t ............ 
Dubious, test returned 255 (wstat 65280, 0xff00)
No subtests run 
Bareword "IPPROTO_UDP" not allowed while "strict subs" in use at /home/njh/.cpan/build/POE-1.367-V3BkU1/blib/lib/POE/Wheel/SocketFactory.pm line 84.
Compilation failed in require at /home/njh/.cpan/build/POE-1.367-V3BkU1/blib/lib/POE/Component/Server/TCP.pm line 34.
BEGIN failed--compilation aborted at /home/njh/.cpan/build/POE-1.367-V3BkU1/blib/lib/POE/Component/Server/TCP.pm line 34.
Compilation failed in require at t/90_regression/somni-poco-server-tcp.t line 18.
BEGIN failed--compilation aborted at t/90_regression/somni-poco-server-tcp.t line 18.
t/90_regression/somni-poco-server-tcp.t ............ 
Dubious, test returned 255 (wstat 65280, 0xff00)
No subtests run 
t/90_regression/steinert-passed-wheel.t ............ ok
t/90_regression/suzman_windows.t ................... ok
t/90_regression/ton-stop-corruption.t .............. ok
t/90_regression/tracing-sane-exit.t ................ ok
t/90_regression/whelan-dieprop.t ................... ok
t/90_regression/whjackson-followtail.t ............. ok
t/90_regression/rt65460-forking.t .................. ok

Test Summary Report
-------------------
t/30_loops/io_poll/comp_tcp.t                    (Wstat: 65280 Tests: 0 Failed: 0)
  Non-zero exit status: 255
  Parse errors: Bad plan.  You planned 34 tests but ran 0.
t/30_loops/io_poll/comp_tcp_concurrent.t         (Wstat: 65280 Tests: 0 Failed: 0)
  Non-zero exit status: 255
  Parse errors: Bad plan.  You planned 18 tests but ran 0.
t/30_loops/io_poll/connect_errors.t              (Wstat: 65280 Tests: 0 Failed: 0)
  Non-zero exit status: 255
  Parse errors: No plan found in TAP output
t/30_loops/io_poll/wheel_accept.t                (Wstat: 65280 Tests: 0 Failed: 0)
  Non-zero exit status: 255
  Parse errors: No plan found in TAP output
t/30_loops/io_poll/wheel_sf_tcp.t                (Wstat: 65280 Tests: 0 Failed: 0)
  Non-zero exit status: 255
  Parse errors: No plan found in TAP output
t/30_loops/io_poll/wheel_sf_udp.t                (Wstat: 65280 Tests: 0 Failed: 0)
  Non-zero exit status: 255
  Parse errors: No plan found in TAP output
t/30_loops/io_poll/wheel_sf_unix.t               (Wstat: 65280 Tests: 0 Failed: 0)
  Non-zero exit status: 255
  Parse errors: Bad plan.  You planned 12 tests but ran 0.
t/30_loops/io_poll/wheel_tail.t                  (Wstat: 65280 Tests: 0 Failed: 0)
  Non-zero exit status: 255
  Parse errors: No plan found in TAP output
t/30_loops/io_poll/z_rt53302_fh_watchers.t       (Wstat: 65280 Tests: 0 Failed: 0)
  Non-zero exit status: 255
  Parse errors: No plan found in TAP output
t/30_loops/select/comp_tcp.t                     (Wstat: 65280 Tests: 0 Failed: 0)
  Non-zero exit status: 255
  Parse errors: Bad plan.  You planned 34 tests but ran 0.
t/30_loops/select/comp_tcp_concurrent.t          (Wstat: 65280 Tests: 0 Failed: 0)
  Non-zero exit status: 255
  Parse errors: Bad plan.  You planned 18 tests but ran 0.
t/30_loops/select/connect_errors.t               (Wstat: 65280 Tests: 0 Failed: 0)
  Non-zero exit status: 255
  Parse errors: No plan found in TAP output
t/30_loops/select/wheel_accept.t                 (Wstat: 65280 Tests: 0 Failed: 0)
  Non-zero exit status: 255
  Parse errors: No plan found in TAP output
t/30_loops/select/wheel_sf_tcp.t                 (Wstat: 65280 Tests: 0 Failed: 0)
  Non-zero exit status: 255
  Parse errors: No plan found in TAP output
t/30_loops/select/wheel_sf_udp.t                 (Wstat: 65280 Tests: 0 Failed: 0)
  Non-zero exit status: 255
  Parse errors: No plan found in TAP output
t/30_loops/select/wheel_sf_unix.t                (Wstat: 65280 Tests: 0 Failed: 0)
  Non-zero exit status: 255
  Parse errors: Bad plan.  You planned 12 tests but ran 0.
t/30_loops/select/wheel_tail.t                   (Wstat: 65280 Tests: 0 Failed: 0)
  Non-zero exit status: 255
  Parse errors: No plan found in TAP output
t/30_loops/select/z_rt53302_fh_watchers.t        (Wstat: 65280 Tests: 0 Failed: 0)
  Non-zero exit status: 255
  Parse errors: No plan found in TAP output
t/90_regression/agaran-filter-httpd.t            (Wstat: 512 Tests: 0 Failed: 0)
  Non-zero exit status: 2
  Parse errors: Bad plan.  You planned 3 tests but ran 0.
t/90_regression/cfedde-filter-httpd.t            (Wstat: 512 Tests: 0 Failed: 0)
  Non-zero exit status: 2
  Parse errors: Bad plan.  You planned 3 tests but ran 0.
t/90_regression/ferrari-server-unix.t            (Wstat: 65280 Tests: 0 Failed: 0)
  Non-zero exit status: 255
  Parse errors: No plan found in TAP output
t/90_regression/socketfactory-timeout.t          (Wstat: 65280 Tests: 0 Failed: 0)
  Non-zero exit status: 255
  Parse errors: No plan found in TAP output
t/90_regression/somni-poco-server-tcp.t          (Wstat: 65280 Tests: 0 Failed: 0)
  Non-zero exit status: 255
  Parse errors: No plan found in TAP output
Files=161, Tests=3953, 62 wallclock secs ( 1.30 usr  0.49 sys + 21.78 cusr  3.17 csys = 26.74 CPU)
Result: FAIL
Failed 23/161 test programs. 0/3953 subtests failed.
Makefile:1088: recipe for target 'test_dynamic' failed
make: *** [test_dynamic] Error 255

------------------------------
PREREQUISITES
------------------------------

Prerequisite modules loaded:

requires:

    Module           Need  Have   
    ---------------- ----- -------
    Carp             0     1.3301 
    Errno            1.09  1.09_01
    Exporter         0     5.70   
    File::Spec       0.87  3.47   
    IO               1.24  1.25   
    IO::Handle       1.27  1.28   
    IO::Pipely       0.005 0.005  
    IO::Tty          1.08  1.12   
    POE::Test::Loops 1.360 1.360  
    POSIX            1.02  1.08   
    Socket           1.7   1.77   
    Storable         2.16  2.51   
    Test::Harness    2.26  3.36   
    Time::HiRes      1.59  1.66   

build_requires:

    Module           Need  Have   
    ---------------- ----- -------
    POE::Test::Loops 1.360 1.360  

configure_requires:

    Module           Need  Have   
    ---------------- ----- -------
    POE::Test::Loops 1.360 1.360  


------------------------------
ENVIRONMENT AND OTHER CONTEXT
------------------------------

Environment variables:

    AUTOMATED_TESTING = 1
    HARNESS_OPTIONS = j2
    LANG = en_GB.UTF-8
    LANGUAGE = en_GB:en
    PATH = /home/njh/perl5/perlbrew/bin:/home/njh/perl5/perlbrew/perls/perl-5.8.7/bin:/home/njh/perl5/perlbrew/bin:/usr/bin:/bin
    PERL5LIB = /home/njh/.cpan/build/Devel-Size-0.80-X8Qddn/blib/arch:/home/njh/.cpan/build/Devel-Size-0.80-X8Qddn/blib/lib
    PERL5OPT = 
    PERL5_CPANPLUS_IS_RUNNING = 6734
    PERL5_CPAN_IS_RUNNING = 6734
    PERLBREW_BASHRC_VERSION = 0.75
    PERLBREW_HOME = /home/njh/.perlbrew
    PERLBREW_LIB = 
    PERLBREW_MANPATH = /home/njh/perl5/perlbrew/perls/perl-5.8.7/man
    PERLBREW_PATH = /home/njh/perl5/perlbrew/bin:/home/njh/perl5/perlbrew/perls/perl-5.8.7/bin
    PERLBREW_PERL = perl-5.8.7
    PERLBREW_ROOT = /home/njh/perl5/perlbrew
    PERLBREW_VERSION = 0.75
    PERL_LOCAL_LIB_ROOT = 
    SHELL = /bin/sh

Perl special variables (and OS-specific diagnostics, for MSWin32):

    $^X = /home/njh/perl5/perlbrew/perls/perl-5.8.7/bin/perl
    $UID/$EUID = 1000 / 1000
    $GID = 1000 1000 127 116 108 103 46 44 30 29 25 24 4
    $EGID = 1000 1000 127 116 108 103 46 44 30 29 25 24 4

Perl module toolchain versions installed:

    Module              Have    
    ------------------- --------
    CPAN                1.9800  
    CPAN::Meta          2.150005
    Cwd                 3.47    
    ExtUtils::CBuilder  0.280220
    ExtUtils::Command   7.22    
    ExtUtils::Install   1.54    
    ExtUtils::MakeMaker 7.22    
    ExtUtils::Manifest  1.70    
    ExtUtils::ParseXS   3.30    
    File::Spec          3.47    
    JSON                2.90    
    JSON::PP            2.27400 
    Module::Build       0.4210  
    Module::Signature   n/a     
    Parse::CPAN::Meta   1.4422  
    Test::Harness       3.36    
    Test::More          1.001009
    YAML                n/a     
    YAML::Syck          1.29    
    version             0.9909  


--

Summary of my perl5 (revision 5 version 8 subversion 7) configuration:
  Platform:
    osname=linux, osvers=3.16-3-amd64, archname=x86_64-linux-thread-multi
    uname='linux compaq 3.16-3-amd64 #1 smp debian 3.16.5-1 (2014-10-10) x86_64 gnulinux '
    config_args='-de -Dprefix=/home/njh/perl5/perlbrew/perls/perl-5.8.7 -Duseithreads -Dusemultiplicity -Dusedevel -Accflags= -Aeval:scriptdir=/home/njh/perl5/perlbrew/perls/perl-5.8.7/bin'
    hint=recommended, useposix=true, d_sigaction=define
    usethreads=define use5005threads=undef useithreads=define usemultiplicity=define
    useperlio=define d_sfio=undef uselargefiles=define usesocks=undef
    use64bitint=define use64bitall=define uselongdouble=undef
    usemymalloc=n, bincompat5005=undef
  Compiler:
    cc='cc', ccflags ='-D_REENTRANT -D_GNU_SOURCE -fno-strict-aliasing -pipe -I/usr/local/include -D_LARGEFILE_SOURCE -D_FILE_OFFSET_BITS=64',
    optimize='-O2',
    cppflags='-D_REENTRANT -D_GNU_SOURCE -fno-strict-aliasing -pipe -I/usr/local/include'
    ccversion='', gccversion='4.9.2', gccosandvers=''
    intsize=4, longsize=8, ptrsize=8, doublesize=8, byteorder=12345678
    d_longlong=define, longlongsize=8, d_longdbl=define, longdblsize=16
    ivtype='long', ivsize=8, nvtype='double', nvsize=8, Off_t='off_t', lseeksize=8
    alignbytes=8, prototype=define
  Linker and Libraries:
    ld='cc', ldflags =' -L/usr/local/lib'
    libpth=/usr/local/lib /lib/x86_64-linux-gnu /lib/../lib /usr/lib/x86_64-linux-gnu /usr/lib/../lib /lib /usr/lib
    libs=-lnsl -lgdbm -ldb -ldl -lm -lcrypt -lutil -lpthread -lc -lgdbm_compat
    perllibs=-lnsl -ldl -lm -lcrypt -lutil -lpthread -lc -lgdbm_compat
    libc=, so=so, useshrplib=false, libperl=libperl.a
    gnulibc_version='2.19'
  Dynamic Linking:
    dlsrc=dl_dlopen.xs, dlext=so, d_dlsymun=undef, ccdlflags='-Wl,-E'
    cccdlflags='-fpic', lddlflags='-shared -L/usr/local/lib'


Characteristics of this binary (from libperl): 
  Compile-time options: MULTIPLICITY USE_ITHREADS USE_64_BIT_INT
                        USE_64_BIT_ALL USE_LARGE_FILES
                        PERL_IMPLICIT_CONTEXT
  Built under linux
  Compiled at Nov 15 2014 04:59:30
  %ENV:
    PERL5LIB="/home/njh/.cpan/build/Devel-Size-0.80-X8Qddn/blib/arch:/home/njh/.cpan/build/Devel-Size-0.80-X8Qddn/blib/lib"
    PERL5OPT=""
    PERL5_CPANPLUS_IS_RUNNING="6734"
    PERL5_CPAN_IS_RUNNING="6734"
    PERLBREW_BASHRC_VERSION="0.75"
    PERLBREW_HOME="/home/njh/.perlbrew"
    PERLBREW_LIB=""
    PERLBREW_MANPATH="/home/njh/perl5/perlbrew/perls/perl-5.8.7/man"
    PERLBREW_PATH="/home/njh/perl5/perlbrew/bin:/home/njh/perl5/perlbrew/perls/perl-5.8.7/bin"
    PERLBREW_PERL="perl-5.8.7"
    PERLBREW_ROOT="/home/njh/perl5/perlbrew"
    PERLBREW_VERSION="0.75"
    PERL_LOCAL_LIB_ROOT=""
  @INC:
    /home/njh/.cpan/build/Devel-Size-0.80-X8Qddn/blib/arch
    /home/njh/.cpan/build/Devel-Size-0.80-X8Qddn/blib/lib
    /home/njh/perl5/perlbrew/perls/perl-5.8.7/lib/5.8.7/x86_64-linux-thread-multi
    /home/njh/perl5/perlbrew/perls/perl-5.8.7/lib/5.8.7
    /home/njh/perl5/perlbrew/perls/perl-5.8.7/lib/site_perl/5.8.7/x86_64-linux-thread-multi
    /home/njh/perl5/perlbrew/perls/perl-5.8.7/lib/site_perl/5.8.7
    /home/njh/perl5/perlbrew/perls/perl-5.8.7/lib/site_perl
    .