Report for Tree-XPathEngine-0.05

Back
From: metabase:user:314402c4-2aae-11df-837a-5e0a49663a4f
Subject: FAIL Tree-XPathEngine-0.05 v5.22.2 GNU/Linux
Date: 2016-08-06T14:32:51Z

This distribution has been tested as part of the CPAN Testers
project, supporting the Perl programming language.  See
http://wiki.cpantesters.org/ for more information or email
questions to cpan-testers-discuss@perl.org


--
Dear Michel Rodriguez,

This is a computer-generated report for Tree-XPathEngine-0.05
on perl 5.22.2, created by CPAN-Reporter-1.2018.

Thank you for uploading your work to CPAN.  However, there was a problem
testing your distribution.

If you think this report is invalid, please consult the CPAN Testers Wiki
for suggestions on how to avoid getting FAIL reports for missing library
or binary dependencies, unsupported operating systems, and so on:

http://wiki.cpantesters.org/wiki/CPANAuthorNotes

Sections of this report:

    * Tester comments
    * Program output
    * Prerequisites
    * Environment and other context

------------------------------
TESTER COMMENTS
------------------------------

Additional comments from tester:

none provided

------------------------------
PROGRAM OUTPUT
------------------------------

Output from '/usr/bin/make test':

PERL_DL_NONLAZY=1 "/opt/perl-5.22.2/bin/perl" "-MExtUtils::Command::MM" "-MTest::Harness" "-e" "undef *Test::Harness::Switches; test_harness(0, 'blib/lib', 'blib/arch')" t/*.t
# Testing Tree::XPathEngine 0.05, Perl 5.008007, /usr/bin/perl
t/00-load.t ................... ok
t/01_basic.t .................. ok
t/02_altername_word_tokens.t .. ok
t/03_xpath.t .................. ok
t/04_errors.t ................. ok
t/pod-coverage.t .............. ok

#   Failed test 'POD test for blib/lib/Tree/XPathEngine.pm'
#   at /opt/perl-5.22.2/lib/site_perl/5.22.2/Test/Pod.pm line 187.
Wide character in print at /opt/perl-5.22.2/lib/site_perl/5.22.2/Test2/Formatter/TAP.pm line 105.
# blib/lib/Tree/XPathEngine.pm (989): Non-ASCII character seen before =encoding in 'elements(regular'. Assuming UTF-8
# blib/lib/Tree/XPathEngine.pm (1310): L<> starts or ends with whitespace
# Looks like you failed 1 test of 11.
t/pod.t ....................... 
Dubious, test returned 1 (wstat 256, 0x100)
Failed 1/11 subtests 

Test Summary Report
-------------------
t/pod.t                     (Wstat: 256 Tests: 11 Failed: 1)
  Failed test:  1
  Non-zero exit status: 1
Files=7, Tests=169,  0 wallclock secs ( 0.01 usr  0.02 sys +  0.28 cusr  0.09 csys =  0.40 CPU)
Result: FAIL
Failed 1/7 test programs. 1/169 subtests failed.
make: *** [test_dynamic] Error 1

------------------------------
PREREQUISITES
------------------------------

Prerequisite modules loaded:

requires:

    Module              Need Have    
    ------------------- ---- --------
    Test::More          0    1.302049

build_requires:

    Module              Need Have    
    ------------------- ---- --------
    ExtUtils::MakeMaker 0    7.20    


------------------------------
ENVIRONMENT AND OTHER CONTEXT
------------------------------

Environment variables:

    LANG = en_US.UTF-8
    LANGUAGE = en_US:en
    PATH = /usr/local/bin:/usr/bin:/bin:/usr/local/sbin:/usr/sbin:/sbin:/home/cpansand/bin/linux-gnu:/home/cpansand/bin/sh:/home/cpansand/bin:/usr/games:/home/cpansand/devel:/home/eserte/src/srezic-misc/scripts
    PERL5LIB = /home/cpansand/.cpan/build/2016080615/UV-0.24-2/blib/arch:/home/cpansand/.cpan/build/2016080615/UV-0.24-2/blib/lib:/home/cpansand/.cpan/build/2016080615/Term-ReadLine-Gnu-1.34-1/blib/arch:/home/cpansand/.cpan/build/2016080615/Term-ReadLine-Gnu-1.34-1/blib/lib:/home/cpansand/.cpan/build/2016080615/Email-Valid-Loose-0.05-2/blib/arch:/home/cpansand/.cpan/build/2016080615/Email-Valid-Loose-0.05-2/blib/lib:/home/cpansand/.cpan/build/2016080615/Text-TestBase-0.13-2/blib/arch:/home/cpansand/.cpan/build/2016080615/Text-TestBase-0.13-2/blib/lib:/home/cpansand/.cpan/build/2016080615/Array-Transpose-Ragged-0.01-2/blib/arch:/home/cpansand/.cpan/build/2016080615/Array-Transpose-Ragged-0.01-2/blib/lib:/home/cpansand/.cpan/build/2016080615/Array-Transpose-0.06-2/blib/arch:/home/cpansand/.cpan/build/2016080615/Array-Transpose-0.06-2/blib/lib
    PERL5OPT = 
    PERL5_CPANPLUS_IS_RUNNING = 12542
    PERL5_CPAN_IS_RUNNING = 12542
    PERL5_CPAN_IS_RUNNING_IN_RECURSION = 16460,12542
    PERLDOC = -MPod::Perldoc::ToTextOverstrike
    PERL_BATCH = yes
    PERL_CANARY_STABILITY_NOPROMPT = 1
    PERL_CPAN_REPORTER_CONFIG = /var/tmp/cpansmoker-1023/2016080612/cpanreporter_000_config.ini
    PERL_EXTUTILS_AUTOINSTALL = --defaultdeps
    SHELL = /bin/zsh
    TERM = screen
    TMPDIR = /var/tmp/cpansmoker-1023/2016080612

Perl special variables (and OS-specific diagnostics, for MSWin32):

    $^X = /opt/perl-5.22.2/bin/perl
    $UID/$EUID = 1023 / 1023
    $GID = 1023 1023
    $EGID = 1023 1023

Perl module toolchain versions installed:

    Module              Have    
    ------------------- --------
    CPAN                2.14    
    CPAN::Meta          2.150005
    Cwd                 3.56_01 
    ExtUtils::CBuilder  0.280221
    ExtUtils::Command   7.20    
    ExtUtils::Install   2.04    
    ExtUtils::MakeMaker 7.20    
    ExtUtils::Manifest  1.70    
    ExtUtils::ParseXS   3.28    
    File::Spec          3.56_01 
    JSON                2.90    
    JSON::PP            2.27300 
    Module::Build       0.4218  
    Module::Signature   0.80    
    Parse::CPAN::Meta   1.4422  
    Test::Harness       3.35    
    Test::More          1.302049
    YAML                1.17    
    YAML::Syck          1.29    
    version             0.9917  


--

Summary of my perl5 (revision 5 version 22 subversion 2) configuration:
   
  Platform:
    osname=linux, osvers=3.2.0-4-amd64, archname=x86_64-linux
    uname='linux cvrsnica-wheezy 3.2.0-4-amd64 #1 smp debian 3.2.54-2 x86_64 gnulinux '
    config_args='-ds -e -Dprefix=/opt/perl-5.22.2 -Dcf_email=srezic@cpan.org'
    hint=recommended, useposix=true, d_sigaction=define
    useithreads=undef, usemultiplicity=undef
    use64bitint=define, use64bitall=define, uselongdouble=undef
    usemymalloc=n, bincompat5005=undef
  Compiler:
    cc='cc', ccflags ='-fwrapv -fno-strict-aliasing -pipe -fstack-protector -I/usr/local/include -D_LARGEFILE_SOURCE -D_FILE_OFFSET_BITS=64 -D_FORTIFY_SOURCE=2',
    optimize='-O2',
    cppflags='-fwrapv -fno-strict-aliasing -pipe -fstack-protector -I/usr/local/include'
    ccversion='', gccversion='4.7.2', gccosandvers=''
    intsize=4, longsize=8, ptrsize=8, doublesize=8, byteorder=12345678, doublekind=3
    d_longlong=define, longlongsize=8, d_longdbl=define, longdblsize=16, longdblkind=3
    ivtype='long', ivsize=8, nvtype='double', nvsize=8, Off_t='off_t', lseeksize=8
    alignbytes=8, prototype=define
  Linker and Libraries:
    ld='cc', ldflags =' -fstack-protector -L/usr/local/lib'
    libpth=/usr/local/lib /usr/lib/gcc/x86_64-linux-gnu/4.7/include-fixed /usr/include/x86_64-linux-gnu /usr/lib /lib/x86_64-linux-gnu /lib/../lib /usr/lib/x86_64-linux-gnu /usr/lib/../lib /lib
    libs=-lpthread -lnsl -ldb -ldl -lm -lcrypt -lutil -lc
    perllibs=-lpthread -lnsl -ldl -lm -lcrypt -lutil -lc
    libc=libc-2.13.so, so=so, useshrplib=false, libperl=libperl.a
    gnulibc_version='2.13'
  Dynamic Linking:
    dlsrc=dl_dlopen.xs, dlext=so, d_dlsymun=undef, ccdlflags='-Wl,-E'
    cccdlflags='-fPIC', lddlflags='-shared -O2 -L/usr/local/lib -fstack-protector'


Characteristics of this binary (from libperl): 
  Compile-time options: HAS_TIMES PERLIO_LAYERS PERL_DONT_CREATE_GVSV
                        PERL_HASH_FUNC_ONE_AT_A_TIME_HARD PERL_MALLOC_WRAP
                        PERL_NEW_COPY_ON_WRITE PERL_PRESERVE_IVUV
                        USE_64_BIT_ALL USE_64_BIT_INT USE_LARGE_FILES
                        USE_LOCALE USE_LOCALE_COLLATE USE_LOCALE_CTYPE
                        USE_LOCALE_NUMERIC USE_LOCALE_TIME USE_PERLIO
                        USE_PERL_ATOF
  Built under linux
  Compiled at May 29 2016 23:41:57
  %ENV:
    PERL5LIB="/home/cpansand/.cpan/build/2016080615/UV-0.24-2/blib/arch:/home/cpansand/.cpan/build/2016080615/UV-0.24-2/blib/lib:/home/cpansand/.cpan/build/2016080615/Term-ReadLine-Gnu-1.34-1/blib/arch:/home/cpansand/.cpan/build/2016080615/Term-ReadLine-Gnu-1.34-1/blib/lib:/home/cpansand/.cpan/build/2016080615/Email-Valid-Loose-0.05-2/blib/arch:/home/cpansand/.cpan/build/2016080615/Email-Valid-Loose-0.05-2/blib/lib:/home/cpansand/.cpan/build/2016080615/Text-TestBase-0.13-2/blib/arch:/home/cpansand/.cpan/build/2016080615/Text-TestBase-0.13-2/blib/lib:/home/cpansand/.cpan/build/2016080615/Array-Transpose-Ragged-0.01-2/blib/arch:/home/cpansand/.cpan/build/2016080615/Array-Transpose-Ragged-0.01-2/blib/lib:/home/cpansand/.cpan/build/2016080615/Array-Transpose-0.06-2/blib/arch:/home/cpansand/.cpan/build/2016080615/Array-Transpose-0.06-2/blib/lib"
    PERL5OPT=""
    PERL5_CPANPLUS_IS_RUNNING="12542"
    PERL5_CPAN_IS_RUNNING="12542"
    PERL5_CPAN_IS_RUNNING_IN_RECURSION="16460,12542"
    PERLDOC="-MPod::Perldoc::ToTextOverstrike"
    PERL_BATCH="yes"
    PERL_CANARY_STABILITY_NOPROMPT="1"
    PERL_CPAN_REPORTER_CONFIG="/var/tmp/cpansmoker-1023/2016080612/cpanreporter_000_config.ini"
    PERL_EXTUTILS_AUTOINSTALL="--defaultdeps"
  @INC:
    /home/cpansand/.cpan/build/2016080615/UV-0.24-2/blib/arch
    /home/cpansand/.cpan/build/2016080615/UV-0.24-2/blib/lib
    /home/cpansand/.cpan/build/2016080615/Term-ReadLine-Gnu-1.34-1/blib/arch
    /home/cpansand/.cpan/build/2016080615/Term-ReadLine-Gnu-1.34-1/blib/lib
    /home/cpansand/.cpan/build/2016080615/Email-Valid-Loose-0.05-2/blib/arch
    /home/cpansand/.cpan/build/2016080615/Email-Valid-Loose-0.05-2/blib/lib
    /home/cpansand/.cpan/build/2016080615/Text-TestBase-0.13-2/blib/arch
    /home/cpansand/.cpan/build/2016080615/Text-TestBase-0.13-2/blib/lib
    /home/cpansand/.cpan/build/2016080615/Array-Transpose-Ragged-0.01-2/blib/arch
    /home/cpansand/.cpan/build/2016080615/Array-Transpose-Ragged-0.01-2/blib/lib
    /home/cpansand/.cpan/build/2016080615/Array-Transpose-0.06-2/blib/arch
    /home/cpansand/.cpan/build/2016080615/Array-Transpose-0.06-2/blib/lib
    /opt/perl-5.22.2/lib/site_perl/5.22.2/x86_64-linux
    /opt/perl-5.22.2/lib/site_perl/5.22.2
    /opt/perl-5.22.2/lib/5.22.2/x86_64-linux
    /opt/perl-5.22.2/lib/5.22.2
    .