Perl6-Pod v0.72 Perl 5 v5.29.4 x86_64-linux-thread-multi

Status
Fail
From
Slaven Rezić (SREZIC)
Dist
Perl6-Pod v0.72
Platform
Perl 5 v5.29.4 x86_64-linux-thread-multi
Date
2018-12-08 13:39:15
ID
a7d8edcc-faee-11e8-bfd0-86a215dcfeee
This distribution has been tested as part of the CPAN Testers
project, supporting the Perl programming language.  See
http://wiki.cpantesters.org/ for more information or email
questions to cpan-testers-discuss@perl.org


--
Dear Zahatski Aliaksandr,

This is a computer-generated report for Perl6-Pod-0.72
on perl 5.29.4, created by CPAN-Reporter-1.2018.

Thank you for uploading your work to CPAN.  However, there was a problem
testing your distribution.

If you think this report is invalid, please consult the CPAN Testers Wiki
for suggestions on how to avoid getting FAIL reports for missing library
or binary dependencies, unsupported operating systems, and so on:

http://wiki.cpantesters.org/wiki/CPANAuthorNotes

Sections of this report:

    * Tester comments
    * Program output
    * Prerequisites
    * Environment and other context

------------------------------
TESTER COMMENTS
------------------------------

Additional comments from tester:

none provided

------------------------------
PROGRAM OUTPUT
------------------------------

Output from './Build test':

Sequence (?_...) not recognized in regex; marked by <-- HERE in m/(?x)____________________________________________________________________________________________________________________________________________________________________________________________________________________________(____________________________________________________________________________________________________________________________________________________________________________________________________________________________ at (eval 12) line 422.
Compilation failed in require at /home/cpansand/.cpan/build/2018120813/Perl6-Pod-0.72-3/blib/lib/Perl6/Pod/Block/code.pm line 37.
BEGIN failed--compilation aborted at /home/cpansand/.cpan/build/2018120813/Perl6-Pod-0.72-3/blib/lib/Perl6/Pod/Block/code.pm line 37.
Compilation failed in require at /home/cpansand/.cpan/build/2018120813/Perl6-Pod-0.72-3/blib/lib/Perl6/Pod/Utl/Context.pm line 9.
BEGIN failed--compilation aborted at /home/cpansand/.cpan/build/2018120813/Perl6-Pod-0.72-3/blib/lib/Perl6/Pod/Utl/Context.pm line 9.
Compilation failed in require at /home/cpansand/.cpan/build/2018120813/Perl6-Pod-0.72-3/blib/lib/Perl6/Pod/To.pm line 33.
BEGIN failed--compilation aborted at /home/cpansand/.cpan/build/2018120813/Perl6-Pod-0.72-3/blib/lib/Perl6/Pod/To.pm line 33.
Compilation failed in require at /opt/perl-5.29.4t/lib/5.29.4/base.pm line 137.
	...propagated at /opt/perl-5.29.4t/lib/5.29.4/base.pm line 159.
BEGIN failed--compilation aborted at t/00-attr.t line 10.
t/00-attr.t ............. 
Dubious, test returned 255 (wstat 65280, 0xff00)
No subtests run 
Sequence (?_...) not recognized in regex; marked by <-- HERE in m/(?x)____________________________________________________________________________________________________________________________________________________________________________________________________________________________(____________________________________________________________________________________________________________________________________________________________________________________________________________________________ at (eval 12) line 422.
Compilation failed in require at t/01-parser.t line 12.
BEGIN failed--compilation aborted at t/01-parser.t line 12.
# Looks like your test exited with 255 before it could output anything.
t/01-parser.t ........... 
Dubious, test returned 255 (wstat 65280, 0xff00)
Failed 2/2 subtests 
Sequence (?_...) not recognized in regex; marked by <-- HERE in m/(?x)____________________________________________________________________________________________________________________________________________________________________________________________________________________________(____________________________________________________________________________________________________________________________________________________________________________________________________________________________ at (eval 12) line 422.
Compilation failed in require at t/02.reg.t line 90.
BEGIN failed--compilation aborted at t/02.reg.t line 90.
# Looks like your test exited with 255 before it could output anything.
t/02.reg.t .............. 
Dubious, test returned 255 (wstat 65280, 0xff00)
Failed 13/13 subtests 
Sequence (?_...) not recognized in regex; marked by <-- HERE in m/(?x)____________________________________________________________________________________________________________________________________________________________________________________________________________________________(____________________________________________________________________________________________________________________________________________________________________________________________________________________________ at (eval 13) line 422.
Compilation failed in require at /home/cpansand/.cpan/build/2018120813/Perl6-Pod-0.72-3/blib/lib/Perl6/Pod/Block/code.pm line 37.
BEGIN failed--compilation aborted at /home/cpansand/.cpan/build/2018120813/Perl6-Pod-0.72-3/blib/lib/Perl6/Pod/Block/code.pm line 37.
Compilation failed in require at /home/cpansand/.cpan/build/2018120813/Perl6-Pod-0.72-3/blib/lib/Perl6/Pod/Utl/Context.pm line 9.
BEGIN failed--compilation aborted at /home/cpansand/.cpan/build/2018120813/Perl6-Pod-0.72-3/blib/lib/Perl6/Pod/Utl/Context.pm line 9.
Compilation failed in require at /home/cpansand/.cpan/build/2018120813/Perl6-Pod-0.72-3/blib/lib/Perl6/Pod/To.pm line 33.
BEGIN failed--compilation aborted at /home/cpansand/.cpan/build/2018120813/Perl6-Pod-0.72-3/blib/lib/Perl6/Pod/To.pm line 33.
Compilation failed in require at /home/cpansand/.cpan/build/2018120813/Perl6-Pod-0.72-3/blib/lib/Perl6/Pod/Test.pm line 5.
BEGIN failed--compilation aborted at /home/cpansand/.cpan/build/2018120813/Perl6-Pod-0.72-3/blib/lib/Perl6/Pod/Test.pm line 5.
Compilation failed in require at t/lib/TBase.pm line 10.
BEGIN failed--compilation aborted at t/lib/TBase.pm line 10.
Compilation failed in require at /opt/perl-5.29.4t/lib/5.29.4/base.pm line 137.
	...propagated at /opt/perl-5.29.4t/lib/5.29.4/base.pm line 159.
BEGIN failed--compilation aborted at t/lib/T/Block/code.pm line 14.
Compilation failed in require at t/04_Blocks.t line 9.
BEGIN failed--compilation aborted at t/04_Blocks.t line 9.
t/04_Blocks.t ........... 
Dubious, test returned 255 (wstat 65280, 0xff00)
No subtests run 
Sequence (?_...) not recognized in regex; marked by <-- HERE in m/(?x)____________________________________________________________________________________________________________________________________________________________________________________________________________________________(____________________________________________________________________________________________________________________________________________________________________________________________________________________________ at (eval 12) line 422.
Compilation failed in require at t/05-formatcodes.t line 21.
BEGIN failed--compilation aborted at t/05-formatcodes.t line 21.
# Looks like your test exited with 255 before it could output anything.
t/05-formatcodes.t ...... 
Dubious, test returned 255 (wstat 65280, 0xff00)
Failed 16/16 subtests 
Sequence (?_...) not recognized in regex; marked by <-- HERE in m/(?x)____________________________________________________________________________________________________________________________________________________________________________________________________________________________(____________________________________________________________________________________________________________________________________________________________________________________________________________________________ at (eval 12) line 422.
Compilation failed in require at /home/cpansand/.cpan/build/2018120813/Perl6-Pod-0.72-3/blib/lib/Perl6/Pod/Block/code.pm line 37.
BEGIN failed--compilation aborted at /home/cpansand/.cpan/build/2018120813/Perl6-Pod-0.72-3/blib/lib/Perl6/Pod/Block/code.pm line 37.
Compilation failed in require at /home/cpansand/.cpan/build/2018120813/Perl6-Pod-0.72-3/blib/lib/Perl6/Pod/Utl/Context.pm line 9.
BEGIN failed--compilation aborted at /home/cpansand/.cpan/build/2018120813/Perl6-Pod-0.72-3/blib/lib/Perl6/Pod/Utl/Context.pm line 9.
Compilation failed in require at /home/cpansand/.cpan/build/2018120813/Perl6-Pod-0.72-3/blib/lib/Perl6/Pod/To.pm line 33.
BEGIN failed--compilation aborted at /home/cpansand/.cpan/build/2018120813/Perl6-Pod-0.72-3/blib/lib/Perl6/Pod/To.pm line 33.
Compilation failed in require at /home/cpansand/.cpan/build/2018120813/Perl6-Pod-0.72-3/blib/lib/Perl6/Pod/To/XHTML.pm line 46.
BEGIN failed--compilation aborted at /home/cpansand/.cpan/build/2018120813/Perl6-Pod-0.72-3/blib/lib/Perl6/Pod/To/XHTML.pm line 46.
Compilation failed in require at t/lib/T/FormattingCode/A.pm line 12.
BEGIN failed--compilation aborted at t/lib/T/FormattingCode/A.pm line 12.
Compilation failed in require at t/05_FormattingCodes.t line 9.
BEGIN failed--compilation aborted at t/05_FormattingCodes.t line 9.
t/05_FormattingCodes.t .. 
Dubious, test returned 255 (wstat 65280, 0xff00)
No subtests run 

Test Summary Report
-------------------
t/00-attr.t           (Wstat: 65280 Tests: 0 Failed: 0)
  Non-zero exit status: 255
  Parse errors: No plan found in TAP output
t/01-parser.t         (Wstat: 65280 Tests: 0 Failed: 0)
  Non-zero exit status: 255
  Parse errors: Bad plan.  You planned 2 tests but ran 0.
t/02.reg.t            (Wstat: 65280 Tests: 0 Failed: 0)
  Non-zero exit status: 255
  Parse errors: Bad plan.  You planned 13 tests but ran 0.
t/04_Blocks.t         (Wstat: 65280 Tests: 0 Failed: 0)
  Non-zero exit status: 255
  Parse errors: No plan found in TAP output
t/05-formatcodes.t    (Wstat: 65280 Tests: 0 Failed: 0)
  Non-zero exit status: 255
  Parse errors: Bad plan.  You planned 16 tests but ran 0.
t/05_FormattingCodes.t (Wstat: 65280 Tests: 0 Failed: 0)
  Non-zero exit status: 255
  Parse errors: No plan found in TAP output
Files=6, Tests=0,  0 wallclock secs ( 0.01 usr  0.04 sys +  0.47 cusr  0.04 csys =  0.56 CPU)
Result: FAIL
Failed 6/6 test programs. 0/0 subtests failed.

------------------------------
PREREQUISITES
------------------------------

Prerequisite modules loaded:

requires:

    Module           Need  Have  
    ---------------- ----- ------
    Encode           0     2.98  
    Filter::Simple   0     0.95  
    Getopt::Long     0     2.5   
    Pod::Usage       0     1.69  
    Regexp::Grammars 1.044 1.049 
    Test::Class      0     0.50  
    Tie::UnionHash   0.02  0.02  
    XML::Flow        0     0.86  

configure_requires:

    Module           Need  Have  
    ---------------- ----- ------
    Module::Build    0.42  0.4224


------------------------------
ENVIRONMENT AND OTHER CONTEXT
------------------------------

Environment variables:

    LANG = C
    PATH = /usr/local/bin:/usr/bin:/bin:/usr/local/sbin:/usr/sbin:/sbin:/home/cpansand/bin/linux-gnu:/home/cpansand/bin/sh:/home/cpansand/bin:/usr/games:/home/cpansand/devel:/home/eserte/src/srezic-misc/scripts
    PERL5LIB = /home/cpansand/.cpan/build/2018120813/XML-Flow-0.86-3/blib/arch:/home/cpansand/.cpan/build/2018120813/XML-Flow-0.86-3/blib/lib:/home/cpansand/.cpan/build/2018120813/Tie-UnionHash-0.02-3/blib/arch:/home/cpansand/.cpan/build/2018120813/Tie-UnionHash-0.02-3/blib/lib
    PERL5OPT = 
    PERL5_CPANPLUS_IS_RUNNING = 7052
    PERL5_CPAN_IS_RUNNING = 7052
    PERL5_CPAN_IS_RUNNING_IN_RECURSION = 7039,7052
    PERLDOC = -MPod::Perldoc::ToTextOverstrike
    PERL_BATCH = yes
    PERL_CANARY_STABILITY_NOPROMPT = 1
    PERL_CPAN_REPORTER_CONFIG = /var/tmp/cpansmoker-1023/2018120813/cpanreporter_000_config.ini
    PERL_EXTUTILS_AUTOINSTALL = --defaultdeps
    PERL_USE_UNSAFE_INC = 1
    SHELL = /usr/bin/zsh
    TERM = screen
    TMPDIR = /var/tmp/cpansmoker-1023/2018120813

Perl special variables (and OS-specific diagnostics, for MSWin32):

    $^X = /opt/perl-5.29.4t/bin/perl5.29.4
    $UID/$EUID = 1023 / 1023
    $GID = 1023 1023
    $EGID = 1023 1023

Perl module toolchain versions installed:

    Module              Have    
    ------------------- --------
    CPAN                2.21    
    CPAN::Meta          2.150010
    Cwd                 3.75    
    ExtUtils::CBuilder  0.280230
    ExtUtils::Command   7.34    
    ExtUtils::Install   2.14    
    ExtUtils::MakeMaker 7.34    
    ExtUtils::Manifest  1.71    
    ExtUtils::ParseXS   3.39    
    File::Spec          3.75    
    JSON                2.97001 
    JSON::PP            2.97001 
    Module::Build       0.4224  
    Module::Signature   0.83    
    Parse::CPAN::Meta   2.150010
    Test::Harness       3.42    
    Test::More          1.302140
    YAML                1.26    
    YAML::Syck          1.31    
    version             0.9924  


--

Summary of my perl5 (revision 5 version 29 subversion 4) configuration:
   
  Platform:
    osname=linux
    osvers=3.16.0-7-amd64
    archname=x86_64-linux-thread-multi
    uname='linux debian8 3.16.0-7-amd64 #1 smp debian 3.16.59-1 (2018-10-03) x86_64 gnulinux '
    config_args='-ds -e -Dprefix=/opt/perl-5.29.4t -Dusedevel -Dusemallocwrap=no -Dusethreads -Dcf_email=srezic@cpan.org'
    hint=recommended
    useposix=true
    d_sigaction=define
    useithreads=define
    usemultiplicity=define
    use64bitint=define
    use64bitall=define
    uselongdouble=undef
    usemymalloc=n
    default_inc_excludes_dot=define
    bincompat5005=undef
  Compiler:
    cc='cc'
    ccflags ='-D_REENTRANT -D_GNU_SOURCE -fwrapv -fno-strict-aliasing -pipe -fstack-protector-strong -I/usr/local/include -D_LARGEFILE_SOURCE -D_FILE_OFFSET_BITS=64 -D_FORTIFY_SOURCE=2'
    optimize='-O2'
    cppflags='-D_REENTRANT -D_GNU_SOURCE -fwrapv -fno-strict-aliasing -pipe -fstack-protector-strong -I/usr/local/include'
    ccversion=''
    gccversion='4.9.2'
    gccosandvers=''
    intsize=4
    longsize=8
    ptrsize=8
    doublesize=8
    byteorder=12345678
    doublekind=3
    d_longlong=define
    longlongsize=8
    d_longdbl=define
    longdblsize=16
    longdblkind=3
    ivtype='long'
    ivsize=8
    nvtype='double'
    nvsize=8
    Off_t='off_t'
    lseeksize=8
    alignbytes=8
    prototype=define
  Linker and Libraries:
    ld='cc'
    ldflags =' -fstack-protector-strong -L/usr/local/lib'
    libpth=/usr/local/lib /usr/lib/gcc/x86_64-linux-gnu/4.9/include-fixed /usr/include/x86_64-linux-gnu /usr/lib /lib/x86_64-linux-gnu /lib/../lib /usr/lib/x86_64-linux-gnu /usr/lib/../lib /lib
    libs=-lpthread -lnsl -lgdbm -ldb -ldl -lm -lcrypt -lutil -lc -lgdbm_compat
    perllibs=-lpthread -lnsl -ldl -lm -lcrypt -lutil -lc
    libc=libc-2.19.so
    so=so
    useshrplib=false
    libperl=libperl.a
    gnulibc_version='2.19'
  Dynamic Linking:
    dlsrc=dl_dlopen.xs
    dlext=so
    d_dlsymun=undef
    ccdlflags='-Wl,-E'
    cccdlflags='-fPIC'
    lddlflags='-shared -O2 -L/usr/local/lib -fstack-protector-strong'


Characteristics of this binary (from libperl): 
  Compile-time options:
    HAS_TIMES
    MULTIPLICITY
    PERLIO_LAYERS
    PERL_COPY_ON_WRITE
    PERL_DONT_CREATE_GVSV
    PERL_IMPLICIT_CONTEXT
    PERL_OP_PARENT
    PERL_PRESERVE_IVUV
    PERL_USE_DEVEL
    USE_64_BIT_ALL
    USE_64_BIT_INT
    USE_ITHREADS
    USE_LARGE_FILES
    USE_LOCALE
    USE_LOCALE_COLLATE
    USE_LOCALE_CTYPE
    USE_LOCALE_NUMERIC
    USE_LOCALE_TIME
    USE_PERLIO
    USE_PERL_ATOF
    USE_REENTRANT_API
  Built under linux
  Compiled at Oct 20 2018 18:58:04
  %ENV:
    PERL5LIB="/home/cpansand/.cpan/build/2018120813/XML-Flow-0.86-3/blib/arch:/home/cpansand/.cpan/build/2018120813/XML-Flow-0.86-3/blib/lib:/home/cpansand/.cpan/build/2018120813/Tie-UnionHash-0.02-3/blib/arch:/home/cpansand/.cpan/build/2018120813/Tie-UnionHash-0.02-3/blib/lib"
    PERL5OPT=""
    PERL5_CPANPLUS_IS_RUNNING="7052"
    PERL5_CPAN_IS_RUNNING="7052"
    PERL5_CPAN_IS_RUNNING_IN_RECURSION="7039,7052"
    PERLDOC="-MPod::Perldoc::ToTextOverstrike"
    PERL_BATCH="yes"
    PERL_CANARY_STABILITY_NOPROMPT="1"
    PERL_CPAN_REPORTER_CONFIG="/var/tmp/cpansmoker-1023/2018120813/cpanreporter_000_config.ini"
    PERL_EXTUTILS_AUTOINSTALL="--defaultdeps"
    PERL_USE_UNSAFE_INC="1"
  @INC:
    /home/cpansand/.cpan/build/2018120813/XML-Flow-0.86-3/blib/arch
    /home/cpansand/.cpan/build/2018120813/XML-Flow-0.86-3/blib/lib
    /home/cpansand/.cpan/build/2018120813/Tie-UnionHash-0.02-3/blib/arch
    /home/cpansand/.cpan/build/2018120813/Tie-UnionHash-0.02-3/blib/lib
    /opt/perl-5.29.4t/lib/site_perl/5.29.4/x86_64-linux-thread-multi
    /opt/perl-5.29.4t/lib/site_perl/5.29.4
    /opt/perl-5.29.4t/lib/5.29.4/x86_64-linux-thread-multi
    /opt/perl-5.29.4t/lib/5.29.4
    .