Catalyst-Model-FormFu v0.004 Perl 5 v5.22.4 x86_64-linux

Status
Fail
From
Slaven Rezić (SREZIC)
Dist
Catalyst-Model-FormFu v0.004
Platform
Perl 5 v5.22.4 x86_64-linux
Date
2017-11-21 07:07:37
ID
a7c3c44c-ce8a-11e7-a54e-eccd2e897e54
This distribution has been tested as part of the CPAN Testers
project, supporting the Perl programming language.  See
http://wiki.cpantesters.org/ for more information or email
questions to cpan-testers-discuss@perl.org


--
Dear Peter Shangov,

This is a computer-generated report for Catalyst-Model-FormFu-0.004
on perl 5.22.4, created by CPAN-Reporter-1.2018.

Thank you for uploading your work to CPAN.  However, there was a problem
testing your distribution.

If you think this report is invalid, please consult the CPAN Testers Wiki
for suggestions on how to avoid getting FAIL reports for missing library
or binary dependencies, unsupported operating systems, and so on:

http://wiki.cpantesters.org/wiki/CPANAuthorNotes

Sections of this report:

    * Tester comments
    * Program output
    * Prerequisites
    * Environment and other context

------------------------------
TESTER COMMENTS
------------------------------

Additional comments from tester:

none provided

------------------------------
PROGRAM OUTPUT
------------------------------

Output from '/usr/bin/make test':

PERL_DL_NONLAZY=1 "/opt/perl-5.22.4/bin/perl" "-MExtUtils::Command::MM" "-MTest::Harness" "-e" "undef *Test::Harness::Switches; test_harness(0, 'blib/lib', 'blib/arch')" t/*.t
t/00-compile.t .......... ok
Couldn't instantiate component "FormFu::Model::FormFu", "Can't use an undefined value as a HASH reference at /opt/perl-5.22.4/lib/site_perl/5.22.4/Catalyst/Test.pm line 155.
BEGIN failed--compilation aborted at t/01-basic.t line 6.
t/01-basic.t ............ 
Dubious, test returned 255 (wstat 65280, 0xff00)
No subtests run 
t/release-eol.t ......... skipped: these tests are for release candidate testing
t/release-no-tabs.t ..... skipped: these tests are for release candidate testing
t/release-pod-spell.t ... skipped: these tests are for release candidate testing
t/release-pod-syntax.t .. skipped: these tests are for release candidate testing

Test Summary Report
-------------------
t/01-basic.t          (Wstat: 65280 Tests: 0 Failed: 0)
  Non-zero exit status: 255
  Parse errors: No plan found in TAP output
Files=6, Tests=2,  2 wallclock secs ( 0.02 usr  0.03 sys +  1.62 cusr  0.17 csys =  1.84 CPU)
Result: FAIL
Failed 1/6 test programs. 0/2 subtests failed.
Makefile:899: recipe for target 'test_dynamic' failed
make: *** [test_dynamic] Error 255

------------------------------
PREREQUISITES
------------------------------

Prerequisite modules loaded:

requires:

    Module                                  Need    Have    
    --------------------------------------- ------- --------
    Catalyst::Component::InstancePerContext 0       0.001001
    Catalyst::Model                         0       0       
    HTML::FormFu                            0       2.05    
    Moose                                   0       2.2006  
    namespace::clean                        0       0.27    
    Scalar::Util                            0       1.49    

build_requires:

    Module                                  Need    Have    
    --------------------------------------- ------- --------
    Catalyst                                0       5.90115 
    Catalyst::Controller                    0       0       
    Catalyst::Engine::HTTP                  0       0       
    Catalyst::Model::DBIC::Schema           0       0.65    
    Catalyst::Restarter                     0       0       
    Catalyst::Runtime                       5.80    5.90115 
    Catalyst::Test                          0       0       
    Catalyst::View::TT                      0       0.44    
    DBIx::Class::Candy                      0       0.005003
    DBIx::Class::Schema                     0       0       
    File::Find                              0       1.29    
    File::Temp                              0       0.2304  
    FindBin                                 0       1.51    
    Getopt::Long                            0       2.5     
    HTML::FormFu::Model::DBIC               0.09000 2.02    
    parent                                  0       0.232   
    Path::Class                             0       0.37    
    Pod::Usage                              0       1.69    
    rlib                                    0       0.02    
    Test::More                              0       1.302113
    Test::Most                              0       0.35    

configure_requires:

    Module                                  Need    Have    
    --------------------------------------- ------- --------
    ExtUtils::MakeMaker                     6.31    7.30    


------------------------------
ENVIRONMENT AND OTHER CONTEXT
------------------------------

Environment variables:

    LANG = C
    PATH = /usr/local/bin:/usr/bin:/bin:/usr/local/sbin:/usr/sbin:/sbin:/home/cpansand/bin/linux-gnu:/home/cpansand/bin/sh:/home/cpansand/bin:/usr/games:/home/cpansand/devel:/home/eserte/src/srezic-misc/scripts
    PERL5LIB = /home/cpansand/.cpan/build/2017112106/HTML-FormFu-Model-DBIC-2.02-0/blib/arch:/home/cpansand/.cpan/build/2017112106/HTML-FormFu-Model-DBIC-2.02-0/blib/lib:/home/cpansand/.cpan/build/2017112106/HTML-FormFu-2.05-0/blib/arch:/home/cpansand/.cpan/build/2017112106/HTML-FormFu-2.05-0/blib/lib
    PERL5OPT = 
    PERL5_CPANPLUS_IS_RUNNING = 5532
    PERL5_CPAN_IS_RUNNING = 5532
    PERL5_CPAN_IS_RUNNING_IN_RECURSION = 5402,5532
    PERLDOC = -MPod::Perldoc::ToTextOverstrike
    PERL_BATCH = yes
    PERL_CANARY_STABILITY_NOPROMPT = 1
    PERL_CPAN_REPORTER_CONFIG = /var/tmp/cpansmoker-1023/2017112106/cpanreporter_000_config.ini
    PERL_EXTUTILS_AUTOINSTALL = --defaultdeps
    SHELL = /usr/bin/zsh
    TERM = screen
    TMPDIR = /var/tmp/cpansmoker-1023/2017112106

Perl special variables (and OS-specific diagnostics, for MSWin32):

    $^X = /opt/perl-5.22.4/bin/perl
    $UID/$EUID = 1023 / 1023
    $GID = 1023 1023
    $EGID = 1023 1023

Perl module toolchain versions installed:

    Module              Have    
    ------------------- --------
    CPAN                2.16    
    CPAN::Meta          2.150010
    Cwd                 3.62    
    ExtUtils::CBuilder  0.280226
    ExtUtils::Command   7.30    
    ExtUtils::Install   2.06    
    ExtUtils::MakeMaker 7.30    
    ExtUtils::Manifest  1.70    
    ExtUtils::ParseXS   3.35    
    File::Spec          3.62    
    JSON                2.96    
    JSON::PP            2.95    
    Module::Build       0.4224  
    Module::Signature   0.81    
    Parse::CPAN::Meta   2.150010
    Test::Harness       3.39    
    Test::More          1.302113
    YAML                1.24    
    YAML::Syck          1.30    
    version             0.9918  


--

Summary of my perl5 (revision 5 version 22 subversion 4) configuration:
   
  Platform:
    osname=linux, osvers=4.9.0-3-amd64, archname=x86_64-linux
    uname='linux debian9 4.9.0-3-amd64 #1 smp debian 4.9.30-2+deb9u2 (2017-06-26) x86_64 gnulinux '
    config_args='-ds -e -Dprefix=/opt/perl-5.22.4 -Dcf_email=srezic@cpan.org'
    hint=recommended, useposix=true, d_sigaction=define
    useithreads=undef, usemultiplicity=undef
    use64bitint=define, use64bitall=define, uselongdouble=undef
    usemymalloc=n, bincompat5005=undef
  Compiler:
    cc='cc', ccflags ='-fwrapv -fno-strict-aliasing -pipe -fstack-protector-strong -I/usr/local/include -D_LARGEFILE_SOURCE -D_FILE_OFFSET_BITS=64',
    optimize='-O2',
    cppflags='-fwrapv -fno-strict-aliasing -pipe -fstack-protector-strong -I/usr/local/include'
    ccversion='', gccversion='6.3.0 20170516', gccosandvers=''
    intsize=4, longsize=8, ptrsize=8, doublesize=8, byteorder=12345678, doublekind=3
    d_longlong=define, longlongsize=8, d_longdbl=define, longdblsize=16, longdblkind=3
    ivtype='long', ivsize=8, nvtype='double', nvsize=8, Off_t='off_t', lseeksize=8
    alignbytes=8, prototype=define
  Linker and Libraries:
    ld='cc', ldflags =' -fstack-protector-strong -L/usr/local/lib'
    libpth=/usr/local/lib /usr/lib/gcc/x86_64-linux-gnu/6/include-fixed /usr/include/x86_64-linux-gnu /usr/lib /lib/x86_64-linux-gnu /lib/../lib /usr/lib/x86_64-linux-gnu /usr/lib/../lib /lib
    libs=-lpthread -lnsl -lgdbm -ldb -ldl -lm -lcrypt -lutil -lc -lgdbm_compat
    perllibs=-lpthread -lnsl -ldl -lm -lcrypt -lutil -lc
    libc=libc-2.24.so, so=so, useshrplib=false, libperl=libperl.a
    gnulibc_version='2.24'
  Dynamic Linking:
    dlsrc=dl_dlopen.xs, dlext=so, d_dlsymun=undef, ccdlflags='-Wl,-E'
    cccdlflags='-fPIC', lddlflags='-shared -O2 -L/usr/local/lib -fstack-protector-strong'


Characteristics of this binary (from libperl): 
  Compile-time options: HAS_TIMES PERLIO_LAYERS PERL_DONT_CREATE_GVSV
                        PERL_HASH_FUNC_ONE_AT_A_TIME_HARD PERL_MALLOC_WRAP
                        PERL_NEW_COPY_ON_WRITE PERL_PRESERVE_IVUV
                        USE_64_BIT_ALL USE_64_BIT_INT USE_LARGE_FILES
                        USE_LOCALE USE_LOCALE_COLLATE USE_LOCALE_CTYPE
                        USE_LOCALE_NUMERIC USE_LOCALE_TIME USE_PERLIO
                        USE_PERL_ATOF
  Locally applied patches:
	Devel::PatchPerl 1.48
  Built under linux
  Compiled at Jul 16 2017 05:24:52
  %ENV:
    PERL5LIB="/home/cpansand/.cpan/build/2017112106/HTML-FormFu-Model-DBIC-2.02-0/blib/arch:/home/cpansand/.cpan/build/2017112106/HTML-FormFu-Model-DBIC-2.02-0/blib/lib:/home/cpansand/.cpan/build/2017112106/HTML-FormFu-2.05-0/blib/arch:/home/cpansand/.cpan/build/2017112106/HTML-FormFu-2.05-0/blib/lib"
    PERL5OPT=""
    PERL5_CPANPLUS_IS_RUNNING="5532"
    PERL5_CPAN_IS_RUNNING="5532"
    PERL5_CPAN_IS_RUNNING_IN_RECURSION="5402,5532"
    PERLDOC="-MPod::Perldoc::ToTextOverstrike"
    PERL_BATCH="yes"
    PERL_CANARY_STABILITY_NOPROMPT="1"
    PERL_CPAN_REPORTER_CONFIG="/var/tmp/cpansmoker-1023/2017112106/cpanreporter_000_config.ini"
    PERL_EXTUTILS_AUTOINSTALL="--defaultdeps"
  @INC:
    /home/cpansand/.cpan/build/2017112106/HTML-FormFu-Model-DBIC-2.02-0/blib/arch
    /home/cpansand/.cpan/build/2017112106/HTML-FormFu-Model-DBIC-2.02-0/blib/lib
    /home/cpansand/.cpan/build/2017112106/HTML-FormFu-2.05-0/blib/arch
    /home/cpansand/.cpan/build/2017112106/HTML-FormFu-2.05-0/blib/lib
    /opt/perl-5.22.4/lib/site_perl/5.22.4/x86_64-linux
    /opt/perl-5.22.4/lib/site_perl/5.22.4
    /opt/perl-5.22.4/lib/5.22.4/x86_64-linux
    /opt/perl-5.22.4/lib/5.22.4
    .