Back
From: metabase:user:320bfe00-2aae-11df-837a-5e0a49663a4f
Subject: FAIL XML-Compile-1.55 v5.20.3 GNU/Linux
Date: 2017-03-08T08:10:12Z
This distribution has been tested as part of the CPAN Testers
project, supporting the Perl programming language. See
http://wiki.cpantesters.org/ for more information or email
questions to cpan-testers-discuss@perl.org
--
Dear Mark Overmeer,
This is a computer-generated report for XML-Compile-1.55
on perl 5.20.3, created by CPAN-Reporter-1.2018.
Thank you for uploading your work to CPAN. However, there was a problem
testing your distribution.
If you think this report is invalid, please consult the CPAN Testers Wiki
for suggestions on how to avoid getting FAIL reports for missing library
or binary dependencies, unsupported operating systems, and so on:
http://wiki.cpantesters.org/wiki/CPANAuthorNotes
Sections of this report:
* Tester comments
* Program output
* Prerequisites
* Environment and other context
------------------------------
TESTER COMMENTS
------------------------------
Additional comments from tester:
this report is from an automated smoke testing program
and was not reviewed by a human for accuracy
------------------------------
PROGRAM OUTPUT
------------------------------
Output from '/usr/bin/make test':
PERL_DL_NONLAZY=1 "/home/sand/src/perl/repoperls/installed-perls/host/k93msid/v5.20.3/5ea4/bin/perl" "-MExtUtils::Command::MM" "-MTest::Harness" "-e" "undef *Test::Harness::Switches; test_harness(0, 'blib/lib', 'blib/arch')" t/*.t
Test::More version 1.302078
Test::Deep version 1.126
Log::Report version 1.19
Math::BigInt version 1.999807
String::Print version 0.15
XML::LibXML version 2.0128
XML::Compile version 1.55
XML::Compile::SOAP version 3.21
XML::Compile::Tester version 0.90
XML::Compile::Dumper not installed
XML::Compile::Cache version 1.05
libxml2 2.9.4
t/01use.t ......... ok
t/02ext.t ......... ok
t/03duration.t .... ok
t/20spec.t ........ ok
t/21types.t ....... ok
t/22call.t ........ ok
t/30compile.t ..... ok
t/31elem.t ........ ok
t/32attr.t ........ ok
t/33ref.t ......... ok
t/34abstract.t .... ok
t/39ns.t .......... ok
t/40seq.t ......... ok
t/41choice.t ...... ok
t/42all.t ......... ok
t/43group.t ....... ok
t/44stres.t ....... ok
t/45ctcext.t ...... ok
t/45ctcres.t ...... ok
t/46ctsext.t ...... ok
t/47ctsres.t ...... ok
t/48subst.t ....... ok
t/49list.t ........ ok
t/50union.t ....... ok
t/51any.t ......... ok
t/52anytype.t ..... ok
t/54nil.t ......... ok
t/55facet.t ....... ok
t/55facet_date.t .. ok
t/55facet_dura.t .. ok
t/55facet_list.t .. ok
t/56pats.t ........ ok
t/57fixed.t ....... ok
t/58default.t ..... ok
t/59big.t ......... ok
t/60hooks_r.t ..... ok
t/61hooks_w.t ..... ok
t/62recurse.t ..... ok
t/63mixed.t ....... ok
t/64xsi.t ......... ok
t/70templ.t ....... ok
t/72typemap.t ..... ok
t/73rewrite.t ..... ok
t/74qname.t ....... ok
t/75type.t ........ ok
t/76blocked.t ..... ok
t/77form.t ........ ok
t/81-2000.t ....... ok
t/90nons.t ........ ok
t/91noqual.t ...... ok
Argument "2.91_03" isn't numeric in numeric lt (<) at t/92json.t line 26.
# Failed test 'json serialization (Cpanel::JSON::XS) for decimal'
# at t/92json.t line 173.
# got: '-1e+20'
# expected: '-99999999999999999999.9999'
# Failed test 'json serialization (Cpanel::JSON::XS) for decimal'
# at t/92json.t line 182.
# got: '1e+20'
# expected: '99999999999999999999.9999'
# Failed test 'json serialization (JSON::PP) for decimal'
# at t/92json.t line 173.
# got: '-1e+20'
# expected: '-99999999999999999999.9999'
# Failed test 'json serialization (JSON::PP) for decimal'
# at t/92json.t line 182.
# got: '1e+20'
# expected: '99999999999999999999.9999'
# Looks like you failed 4 tests of 303.
t/92json.t ........
Dubious, test returned 4 (wstat 1024, 0x400)
Failed 4/303 subtests
(less 4 skipped subtests: 295 okay)
(12 TODO tests unexpectedly succeeded)
Test Summary Report
-------------------
t/92json.t (Wstat: 1024 Tests: 303 Failed: 4)
Failed tests: 163, 181, 265, 283
TODO passed: 84, 86, 88, 186-191, 288, 290, 292
Non-zero exit status: 4
Files=51, Tests=3481, 34 wallclock secs ( 0.29 usr 0.43 sys + 14.16 cusr 2.79 csys = 17.67 CPU)
Result: FAIL
Failed 1/51 test programs. 4/3481 subtests failed.
Makefile:977: recipe for target 'test_dynamic' failed
make: *** [test_dynamic] Error 4
------------------------------
PREREQUISITES
------------------------------
Prerequisite modules loaded:
requires:
Module Need Have
-------------------- ------ --------
bignum 0.1 0.47
Digest::MD5 2.36 2.55
IO 1.22 1.31
List::Util 0 1.47
Log::Report 1.03 1.19
Math::BigInt 1.77 1.999807
Math::BigRat 0.1 0.2611
MIME::Base64 3.1 3.15
Test::Deep 0.095 1.126
Test::More 0.54 1.302078
Types::Serialiser 0 1.0
XML::Compile::Tester 0.9 0.90
XML::LibXML 2.0107 2.0128
build_requires:
Module Need Have
-------------------- ------ --------
ExtUtils::MakeMaker 0 7.24
configure_requires:
Module Need Have
-------------------- ------ --------
ExtUtils::MakeMaker 0 7.24
------------------------------
ENVIRONMENT AND OTHER CONTEXT
------------------------------
Environment variables:
AUTOMATED_TESTING = 1
LANG = en_US.UTF-8
PATH = /home/sand/bin:/usr/local/bin:/usr/bin:/bin:/usr/games:/usr/local/perl/bin:/usr/X11/bin:/sbin:/usr/sbin
PERL5LIB =
PERL5OPT =
PERL5_CPANPLUS_IS_RUNNING = 7264
PERL5_CPAN_IS_RUNNING = 7264
PERL_CANARY_STABILITY_NOPROMPT = 1
PERL_MM_USE_DEFAULT = 1
SHELL = /usr/bin/zsh
TERM = screen
Perl special variables (and OS-specific diagnostics, for MSWin32):
$^X = /home/sand/src/perl/repoperls/installed-perls/host/k93msid/v5.20.3/5ea4/bin/perl
$UID/$EUID = 1005 / 1005
$GID = 1005 1005
$EGID = 1005 1005
Perl module toolchain versions installed:
Module Have
------------------- --------
CPAN 2.16
CPAN::Meta 2.150010
Cwd 3.62
ExtUtils::CBuilder 0.280224
ExtUtils::Command 7.24
ExtUtils::Install 2.04
ExtUtils::MakeMaker 7.24
ExtUtils::Manifest 1.70
ExtUtils::ParseXS 3.24
File::Spec 3.62
JSON 2.91_04
JSON::PP 2.91_03
Module::Build 0.4220
Module::Signature 0.81
Parse::CPAN::Meta 2.150010
Test::Harness 3.37_01
Test::More 1.302078
YAML 1.23
YAML::Syck 1.29
version 0.9917
--
Summary of my perl5 (revision 5 version 20 subversion 3) configuration:
Derived from: b67331aafd6eff33e3fd904c45e811f69cbfb0b2
Platform:
osname=linux, osvers=4.8.0-2-amd64, archname=x86_64-linux-thread-multi-ld
uname='linux k93msid 4.8.0-2-amd64 #1 smp debian 4.8.11-1 (2016-12-02) x86_64 gnulinux '
config_args='-Dprefix=/home/sand/src/perl/repoperls/installed-perls/host/k93msid/v5.20.3/5ea4 -Dmyhostname=k93msid -Dinstallusrbinperl=n -Uversiononly -Dusedevel -des -Ui_db -Dlibswanted=cl pthread socket inet nsl gdbm dbm malloc dl ld sun m crypt sec util c cposix posix ucb BSD gdbm_compat -Duseithreads -Duselongdouble -DDEBUGGING=-g'
hint=recommended, useposix=true, d_sigaction=define
useithreads=define, usemultiplicity=define
use64bitint=define, use64bitall=define, uselongdouble=define
usemymalloc=n, bincompat5005=undef
Compiler:
cc='cc', ccflags ='-D_REENTRANT -D_GNU_SOURCE -fwrapv -fno-strict-aliasing -pipe -fstack-protector -I/usr/local/include -D_LARGEFILE_SOURCE -D_FILE_OFFSET_BITS=64',
optimize='-O2 -g',
cppflags='-D_REENTRANT -D_GNU_SOURCE -fwrapv -fno-strict-aliasing -pipe -fstack-protector -I/usr/local/include'
ccversion='', gccversion='6.2.1 20161124', gccosandvers=''
intsize=4, longsize=8, ptrsize=8, doublesize=8, byteorder=12345678
d_longlong=define, longlongsize=8, d_longdbl=define, longdblsize=16
ivtype='long', ivsize=8, nvtype='long double', nvsize=16, Off_t='off_t', lseeksize=8
alignbytes=16, prototype=define
Linker and Libraries:
ld='cc', ldflags =' -fstack-protector -L/usr/local/lib'
libpth=/usr/local/lib /usr/lib/gcc/x86_64-linux-gnu/6/include-fixed /usr/include/x86_64-linux-gnu /usr/lib /lib/x86_64-linux-gnu /lib/../lib /usr/lib/x86_64-linux-gnu /usr/lib/../lib /lib
libs=-lpthread -lnsl -ldl -lm -lcrypt -lutil -lc
perllibs=-lpthread -lnsl -ldl -lm -lcrypt -lutil -lc
libc=libc-2.24.so, so=so, useshrplib=false, libperl=libperl.a
gnulibc_version='2.24'
Dynamic Linking:
dlsrc=dl_dlopen.xs, dlext=so, d_dlsymun=undef, ccdlflags='-Wl,-E'
cccdlflags='-fPIC', lddlflags='-shared -O2 -g -L/usr/local/lib -fstack-protector'
Characteristics of this binary (from libperl):
Compile-time options: HAS_TIMES MULTIPLICITY PERLIO_LAYERS
PERL_DONT_CREATE_GVSV
PERL_HASH_FUNC_ONE_AT_A_TIME_HARD
PERL_IMPLICIT_CONTEXT PERL_MALLOC_WRAP
PERL_NEW_COPY_ON_WRITE PERL_PRESERVE_IVUV
PERL_USE_DEVEL USE_64_BIT_ALL USE_64_BIT_INT
USE_ITHREADS USE_LARGE_FILES USE_LOCALE
USE_LOCALE_COLLATE USE_LOCALE_CTYPE
USE_LOCALE_NUMERIC USE_LONG_DOUBLE USE_PERLIO
USE_PERL_ATOF USE_REENTRANT_API
Locally applied patches:
uncommitted-changes
Built under linux
Compiled at Dec 14 2016 19:53:33
%ENV:
PERL5LIB=""
PERL5OPT=""
PERL5_CPANPLUS_IS_RUNNING="7264"
PERL5_CPAN_IS_RUNNING="7264"
PERL_CANARY_STABILITY_NOPROMPT="1"
PERL_MM_USE_DEFAULT="1"
@INC:
/home/sand/src/perl/repoperls/installed-perls/host/k93msid/v5.20.3/5ea4/lib/site_perl/5.20.3/x86_64-linux-thread-multi-ld
/home/sand/src/perl/repoperls/installed-perls/host/k93msid/v5.20.3/5ea4/lib/site_perl/5.20.3
/home/sand/src/perl/repoperls/installed-perls/host/k93msid/v5.20.3/5ea4/lib/5.20.3/x86_64-linux-thread-multi-ld
/home/sand/src/perl/repoperls/installed-perls/host/k93msid/v5.20.3/5ea4/lib/5.20.3
.