Report for XML-Declare-0.06

Back
From: metabase:user:3198cbe2-2aae-11df-837a-5e0a49663a4f
Subject: FAIL XML-Declare-0.06 v5.14.2 GNU/Linux
Date: 2012-11-29T12:45:28Z

This distribution has been tested as part of the CPAN Testers
project, supporting the Perl programming language.  See
http://wiki.cpantesters.org/ for more information or email
questions to cpan-testers-discuss@perl.org


--
Dear Mons Anderson,

This is a computer-generated report for XML-Declare-0.06
on perl 5.14.2, created by CPAN-Reporter-1.2006.

Thank you for uploading your work to CPAN.  However, there was a problem
testing your distribution.

If you think this report is invalid, please consult the CPAN Testers Wiki
for suggestions on how to avoid getting FAIL reports for missing library
or binary dependencies, unsupported operating systems, and so on:

http://wiki.cpantesters.org/wiki/CPANAuthorNotes

Sections of this report:

    * Tester comments
    * Program output
    * Prerequisites
    * Environment and other context

------------------------------
TESTER COMMENTS
------------------------------

Additional comments from tester:

this report is from an automated smoke testing program
and was not reviewed by a human for accuracy

------------------------------
PROGRAM OUTPUT
------------------------------

Output from '/usr/bin/make test':

PERL_DL_NONLAZY=1 /home/graham/perls/perl-5.14.2-thread/bin/perl "-MExtUtils::Command::MM" "-e" "test_harness(0, 'inc', 'blib/lib', 'blib/arch')" t/00-load.t t/01-basic.t t/02-node-overload.t t/03-namespace-autoclean.t t/pod-coverage.t t/pod.t
# Testing XML::Declare 0.06, XML::LibXML 2.0012, Perl 5.014002, /home/graham/perls/perl-5.14.2-thread/bin/perl
t/00-load.t ................. ok
# warned:  Appending text node not supported on a document node yet! at t/01-basic.t line 101.
# warned:  Appending text node not supported on a document node yet! at t/01-basic.t line 101.
# warned:  Appending text node not supported on a document node yet! at t/01-basic.t line 106.
# warned:  Appending an element to a document node not supported yet! at t/01-basic.t line 106.
# warned:  Appending text node not supported on a document node yet! at t/01-basic.t line 106.
# warned:  Appending text node not supported on a document node yet! at t/01-basic.t line 111.
# warned:  Appending text node not supported on a document node yet! at t/01-basic.t line 111.
t/01-basic.t ................ ok
# str  = <test>test</test>
# bool = 1
# num  = 40524640
# str  = <test>test</test>
# bool = 1
# num  = 40524640
t/02-node-overload.t ........ ok

#   Failed test 'no warnings'
#   at t/03-namespace-autoclean.t line 35.
# There were 1 warning(s)
# 	Previous test 0 ''
# 	Useless use of a variable in void context at /home/graham/perls/perl-5.14.2-thread/lib/site_perl/5.14.2/x86_64-linux-thread-multi/List/MoreUtils.pm line 362.
#  at /home/graham/perls/perl-5.14.2-thread/lib/site_perl/5.14.2/x86_64-linux-thread-multi/List/MoreUtils.pm line 362.
# 	require List/MoreUtils.pm called at /home/graham/perls/perl-5.14.2-thread/lib/site_perl/5.14.2/x86_64-linux-thread-multi/Class/MOP/Class.pm line 24
# 	Class::MOP::Class::BEGIN() called at /home/graham/perls/perl-5.14.2-thread/lib/site_perl/5.14.2/x86_64-linux-thread-multi/List/MoreUtils.pm line 367
# 	eval {...} called at /home/graham/perls/perl-5.14.2-thread/lib/site_perl/5.14.2/x86_64-linux-thread-multi/List/MoreUtils.pm line 367
# 	require Class/MOP/Class.pm called at /home/graham/perls/perl-5.14.2-thread/lib/site_perl/5.14.2/x86_64-linux-thread-multi/Class/MOP.pm line 26
# 	Class::MOP::BEGIN() called at /home/graham/perls/perl-5.14.2-thread/lib/site_perl/5.14.2/x86_64-linux-thread-multi/List/MoreUtils.pm line 367
# 	eval {...} called at /home/graham/perls/perl-5.14.2-thread/lib/site_perl/5.14.2/x86_64-linux-thread-multi/List/MoreUtils.pm line 367
# 	require Class/MOP.pm called at /home/graham/perls/perl-5.14.2-thread/lib/site_perl/5.14.2/namespace/autoclean.pm line 13
# 	namespace::autoclean::BEGIN() called at /home/graham/perls/perl-5.14.2-thread/lib/site_perl/5.14.2/x86_64-linux-thread-multi/List/MoreUtils.pm line 367
# 	eval {...} called at /home/graham/perls/perl-5.14.2-thread/lib/site_perl/5.14.2/x86_64-linux-thread-multi/List/MoreUtils.pm line 367
# 	require namespace/autoclean.pm called at t/03-namespace-autoclean.t line 10
# 	eval {...} called at t/03-namespace-autoclean.t line 10
# 	main::BEGIN() called at /home/graham/perls/perl-5.14.2-thread/lib/site_perl/5.14.2/x86_64-linux-thread-multi/List/MoreUtils.pm line 367
# 	eval {...} called at /home/graham/perls/perl-5.14.2-thread/lib/site_perl/5.14.2/x86_64-linux-thread-multi/List/MoreUtils.pm line 367
# 
# Looks like you failed 1 test of 4.
t/03-namespace-autoclean.t .. 
Dubious, test returned 1 (wstat 256, 0x100)
Failed 1/4 subtests 
t/pod-coverage.t ............ ok
t/pod.t ..................... ok

Test Summary Report
-------------------
t/03-namespace-autoclean.t (Wstat: 256 Tests: 4 Failed: 1)
  Failed test:  4
  Non-zero exit status: 1
Files=6, Tests=38,  2 wallclock secs ( 0.05 usr  0.02 sys +  0.72 cusr  0.09 csys =  0.88 CPU)
Result: FAIL
Failed 1/6 test programs. 1/38 subtests failed.
make: *** [test_dynamic] Error 255

------------------------------
PREREQUISITES
------------------------------

Prerequisite modules loaded:

requires:

    Module              Need     Have    
    ------------------- -------- --------
    lib::abs            0.90     0.92    
    perl                5.008008 5.014002
    Scalar::Util        0        1.25    
    Test::More          0        0.98_03 
    Test::NoWarnings    0        1.04    
    XML::LibXML         1.70     2.0012  

build_requires:

    Module              Need     Have    
    ------------------- -------- --------
    ExtUtils::MakeMaker 6.59     6.63_04 
    lib::abs            0.90     0.92    
    Test::More          0        0.98_03 
    Test::NoWarnings    0        1.04    

configure_requires:

    Module              Need     Have    
    ------------------- -------- --------
    ExtUtils::MakeMaker 6.59     6.63_04 


------------------------------
ENVIRONMENT AND OTHER CONTEXT
------------------------------

Environment variables:

    AUTOMATED_TESTING = 1
    LANG = C
    PATH = /home/graham/perls/perl-5.14.2-thread/bin:/usr/local/bin:/usr/bin:/bin:/usr/local/sbin:/usr/sbin:/sbin:/usr/bin/core_perl
    PERL5LIB = 
    PERL5OPT = 
    PERL5_CPANPLUS_IS_RUNNING = 19899
    PERL5_CPAN_IS_RUNNING = 19899
    PERL5_CPAN_IS_RUNNING_IN_RECURSION = 12875,19899
    PERL_CR_SMOKER_CURRENT = XML-Declare-0.06
    PERL_EXTUTILS_AUTOINSTALL = --defaultdeps
    PERL_MM_USE_DEFAULT = 1
    SHELL = /bin/bash
    TERM = xterm

Perl special variables (and OS-specific diagnostics, for MSWin32):

    $^X = /home/graham/perls/perl-5.14.2-thread/bin/perl
    $UID/$EUID = 1000 / 1000
    $GID = 100 100
    $EGID = 100 100

Perl module toolchain versions installed:

    Module              Have    
    ------------------- --------
    CPAN                1.99_51 
    CPAN::Meta          2.120921
    Cwd                 3.36    
    ExtUtils::CBuilder  0.280205
    ExtUtils::Command   1.17    
    ExtUtils::Install   1.56    
    ExtUtils::MakeMaker 6.63_04 
    ExtUtils::Manifest  1.61    
    ExtUtils::ParseXS   3.18    
    File::Spec          3.33    
    JSON                2.53    
    JSON::PP            2.27200 
    Module::Build       0.4003  
    Module::Signature   0.70    
    Parse::CPAN::Meta   1.4404  
    Test::Harness       3.23    
    Test::More          0.98_03 
    YAML                0.84    
    YAML::Syck          1.21    
    version             0.9901  


--

Summary of my perl5 (revision 5 version 14 subversion 2) configuration:
   
  Platform:
    osname=linux, osvers=3.5.6-1-arch, archname=x86_64-linux-thread-multi
    uname='linux grosics 3.5.6-1-arch #1 smp preempt sun oct 7 19:30:49 cest 2012 x86_64 gnulinux '
    config_args='-Dusethreads -Dprefix=/home/graham/perls/perl-5.14.2-thread'
    hint=recommended, useposix=true, d_sigaction=define
    useithreads=define, usemultiplicity=define
    useperlio=define, d_sfio=undef, uselargefiles=define, usesocks=undef
    use64bitint=define, use64bitall=define, uselongdouble=undef
    usemymalloc=n, bincompat5005=undef
  Compiler:
    cc='cc', ccflags ='-D_REENTRANT -D_GNU_SOURCE -fno-strict-aliasing -pipe -fstack-protector -I/usr/local/include -D_LARGEFILE_SOURCE -D_FILE_OFFSET_BITS=64',
    optimize='-O2',
    cppflags='-D_REENTRANT -D_GNU_SOURCE -fno-strict-aliasing -pipe -fstack-protector -I/usr/local/include'
    ccversion='', gccversion='4.7.2', gccosandvers=''
    intsize=4, longsize=8, ptrsize=8, doublesize=8, byteorder=12345678
    d_longlong=define, longlongsize=8, d_longdbl=define, longdblsize=16
    ivtype='long', ivsize=8, nvtype='double', nvsize=8, Off_t='off_t', lseeksize=8
    alignbytes=8, prototype=define
  Linker and Libraries:
    ld='cc', ldflags =' -fstack-protector -L/usr/local/lib'
    libpth=/usr/local/lib /lib/../lib /usr/lib/../lib /lib /usr/lib
    libs=-lnsl -lgdbm -ldb -ldl -lm -lcrypt -lutil -lpthread -lc -lgdbm_compat
    perllibs=-lnsl -ldl -lm -lcrypt -lutil -lpthread -lc
    libc=/lib/libc-2.16.so, so=so, useshrplib=false, libperl=libperl.a
    gnulibc_version='2.16'
  Dynamic Linking:
    dlsrc=dl_dlopen.xs, dlext=so, d_dlsymun=undef, ccdlflags='-Wl,-E'
    cccdlflags='-fPIC', lddlflags='-shared -O2 -L/usr/local/lib -fstack-protector'


Characteristics of this binary (from libperl): 
  Compile-time options: MULTIPLICITY PERL_DONT_CREATE_GVSV
                        PERL_IMPLICIT_CONTEXT PERL_MALLOC_WRAP
                        PERL_PRESERVE_IVUV USE_64_BIT_ALL USE_64_BIT_INT
                        USE_ITHREADS USE_LARGE_FILES USE_PERLIO USE_PERL_ATOF
                        USE_REENTRANT_API
  Built under linux
  Compiled at Oct 13 2012 14:36:03
  %ENV:
    PERL5LIB=""
    PERL5OPT=""
    PERL5_CPANPLUS_IS_RUNNING="19899"
    PERL5_CPAN_IS_RUNNING="19899"
    PERL5_CPAN_IS_RUNNING_IN_RECURSION="12875,19899"
    PERL_CR_SMOKER_CURRENT="XML-Declare-0.06"
    PERL_EXTUTILS_AUTOINSTALL="--defaultdeps"
    PERL_MM_USE_DEFAULT="1"
  @INC:
    /home/graham/perls/perl-5.14.2-thread/lib/site_perl/5.14.2/x86_64-linux-thread-multi
    /home/graham/perls/perl-5.14.2-thread/lib/site_perl/5.14.2
    /home/graham/perls/perl-5.14.2-thread/lib/5.14.2/x86_64-linux-thread-multi
    /home/graham/perls/perl-5.14.2-thread/lib/5.14.2
    .