SNMP v5.0404 Perl 5 v5.27.3 i86pc-solaris
- Status
- Fail
- From
- Serguei Trouchelle (STRO)
- Dist
-
SNMP v5.0404
- Platform
- Perl 5 v5.27.3 i86pc-solaris
- Date
- 2017-10-28 11:32:16
- ID
- a6d5877e-bbd3-11e7-9afc-edd812b9258d
This distribution has been tested as part of the CPAN Testers
project, supporting the Perl programming language. See
http://wiki.cpantesters.org/ for more information or email
questions to cpan-testers-discuss@perl.org
--
Dear Wes Hardaker,
This is a computer-generated report for SNMP-5.0404
on perl 5.27.3, created by CPAN-Reporter-1.2018.
Thank you for uploading your work to CPAN. However, there was a problem
testing your distribution.
If you think this report is invalid, please consult the CPAN Testers Wiki
for suggestions on how to avoid getting FAIL reports for missing library
or binary dependencies, unsupported operating systems, and so on:
http://wiki.cpantesters.org/wiki/CPANAuthorNotes
Sections of this report:
* Tester comments
* Program output
* Prerequisites
* Environment and other context
------------------------------
TESTER COMMENTS
------------------------------
Additional comments from tester:
this report is from an automated smoke testing program
and was not reviewed by a human for accuracy
------------------------------
PROGRAM OUTPUT
------------------------------
Output from '/usr/bin/make test':
"/home/stro/perl/5.27.3/bin/perl" -MExtUtils::Command::MM -e 'cp_nonempty' -- SNMP.bs blib/arch/auto/SNMP/SNMP.bs 644
PERL_DL_NONLAZY=1 "/home/stro/perl/5.27.3/bin/perl" "-MExtUtils::Command::MM" "-MTest::Harness" "-e" "undef *Test::Harness::Switches; test_harness(0, 'blib/lib', 'blib/arch')" t/*.t
Can't locate NetSNMP/default_store.pm in @INC (you may need to install the NetSNMP::default_store module) (@INC contains: /home/stro/cpan/build/5.27.3/build/SNMP-5.0404-0/blib/lib /home/stro/cpan/build/5.27.3/build/SNMP-5.0404-0/blib/arch /home/stro/perl/5.27.3/lib/site_perl/5.27.3/i86pc-solaris /home/stro/perl/5.27.3/lib/site_perl/5.27.3 /home/stro/perl/5.27.3/lib/5.27.3/i86pc-solaris /home/stro/perl/5.27.3/lib/5.27.3 .) at /home/stro/cpan/build/5.27.3/build/SNMP-5.0404-0/blib/lib/SNMP.pm line 19.
BEGIN failed--compilation aborted at /home/stro/cpan/build/5.27.3/build/SNMP-5.0404-0/blib/lib/SNMP.pm line 19.
Compilation failed in require at t/async.t line 14.
BEGIN failed--compilation aborted at t/async.t line 14.
t/async.t .....
Dubious, test returned 2 (wstat 512, 0x200)
Failed 20/20 subtests
Can't locate NetSNMP/default_store.pm in @INC (you may need to install the NetSNMP::default_store module) (@INC contains: /home/stro/cpan/build/5.27.3/build/SNMP-5.0404-0/blib/lib /home/stro/cpan/build/5.27.3/build/SNMP-5.0404-0/blib/arch /home/stro/perl/5.27.3/lib/site_perl/5.27.3/i86pc-solaris /home/stro/perl/5.27.3/lib/site_perl/5.27.3 /home/stro/perl/5.27.3/lib/5.27.3/i86pc-solaris /home/stro/perl/5.27.3/lib/5.27.3 .) at /home/stro/cpan/build/5.27.3/build/SNMP-5.0404-0/blib/lib/SNMP.pm line 19.
BEGIN failed--compilation aborted at /home/stro/cpan/build/5.27.3/build/SNMP-5.0404-0/blib/lib/SNMP.pm line 19.
Compilation failed in require at t/bulkwalk.t line 19.
BEGIN failed--compilation aborted at t/bulkwalk.t line 19.
t/bulkwalk.t ..
Dubious, test returned 2 (wstat 512, 0x200)
Failed 62/62 subtests
Can't locate NetSNMP/default_store.pm in @INC (you may need to install the NetSNMP::default_store module) (@INC contains: /home/stro/cpan/build/5.27.3/build/SNMP-5.0404-0/blib/lib /home/stro/cpan/build/5.27.3/build/SNMP-5.0404-0/blib/arch /home/stro/perl/5.27.3/lib/site_perl/5.27.3/i86pc-solaris /home/stro/perl/5.27.3/lib/site_perl/5.27.3 /home/stro/perl/5.27.3/lib/5.27.3/i86pc-solaris /home/stro/perl/5.27.3/lib/5.27.3 .) at /home/stro/cpan/build/5.27.3/build/SNMP-5.0404-0/blib/lib/SNMP.pm line 19.
BEGIN failed--compilation aborted at /home/stro/cpan/build/5.27.3/build/SNMP-5.0404-0/blib/lib/SNMP.pm line 19.
Compilation failed in require at t/conf.t line 23.
BEGIN failed--compilation aborted at t/conf.t line 23.
t/conf.t ......
Dubious, test returned 2 (wstat 512, 0x200)
Failed 3/3 subtests
Can't locate NetSNMP/default_store.pm in @INC (you may need to install the NetSNMP::default_store module) (@INC contains: /home/stro/cpan/build/5.27.3/build/SNMP-5.0404-0/blib/lib /home/stro/cpan/build/5.27.3/build/SNMP-5.0404-0/blib/arch /home/stro/perl/5.27.3/lib/site_perl/5.27.3/i86pc-solaris /home/stro/perl/5.27.3/lib/site_perl/5.27.3 /home/stro/perl/5.27.3/lib/5.27.3/i86pc-solaris /home/stro/perl/5.27.3/lib/5.27.3 .) at /home/stro/cpan/build/5.27.3/build/SNMP-5.0404-0/blib/lib/SNMP.pm line 19.
BEGIN failed--compilation aborted at /home/stro/cpan/build/5.27.3/build/SNMP-5.0404-0/blib/lib/SNMP.pm line 19.
Compilation failed in require at t/get.t line 14.
BEGIN failed--compilation aborted at t/get.t line 14.
t/get.t .......
Dubious, test returned 2 (wstat 512, 0x200)
Failed 17/17 subtests
Can't locate NetSNMP/default_store.pm in @INC (you may need to install the NetSNMP::default_store module) (@INC contains: /home/stro/cpan/build/5.27.3/build/SNMP-5.0404-0/blib/lib /home/stro/cpan/build/5.27.3/build/SNMP-5.0404-0/blib/arch /home/stro/perl/5.27.3/lib/site_perl/5.27.3/i86pc-solaris /home/stro/perl/5.27.3/lib/site_perl/5.27.3 /home/stro/perl/5.27.3/lib/5.27.3/i86pc-solaris /home/stro/perl/5.27.3/lib/5.27.3 .) at /home/stro/cpan/build/5.27.3/build/SNMP-5.0404-0/blib/lib/SNMP.pm line 19.
BEGIN failed--compilation aborted at /home/stro/cpan/build/5.27.3/build/SNMP-5.0404-0/blib/lib/SNMP.pm line 19.
Compilation failed in require at t/getnext.t line 15.
BEGIN failed--compilation aborted at t/getnext.t line 15.
t/getnext.t ...
Dubious, test returned 2 (wstat 512, 0x200)
Failed 9/9 subtests
Can't locate NetSNMP/default_store.pm in @INC (you may need to install the NetSNMP::default_store module) (@INC contains: /home/stro/cpan/build/5.27.3/build/SNMP-5.0404-0/blib/lib /home/stro/cpan/build/5.27.3/build/SNMP-5.0404-0/blib/arch /home/stro/perl/5.27.3/lib/site_perl/5.27.3/i86pc-solaris /home/stro/perl/5.27.3/lib/site_perl/5.27.3 /home/stro/perl/5.27.3/lib/5.27.3/i86pc-solaris /home/stro/perl/5.27.3/lib/5.27.3 .) at /home/stro/cpan/build/5.27.3/build/SNMP-5.0404-0/blib/lib/SNMP.pm line 19.
BEGIN failed--compilation aborted at /home/stro/cpan/build/5.27.3/build/SNMP-5.0404-0/blib/lib/SNMP.pm line 19.
Compilation failed in require at t/mib.t line 20.
BEGIN failed--compilation aborted at t/mib.t line 20.
t/mib.t .......
Dubious, test returned 2 (wstat 512, 0x200)
Failed 35/35 subtests
Can't locate NetSNMP/default_store.pm in @INC (you may need to install the NetSNMP::default_store module) (@INC contains: /home/stro/cpan/build/5.27.3/build/SNMP-5.0404-0/blib/lib /home/stro/cpan/build/5.27.3/build/SNMP-5.0404-0/blib/arch /home/stro/perl/5.27.3/lib/site_perl/5.27.3/i86pc-solaris /home/stro/perl/5.27.3/lib/site_perl/5.27.3 /home/stro/perl/5.27.3/lib/5.27.3/i86pc-solaris /home/stro/perl/5.27.3/lib/5.27.3 .) at /home/stro/cpan/build/5.27.3/build/SNMP-5.0404-0/blib/lib/SNMP.pm line 19.
BEGIN failed--compilation aborted at /home/stro/cpan/build/5.27.3/build/SNMP-5.0404-0/blib/lib/SNMP.pm line 19.
Compilation failed in require at t/mibload.t line 15.
BEGIN failed--compilation aborted at t/mibload.t line 15.
t/mibload.t ...
Dubious, test returned 2 (wstat 512, 0x200)
Failed 7/7 subtests
Can't locate NetSNMP/default_store.pm in @INC (you may need to install the NetSNMP::default_store module) (@INC contains: /home/stro/cpan/build/5.27.3/build/SNMP-5.0404-0/blib/lib /home/stro/cpan/build/5.27.3/build/SNMP-5.0404-0/blib/arch /home/stro/perl/5.27.3/lib/site_perl/5.27.3/i86pc-solaris /home/stro/perl/5.27.3/lib/site_perl/5.27.3 /home/stro/perl/5.27.3/lib/5.27.3/i86pc-solaris /home/stro/perl/5.27.3/lib/5.27.3 .) at /home/stro/cpan/build/5.27.3/build/SNMP-5.0404-0/blib/lib/SNMP.pm line 19.
BEGIN failed--compilation aborted at /home/stro/cpan/build/5.27.3/build/SNMP-5.0404-0/blib/lib/SNMP.pm line 19.
Compilation failed in require at t/notify.t line 14.
BEGIN failed--compilation aborted at t/notify.t line 14.
t/notify.t ....
Dubious, test returned 2 (wstat 512, 0x200)
Failed 10/10 subtests
Can't locate NetSNMP/default_store.pm in @INC (you may need to install the NetSNMP::default_store module) (@INC contains: /home/stro/cpan/build/5.27.3/build/SNMP-5.0404-0/blib/lib /home/stro/cpan/build/5.27.3/build/SNMP-5.0404-0/blib/arch /home/stro/perl/5.27.3/lib/site_perl/5.27.3/i86pc-solaris /home/stro/perl/5.27.3/lib/site_perl/5.27.3 /home/stro/perl/5.27.3/lib/5.27.3/i86pc-solaris /home/stro/perl/5.27.3/lib/5.27.3 .) at /home/stro/cpan/build/5.27.3/build/SNMP-5.0404-0/blib/lib/SNMP.pm line 19.
BEGIN failed--compilation aborted at /home/stro/cpan/build/5.27.3/build/SNMP-5.0404-0/blib/lib/SNMP.pm line 19.
Compilation failed in require at t/session.t line 14.
BEGIN failed--compilation aborted at t/session.t line 14.
t/session.t ...
Dubious, test returned 2 (wstat 512, 0x200)
Failed 5/5 subtests
Can't locate NetSNMP/default_store.pm in @INC (you may need to install the NetSNMP::default_store module) (@INC contains: /home/stro/cpan/build/5.27.3/build/SNMP-5.0404-0/blib/lib /home/stro/cpan/build/5.27.3/build/SNMP-5.0404-0/blib/arch /home/stro/perl/5.27.3/lib/site_perl/5.27.3/i86pc-solaris /home/stro/perl/5.27.3/lib/site_perl/5.27.3 /home/stro/perl/5.27.3/lib/5.27.3/i86pc-solaris /home/stro/perl/5.27.3/lib/5.27.3 .) at /home/stro/cpan/build/5.27.3/build/SNMP-5.0404-0/blib/lib/SNMP.pm line 19.
BEGIN failed--compilation aborted at /home/stro/cpan/build/5.27.3/build/SNMP-5.0404-0/blib/lib/SNMP.pm line 19.
Compilation failed in require at t/set.t line 14.
BEGIN failed--compilation aborted at t/set.t line 14.
t/set.t .......
Dubious, test returned 2 (wstat 512, 0x200)
Failed 7/7 subtests
Test Summary Report
-------------------
t/async.t (Wstat: 512 Tests: 0 Failed: 0)
Non-zero exit status: 2
Parse errors: Bad plan. You planned 20 tests but ran 0.
t/bulkwalk.t (Wstat: 512 Tests: 0 Failed: 0)
Non-zero exit status: 2
Parse errors: Bad plan. You planned 62 tests but ran 0.
t/conf.t (Wstat: 512 Tests: 0 Failed: 0)
Non-zero exit status: 2
Parse errors: Bad plan. You planned 3 tests but ran 0.
t/get.t (Wstat: 512 Tests: 0 Failed: 0)
Non-zero exit status: 2
Parse errors: Bad plan. You planned 17 tests but ran 0.
t/getnext.t (Wstat: 512 Tests: 0 Failed: 0)
Non-zero exit status: 2
Parse errors: Bad plan. You planned 9 tests but ran 0.
t/mib.t (Wstat: 512 Tests: 0 Failed: 0)
Non-zero exit status: 2
Parse errors: Bad plan. You planned 35 tests but ran 0.
t/mibload.t (Wstat: 512 Tests: 0 Failed: 0)
Non-zero exit status: 2
Parse errors: Bad plan. You planned 7 tests but ran 0.
t/notify.t (Wstat: 512 Tests: 0 Failed: 0)
Non-zero exit status: 2
Parse errors: Bad plan. You planned 10 tests but ran 0.
t/session.t (Wstat: 512 Tests: 0 Failed: 0)
Non-zero exit status: 2
Parse errors: Bad plan. You planned 5 tests but ran 0.
t/set.t (Wstat: 512 Tests: 0 Failed: 0)
Non-zero exit status: 2
Parse errors: Bad plan. You planned 7 tests but ran 0.
Files=10, Tests=0, 0 wallclock secs ( 0.04 usr 0.03 sys + 0.10 cusr 0.00 csys = 0.17 CPU)
Result: FAIL
Failed 10/10 test programs. 0/0 subtests failed.
*** Error code 2
make: Fatal error: Command failed for target `test_dynamic'
------------------------------
PREREQUISITES
------------------------------
Prerequisite modules loaded:
build_requires:
Module Need Have
------------------- ---- ----
ExtUtils::MakeMaker 0 7.30
------------------------------
ENVIRONMENT AND OTHER CONTEXT
------------------------------
Environment variables:
AUTOMATED_TESTING = 1
LANG = en_US.UTF-8
PATH = /usr/gnu/bin:/usr/bin:/usr/sbin:/sbin:/usr/sfw/bin:
PERL5LIB =
PERL5OPT =
PERL5_CPANPLUS_IS_RUNNING = 28629
PERL5_CPAN_IS_RUNNING = 28629
PERL5_CPAN_IS_RUNNING_IN_RECURSION = 29451,28629
PERL_CR_SMOKER_CURRENT = SNMP-Info-3.38
PERL_EXTUTILS_AUTOINSTALL = --defaultdeps
PERL_MM_USE_DEFAULT = 1
PERL_USE_UNSAFE_INC = 1
SHELL = /bin/bash
TERM = xterm-256color
Perl special variables (and OS-specific diagnostics, for MSWin32):
$^X = /home/stro/perl/5.27.3/bin/perl
$UID/$EUID = 101 / 101
$GID = 10 10
$EGID = 10 10
Perl module toolchain versions installed:
Module Have
------------------- --------
CPAN 2.18
CPAN::Meta 2.150010
Cwd 3.68
ExtUtils::CBuilder 0.280228
ExtUtils::Command 7.30
ExtUtils::Install 2.14
ExtUtils::MakeMaker 7.30
ExtUtils::Manifest 1.70
ExtUtils::ParseXS 3.35
File::Spec 3.68
JSON 2.94
JSON::PP 2.94
Module::Build 0.4224
Module::Signature n/a
Parse::CPAN::Meta 2.150010
Test::Harness 3.39
Test::More 1.302106
YAML 1.23
YAML::Syck 1.30
version 0.9918
--
Summary of my perl5 (revision 5 version 27 subversion 3) configuration:
Platform:
osname=solaris
osvers=2.11
archname=i86pc-solaris
uname='sunos vm-openindiana-001 5.11 illumos-ed992b0aac i86pc i386 i86pc solaris '
config_args=''
hint=recommended
useposix=true
d_sigaction=define
useithreads=undef
usemultiplicity=undef
use64bitint=undef
use64bitall=undef
uselongdouble=undef
usemymalloc=n
default_inc_excludes_dot=define
bincompat5005=undef
Compiler:
cc='/opt/SUNWspro/bin/cc'
ccflags ='-I/usr/gnu/include -D_LARGEFILE_SOURCE -D_FILE_OFFSET_BITS=64 -DPERL_USE_SAFE_PUTENV'
optimize='-O'
cppflags='-I/usr/gnu/include'
ccversion='Sun C 5.10 SunOS_i386 2009/06/03'
gccversion=''
gccosandvers=''
intsize=4
longsize=4
ptrsize=4
doublesize=8
byteorder=1234
doublekind=3
d_longlong=define
longlongsize=8
d_longdbl=define
longdblsize=12
longdblkind=3
ivtype='long'
ivsize=4
nvtype='double'
nvsize=8
Off_t='off_t'
lseeksize=8
alignbytes=4
prototype=define
Linker and Libraries:
ld='/opt/SUNWspro/bin/cc'
ldflags =' -L/usr/lib -L/usr/ccs/lib -L/opt/sunstudio12.1/prod/lib -L/lib -L/usr/gnu/lib '
libpth=/usr/lib /usr/ccs/lib /opt/sunstudio12.1/prod/lib /lib /usr/gnu/lib
libs=-lpthread -lsocket -lnsl -lgdbm -ldb -ldl -lm -lc
perllibs=-lpthread -lsocket -lnsl -ldl -lm -lc
libc=/lib/libc.so
so=so
useshrplib=true
libperl=libperl.so
gnulibc_version=''
Dynamic Linking:
dlsrc=dl_dlopen.xs
dlext=so
d_dlsymun=undef
ccdlflags=' -R /home/stro/perl/5.27.3/lib/5.27.3/i86pc-solaris/CORE'
cccdlflags='-KPIC'
lddlflags='-G -L/usr/lib -L/usr/ccs/lib -L/opt/sunstudio12.1/prod/lib -L/lib -L/usr/gnu/lib'
Characteristics of this binary (from libperl):
Compile-time options:
HAS_TIMES
PERLIO_LAYERS
PERL_COPY_ON_WRITE
PERL_DONT_CREATE_GVSV
PERL_MALLOC_WRAP
PERL_OP_PARENT
PERL_PRESERVE_IVUV
PERL_USE_SAFE_PUTENV
USE_LARGE_FILES
USE_LOCALE
USE_LOCALE_COLLATE
USE_LOCALE_CTYPE
USE_LOCALE_NUMERIC
USE_LOCALE_TIME
USE_PERLIO
USE_PERL_ATOF
Built under solaris
Compiled at Sep 22 2017 01:30:01
%ENV:
PERL5LIB=""
PERL5OPT=""
PERL5_CPANPLUS_IS_RUNNING="28629"
PERL5_CPAN_IS_RUNNING="28629"
PERL5_CPAN_IS_RUNNING_IN_RECURSION="29451,28629"
PERL_CR_SMOKER_CURRENT="SNMP-Info-3.38"
PERL_EXTUTILS_AUTOINSTALL="--defaultdeps"
PERL_MM_USE_DEFAULT="1"
PERL_USE_UNSAFE_INC="1"
@INC:
/home/stro/perl/5.27.3/lib/site_perl/5.27.3/i86pc-solaris
/home/stro/perl/5.27.3/lib/site_perl/5.27.3
/home/stro/perl/5.27.3/lib/5.27.3/i86pc-solaris
/home/stro/perl/5.27.3/lib/5.27.3
.