Convert-BulkDecoder v1.03 Perl 5 v5.13.2 i686-linux

Status
Fail
From
Serguei Trouchelle (STRO)
Dist
Convert-BulkDecoder v1.03
Platform
Perl 5 v5.13.2 i686-linux
Date
2010-07-14 19:47:35
ID
a6a0fda6-8f80-11df-95b6-e0a19053833c
This distribution has been tested as part of the CPAN Testers
project, supporting the Perl programming language.  See
http://wiki.cpantesters.org/ for more information or email
questions to cpan-testers-discuss@perl.org


--
Dear Johan Vromans,

This is a computer-generated report for Convert-BulkDecoder-1.03
on perl 5.13.2, created by CPAN-Reporter-1.1711.

Thank you for uploading your work to CPAN.  However, there was a problem
testing your distribution.

If you think this report is invalid, please consult the CPAN Testers Wiki
for suggestions on how to avoid getting FAIL reports for missing library
or binary dependencies, unsupported operating systems, and so on:

http://wiki.cpantesters.org/wiki/CPANAuthorNotes

Sections of this report:

    * Tester comments
    * Program output
    * Prerequisites
    * Environment and other context

------------------------------
TESTER COMMENTS
------------------------------

Additional comments from tester:

this report is from an automated smoke testing program
and was not reviewed by a human for accuracy

------------------------------
PROGRAM OUTPUT
------------------------------

Output from '/usr/bin/make test':

PERL_DL_NONLAZY=1 /home/stro/perl/perl5132/bin/perl "-MExtUtils::Command::MM" "-e" "test_harness(0, 'blib/lib', 'blib/arch')" t/*.t

#   Failed test 'FAIL'
#   at t/decode.pl line 53.
./Mtst: No such file or directory

#   Failed test 'PASS'
#   at t/decode.pl line 54.
Use of uninitialized value in numeric eq (==) at t/decode.pl line 55.
Use of uninitialized value in concatenation (.) or string at t/decode.pl line 55.

#   Failed test 'size is '
#   at t/decode.pl line 55.

#   Failed test 'FAIL[1]'
#   at t/decode.pl line 62.
./Mtst1: No such file or directory

#   Failed test 'PASS[1]'
#   at t/decode.pl line 63.
Use of uninitialized value in numeric eq (==) at t/decode.pl line 64.
Use of uninitialized value in concatenation (.) or string at t/decode.pl line 64.

#   Failed test 'size[1] is '
#   at t/decode.pl line 64.

#   Failed test 'FAIL'
#   at t/decode.pl line 79.
Mtst: No such file or directory

#   Failed test 'PASS'
#   at t/decode.pl line 80.
Use of uninitialized value in numeric eq (==) at t/decode.pl line 81.
Use of uninitialized value in concatenation (.) or string at t/decode.pl line 81.

#   Failed test 'size is '
#   at t/decode.pl line 81.

#   Failed test 'FAIL'
#   at t/decode.pl line 89.
Mtst: No such file or directory

#   Failed test 'PASS'
#   at t/decode.pl line 90.
Use of uninitialized value in numeric eq (==) at t/decode.pl line 91.
Use of uninitialized value in concatenation (.) or string at t/decode.pl line 91.

#   Failed test 'size is '
#   at t/decode.pl line 91.

#   Failed test 'FAIL'
#   at t/decode.pl line 97.
Mtst: No such file or directory

#   Failed test 'PASS'
#   at t/decode.pl line 98.

#   Failed test 'MD5: 1'
#   at t/decode.pl line 99.
Use of uninitialized value in numeric eq (==) at t/decode.pl line 100.
Use of uninitialized value in concatenation (.) or string at t/decode.pl line 100.

#   Failed test 'size is '
#   at t/decode.pl line 100.
Decoding(MIME) to ./mtst
Decoding(MIME) to ./mtst1

#   Failed test 'FAIL'
#   at t/decode.pl line 112.
./mtst: No such file or directory

#   Failed test 'PASS'
#   at t/decode.pl line 115.

#   Failed test 'MD5'
#   at t/decode.pl line 116.
Use of uninitialized value in numeric eq (==) at t/decode.pl line 117.
Use of uninitialized value in concatenation (.) or string at t/decode.pl line 117.

#   Failed test 'size is '
#   at t/decode.pl line 117.
# Looks like you failed 20 tests of 33.
t/msdecode.t .. 
Dubious, test returned 20 (wstat 5120, 0x1400)
Failed 20/33 subtests 
Decoding(UU) to ./utst
t/umdecode.t .. ok
Decoding(UU) to ./utst
t/usdecode.t .. ok
Decoding(yEnc) to ./ytst
Part 1, checksum OK
Part 2, checksum OK
Part 3, checksum OK
t/ymdecode.t .. ok
Decoding(yEnc) to ./ytst
Checksum OK
t/ysdecode.t .. ok

Test Summary Report
-------------------
t/msdecode.t (Wstat: 5120 Tests: 33 Failed: 20)
  Failed tests:  6-8, 12-17, 21-28, 31-33
  Non-zero exit status: 20
Files=5, Tests=165,  3 wallclock secs ( 0.03 usr  0.04 sys +  0.26 cusr  0.19 csys =  0.52 CPU)
Result: FAIL
Failed 1/5 test programs. 20/165 subtests failed.
make: *** [test_dynamic] Error 255

------------------------------
PREREQUISITES
------------------------------

Prerequisite modules loaded:

requires:

    Module       Need Have 
    ------------ ---- -----
    Digest::MD5  0    2.40 
    MIME::Parser 0    5.500
    Test::More   0    0.94 


------------------------------
ENVIRONMENT AND OTHER CONTEXT
------------------------------

Environment variables:

    AUTOMATED_TESTING = 1
    LANG = en_US.UTF-8
    PATH = /usr/local/bin:/usr/bin:/bin:/usr/games
    PERL5LIB = 
    PERL5OPT = 
    PERL5_CPANPLUS_IS_RUNNING = 17806
    PERL5_CPAN_IS_RUNNING = 17806
    PERL5_CPAN_IS_RUNNING_IN_RECURSION = 2972,17806
    PERL_CR_SMOKER_CURRENT = Convert-BulkDecoder-1.03
    PERL_EXTUTILS_AUTOINSTALL = --defaultdeps
    PERL_MM_USE_DEFAULT = 1
    SHELL = /bin/bash
    TERM = xterm

Perl special variables (and OS-specific diagnostics, for MSWin32):

    $^X = /home/stro/perl/perl5132/bin/perl
    $UID/$EUID = 1000 / 1000
    $GID = 1000 20 24 25 29 44 46 1000
    $EGID = 1000 20 24 25 29 44 46 1000

Perl module toolchain versions installed:

    Module              Have  
    ------------------- ------
    CPAN                1.9304
    Cwd                 3.31  
    ExtUtils::CBuilder  0.2703
    ExtUtils::Command   1.16  
    ExtUtils::Install   1.54  
    ExtUtils::MakeMaker 6.56  
    ExtUtils::Manifest  1.58  
    ExtUtils::ParseXS   2.2206
    File::Spec          3.31  
    Module::Build       0.3607
    Module::Signature   0.64  
    Test::Harness       3.21  
    Test::More          0.94  
    YAML                0.71  
    YAML::Syck          1.10  
    version             0.82  


--

Summary of my perl5 (revision 5 version 13 subversion 2) configuration:
   
  Platform:
    osname=linux, osvers=2.6.26-2-686, archname=i686-linux
    uname='linux debian5 2.6.26-2-686 #1 smp wed may 12 21:56:10 utc 2010 i686 gnulinux '
    config_args=''
    hint=recommended, useposix=true, d_sigaction=define
    useithreads=undef, usemultiplicity=undef
    useperlio=define, d_sfio=undef, uselargefiles=define, usesocks=undef
    use64bitint=undef, use64bitall=undef, uselongdouble=undef
    usemymalloc=n, bincompat5005=undef
  Compiler:
    cc='cc', ccflags ='-fno-strict-aliasing -pipe -fstack-protector -I/usr/local/include -D_LARGEFILE_SOURCE -D_FILE_OFFSET_BITS=64',
    optimize='-O2',
    cppflags='-fno-strict-aliasing -pipe -fstack-protector -I/usr/local/include'
    ccversion='', gccversion='4.3.2', gccosandvers=''
    intsize=4, longsize=4, ptrsize=4, doublesize=8, byteorder=1234
    d_longlong=define, longlongsize=8, d_longdbl=define, longdblsize=12
    ivtype='long', ivsize=4, nvtype='double', nvsize=8, Off_t='off_t', lseeksize=8
    alignbytes=4, prototype=define
  Linker and Libraries:
    ld='cc', ldflags =' -fstack-protector -L/usr/local/lib'
    libpth=/usr/local/lib /lib /usr/lib
    libs=-lnsl -ldb -ldl -lm -lcrypt -lutil -lc
    perllibs=-lnsl -ldl -lm -lcrypt -lutil -lc
    libc=/lib/libc-2.7.so, so=so, useshrplib=false, libperl=libperl.a
    gnulibc_version='2.7'
  Dynamic Linking:
    dlsrc=dl_dlopen.xs, dlext=so, d_dlsymun=undef, ccdlflags='-Wl,-E'
    cccdlflags='-fPIC', lddlflags='-shared -O2 -L/usr/local/lib -fstack-protector'


Characteristics of this binary (from libperl): 
  Compile-time options: PERL_DONT_CREATE_GVSV PERL_MALLOC_WRAP
                        USE_LARGE_FILES USE_PERLIO USE_PERL_ATOF
  Built under linux
  Compiled at Jun 23 2010 13:37:47
  %ENV:
    PERL5LIB=""
    PERL5OPT=""
    PERL5_CPANPLUS_IS_RUNNING="17806"
    PERL5_CPAN_IS_RUNNING="17806"
    PERL5_CPAN_IS_RUNNING_IN_RECURSION="2972,17806"
    PERL_CR_SMOKER_CURRENT="Convert-BulkDecoder-1.03"
    PERL_EXTUTILS_AUTOINSTALL="--defaultdeps"
    PERL_MM_USE_DEFAULT="1"
  @INC:
    /home/stro/perl/perl5132/lib/site_perl/5.13.2/i686-linux
    /home/stro/perl/perl5132/lib/site_perl/5.13.2
    /home/stro/perl/perl5132/lib/5.13.2/i686-linux
    /home/stro/perl/perl5132/lib/5.13.2
    .