DBI-Test v0.001 Perl 5 v5.29.2 OpenBSD.amd64-openbsd

Status
Fail
From
Alceu Rodrigues de Freitas Junior
Dist
DBI-Test v0.001
Platform
Perl 5 v5.29.2 OpenBSD.amd64-openbsd
Date
2018-09-06 11:54:46
ID
a68b3fae-b1cb-11e8-844f-ee57a6f199d0
This distribution has been tested as part of the CPAN Testers
project, supporting the Perl programming language.  See
http://wiki.cpantesters.org/ for more information or email
questions to cpan-testers-discuss@perl.org


--
Dear Jens Rehsack,

This is a computer-generated report for DBI-Test-0.001
on perl 5.29.2, created by CPAN-Reporter-1.2018.

Thank you for uploading your work to CPAN.  However, there was a problem
testing your distribution.

If you think this report is invalid, please consult the CPAN Testers Wiki
for suggestions on how to avoid getting FAIL reports for missing library
or binary dependencies, unsupported operating systems, and so on:

http://wiki.cpantesters.org/wiki/CPANAuthorNotes

Sections of this report:

    * Tester comments
    * Program output
    * Prerequisites
    * Environment and other context

------------------------------
TESTER COMMENTS
------------------------------

Additional comments from tester:

this report is from an automated smoke testing program
and was not reviewed by a human for accuracy

------------------------------
PROGRAM OUTPUT
------------------------------

Output from '/usr/bin/make test':

PERL_DL_NONLAZY=1 "/home/vegeta/perl5/perlbrew/perls/perl-blead/bin/perl5.29.2" "-MExtUtils::Command::MM" "-MTest::Harness" "-e" "undef *Test::Harness::Switches; test_harness(0, 'blib/lib', 'blib/arch')" xt/*.t t/basic/*.t
t/basic/dva_connect.t ..... ok
t/basic/dva_disconnect.t .. ok
t/basic/dvb_connect.t ..... ok
t/basic/dvb_disconnect.t .. ok
t/basic/dvc_connect.t ..... ok
DBI connect('','',...) failed: Can't connect to : Can't connect: IO::Socket::INET: connect: Connection refused at /home/vegeta/perl5/perlbrew/perls/perl-blead/lib/site_perl/5.29.2/DBD/Cassandra/Connection.pm line 21.
 at /mnt/cpan_build_dir/vegeta/DBI-Test-0.001-0/blib/lib/DBI/Test.pm line 31.

#   Failed test 'basic connect'
#   at /mnt/cpan_build_dir/vegeta/DBI-Test-0.001-0/blib/lib/DBI/Test/Case/basic/disconnect.pm line 20.
Can't call method "disconnect" on an undefined value at /mnt/cpan_build_dir/vegeta/DBI-Test-0.001-0/blib/lib/DBI/Test/Case/basic/disconnect.pm line 22.
# Tests were run but no plan was declared and done_testing() was not seen.
# Looks like your test exited with 255 just after 1.
t/basic/dvc_disconnect.t .. 
Dubious, test returned 255 (wstat 65280, 0xff00)
Failed 1/1 subtests 
t/basic/dvd_connect.t ..... ok
t/basic/dvd_disconnect.t .. ok
t/basic/dve_connect.t ..... ok
t/basic/dve_disconnect.t .. ok
t/basic/dvf_connect.t ..... ok
t/basic/dvf_disconnect.t .. ok
No such database ()! at /home/vegeta/perl5/perlbrew/perls/perl-blead/lib/site_perl/5.29.2/DBD/LDAP.pm line 401, <DATA> line 755.
DBI connect('','',...) failed: No such database ()! at /mnt/cpan_build_dir/vegeta/DBI-Test-0.001-0/blib/lib/DBI/Test.pm line 31.

#   Failed test 'basic connect'
#   at /mnt/cpan_build_dir/vegeta/DBI-Test-0.001-0/blib/lib/DBI/Test/Case/basic/connect.pm line 16.

#   Failed test 'dbh is active'
#   at /mnt/cpan_build_dir/vegeta/DBI-Test-0.001-0/blib/lib/DBI/Test/Case/basic/connect.pm line 20.
No such database ()! at /home/vegeta/perl5/perlbrew/perls/perl-blead/lib/site_perl/5.29.2/DBD/LDAP.pm line 401, <DATA> line 755.
DBI connect('','',...) failed: No such database ()! at /mnt/cpan_build_dir/vegeta/DBI-Test-0.001-0/blib/lib/DBI/Test.pm line 31.

#   Failed test 'basic connect'
#   at /mnt/cpan_build_dir/vegeta/DBI-Test-0.001-0/blib/lib/DBI/Test/Case/basic/connect.pm line 29.
No such database ()! at /home/vegeta/perl5/perlbrew/perls/perl-blead/lib/site_perl/5.29.2/DBD/LDAP.pm line 401, <DATA> line 755.
DBI connect('','',...) failed: No such database ()! at /mnt/cpan_build_dir/vegeta/DBI-Test-0.001-0/blib/lib/DBI/Test.pm line 31.

#   Failed test 'connect without attr'
#   at /mnt/cpan_build_dir/vegeta/DBI-Test-0.001-0/blib/lib/DBI/Test/Case/basic/connect.pm line 46.
Use of uninitialized value $got in numeric eq (==) at (eval in cmp_ok) /mnt/cpan_build_dir/vegeta/DBI-Test-0.001-0/blib/lib/DBI/Test/Case/basic/connect.pm line 50, <DATA> line 755.

#   Failed test 'AutoCommit == 1'
#   at /mnt/cpan_build_dir/vegeta/DBI-Test-0.001-0/blib/lib/DBI/Test/Case/basic/connect.pm line 50.
Use of uninitialized value $val in addition (+) at /home/vegeta/perl5/perlbrew/perls/perl-blead/lib/site_perl/5.29.2/Test/Builder.pm line 761, <DATA> line 755.
#          got: undef
#     expected: 1
Can't call method "FETCH" on unblessed reference at /mnt/cpan_build_dir/vegeta/DBI-Test-0.001-0/blib/lib/DBI/Test/Case/basic/connect.pm line 51, <DATA> line 755.
# Tests were run but no plan was declared and done_testing() was not seen.
# Looks like your test exited with 255 just after 5.
t/basic/dvl_connect.t ..... 
Dubious, test returned 255 (wstat 65280, 0xff00)
Failed 5/5 subtests 
No such database ()! at /home/vegeta/perl5/perlbrew/perls/perl-blead/lib/site_perl/5.29.2/DBD/LDAP.pm line 401, <DATA> line 755.
DBI connect('','',...) failed: No such database ()! at /mnt/cpan_build_dir/vegeta/DBI-Test-0.001-0/blib/lib/DBI/Test.pm line 31.

#   Failed test 'basic connect'
#   at /mnt/cpan_build_dir/vegeta/DBI-Test-0.001-0/blib/lib/DBI/Test/Case/basic/disconnect.pm line 20.
Can't call method "disconnect" on an undefined value at /mnt/cpan_build_dir/vegeta/DBI-Test-0.001-0/blib/lib/DBI/Test/Case/basic/disconnect.pm line 22, <DATA> line 755.
# Tests were run but no plan was declared and done_testing() was not seen.
# Looks like your test exited with 255 just after 1.
t/basic/dvl_disconnect.t .. 
Dubious, test returned 255 (wstat 65280, 0xff00)
Failed 1/1 subtests 
Using DBI::DBD::SqlEngine with unregistered driver DBD::Mem.
Reading documentation how to prevent is strongly recommended.
Use of uninitialized value $drv_prefix in concatenation (.) or string at /home/vegeta/perl5/perlbrew/perls/perl-blead/lib/site_perl/5.29.2/OpenBSD.amd64-openbsd/DBI/DBD/SqlEngine.pm line 442.
Use of uninitialized value $drv_prefix in concatenation (.) or string at /home/vegeta/perl5/perlbrew/perls/perl-blead/lib/site_perl/5.29.2/OpenBSD.amd64-openbsd/DBI/DBD/SqlEngine.pm line 443.
Use of uninitialized value $drv_prefix in concatenation (.) or string at /home/vegeta/perl5/perlbrew/perls/perl-blead/lib/site_perl/5.29.2/OpenBSD.amd64-openbsd/DBI/DBD/SqlEngine.pm line 457.
Use of uninitialized value $drv_prefix in concatenation (.) or string at /home/vegeta/perl5/perlbrew/perls/perl-blead/lib/site_perl/5.29.2/OpenBSD.amd64-openbsd/DBI/DBD/SqlEngine.pm line 487.
Use of uninitialized value $drv_prefix in concatenation (.) or string at /home/vegeta/perl5/perlbrew/perls/perl-blead/lib/site_perl/5.29.2/OpenBSD.amd64-openbsd/DBI/DBD/SqlEngine.pm line 487.
Use of uninitialized value $drv_prefix in concatenation (.) or string at /home/vegeta/perl5/perlbrew/perls/perl-blead/lib/site_perl/5.29.2/OpenBSD.amd64-openbsd/DBI/DBD/SqlEngine.pm line 487.
Use of uninitialized value $drv_prefix in concatenation (.) or string at /home/vegeta/perl5/perlbrew/perls/perl-blead/lib/site_perl/5.29.2/OpenBSD.amd64-openbsd/DBI/DBD/SqlEngine.pm line 621.
Use of uninitialized value $drv_prefix in concatenation (.) or string at /home/vegeta/perl5/perlbrew/perls/perl-blead/lib/site_perl/5.29.2/OpenBSD.amd64-openbsd/DBI/DBD/SqlEngine.pm line 621.
Use of uninitialized value $drv_prefix in concatenation (.) or string at /home/vegeta/perl5/perlbrew/perls/perl-blead/lib/site_perl/5.29.2/OpenBSD.amd64-openbsd/DBI/DBD/SqlEngine.pm line 442.
Use of uninitialized value $drv_prefix in concatenation (.) or string at /home/vegeta/perl5/perlbrew/perls/perl-blead/lib/site_perl/5.29.2/OpenBSD.amd64-openbsd/DBI/DBD/SqlEngine.pm line 443.
Use of uninitialized value $drv_prefix in concatenation (.) or string at /home/vegeta/perl5/perlbrew/perls/perl-blead/lib/site_perl/5.29.2/OpenBSD.amd64-openbsd/DBI/DBD/SqlEngine.pm line 457.
Use of uninitialized value $drv_prefix in concatenation (.) or string at /home/vegeta/perl5/perlbrew/perls/perl-blead/lib/site_perl/5.29.2/OpenBSD.amd64-openbsd/DBI/DBD/SqlEngine.pm line 487.
Use of uninitialized value $drv_prefix in concatenation (.) or string at /home/vegeta/perl5/perlbrew/perls/perl-blead/lib/site_perl/5.29.2/OpenBSD.amd64-openbsd/DBI/DBD/SqlEngine.pm line 487.
Use of uninitialized value $drv_prefix in concatenation (.) or string at /home/vegeta/perl5/perlbrew/perls/perl-blead/lib/site_perl/5.29.2/OpenBSD.amd64-openbsd/DBI/DBD/SqlEngine.pm line 487.
Use of uninitialized value $drv_prefix in concatenation (.) or string at /home/vegeta/perl5/perlbrew/perls/perl-blead/lib/site_perl/5.29.2/OpenBSD.amd64-openbsd/DBI/DBD/SqlEngine.pm line 621.
Use of uninitialized value $drv_prefix in concatenation (.) or string at /home/vegeta/perl5/perlbrew/perls/perl-blead/lib/site_perl/5.29.2/OpenBSD.amd64-openbsd/DBI/DBD/SqlEngine.pm line 621.
Use of uninitialized value $drv_prefix in concatenation (.) or string at /home/vegeta/perl5/perlbrew/perls/perl-blead/lib/site_perl/5.29.2/OpenBSD.amd64-openbsd/DBI/DBD/SqlEngine.pm line 442.
Use of uninitialized value $drv_prefix in concatenation (.) or string at /home/vegeta/perl5/perlbrew/perls/perl-blead/lib/site_perl/5.29.2/OpenBSD.amd64-openbsd/DBI/DBD/SqlEngine.pm line 443.
Use of uninitialized value $drv_prefix in concatenation (.) or string at /home/vegeta/perl5/perlbrew/perls/perl-blead/lib/site_perl/5.29.2/OpenBSD.amd64-openbsd/DBI/DBD/SqlEngine.pm line 457.
Use of uninitialized value $drv_prefix in concatenation (.) or string at /home/vegeta/perl5/perlbrew/perls/perl-blead/lib/site_perl/5.29.2/OpenBSD.amd64-openbsd/DBI/DBD/SqlEngine.pm line 487.
Use of uninitialized value $drv_prefix in concatenation (.) or string at /home/vegeta/perl5/perlbrew/perls/perl-blead/lib/site_perl/5.29.2/OpenBSD.amd64-openbsd/DBI/DBD/SqlEngine.pm line 487.
Use of uninitialized value $drv_prefix in concatenation (.) or string at /home/vegeta/perl5/perlbrew/perls/perl-blead/lib/site_perl/5.29.2/OpenBSD.amd64-openbsd/DBI/DBD/SqlEngine.pm line 487.
Use of uninitialized value $drv_prefix in concatenation (.) or string at /home/vegeta/perl5/perlbrew/perls/perl-blead/lib/site_perl/5.29.2/OpenBSD.amd64-openbsd/DBI/DBD/SqlEngine.pm line 621.
Use of uninitialized value $drv_prefix in concatenation (.) or string at /home/vegeta/perl5/perlbrew/perls/perl-blead/lib/site_perl/5.29.2/OpenBSD.amd64-openbsd/DBI/DBD/SqlEngine.pm line 621.
t/basic/dvm_connect.t ..... ok

#   Failed test 'Disconnect'
#   at /mnt/cpan_build_dir/vegeta/DBI-Test-0.001-0/blib/lib/DBI/Test/Case/basic/disconnect.pm line 22.
# Looks like you failed 1 test of 19.
t/basic/dvm_disconnect.t .. 
Dubious, test returned 1 (wstat 256, 0x100)
Failed 1/19 subtests 
	(less 1 skipped subtest: 17 okay)
	(7 TODO tests unexpectedly succeeded)
DBI connect('','',...) failed: Can't connect to : REST::Neo4p::CommException : Can't connect to localhost:7474 (500) at /mnt/cpan_build_dir/vegeta/DBI-Test-0.001-0/blib/lib/DBI/Test.pm line 31.

#   Failed test 'basic connect'
#   at /mnt/cpan_build_dir/vegeta/DBI-Test-0.001-0/blib/lib/DBI/Test/Case/basic/connect.pm line 16.

#   Failed test 'dbh is active'
#   at /mnt/cpan_build_dir/vegeta/DBI-Test-0.001-0/blib/lib/DBI/Test/Case/basic/connect.pm line 20.
DBI connect('','',...) failed: Can't connect to : REST::Neo4p::CommException : Can't connect to localhost:7474 (500) at /mnt/cpan_build_dir/vegeta/DBI-Test-0.001-0/blib/lib/DBI/Test.pm line 31.

#   Failed test 'basic connect'
#   at /mnt/cpan_build_dir/vegeta/DBI-Test-0.001-0/blib/lib/DBI/Test/Case/basic/connect.pm line 29.
DBI connect('','',...) failed: Can't connect to : REST::Neo4p::CommException : Can't connect to localhost:7474 (500) at /mnt/cpan_build_dir/vegeta/DBI-Test-0.001-0/blib/lib/DBI/Test.pm line 31.

#   Failed test 'connect without attr'
#   at /mnt/cpan_build_dir/vegeta/DBI-Test-0.001-0/blib/lib/DBI/Test/Case/basic/connect.pm line 46.
Use of uninitialized value $got in numeric eq (==) at (eval in cmp_ok) /mnt/cpan_build_dir/vegeta/DBI-Test-0.001-0/blib/lib/DBI/Test/Case/basic/connect.pm line 50.

#   Failed test 'AutoCommit == 1'
#   at /mnt/cpan_build_dir/vegeta/DBI-Test-0.001-0/blib/lib/DBI/Test/Case/basic/connect.pm line 50.
Use of uninitialized value $val in addition (+) at /home/vegeta/perl5/perlbrew/perls/perl-blead/lib/site_perl/5.29.2/Test/Builder.pm line 761.
#          got: undef
#     expected: 1
Can't call method "FETCH" on unblessed reference at /mnt/cpan_build_dir/vegeta/DBI-Test-0.001-0/blib/lib/DBI/Test/Case/basic/connect.pm line 51.
# Tests were run but no plan was declared and done_testing() was not seen.
# Looks like your test exited with 255 just after 5.
t/basic/dvn_connect.t ..... 
Dubious, test returned 255 (wstat 65280, 0xff00)
Failed 5/5 subtests 
DBI connect('','',...) failed: Can't connect to : REST::Neo4p::CommException : Can't connect to localhost:7474 (500) at /mnt/cpan_build_dir/vegeta/DBI-Test-0.001-0/blib/lib/DBI/Test.pm line 31.

#   Failed test 'basic connect'
#   at /mnt/cpan_build_dir/vegeta/DBI-Test-0.001-0/blib/lib/DBI/Test/Case/basic/disconnect.pm line 20.
Can't call method "disconnect" on an undefined value at /mnt/cpan_build_dir/vegeta/DBI-Test-0.001-0/blib/lib/DBI/Test/Case/basic/disconnect.pm line 22.
# Tests were run but no plan was declared and done_testing() was not seen.
# Looks like your test exited with 255 just after 1.
t/basic/dvn_disconnect.t .. 
Dubious, test returned 255 (wstat 65280, 0xff00)
Failed 1/1 subtests 
DBI connect('','',...) failed: Couldn't connect to /tmp/.s.PGSQL.5432: No such file or directory at /home/vegeta/perl5/perlbrew/perls/perl-blead/lib/site_perl/5.29.2/DBD/PgPPSjis.pm line 112.
 at /mnt/cpan_build_dir/vegeta/DBI-Test-0.001-0/blib/lib/DBI/Test.pm line 31.

#   Failed test 'basic connect'
#   at /mnt/cpan_build_dir/vegeta/DBI-Test-0.001-0/blib/lib/DBI/Test/Case/basic/connect.pm line 16.

#   Failed test 'dbh is active'
#   at /mnt/cpan_build_dir/vegeta/DBI-Test-0.001-0/blib/lib/DBI/Test/Case/basic/connect.pm line 20.
DBI connect('','',...) failed: Couldn't connect to /tmp/.s.PGSQL.5432: No such file or directory at /home/vegeta/perl5/perlbrew/perls/perl-blead/lib/site_perl/5.29.2/DBD/PgPPSjis.pm line 112.
 at /mnt/cpan_build_dir/vegeta/DBI-Test-0.001-0/blib/lib/DBI/Test.pm line 31.

#   Failed test 'basic connect'
#   at /mnt/cpan_build_dir/vegeta/DBI-Test-0.001-0/blib/lib/DBI/Test/Case/basic/connect.pm line 29.
DBI connect('','',...) failed: Couldn't connect to /tmp/.s.PGSQL.5432: No such file or directory at /home/vegeta/perl5/perlbrew/perls/perl-blead/lib/site_perl/5.29.2/DBD/PgPPSjis.pm line 112.
 at /mnt/cpan_build_dir/vegeta/DBI-Test-0.001-0/blib/lib/DBI/Test.pm line 31.

#   Failed test 'connect without attr'
#   at /mnt/cpan_build_dir/vegeta/DBI-Test-0.001-0/blib/lib/DBI/Test/Case/basic/connect.pm line 46.
Use of uninitialized value $got in numeric eq (==) at (eval in cmp_ok) /mnt/cpan_build_dir/vegeta/DBI-Test-0.001-0/blib/lib/DBI/Test/Case/basic/connect.pm line 50.

#   Failed test 'AutoCommit == 1'
#   at /mnt/cpan_build_dir/vegeta/DBI-Test-0.001-0/blib/lib/DBI/Test/Case/basic/connect.pm line 50.
Use of uninitialized value $val in addition (+) at /home/vegeta/perl5/perlbrew/perls/perl-blead/lib/site_perl/5.29.2/Test/Builder.pm line 761.
#          got: undef
#     expected: 1
Can't call method "FETCH" on unblessed reference at /mnt/cpan_build_dir/vegeta/DBI-Test-0.001-0/blib/lib/DBI/Test/Case/basic/connect.pm line 51.
# Tests were run but no plan was declared and done_testing() was not seen.
# Looks like your test exited with 255 just after 5.
t/basic/dvp_connect.t ..... 
Dubious, test returned 255 (wstat 65280, 0xff00)
Failed 5/5 subtests 
DBI connect('','',...) failed: Couldn't connect to /tmp/.s.PGSQL.5432: No such file or directory at /home/vegeta/perl5/perlbrew/perls/perl-blead/lib/site_perl/5.29.2/DBD/PgPPSjis.pm line 112.
 at /mnt/cpan_build_dir/vegeta/DBI-Test-0.001-0/blib/lib/DBI/Test.pm line 31.

#   Failed test 'basic connect'
#   at /mnt/cpan_build_dir/vegeta/DBI-Test-0.001-0/blib/lib/DBI/Test/Case/basic/disconnect.pm line 20.
Can't call method "disconnect" on an undefined value at /mnt/cpan_build_dir/vegeta/DBI-Test-0.001-0/blib/lib/DBI/Test/Case/basic/disconnect.pm line 22.
# Tests were run but no plan was declared and done_testing() was not seen.
# Looks like your test exited with 255 just after 1.
t/basic/dvp_disconnect.t .. 
Dubious, test returned 255 (wstat 65280, 0xff00)
Failed 1/1 subtests 
install_driver(SQLcipher) failed: Attempt to reload DBD/SQLcipher.pm aborted.
Compilation failed in require at (eval 160) line 3.

 at /mnt/cpan_build_dir/vegeta/DBI-Test-0.001-0/blib/lib/DBI/Test.pm line 31.
t/basic/dvs_connect.t ..... 
Dubious, test returned 2 (wstat 512, 0x200)
No subtests run 
-1:No such database () (No such file or directory)! at /home/vegeta/perl5/perlbrew/perls/perl-blead/lib/site_perl/5.29.2/DBD/Sprite.pm line 725.
DBI connect('','',...) failed: -1:No such database () (No such file or directory)! at /mnt/cpan_build_dir/vegeta/DBI-Test-0.001-0/blib/lib/DBI/Test.pm line 31.

#   Failed test 'basic connect'
#   at /mnt/cpan_build_dir/vegeta/DBI-Test-0.001-0/blib/lib/DBI/Test/Case/basic/disconnect.pm line 20.
Can't call method "disconnect" on an undefined value at /mnt/cpan_build_dir/vegeta/DBI-Test-0.001-0/blib/lib/DBI/Test/Case/basic/disconnect.pm line 22.
# Tests were run but no plan was declared and done_testing() was not seen.
# Looks like your test exited with 255 just after 1.
t/basic/dvs_disconnect.t .. 
Dubious, test returned 255 (wstat 65280, 0xff00)
Failed 1/1 subtests 
Using DBI::DBD::SqlEngine with unregistered driver DBD::XMLSimple.
Reading documentation how to prevent is strongly recommended.
method name prefix 'xmlsimple_' is not associated with a registered driver at /home/vegeta/perl5/perlbrew/perls/perl-blead/lib/site_perl/5.29.2/DBD/XMLSimple.pm line 99.
Use of uninitialized value $drv_prefix in concatenation (.) or string at /home/vegeta/perl5/perlbrew/perls/perl-blead/lib/site_perl/5.29.2/OpenBSD.amd64-openbsd/DBI/DBD/SqlEngine.pm line 621.

#   Failed test 'dbh is active'
#   at /mnt/cpan_build_dir/vegeta/DBI-Test-0.001-0/blib/lib/DBI/Test/Case/basic/connect.pm line 20.
Use of uninitialized value $drv_prefix in concatenation (.) or string at /home/vegeta/perl5/perlbrew/perls/perl-blead/lib/site_perl/5.29.2/OpenBSD.amd64-openbsd/DBI/DBD/SqlEngine.pm line 621.
Use of uninitialized value $drv_prefix in concatenation (.) or string at /home/vegeta/perl5/perlbrew/perls/perl-blead/lib/site_perl/5.29.2/OpenBSD.amd64-openbsd/DBI/DBD/SqlEngine.pm line 621.
# Looks like you failed 1 test of 16.
t/basic/dvx_connect.t ..... 
Dubious, test returned 1 (wstat 256, 0x100)
Failed 1/16 subtests 
	(1 TODO test unexpectedly succeeded)
Using DBI::DBD::SqlEngine with unregistered driver DBD::XMLSimple.
Reading documentation how to prevent is strongly recommended.
method name prefix 'xmlsimple_' is not associated with a registered driver at /home/vegeta/perl5/perlbrew/perls/perl-blead/lib/site_perl/5.29.2/DBD/XMLSimple.pm line 99.
Use of uninitialized value $drv_prefix in concatenation (.) or string at /home/vegeta/perl5/perlbrew/perls/perl-blead/lib/site_perl/5.29.2/OpenBSD.amd64-openbsd/DBI/DBD/SqlEngine.pm line 621.
Use of uninitialized value $drv_prefix in concatenation (.) or string at /home/vegeta/perl5/perlbrew/perls/perl-blead/lib/site_perl/5.29.2/OpenBSD.amd64-openbsd/DBI/DBD/SqlEngine.pm line 621.
Use of uninitialized value $drv_prefix in concatenation (.) or string at /home/vegeta/perl5/perlbrew/perls/perl-blead/lib/site_perl/5.29.2/OpenBSD.amd64-openbsd/DBI/DBD/SqlEngine.pm line 621.
Use of uninitialized value $drv_prefix in concatenation (.) or string at /home/vegeta/perl5/perlbrew/perls/perl-blead/lib/site_perl/5.29.2/OpenBSD.amd64-openbsd/DBI/DBD/SqlEngine.pm line 621.
Use of uninitialized value $drv_prefix in concatenation (.) or string at /home/vegeta/perl5/perlbrew/perls/perl-blead/lib/site_perl/5.29.2/OpenBSD.amd64-openbsd/DBI/DBD/SqlEngine.pm line 621.
t/basic/dvx_disconnect.t .. ok

Test Summary Report
-------------------
t/basic/dva_disconnect.t (Wstat: 0 Tests: 19 Failed: 0)
  TODO passed:   8-9, 14-15, 18
t/basic/dvb_disconnect.t (Wstat: 0 Tests: 19 Failed: 0)
  TODO passed:   8-9, 14-15, 18
t/basic/dvc_disconnect.t (Wstat: 65280 Tests: 1 Failed: 1)
  Failed test:  1
  Non-zero exit status: 255
  Parse errors: No plan found in TAP output
t/basic/dvd_disconnect.t (Wstat: 0 Tests: 19 Failed: 0)
  TODO passed:   8-9, 14-15, 18
t/basic/dve_disconnect.t (Wstat: 0 Tests: 19 Failed: 0)
  TODO passed:   8-9, 14-15, 18
t/basic/dvf_disconnect.t (Wstat: 0 Tests: 19 Failed: 0)
  TODO passed:   8-9, 14-15, 18
t/basic/dvl_connect.t   (Wstat: 65280 Tests: 5 Failed: 5)
  Failed tests:  1-5
  Non-zero exit status: 255
  Parse errors: No plan found in TAP output
t/basic/dvl_disconnect.t (Wstat: 65280 Tests: 1 Failed: 1)
  Failed test:  1
  Non-zero exit status: 255
  Parse errors: No plan found in TAP output
t/basic/dvm_connect.t   (Wstat: 0 Tests: 16 Failed: 0)
  TODO passed:   14
t/basic/dvm_disconnect.t (Wstat: 256 Tests: 19 Failed: 1)
  Failed test:  3
  TODO passed:   8-10, 14-16, 18
  Non-zero exit status: 1
t/basic/dvn_connect.t   (Wstat: 65280 Tests: 5 Failed: 5)
  Failed tests:  1-5
  Non-zero exit status: 255
  Parse errors: No plan found in TAP output
t/basic/dvn_disconnect.t (Wstat: 65280 Tests: 1 Failed: 1)
  Failed test:  1
  Non-zero exit status: 255
  Parse errors: No plan found in TAP output
t/basic/dvp_connect.t   (Wstat: 65280 Tests: 5 Failed: 5)
  Failed tests:  1-5
  Non-zero exit status: 255
  Parse errors: No plan found in TAP output
t/basic/dvp_disconnect.t (Wstat: 65280 Tests: 1 Failed: 1)
  Failed test:  1
  Non-zero exit status: 255
  Parse errors: No plan found in TAP output
t/basic/dvs_connect.t   (Wstat: 512 Tests: 0 Failed: 0)
  Non-zero exit status: 2
  Parse errors: No plan found in TAP output
t/basic/dvs_disconnect.t (Wstat: 65280 Tests: 1 Failed: 1)
  Failed test:  1
  Non-zero exit status: 255
  Parse errors: No plan found in TAP output
t/basic/dvx_connect.t   (Wstat: 256 Tests: 16 Failed: 1)
  Failed test:  3
  TODO passed:   14
  Non-zero exit status: 1
t/basic/dvx_disconnect.t (Wstat: 0 Tests: 19 Failed: 0)
  TODO passed:   8-9, 14-15, 18
Files=24, Tests=287, 15 wallclock secs ( 0.10 usr  0.18 sys +  9.00 cusr  3.51 csys = 12.79 CPU)
Result: FAIL
Failed 11/24 test programs. 22/287 subtests failed.
*** Error 255 in /mnt/cpan_build_dir/vegeta/DBI-Test-0.001-0 (Makefile:873 'test_dynamic')

------------------------------
PREREQUISITES
------------------------------

Prerequisite modules loaded:

requires:

    Module              Need     Have    
    ------------------- -------- --------
    perl                5.008001 5.029002

build_requires:

    Module              Need     Have    
    ------------------- -------- --------
    Test::Simple        0.90     1.302140

configure_requires:

    Module              Need     Have    
    ------------------- -------- --------
    ExtUtils::MakeMaker 0        7.34    


------------------------------
ENVIRONMENT AND OTHER CONTEXT
------------------------------

Environment variables:

    AUTOMATED_TESTING = 1
    DBD_MYSQL_TESTDB = test
    DBD_MYSQL_TESTHOST = localhost
    DBD_MYSQL_TESTPASSWORD = 
    DBD_MYSQL_TESTPORT = 3306
    DBD_MYSQL_TESTUSER = vegeta
    EXTENDED_TESTING = 1
    PATH = /home/vegeta/perl5/perlbrew/bin:/home/vegeta/perl5/perlbrew/perls/perl-blead/bin:/home/vegeta/bin:/usr/bin:/bin:/usr/sbin:/sbin:/usr/X11R6/bin:/usr/local/bin:/usr/local/sbin
    PERL5LIB = 
    PERL5OPT = 
    PERL5_CPANPLUS_IS_RUNNING = 37895
    PERL5_CPAN_IS_RUNNING = 37895
    PERL5_CPAN_IS_RUNNING_IN_RECURSION = 6785,37895
    PERLBREW_HOME = /home/vegeta/.perlbrew
    PERLBREW_MANPATH = /home/vegeta/perl5/perlbrew/perls/perl-blead/man
    PERLBREW_PATH = /home/vegeta/perl5/perlbrew/bin:/home/vegeta/perl5/perlbrew/perls/perl-blead/bin
    PERLBREW_PERL = perl-blead
    PERLBREW_ROOT = /home/vegeta/perl5/perlbrew
    PERLBREW_SHELLRC_VERSION = 0.84
    PERLBREW_VERSION = 0.84
    PERL_CR_SMOKER_CURRENT = DBI-Test-0.001
    PERL_EXTUTILS_AUTOINSTALL = --defaultdeps
    PERL_MM_USE_DEFAULT = 1
    SHELL = /usr/local/bin/bash
    TERM = vt220

Perl special variables (and OS-specific diagnostics, for MSWin32):

    $^X = /home/vegeta/perl5/perlbrew/perls/perl-blead/bin/perl5.29.2
    $UID/$EUID = 1001 / 1001
    $GID = 999 999 1001
    $EGID = 999 999 1001

Perl module toolchain versions installed:

    Module              Have    
    ------------------- --------
    CPAN                2.16    
    CPAN::Meta          2.150010
    Cwd                 3.74    
    ExtUtils::CBuilder  0.280230
    ExtUtils::Command   7.34    
    ExtUtils::Install   2.14    
    ExtUtils::MakeMaker 7.34    
    ExtUtils::Manifest  1.71    
    ExtUtils::ParseXS   3.35    
    File::Spec          3.74    
    JSON                2.90    
    JSON::PP            2.97001 
    Module::Build       0.4224  
    Module::Signature   0.81    
    Parse::CPAN::Meta   2.150010
    Test::Harness       3.42    
    Test::More          1.302140
    YAML                1.26    
    YAML::Syck          n/a     
    version             0.9924  


--

Summary of my perl5 (revision 5 version 29 subversion 2) configuration:
  Snapshot of: cef721997e14497f2fbc4be17ab736ad7ddfda29
  Platform:
    osname=openbsd
    osvers=6.3
    archname=OpenBSD.amd64-openbsd
    uname='openbsd cpan-smoker-openbsd 6.3 generic.mp#107 amd64 '
    config_args='-de -Dprefix=/home/vegeta/perl5/perlbrew/perls/perl-blead -Dman1dir=none -Dman3dir=none -Dusedevel -Aeval:scriptdir=/home/vegeta/perl5/perlbrew/perls/perl-blead/bin'
    hint=recommended
    useposix=true
    d_sigaction=define
    useithreads=undef
    usemultiplicity=undef
    use64bitint=define
    use64bitall=define
    uselongdouble=undef
    usemymalloc=n
    default_inc_excludes_dot=define
    bincompat5005=undef
  Compiler:
    cc='cc'
    ccflags ='-fno-strict-aliasing -pipe -fstack-protector-strong -I/usr/local/include -D_FORTIFY_SOURCE=2'
    optimize='-O2'
    cppflags='-fno-strict-aliasing -pipe -fstack-protector-strong -I/usr/local/include'
    ccversion=''
    gccversion='4.2.1 Compatible OpenBSD Clang 5.0.1 (tags/RELEASE_501/final)'
    gccosandvers=''
    intsize=4
    longsize=8
    ptrsize=8
    doublesize=8
    byteorder=12345678
    doublekind=3
    d_longlong=define
    longlongsize=8
    d_longdbl=define
    longdblsize=16
    longdblkind=3
    ivtype='long'
    ivsize=8
    nvtype='double'
    nvsize=8
    Off_t='off_t'
    lseeksize=8
    alignbytes=8
    prototype=define
  Linker and Libraries:
    ld='cc'
    ldflags ='-Wl,-E  -fstack-protector-strong -L/usr/local/lib'
    libpth=/usr/lib /usr/local/lib
    libs=-lpthread -lm -lutil -lc
    perllibs=-lpthread -lm -lutil -lc
    libc=/usr/lib/libc.so.92.3
    so=so
    useshrplib=false
    libperl=libperl.a
    gnulibc_version=''
  Dynamic Linking:
    dlsrc=dl_dlopen.xs
    dlext=so
    d_dlsymun=undef
    ccdlflags=' '
    cccdlflags='-DPIC -fPIC '
    lddlflags='-shared -fPIC  -L/usr/local/lib -fstack-protector-strong'


Characteristics of this binary (from libperl): 
  Compile-time options:
    HAS_TIMES
    PERLIO_LAYERS
    PERL_COPY_ON_WRITE
    PERL_DONT_CREATE_GVSV
    PERL_MALLOC_WRAP
    PERL_OP_PARENT
    PERL_PRESERVE_IVUV
    PERL_USE_DEVEL
    USE_64_BIT_ALL
    USE_64_BIT_INT
    USE_LARGE_FILES
    USE_LOCALE
    USE_LOCALE_COLLATE
    USE_LOCALE_CTYPE
    USE_LOCALE_NUMERIC
    USE_LOCALE_TIME
    USE_PERLIO
    USE_PERL_ATOF
  Locally applied patches:
    Devel::PatchPerl 1.52
  Built under openbsd
  Compiled at Aug  2 2018 18:57:44
  %ENV:
    PERL5LIB=""
    PERL5OPT=""
    PERL5_CPANPLUS_IS_RUNNING="37895"
    PERL5_CPAN_IS_RUNNING="37895"
    PERL5_CPAN_IS_RUNNING_IN_RECURSION="6785,37895"
    PERLBREW_HOME="/home/vegeta/.perlbrew"
    PERLBREW_MANPATH="/home/vegeta/perl5/perlbrew/perls/perl-blead/man"
    PERLBREW_PATH="/home/vegeta/perl5/perlbrew/bin:/home/vegeta/perl5/perlbrew/perls/perl-blead/bin"
    PERLBREW_PERL="perl-blead"
    PERLBREW_ROOT="/home/vegeta/perl5/perlbrew"
    PERLBREW_SHELLRC_VERSION="0.84"
    PERLBREW_VERSION="0.84"
    PERL_CR_SMOKER_CURRENT="DBI-Test-0.001"
    PERL_EXTUTILS_AUTOINSTALL="--defaultdeps"
    PERL_MM_USE_DEFAULT="1"
  @INC:
    /home/vegeta/perl5/perlbrew/perls/perl-blead/lib/site_perl/5.29.2/OpenBSD.amd64-openbsd
    /home/vegeta/perl5/perlbrew/perls/perl-blead/lib/site_perl/5.29.2
    /home/vegeta/perl5/perlbrew/perls/perl-blead/lib/5.29.2/OpenBSD.amd64-openbsd
    /home/vegeta/perl5/perlbrew/perls/perl-blead/lib/5.29.2