Back
From: metabase:user:320bfe00-2aae-11df-837a-5e0a49663a4f
Subject: FAIL Module-Build-JSAN-Installable-0.13 v5.17.4 GNU/Linux
Date: 2012-09-07T22:09:10Z
This distribution has been tested as part of the CPAN Testers
project, supporting the Perl programming language. See
http://wiki.cpantesters.org/ for more information or email
questions to cpan-testers-discuss@perl.org
--
Dear Nickolay Platonov,
This is a computer-generated report for Module-Build-JSAN-Installable-0.13
on perl 5.17.4, created by CPAN-Reporter-1.2006.
Thank you for uploading your work to CPAN. However, there was a problem
testing your distribution.
If you think this report is invalid, please consult the CPAN Testers Wiki
for suggestions on how to avoid getting FAIL reports for missing library
or binary dependencies, unsupported operating systems, and so on:
http://wiki.cpantesters.org/wiki/CPANAuthorNotes
Sections of this report:
* Tester comments
* Program output
* Prerequisites
* Environment and other context
------------------------------
TESTER COMMENTS
------------------------------
Additional comments from tester:
this report is from an automated smoke testing program
and was not reviewed by a human for accuracy
------------------------------
PROGRAM OUTPUT
------------------------------
Output from './Build test':
# Testing Module::Build::JSAN::Installable 0.13, Perl 5.017004, /mnt/k75/homesand/src/perl/repoperls/installed-perls/perl/v5.17.3-245-g9bcdb3d/9980/bin/perl
t/00-load.t ................ ok
# Using Module::Build::JSAN::Installable 0.13
# Running ./Build on test distribution #1
# Failed test 'META.json was created'
# at t/01_basic_and_share.t line 29.
# Checking 'author'
# Checking build elements
# Checking 'requires'
# Checking 'build_requires'
# Checking 'configure_requires'
# Various options
Can't read META.json: No such file or directory at t/01_basic_and_share.t line 92.
# Looks like you planned 11 tests but ran 10.
# Looks like you failed 1 test of 10 run.
# Looks like your test exited with 2 just after 10.
t/01_basic_and_share.t .....
Dubious, test returned 2 (wstat 512, 0x200)
Failed 2/11 subtests
# Using Module::Build::JSAN::Installable 0.13
# Running ./Build on test distribution #1
File 'MANIFEST.SKIP' does not exist: Creating a temporary 'MANIFEST.SKIP'
Added to MANIFEST: lib/Digest/MD5.js
Added to MANIFEST: lib/Digest/MD5.mmd
Added to MANIFEST: MANIFEST
Added to MANIFEST: README
t/02_separate_docs_file.t .. ok
# Using Module::Build::JSAN::Installable 0.13
# Running ./Build on test distribution
t/03_tasks.t ............... ok
Test Summary Report
-------------------
t/01_basic_and_share.t (Wstat: 512 Tests: 10 Failed: 1)
Failed test: 3
Non-zero exit status: 2
Parse errors: Bad plan. You planned 11 tests but ran 10.
Files=4, Tests=31, 2 wallclock secs ( 0.03 usr 0.00 sys + 1.39 cusr 0.21 csys = 1.63 CPU)
Result: FAIL
Failed 1/4 test programs. 1/31 subtests failed.
------------------------------
PREREQUISITES
------------------------------
Prerequisite modules loaded:
requires:
Module Need Have
------------------- ------- --------
JSON 2.00 2.53
Module::Build 0.35 0.4003
Module::Build::JSAN 0.05 0.05
Path::Class 0.16 0.26
Text::Markdown v1.0.26 1.000031
Text::MultiMarkdown v1.0.29 1.000034
build_requires:
Module Need Have
------------------- ------- --------
Capture::Tiny 0.06 0.19
Module::Build 0.3601 0.4003
Test::More 0 0.98
------------------------------
ENVIRONMENT AND OTHER CONTEXT
------------------------------
Environment variables:
AUTOMATED_TESTING = 1
LANG = en_US.UTF-8
LANGUAGE = en_US:en
PATH = /home/sand/bin:/usr/local/bin:/usr/bin:/bin:/usr/bin/X11:/usr/games:/usr/local/perl/bin:/usr/X11/bin:/sbin:/usr/sbin
PERL5LIB =
PERL5OPT =
PERL5_CPANPLUS_IS_RUNNING = 8262
PERL5_CPAN_IS_RUNNING = 8262
PERL_MM_USE_DEFAULT = 1
SHELL = /usr/bin/zsh
TERM = screen
Perl special variables (and OS-specific diagnostics, for MSWin32):
$^X = /mnt/k75/homesand/src/perl/repoperls/installed-perls/perl/v5.17.3-245-g9bcdb3d/9980/bin/perl
$UID/$EUID = 1005 / 1005
$GID = 1005 1005
$EGID = 1005 1005
Perl module toolchain versions installed:
Module Have
------------------- --------
CPAN 1.9800
CPAN::Meta 2.120921
Cwd 3.39_02
ExtUtils::CBuilder 0.280208
ExtUtils::Command 1.17
ExtUtils::Install 1.58
ExtUtils::MakeMaker 6.63_02
ExtUtils::Manifest 1.61
ExtUtils::ParseXS 3.18
File::Spec 3.39_02
JSON 2.53
JSON::PP 2.27200
Module::Build 0.4003
Module::Signature 0.68
Parse::CPAN::Meta 1.4404
Test::Harness 3.25_01
Test::More 0.98
YAML 0.84
YAML::Syck 1.20
version 0.99
--
Summary of my perl5 (revision 5 version 17 subversion 4) configuration:
Commit id: 9bcdb3dd02eeb4602916eaf43f73d58395ffd840
Platform:
osname=linux, osvers=3.2.0-3-amd64, archname=x86_64-linux-thread-multi
uname='linux k83 3.2.0-3-amd64 #1 smp mon jul 23 02:45:17 utc 2012 x86_64 gnulinux '
config_args='-Dprefix=/home/src/perl/repoperls/installed-perls/perl/v5.17.3-245-g9bcdb3d/9980 -Dmyhostname=k83 -Dinstallusrbinperl=n -Uversiononly -Dusedevel -des -Ui_db -Duseithreads -Uuselongdouble -DDEBUGGING=-g'
hint=recommended, useposix=true, d_sigaction=define
useithreads=define, usemultiplicity=define
useperlio=define, d_sfio=undef, uselargefiles=define, usesocks=undef
use64bitint=define, use64bitall=define, uselongdouble=undef
usemymalloc=n, bincompat5005=undef
Compiler:
cc='cc', ccflags ='-D_REENTRANT -D_GNU_SOURCE -fno-strict-aliasing -pipe -fstack-protector -I/usr/local/include -D_LARGEFILE_SOURCE -D_FILE_OFFSET_BITS=64',
optimize='-O2 -g',
cppflags='-D_REENTRANT -D_GNU_SOURCE -fno-strict-aliasing -pipe -fstack-protector -I/usr/local/include'
ccversion='', gccversion='4.7.1', gccosandvers=''
intsize=4, longsize=8, ptrsize=8, doublesize=8, byteorder=12345678
d_longlong=define, longlongsize=8, d_longdbl=define, longdblsize=16
ivtype='long', ivsize=8, nvtype='double', nvsize=8, Off_t='off_t', lseeksize=8
alignbytes=8, prototype=define
Linker and Libraries:
ld='cc', ldflags =' -fstack-protector -L/usr/local/lib'
libpth=/usr/local/lib /lib/x86_64-linux-gnu /lib/../lib /usr/lib/x86_64-linux-gnu /usr/lib/../lib /lib /usr/lib
libs=-lnsl -ldb -ldl -lm -lcrypt -lutil -lpthread -lc
perllibs=-lnsl -ldl -lm -lcrypt -lutil -lpthread -lc
libc=, so=so, useshrplib=false, libperl=libperl.a
gnulibc_version='2.13'
Dynamic Linking:
dlsrc=dl_dlopen.xs, dlext=so, d_dlsymun=undef, ccdlflags='-Wl,-E'
cccdlflags='-fPIC', lddlflags='-shared -O2 -g -L/usr/local/lib -fstack-protector'
Characteristics of this binary (from libperl):
Compile-time options: HAS_TIMES MULTIPLICITY PERLIO_LAYERS
PERL_DONT_CREATE_GVSV PERL_IMPLICIT_CONTEXT
PERL_MALLOC_WRAP PERL_PRESERVE_IVUV PERL_USE_DEVEL
USE_64_BIT_ALL USE_64_BIT_INT USE_ITHREADS
USE_LARGE_FILES USE_LOCALE USE_LOCALE_COLLATE
USE_LOCALE_CTYPE USE_LOCALE_NUMERIC USE_PERLIO
USE_PERL_ATOF USE_REENTRANT_API
Built under linux
Compiled at Sep 5 2012 03:36:35
%ENV:
PERL5LIB=""
PERL5OPT=""
PERL5_CPANPLUS_IS_RUNNING="8262"
PERL5_CPAN_IS_RUNNING="8262"
PERL_MM_USE_DEFAULT="1"
@INC:
/home/src/perl/repoperls/installed-perls/perl/v5.17.3-245-g9bcdb3d/9980/lib/site_perl/5.17.4/x86_64-linux-thread-multi
/home/src/perl/repoperls/installed-perls/perl/v5.17.3-245-g9bcdb3d/9980/lib/site_perl/5.17.4
/home/src/perl/repoperls/installed-perls/perl/v5.17.3-245-g9bcdb3d/9980/lib/5.17.4/x86_64-linux-thread-multi
/home/src/perl/repoperls/installed-perls/perl/v5.17.3-245-g9bcdb3d/9980/lib/5.17.4
.