HTML-Tested v0.58 Perl 5 v5.37.7 x86_64-linux-thread-multi

Status
Fail
From
Andreas J. König (ANDK)
Dist
HTML-Tested v0.58
Platform
Perl 5 v5.37.7 x86_64-linux-thread-multi
Date
2023-01-12 02:05:56
ID
a67c8414-921d-11ed-a2a0-74a7da43a89c
This distribution has been tested as part of the CPAN Testers
project, supporting the Perl programming language.  See
http://wiki.cpantesters.org/ for more information or email
questions to cpan-testers-discuss@perl.org


--
Dear Boris Sukholitko,

This is a computer-generated report for HTML-Tested-0.58
on perl 5.37.7, created by CPAN-Reporter-1.2018.

Thank you for uploading your work to CPAN.  However, there was a problem
testing your distribution.

If you think this report is invalid, please consult the CPAN Testers Wiki
for suggestions on how to avoid getting FAIL reports for missing library
or binary dependencies, unsupported operating systems, and so on:

http://wiki.cpantesters.org/wiki/CPANAuthorNotes

Sections of this report:

    * Tester comments
    * Program output
    * Prerequisites
    * Environment and other context

------------------------------
TESTER COMMENTS
------------------------------

Additional comments from tester:

this report is from an automated smoke testing program
and was not reviewed by a human for accuracy

------------------------------
PROGRAM OUTPUT
------------------------------

Output from '/usr/bin/make test':

PERL_DL_NONLAZY=1 "/tmp/basesmoker-reloperl-JFV6/bin/perl" "-MExtUtils::Command::MM" "-MTest::Harness" "-e" "undef *Test::Harness::Switches; test_harness(0, 'blib/lib', 'blib/arch')" t/*.t
t/001_load.t .......... ok
WARNING: The key derivation method "opensslv1" is deprecated. Using -pbkdf=>'pbkdf2' would be better.
Pass -nodeprecate=>1 to inhibit this message.
 at /tmp/loop_over_bdir-1289700-lr2Ics/HTML-Tested-0.58-0/blib/lib/HTML/Tested/Seal.pm line 28.
WARNING: The key derivation method "opensslv1" is deprecated. Using -pbkdf=>'pbkdf2' would be better.
Pass -nodeprecate=>1 to inhibit this message.
 at /tmp/loop_over_bdir-1289700-lr2Ics/HTML-Tested-0.58-0/blib/lib/HTML/Tested/Seal.pm line 28.
WARNING: The key derivation method "opensslv1" is deprecated. Using -pbkdf=>'pbkdf2' would be better.
Pass -nodeprecate=>1 to inhibit this message.
 at /tmp/loop_over_bdir-1289700-lr2Ics/HTML-Tested-0.58-0/blib/lib/HTML/Tested/Seal.pm line 28.
WARNING: The key derivation method "opensslv1" is deprecated. Using -pbkdf=>'pbkdf2' would be better.
Pass -nodeprecate=>1 to inhibit this message.
 at /tmp/loop_over_bdir-1289700-lr2Ics/HTML-Tested-0.58-0/blib/lib/HTML/Tested/Seal.pm line 28.

#   Failed test at t/010_value.t line 242.
#          got: '368ccf409c197880|572df2ac6adec37e'
#     expected: '9417d0058c9ce367|61828024ba83fb5c'
# Looks like you failed 1 test of 47.
t/010_value.t ......... 
Dubious, test returned 1 (wstat 256, 0x100)
Failed 1/47 subtests 
WARNING: The key derivation method "opensslv1" is deprecated. Using -pbkdf=>'pbkdf2' would be better.
Pass -nodeprecate=>1 to inhibit this message.
 at /tmp/loop_over_bdir-1289700-lr2Ics/HTML-Tested-0.58-0/blib/lib/HTML/Tested/Seal.pm line 28.
WARNING: The key derivation method "opensslv1" is deprecated. Using -pbkdf=>'pbkdf2' would be better.
Pass -nodeprecate=>1 to inhibit this message.
 at /tmp/loop_over_bdir-1289700-lr2Ics/HTML-Tested-0.58-0/blib/lib/HTML/Tested/Seal.pm line 28.
WARNING: The key derivation method "opensslv1" is deprecated. Using -pbkdf=>'pbkdf2' would be better.
Pass -nodeprecate=>1 to inhibit this message.
 at /tmp/loop_over_bdir-1289700-lr2Ics/HTML-Tested-0.58-0/blib/lib/HTML/Tested/Seal.pm line 28.

#   Failed test at t/020_list.t line 191.
#     Structures begin differing at:
#          $got->[0] = 'Mismatch at a: got "ENCRYPTED", expected "2"'
#     $expected->[0] = Does not exist
WARNING: The key derivation method "opensslv1" is deprecated. Using -pbkdf=>'pbkdf2' would be better.
Pass -nodeprecate=>1 to inhibit this message.
 at /tmp/loop_over_bdir-1289700-lr2Ics/HTML-Tested-0.58-0/blib/lib/HTML/Tested/Seal.pm line 28.

#   Failed test at t/020_list.t line 193.
#     Structures begin differing at:
#          $got->[0] = 'Mismatch at a: got "ENCRYPTED", expected "1"'
#     $expected->[0] = Does not exist
WARNING: The key derivation method "opensslv1" is deprecated. Using -pbkdf=>'pbkdf2' would be better.
Pass -nodeprecate=>1 to inhibit this message.
 at /tmp/loop_over_bdir-1289700-lr2Ics/HTML-Tested-0.58-0/blib/lib/HTML/Tested/Seal.pm line 28.

#   Failed test at t/020_list.t line 195.
#     Structures begin differing at:
#          $got->[0] = 'Mismatch at a: got "ENCRYPTED", expected "1"'
#     $expected->[0] = 'Mismatch at b: got "3", expected "4"'
WARNING: The key derivation method "opensslv1" is deprecated. Using -pbkdf=>'pbkdf2' would be better.
Pass -nodeprecate=>1 to inhibit this message.
 at /tmp/loop_over_bdir-1289700-lr2Ics/HTML-Tested-0.58-0/blib/lib/HTML/Tested/Seal.pm line 28.

#   Failed test at t/020_list.t line 198.
#     Structures begin differing at:
#          $got->[0] = 'Mismatch at a: got "ENCRYPTED", expected "1"'
#     $expected->[0] = Does not exist
WARNING: The key derivation method "opensslv1" is deprecated. Using -pbkdf=>'pbkdf2' would be better.
Pass -nodeprecate=>1 to inhibit this message.
 at /tmp/loop_over_bdir-1289700-lr2Ics/HTML-Tested-0.58-0/blib/lib/HTML/Tested/Seal.pm line 28.

#   Failed test at t/020_list.t line 201.
#     Structures begin differing at:
#          $got->[0] = 'Mismatch at b: got "2", expected "3"'
#     $expected->[0] = Does not exist
WARNING: The key derivation method "opensslv1" is deprecated. Using -pbkdf=>'pbkdf2' would be better.
Pass -nodeprecate=>1 to inhibit this message.
 at /tmp/loop_over_bdir-1289700-lr2Ics/HTML-Tested-0.58-0/blib/lib/HTML/Tested/Seal.pm line 28.

#   Failed test at t/020_list.t line 204.
#     Structures begin differing at:
#          $got->[0] = 'Mismatch at b: got "2", expected "4"'
#     $expected->[0] = 'Mismatch at b: got "3", expected "4"'
# Looks like you failed 6 tests of 40.
t/020_list.t .......... 
Dubious, test returned 6 (wstat 1536, 0x600)
Failed 6/40 subtests 
t/030_edit_box.t ...... ok
t/040_textarea.t ...... ok
t/050_tree.t .......... ok
t/060_pager.t ......... ok
t/070_password_box.t .. ok
t/080_dropdown.t ...... ok
WARNING: The key derivation method "opensslv1" is deprecated. Using -pbkdf=>'pbkdf2' would be better.
Pass -nodeprecate=>1 to inhibit this message.
 at /tmp/loop_over_bdir-1289700-lr2Ics/HTML-Tested-0.58-0/blib/lib/HTML/Tested/Seal.pm line 28.
WARNING: The key derivation method "opensslv1" is deprecated. Using -pbkdf=>'pbkdf2' would be better.
Pass -nodeprecate=>1 to inhibit this message.
 at /tmp/loop_over_bdir-1289700-lr2Ics/HTML-Tested-0.58-0/blib/lib/HTML/Tested/Seal.pm line 28.

#   Failed test at t/090_checkbox.t line 70.
#     Structures begin differing at:
#          $got->[0] = 'Mismatch at v: got "<input type="checkbox" id="v" name="v" value="ENCRYPTED" />
#     ", expected "<input type="checkbox" id="v" name="v" value="12" />
#     "'
#     $expected->[0] = Does not exist
# $VAR1 = {
#           'v' => '<input type="checkbox" id="v" name="v" value="647443229ea7b1d6" />
# '
#         };
# Looks like you failed 1 test of 17.
t/090_checkbox.t ...... 
Dubious, test returned 1 (wstat 256, 0x100)
Failed 1/17 subtests 
WARNING: The key derivation method "opensslv1" is deprecated. Using -pbkdf=>'pbkdf2' would be better.
Pass -nodeprecate=>1 to inhibit this message.
 at /tmp/loop_over_bdir-1289700-lr2Ics/HTML-Tested-0.58-0/blib/lib/HTML/Tested/Seal.pm line 28.
WARNING: The key derivation method "opensslv1" is deprecated. Using -pbkdf=>'pbkdf2' would be better.
Pass -nodeprecate=>1 to inhibit this message.
 at /tmp/loop_over_bdir-1289700-lr2Ics/HTML-Tested-0.58-0/blib/lib/HTML/Tested/Seal.pm line 28.
WARNING: The key derivation method "opensslv1" is deprecated. Using -pbkdf=>'pbkdf2' would be better.
Pass -nodeprecate=>1 to inhibit this message.
 at /tmp/loop_over_bdir-1289700-lr2Ics/HTML-Tested-0.58-0/blib/lib/HTML/Tested/Seal.pm line 28.
WARNING: The key derivation method "opensslv1" is deprecated. Using -pbkdf=>'pbkdf2' would be better.
Pass -nodeprecate=>1 to inhibit this message.
 at /tmp/loop_over_bdir-1289700-lr2Ics/HTML-Tested-0.58-0/blib/lib/HTML/Tested/Seal.pm line 28.

#   Failed test at t/100_link.t line 72.
#     Structures begin differing at:
#          $got->[0] = 'Mismatch at s: got "ENCRYPTED", expected "12"'
#     $expected->[0] = Does not exist
# $VAR1 = {
#           'v' => '<a id="v" href="hello?s=b&id=fe1ef1436ba4472a">H</a>
# ',
#           's' => '4269c4e3966afb30'
#         };

#   Failed test at t/100_link.t line 76.
#                   '<a id="v" href="hello?s=b&id=fe1ef1436ba4472a">H</a>
# '
#     doesn't match '(?^:4269c4e3966afb30)'
# Looks like you failed 2 tests of 17.
t/100_link.t .......... 
Dubious, test returned 2 (wstat 512, 0x200)
Failed 2/17 subtests 
t/110_upload.t ........ ok
t/120_form.t .......... ok
t/130_submit.t ........ ok
t/140_hidden.t ........ ok
t/150_radio.t ......... ok
WARNING: The key derivation method "opensslv1" is deprecated. Using -pbkdf=>'pbkdf2' would be better.
Pass -nodeprecate=>1 to inhibit this message.
 at /tmp/loop_over_bdir-1289700-lr2Ics/HTML-Tested-0.58-0/blib/lib/HTML/Tested/Seal.pm line 28.
WARNING: The key derivation method "opensslv1" is deprecated. Using -pbkdf=>'pbkdf2' would be better.
Pass -nodeprecate=>1 to inhibit this message.
 at /tmp/loop_over_bdir-1289700-lr2Ics/HTML-Tested-0.58-0/blib/lib/HTML/Tested/Seal.pm line 28.
WARNING: The key derivation method "opensslv1" is deprecated. Using -pbkdf=>'pbkdf2' would be better.
Pass -nodeprecate=>1 to inhibit this message.
 at /tmp/loop_over_bdir-1289700-lr2Ics/HTML-Tested-0.58-0/blib/lib/HTML/Tested/Seal.pm line 28.
WARNING: The key derivation method "opensslv1" is deprecated. Using -pbkdf=>'pbkdf2' would be better.
Pass -nodeprecate=>1 to inhibit this message.
 at /tmp/loop_over_bdir-1289700-lr2Ics/HTML-Tested-0.58-0/blib/lib/HTML/Tested/Seal.pm line 28.

#   Failed test at t/160_seal.t line 33.
#          got: '96dfb4759ba37f76'
#     expected: '58770f1414937b39'
WARNING: The key derivation method "opensslv1" is deprecated. Using -pbkdf=>'pbkdf2' would be better.
Pass -nodeprecate=>1 to inhibit this message.
 at /tmp/loop_over_bdir-1289700-lr2Ics/HTML-Tested-0.58-0/blib/lib/HTML/Tested/Seal.pm line 28.

#   Failed test at t/160_seal.t line 42.
#          got: 'HTML::Tested::Seal=HASH(0x557c092c9d78)'
#     expected: anything else

#   Failed test at t/160_seal.t line 43.
#          got: undef
#     expected: 'hello'

#   Failed test at t/160_seal.t line 54.
#          got: undef
#     expected: 'hello'
WARNING: The key derivation method "opensslv1" is deprecated. Using -pbkdf=>'pbkdf2' would be better.
Pass -nodeprecate=>1 to inhibit this message.
 at /tmp/loop_over_bdir-1289700-lr2Ics/HTML-Tested-0.58-0/blib/lib/HTML/Tested/Seal.pm line 28.
WARNING: The key derivation method "opensslv1" is deprecated. Using -pbkdf=>'pbkdf2' would be better.
Pass -nodeprecate=>1 to inhibit this message.
 at /tmp/loop_over_bdir-1289700-lr2Ics/HTML-Tested-0.58-0/blib/lib/HTML/Tested/Seal.pm line 28.

#   Failed test at t/160_seal.t line 75.
#          got: undef
#     expected: 'hello'

#   Failed test at t/160_seal.t line 76.
#          got: '7d17960c26ff4a45'
#     expected: '3e20f48bdb37ae06'

#   Failed test at t/160_seal.t line 79.
#          got: undef
#     expected: 'hello'
WARNING: The key derivation method "opensslv1" is deprecated. Using -pbkdf=>'pbkdf2' would be better.
Pass -nodeprecate=>1 to inhibit this message.
 at /tmp/loop_over_bdir-1289700-lr2Ics/HTML-Tested-0.58-0/blib/lib/HTML/Tested/Seal.pm line 28.
WARNING: The key derivation method "opensslv1" is deprecated. Using -pbkdf=>'pbkdf2' would be better.
Pass -nodeprecate=>1 to inhibit this message.
 at /tmp/loop_over_bdir-1289700-lr2Ics/HTML-Tested-0.58-0/blib/lib/HTML/Tested/Seal.pm line 28.

#   Failed test at t/160_seal.t line 99.
#     Structures begin differing at:
#          $got->[0] = 'Unable to find "hello" in "<html>
#     ENCRYPTED
#     "'
#     $expected->[0] = Does not exist
WARNING: The key derivation method "opensslv1" is deprecated. Using -pbkdf=>'pbkdf2' would be better.
Pass -nodeprecate=>1 to inhibit this message.
 at /tmp/loop_over_bdir-1289700-lr2Ics/HTML-Tested-0.58-0/blib/lib/HTML/Tested/Seal.pm line 28.

#   Failed test at t/160_seal.t line 102.
#     Structures begin differing at:
#          $got->[0] = 'Mismatch at v: got "ENCRYPTED", expected "hello"'
#     $expected->[0] = Does not exist
WARNING: The key derivation method "opensslv1" is deprecated. Using -pbkdf=>'pbkdf2' would be better.
Pass -nodeprecate=>1 to inhibit this message.
 at /tmp/loop_over_bdir-1289700-lr2Ics/HTML-Tested-0.58-0/blib/lib/HTML/Tested/Seal.pm line 28.
WARNING: The key derivation method "opensslv1" is deprecated. Using -pbkdf=>'pbkdf2' would be better.
Pass -nodeprecate=>1 to inhibit this message.
 at /tmp/loop_over_bdir-1289700-lr2Ics/HTML-Tested-0.58-0/blib/lib/HTML/Tested/Seal.pm line 28.
WARNING: The key derivation method "opensslv1" is deprecated. Using -pbkdf=>'pbkdf2' would be better.
Pass -nodeprecate=>1 to inhibit this message.
 at /tmp/loop_over_bdir-1289700-lr2Ics/HTML-Tested-0.58-0/blib/lib/HTML/Tested/Seal.pm line 28.
WARNING: The key derivation method "opensslv1" is deprecated. Using -pbkdf=>'pbkdf2' would be better.
Pass -nodeprecate=>1 to inhibit this message.
 at /tmp/loop_over_bdir-1289700-lr2Ics/HTML-Tested-0.58-0/blib/lib/HTML/Tested/Seal.pm line 28.

#   Failed test at t/160_seal.t line 112.
#     Structures begin differing at:
#          $got->[0] = 'Mismatch at v: got "ENCRYPTED", expected ""'
#     $expected->[0] = Does not exist
WARNING: The key derivation method "opensslv1" is deprecated. Using -pbkdf=>'pbkdf2' would be better.
Pass -nodeprecate=>1 to inhibit this message.
 at /tmp/loop_over_bdir-1289700-lr2Ics/HTML-Tested-0.58-0/blib/lib/HTML/Tested/Seal.pm line 28.
WARNING: The key derivation method "opensslv1" is deprecated. Using -pbkdf=>'pbkdf2' would be better.
Pass -nodeprecate=>1 to inhibit this message.
 at /tmp/loop_over_bdir-1289700-lr2Ics/HTML-Tested-0.58-0/blib/lib/HTML/Tested/Seal.pm line 28.

#   Failed test at t/160_seal.t line 124.
#     Structures begin differing at:
#          $got->[0] = 'Mismatch at v: got "<input type="hidden" name="v" id="v" value="ENCRYPTED" />
#     ", expected "<input type="hidden" name="v" id="v" value="hello" />
#     "'
#     $expected->[0] = Does not exist
WARNING: The key derivation method "opensslv1" is deprecated. Using -pbkdf=>'pbkdf2' would be better.
Pass -nodeprecate=>1 to inhibit this message.
 at /tmp/loop_over_bdir-1289700-lr2Ics/HTML-Tested-0.58-0/blib/lib/HTML/Tested/Seal.pm line 28.

#   Failed test at t/160_seal.t line 128.
#     Structures begin differing at:
#          $got->[0] = 'Mismatch at v: got "<input type="hidden" name="v" id="v" value="ENCRYPTED" />
#     ", expected "<input type="hidden" name="v" id="v" value="hello1" />
#     "'
#     $expected->[0] = 'Mismatch at v: got "<input type="hidden" name="v" id="v" value="hello" />
#     ", expected "<input type="hidden" name="v" id="v" value="hello1" />
#     "'
WARNING: The key derivation method "opensslv1" is deprecated. Using -pbkdf=>'pbkdf2' would be better.
Pass -nodeprecate=>1 to inhibit this message.
 at /tmp/loop_over_bdir-1289700-lr2Ics/HTML-Tested-0.58-0/blib/lib/HTML/Tested/Seal.pm line 28.
WARNING: The key derivation method "opensslv1" is deprecated. Using -pbkdf=>'pbkdf2' would be better.
Pass -nodeprecate=>1 to inhibit this message.
 at /tmp/loop_over_bdir-1289700-lr2Ics/HTML-Tested-0.58-0/blib/lib/HTML/Tested/Seal.pm line 28.
WARNING: The key derivation method "opensslv1" is deprecated. Using -pbkdf=>'pbkdf2' would be better.
Pass -nodeprecate=>1 to inhibit this message.
 at /tmp/loop_over_bdir-1289700-lr2Ics/HTML-Tested-0.58-0/blib/lib/HTML/Tested/Seal.pm line 28.
WARNING: The key derivation method "opensslv1" is deprecated. Using -pbkdf=>'pbkdf2' would be better.
Pass -nodeprecate=>1 to inhibit this message.
 at /tmp/loop_over_bdir-1289700-lr2Ics/HTML-Tested-0.58-0/blib/lib/HTML/Tested/Seal.pm line 28.

#   Failed test at t/160_seal.t line 151.
#     Structures begin differing at:
#          $got->[0] = 'Unable to find "hello" in "<html>
#     <input type="hidden" name="h" id="h" value="ENCRYPTED" />
#     
#     ENCRYPTED
#     "'
#     $expected->[0] = Does not exist
WARNING: The key derivation method "opensslv1" is deprecated. Using -pbkdf=>'pbkdf2' would be better.
Pass -nodeprecate=>1 to inhibit this message.
 at /tmp/loop_over_bdir-1289700-lr2Ics/HTML-Tested-0.58-0/blib/lib/HTML/Tested/Seal.pm line 28.
WARNING: The key derivation method "opensslv1" is deprecated. Using -pbkdf=>'pbkdf2' would be better.
Pass -nodeprecate=>1 to inhibit this message.
 at /tmp/loop_over_bdir-1289700-lr2Ics/HTML-Tested-0.58-0/blib/lib/HTML/Tested/Seal.pm line 28.

#   Failed test at t/160_seal.t line 156.
#          got: '0'
#     expected: '1'

#   Failed test at t/160_seal.t line 157.
#                   undef
#     doesn't match '(?^:Unexpectedly found "hello")'
WARNING: The key derivation method "opensslv1" is deprecated. Using -pbkdf=>'pbkdf2' would be better.
Pass -nodeprecate=>1 to inhibit this message.
 at /tmp/loop_over_bdir-1289700-lr2Ics/HTML-Tested-0.58-0/blib/lib/HTML/Tested/Seal.pm line 28.
WARNING: The key derivation method "opensslv1" is deprecated. Using -pbkdf=>'pbkdf2' would be better.
Pass -nodeprecate=>1 to inhibit this message.
 at /tmp/loop_over_bdir-1289700-lr2Ics/HTML-Tested-0.58-0/blib/lib/HTML/Tested/Seal.pm line 28.
WARNING: The key derivation method "opensslv1" is deprecated. Using -pbkdf=>'pbkdf2' would be better.
Pass -nodeprecate=>1 to inhibit this message.
 at /tmp/loop_over_bdir-1289700-lr2Ics/HTML-Tested-0.58-0/blib/lib/HTML/Tested/Seal.pm line 28.

#   Failed test at t/160_seal.t line 162.
#     Structures begin differing at:
#          $got->[0] = 'Unable to find "hello" in "<html>
#     <input type="hidden" name="h" id="h" value="ENCRYPTED" />
#     
#     ENCRYPTED
#     "'
#     $expected->[0] = 'Unable to find "<input type="hidden" name="h" id="h" value="bye1" />
#     " in "<html>
#     <input type="hidden" name="h" id="h" value="bye" />
#     
#     hello
#     "'
WARNING: The key derivation method "opensslv1" is deprecated. Using -pbkdf=>'pbkdf2' would be better.
Pass -nodeprecate=>1 to inhibit this message.
 at /tmp/loop_over_bdir-1289700-lr2Ics/HTML-Tested-0.58-0/blib/lib/HTML/Tested/Seal.pm line 28.
WARNING: The key derivation method "opensslv1" is deprecated. Using -pbkdf=>'pbkdf2' would be better.
Pass -nodeprecate=>1 to inhibit this message.
 at /tmp/loop_over_bdir-1289700-lr2Ics/HTML-Tested-0.58-0/blib/lib/HTML/Tested/Seal.pm line 28.
WARNING: The key derivation method "opensslv1" is deprecated. Using -pbkdf=>'pbkdf2' would be better.
Pass -nodeprecate=>1 to inhibit this message.
 at /tmp/loop_over_bdir-1289700-lr2Ics/HTML-Tested-0.58-0/blib/lib/HTML/Tested/Seal.pm line 28.
WARNING: The key derivation method "opensslv1" is deprecated. Using -pbkdf=>'pbkdf2' would be better.
Pass -nodeprecate=>1 to inhibit this message.
 at /tmp/loop_over_bdir-1289700-lr2Ics/HTML-Tested-0.58-0/blib/lib/HTML/Tested/Seal.pm line 28.
WARNING: The key derivation method "opensslv1" is deprecated. Using -pbkdf=>'pbkdf2' would be better.
Pass -nodeprecate=>1 to inhibit this message.
 at /tmp/loop_over_bdir-1289700-lr2Ics/HTML-Tested-0.58-0/blib/lib/HTML/Tested/Seal.pm line 28.

#   Failed test at t/160_seal.t line 190.
#     Structures begin differing at:
#          $got->[0] = 'Mismatch at v: got "<a id="v" href="hello?id=ENCRYPTED&s=ENCRYPTED">H</a>
#     ", expected "<a id="v" href="hello?id=ENCRYPTED&s=booo">H</a>
#     "'
#     $expected->[0] = Does not exist
WARNING: The key derivation method "opensslv1" is deprecated. Using -pbkdf=>'pbkdf2' would be better.
Pass -nodeprecate=>1 to inhibit this message.
 at /tmp/loop_over_bdir-1289700-lr2Ics/HTML-Tested-0.58-0/blib/lib/HTML/Tested/Seal.pm line 28.
WARNING: The key derivation method "opensslv1" is deprecated. Using -pbkdf=>'pbkdf2' would be better.
Pass -nodeprecate=>1 to inhibit this message.
 at /tmp/loop_over_bdir-1289700-lr2Ics/HTML-Tested-0.58-0/blib/lib/HTML/Tested/Seal.pm line 28.

#   Failed test at t/160_seal.t line 193.
#     Structures begin differing at:
#          $got->[0] = 'Mismatch at v: got "<a id="v" href="hello?id=ENCRYPTED&s=ENCRYPTED">H</a>
#     ", expected "<a id="v" href="hello?id=ENCRYPTED&s=b1ooo">H</a>
#     "'
#     $expected->[0] = 'Mismatch at v: got "<a id="v" href="hello?id=2&s=booo">H</a>
#     ", expected "<a id="v" href="hello?id=2&s=b1ooo">H</a>
#     "'
WARNING: The key derivation method "opensslv1" is deprecated. Using -pbkdf=>'pbkdf2' would be better.
Pass -nodeprecate=>1 to inhibit this message.
 at /tmp/loop_over_bdir-1289700-lr2Ics/HTML-Tested-0.58-0/blib/lib/HTML/Tested/Seal.pm line 28.
WARNING: The key derivation method "opensslv1" is deprecated. Using -pbkdf=>'pbkdf2' would be better.
Pass -nodeprecate=>1 to inhibit this message.
 at /tmp/loop_over_bdir-1289700-lr2Ics/HTML-Tested-0.58-0/blib/lib/HTML/Tested/Seal.pm line 28.
WARNING: The key derivation method "opensslv1" is deprecated. Using -pbkdf=>'pbkdf2' would be better.
Pass -nodeprecate=>1 to inhibit this message.
 at /tmp/loop_over_bdir-1289700-lr2Ics/HTML-Tested-0.58-0/blib/lib/HTML/Tested/Seal.pm line 28.
WARNING: The key derivation method "opensslv1" is deprecated. Using -pbkdf=>'pbkdf2' would be better.
Pass -nodeprecate=>1 to inhibit this message.
 at /tmp/loop_over_bdir-1289700-lr2Ics/HTML-Tested-0.58-0/blib/lib/HTML/Tested/Seal.pm line 28.

#   Failed test at t/160_seal.t line 211.
#     Structures begin differing at:
#          $got->[0] = 'Mismatch at v: got "<a id="v" href="hello?id=ENCRYPTED&s=ENCRYPTED">moo</a>
#     ", expected "<a id="v" href="hello?id=ENCRYPTED&s=boo">moo</a>
#     "'
#     $expected->[0] = Does not exist
WARNING: The key derivation method "opensslv1" is deprecated. Using -pbkdf=>'pbkdf2' would be better.
Pass -nodeprecate=>1 to inhibit this message.
 at /tmp/loop_over_bdir-1289700-lr2Ics/HTML-Tested-0.58-0/blib/lib/HTML/Tested/Seal.pm line 28.
WARNING: The key derivation method "opensslv1" is deprecated. Using -pbkdf=>'pbkdf2' would be better.
Pass -nodeprecate=>1 to inhibit this message.
 at /tmp/loop_over_bdir-1289700-lr2Ics/HTML-Tested-0.58-0/blib/lib/HTML/Tested/Seal.pm line 28.
WARNING: The key derivation method "opensslv1" is deprecated. Using -pbkdf=>'pbkdf2' would be better.
Pass -nodeprecate=>1 to inhibit this message.
 at /tmp/loop_over_bdir-1289700-lr2Ics/HTML-Tested-0.58-0/blib/lib/HTML/Tested/Seal.pm line 28.
WARNING: The key derivation method "opensslv1" is deprecated. Using -pbkdf=>'pbkdf2' would be better.
Pass -nodeprecate=>1 to inhibit this message.
 at /tmp/loop_over_bdir-1289700-lr2Ics/HTML-Tested-0.58-0/blib/lib/HTML/Tested/Seal.pm line 28.

#   Failed test at t/160_seal.t line 221.
#     Structures begin differing at:
#          $got->[0] = 'Mismatch at v: got "<a id="v" href="hello?id=ENCRYPTED&s=ENCRYPTED">m&amp;o</a>
#     ", expected "<a id="v" href="hello?id=ENCRYPTED&s=boo">m&amp;o</a>
#     "'
#     $expected->[0] = Does not exist
WARNING: The key derivation method "opensslv1" is deprecated. Using -pbkdf=>'pbkdf2' would be better.
Pass -nodeprecate=>1 to inhibit this message.
 at /tmp/loop_over_bdir-1289700-lr2Ics/HTML-Tested-0.58-0/blib/lib/HTML/Tested/Seal.pm line 28.
WARNING: The key derivation method "opensslv1" is deprecated. Using -pbkdf=>'pbkdf2' would be better.
Pass -nodeprecate=>1 to inhibit this message.
 at /tmp/loop_over_bdir-1289700-lr2Ics/HTML-Tested-0.58-0/blib/lib/HTML/Tested/Seal.pm line 28.

#   Failed test at t/160_seal.t line 232.
#          got: undef
#     expected: 'go<'
WARNING: The key derivation method "opensslv1" is deprecated. Using -pbkdf=>'pbkdf2' would be better.
Pass -nodeprecate=>1 to inhibit this message.
 at /tmp/loop_over_bdir-1289700-lr2Ics/HTML-Tested-0.58-0/blib/lib/HTML/Tested/Seal.pm line 28.

#   Failed test at t/160_seal.t line 235.
#          got: 'e7041b7cab820893'
#     expected: '38efe360467f4b68'
WARNING: The key derivation method "opensslv1" is deprecated. Using -pbkdf=>'pbkdf2' would be better.
Pass -nodeprecate=>1 to inhibit this message.
 at /tmp/loop_over_bdir-1289700-lr2Ics/HTML-Tested-0.58-0/blib/lib/HTML/Tested/Seal.pm line 28.
WARNING: The key derivation method "opensslv1" is deprecated. Using -pbkdf=>'pbkdf2' would be better.
Pass -nodeprecate=>1 to inhibit this message.
 at /tmp/loop_over_bdir-1289700-lr2Ics/HTML-Tested-0.58-0/blib/lib/HTML/Tested/Seal.pm line 28.

#   Failed test at t/160_seal.t line 241.
#     Structures begin differing at:
#          $got->[0] = 'Unable to find "hello" in "<html>
#     <input type="hidden" name="h" id="h" value="ENCRYPTED" />
#     
#     ENCRYPTED
#     "'
#     $expected->[0] = 'Unable to find "<input type="hidden" name="h" id="h" value="bye" />
#     " in "<html>
#     <input type="hidden" name="h" id="h" value="ENCRYPTED" />
#     
#     ENCRYPTED
#     "'
WARNING: The key derivation method "opensslv1" is deprecated. Using -pbkdf=>'pbkdf2' would be better.
Pass -nodeprecate=>1 to inhibit this message.
 at /tmp/loop_over_bdir-1289700-lr2Ics/HTML-Tested-0.58-0/blib/lib/HTML/Tested/Seal.pm line 28.
WARNING: The key derivation method "opensslv1" is deprecated. Using -pbkdf=>'pbkdf2' would be better.
Pass -nodeprecate=>1 to inhibit this message.
 at /tmp/loop_over_bdir-1289700-lr2Ics/HTML-Tested-0.58-0/blib/lib/HTML/Tested/Seal.pm line 28.

#   Failed test at t/160_seal.t line 282.
#          got: 'c43d68341aa3365e'
#     expected: '7284226c16c0e09d'
WARNING: The key derivation method "opensslv1" is deprecated. Using -pbkdf=>'pbkdf2' would be better.
Pass -nodeprecate=>1 to inhibit this message.
 at /tmp/loop_over_bdir-1289700-lr2Ics/HTML-Tested-0.58-0/blib/lib/HTML/Tested/Seal.pm line 28.
WARNING: The key derivation method "opensslv1" is deprecated. Using -pbkdf=>'pbkdf2' would be better.
Pass -nodeprecate=>1 to inhibit this message.
 at /tmp/loop_over_bdir-1289700-lr2Ics/HTML-Tested-0.58-0/blib/lib/HTML/Tested/Seal.pm line 28.

#   Failed test at t/160_seal.t line 286.
#          got: 'f3c460c33a9aef74'
#     expected: 'c43d68341aa3365e'

#   Failed test at t/160_seal.t line 287.
#          got: 'f3c460c33a9aef74'
#     expected: '4f0eb886b29e395d'
WARNING: The key derivation method "opensslv1" is deprecated. Using -pbkdf=>'pbkdf2' would be better.
Pass -nodeprecate=>1 to inhibit this message.
 at /tmp/loop_over_bdir-1289700-lr2Ics/HTML-Tested-0.58-0/blib/lib/HTML/Tested/Seal.pm line 28.
WARNING: The key derivation method "opensslv1" is deprecated. Using -pbkdf=>'pbkdf2' would be better.
Pass -nodeprecate=>1 to inhibit this message.
 at /tmp/loop_over_bdir-1289700-lr2Ics/HTML-Tested-0.58-0/blib/lib/HTML/Tested/Seal.pm line 28.

#   Failed test at t/160_seal.t line 290.
#          got: '1ec3369e5dd90a5b'
#     expected: '1eab6623dfa37d34'

#   Failed test at t/160_seal.t line 294.
#          got: undef
#     expected: 'secret'

#   Failed test at t/160_seal.t line 295.
#          got: undef
#     expected: 'secret'
WARNING: The key derivation method "opensslv1" is deprecated. Using -pbkdf=>'pbkdf2' would be better.
Pass -nodeprecate=>1 to inhibit this message.
 at /tmp/loop_over_bdir-1289700-lr2Ics/HTML-Tested-0.58-0/blib/lib/HTML/Tested/Seal.pm line 28.
WARNING: The key derivation method "opensslv1" is deprecated. Using -pbkdf=>'pbkdf2' would be better.
Pass -nodeprecate=>1 to inhibit this message.
 at /tmp/loop_over_bdir-1289700-lr2Ics/HTML-Tested-0.58-0/blib/lib/HTML/Tested/Seal.pm line 28.

#   Failed test at t/160_seal.t line 302.
#          got: '1942119827cc433e'
#     expected: 'ef9fc65ac61eb5a8'
WARNING: The key derivation method "opensslv1" is deprecated. Using -pbkdf=>'pbkdf2' would be better.
Pass -nodeprecate=>1 to inhibit this message.
 at /tmp/loop_over_bdir-1289700-lr2Ics/HTML-Tested-0.58-0/blib/lib/HTML/Tested/Seal.pm line 28.
WARNING: The key derivation method "opensslv1" is deprecated. Using -pbkdf=>'pbkdf2' would be better.
Pass -nodeprecate=>1 to inhibit this message.
 at /tmp/loop_over_bdir-1289700-lr2Ics/HTML-Tested-0.58-0/blib/lib/HTML/Tested/Seal.pm line 28.
WARNING: The key derivation method "opensslv1" is deprecated. Using -pbkdf=>'pbkdf2' would be better.
Pass -nodeprecate=>1 to inhibit this message.
 at /tmp/loop_over_bdir-1289700-lr2Ics/HTML-Tested-0.58-0/blib/lib/HTML/Tested/Seal.pm line 28.
WARNING: The key derivation method "opensslv1" is deprecated. Using -pbkdf=>'pbkdf2' would be better.
Pass -nodeprecate=>1 to inhibit this message.
 at /tmp/loop_over_bdir-1289700-lr2Ics/HTML-Tested-0.58-0/blib/lib/HTML/Tested/Seal.pm line 28.
WARNING: The key derivation method "opensslv1" is deprecated. Using -pbkdf=>'pbkdf2' would be better.
Pass -nodeprecate=>1 to inhibit this message.
 at /tmp/loop_over_bdir-1289700-lr2Ics/HTML-Tested-0.58-0/blib/lib/HTML/Tested/Seal.pm line 28.
WARNING: The key derivation method "opensslv1" is deprecated. Using -pbkdf=>'pbkdf2' would be better.
Pass -nodeprecate=>1 to inhibit this message.
 at /tmp/loop_over_bdir-1289700-lr2Ics/HTML-Tested-0.58-0/blib/lib/HTML/Tested/Seal.pm line 28.
WARNING: The key derivation method "opensslv1" is deprecated. Using -pbkdf=>'pbkdf2' would be better.
Pass -nodeprecate=>1 to inhibit this message.
 at /tmp/loop_over_bdir-1289700-lr2Ics/HTML-Tested-0.58-0/blib/lib/HTML/Tested/Seal.pm line 28.
WARNING: The key derivation method "opensslv1" is deprecated. Using -pbkdf=>'pbkdf2' would be better.
Pass -nodeprecate=>1 to inhibit this message.
 at /tmp/loop_over_bdir-1289700-lr2Ics/HTML-Tested-0.58-0/blib/lib/HTML/Tested/Seal.pm line 28.
WARNING: The key derivation method "opensslv1" is deprecated. Using -pbkdf=>'pbkdf2' would be better.
Pass -nodeprecate=>1 to inhibit this message.
 at /tmp/loop_over_bdir-1289700-lr2Ics/HTML-Tested-0.58-0/blib/lib/HTML/Tested/Seal.pm line 28.
WARNING: The key derivation method "opensslv1" is deprecated. Using -pbkdf=>'pbkdf2' would be better.
Pass -nodeprecate=>1 to inhibit this message.
 at /tmp/loop_over_bdir-1289700-lr2Ics/HTML-Tested-0.58-0/blib/lib/HTML/Tested/Seal.pm line 28.
WARNING: The key derivation method "opensslv1" is deprecated. Using -pbkdf=>'pbkdf2' would be better.
Pass -nodeprecate=>1 to inhibit this message.
 at /tmp/loop_over_bdir-1289700-lr2Ics/HTML-Tested-0.58-0/blib/lib/HTML/Tested/Seal.pm line 28.
WARNING: The key derivation method "opensslv1" is deprecated. Using -pbkdf=>'pbkdf2' would be better.
Pass -nodeprecate=>1 to inhibit this message.
 at /tmp/loop_over_bdir-1289700-lr2Ics/HTML-Tested-0.58-0/blib/lib/HTML/Tested/Seal.pm line 28.
WARNING: The key derivation method "opensslv1" is deprecated. Using -pbkdf=>'pbkdf2' would be better.
Pass -nodeprecate=>1 to inhibit this message.
 at /tmp/loop_over_bdir-1289700-lr2Ics/HTML-Tested-0.58-0/blib/lib/HTML/Tested/Seal.pm line 28.
WARNING: The key derivation method "opensslv1" is deprecated. Using -pbkdf=>'pbkdf2' would be better.
Pass -nodeprecate=>1 to inhibit this message.
 at /tmp/loop_over_bdir-1289700-lr2Ics/HTML-Tested-0.58-0/blib/lib/HTML/Tested/Seal.pm line 28.
WARNING: The key derivation method "opensslv1" is deprecated. Using -pbkdf=>'pbkdf2' would be better.
Pass -nodeprecate=>1 to inhibit this message.
 at /tmp/loop_over_bdir-1289700-lr2Ics/HTML-Tested-0.58-0/blib/lib/HTML/Tested/Seal.pm line 28.
WARNING: The key derivation method "opensslv1" is deprecated. Using -pbkdf=>'pbkdf2' would be better.
Pass -nodeprecate=>1 to inhibit this message.
 at /tmp/loop_over_bdir-1289700-lr2Ics/HTML-Tested-0.58-0/blib/lib/HTML/Tested/Seal.pm line 28.
WARNING: The key derivation method "opensslv1" is deprecated. Using -pbkdf=>'pbkdf2' would be better.
Pass -nodeprecate=>1 to inhibit this message.
 at /tmp/loop_over_bdir-1289700-lr2Ics/HTML-Tested-0.58-0/blib/lib/HTML/Tested/Seal.pm line 28.
WARNING: The key derivation method "opensslv1" is deprecated. Using -pbkdf=>'pbkdf2' would be better.
Pass -nodeprecate=>1 to inhibit this message.
 at /tmp/loop_over_bdir-1289700-lr2Ics/HTML-Tested-0.58-0/blib/lib/HTML/Tested/Seal.pm line 28.
WARNING: The key derivation method "opensslv1" is deprecated. Using -pbkdf=>'pbkdf2' would be better.
Pass -nodeprecate=>1 to inhibit this message.
 at /tmp/loop_over_bdir-1289700-lr2Ics/HTML-Tested-0.58-0/blib/lib/HTML/Tested/Seal.pm line 28.
WARNING: The key derivation method "opensslv1" is deprecated. Using -pbkdf=>'pbkdf2' would be better.
Pass -nodeprecate=>1 to inhibit this message.
 at /tmp/loop_over_bdir-1289700-lr2Ics/HTML-Tested-0.58-0/blib/lib/HTML/Tested/Seal.pm line 28.
WARNING: The key derivation method "opensslv1" is deprecated. Using -pbkdf=>'pbkdf2' would be better.
Pass -nodeprecate=>1 to inhibit this message.
 at /tmp/loop_over_bdir-1289700-lr2Ics/HTML-Tested-0.58-0/blib/lib/HTML/Tested/Seal.pm line 28.
WARNING: The key derivation method "opensslv1" is deprecated. Using -pbkdf=>'pbkdf2' would be better.
Pass -nodeprecate=>1 to inhibit this message.
 at /tmp/loop_over_bdir-1289700-lr2Ics/HTML-Tested-0.58-0/blib/lib/HTML/Tested/Seal.pm line 28.
WARNING: The key derivation method "opensslv1" is deprecated. Using -pbkdf=>'pbkdf2' would be better.
Pass -nodeprecate=>1 to inhibit this message.
 at /tmp/loop_over_bdir-1289700-lr2Ics/HTML-Tested-0.58-0/blib/lib/HTML/Tested/Seal.pm line 28.
WARNING: The key derivation method "opensslv1" is deprecated. Using -pbkdf=>'pbkdf2' would be better.
Pass -nodeprecate=>1 to inhibit this message.
 at /tmp/loop_over_bdir-1289700-lr2Ics/HTML-Tested-0.58-0/blib/lib/HTML/Tested/Seal.pm line 28.
WARNING: The key derivation method "opensslv1" is deprecated. Using -pbkdf=>'pbkdf2' would be better.
Pass -nodeprecate=>1 to inhibit this message.
 at /tmp/loop_over_bdir-1289700-lr2Ics/HTML-Tested-0.58-0/blib/lib/HTML/Tested/Seal.pm line 28.
WARNING: The key derivation method "opensslv1" is deprecated. Using -pbkdf=>'pbkdf2' would be better.
Pass -nodeprecate=>1 to inhibit this message.
 at /tmp/loop_over_bdir-1289700-lr2Ics/HTML-Tested-0.58-0/blib/lib/HTML/Tested/Seal.pm line 28.
WARNING: The key derivation method "opensslv1" is deprecated. Using -pbkdf=>'pbkdf2' would be better.
Pass -nodeprecate=>1 to inhibit this message.
 at /tmp/loop_over_bdir-1289700-lr2Ics/HTML-Tested-0.58-0/blib/lib/HTML/Tested/Seal.pm line 28.
WARNING: The key derivation method "opensslv1" is deprecated. Using -pbkdf=>'pbkdf2' would be better.
Pass -nodeprecate=>1 to inhibit this message.
 at /tmp/loop_over_bdir-1289700-lr2Ics/HTML-Tested-0.58-0/blib/lib/HTML/Tested/Seal.pm line 28.
WARNING: The key derivation method "opensslv1" is deprecated. Using -pbkdf=>'pbkdf2' would be better.
Pass -nodeprecate=>1 to inhibit this message.
 at /tmp/loop_over_bdir-1289700-lr2Ics/HTML-Tested-0.58-0/blib/lib/HTML/Tested/Seal.pm line 28.
WARNING: The key derivation method "opensslv1" is deprecated. Using -pbkdf=>'pbkdf2' would be better.
Pass -nodeprecate=>1 to inhibit this message.
 at /tmp/loop_over_bdir-1289700-lr2Ics/HTML-Tested-0.58-0/blib/lib/HTML/Tested/Seal.pm line 28.
WARNING: The key derivation method "opensslv1" is deprecated. Using -pbkdf=>'pbkdf2' would be better.
Pass -nodeprecate=>1 to inhibit this message.
 at /tmp/loop_over_bdir-1289700-lr2Ics/HTML-Tested-0.58-0/blib/lib/HTML/Tested/Seal.pm line 28.
WARNING: The key derivation method "opensslv1" is deprecated. Using -pbkdf=>'pbkdf2' would be better.
Pass -nodeprecate=>1 to inhibit this message.
 at /tmp/loop_over_bdir-1289700-lr2Ics/HTML-Tested-0.58-0/blib/lib/HTML/Tested/Seal.pm line 28.
WARNING: The key derivation method "opensslv1" is deprecated. Using -pbkdf=>'pbkdf2' would be better.
Pass -nodeprecate=>1 to inhibit this message.
 at /tmp/loop_over_bdir-1289700-lr2Ics/HTML-Tested-0.58-0/blib/lib/HTML/Tested/Seal.pm line 28.
WARNING: The key derivation method "opensslv1" is deprecated. Using -pbkdf=>'pbkdf2' would be better.
Pass -nodeprecate=>1 to inhibit this message.
 at /tmp/loop_over_bdir-1289700-lr2Ics/HTML-Tested-0.58-0/blib/lib/HTML/Tested/Seal.pm line 28.
WARNING: The key derivation method "opensslv1" is deprecated. Using -pbkdf=>'pbkdf2' would be better.
Pass -nodeprecate=>1 to inhibit this message.
 at /tmp/loop_over_bdir-1289700-lr2Ics/HTML-Tested-0.58-0/blib/lib/HTML/Tested/Seal.pm line 28.
WARNING: The key derivation method "opensslv1" is deprecated. Using -pbkdf=>'pbkdf2' would be better.
Pass -nodeprecate=>1 to inhibit this message.
 at /tmp/loop_over_bdir-1289700-lr2Ics/HTML-Tested-0.58-0/blib/lib/HTML/Tested/Seal.pm line 28.
WARNING: The key derivation method "opensslv1" is deprecated. Using -pbkdf=>'pbkdf2' would be better.
Pass -nodeprecate=>1 to inhibit this message.
 at /tmp/loop_over_bdir-1289700-lr2Ics/HTML-Tested-0.58-0/blib/lib/HTML/Tested/Seal.pm line 28.
WARNING: The key derivation method "opensslv1" is deprecated. Using -pbkdf=>'pbkdf2' would be better.
Pass -nodeprecate=>1 to inhibit this message.
 at /tmp/loop_over_bdir-1289700-lr2Ics/HTML-Tested-0.58-0/blib/lib/HTML/Tested/Seal.pm line 28.
WARNING: The key derivation method "opensslv1" is deprecated. Using -pbkdf=>'pbkdf2' would be better.
Pass -nodeprecate=>1 to inhibit this message.
 at /tmp/loop_over_bdir-1289700-lr2Ics/HTML-Tested-0.58-0/blib/lib/HTML/Tested/Seal.pm line 28.
WARNING: The key derivation method "opensslv1" is deprecated. Using -pbkdf=>'pbkdf2' would be better.
Pass -nodeprecate=>1 to inhibit this message.
 at /tmp/loop_over_bdir-1289700-lr2Ics/HTML-Tested-0.58-0/blib/lib/HTML/Tested/Seal.pm line 28.
WARNING: The key derivation method "opensslv1" is deprecated. Using -pbkdf=>'pbkdf2' would be better.
Pass -nodeprecate=>1 to inhibit this message.
 at /tmp/loop_over_bdir-1289700-lr2Ics/HTML-Tested-0.58-0/blib/lib/HTML/Tested/Seal.pm line 28.
WARNING: The key derivation method "opensslv1" is deprecated. Using -pbkdf=>'pbkdf2' would be better.
Pass -nodeprecate=>1 to inhibit this message.
 at /tmp/loop_over_bdir-1289700-lr2Ics/HTML-Tested-0.58-0/blib/lib/HTML/Tested/Seal.pm line 28.
WARNING: The key derivation method "opensslv1" is deprecated. Using -pbkdf=>'pbkdf2' would be better.
Pass -nodeprecate=>1 to inhibit this message.
 at /tmp/loop_over_bdir-1289700-lr2Ics/HTML-Tested-0.58-0/blib/lib/HTML/Tested/Seal.pm line 28.
WARNING: The key derivation method "opensslv1" is deprecated. Using -pbkdf=>'pbkdf2' would be better.
Pass -nodeprecate=>1 to inhibit this message.
 at /tmp/loop_over_bdir-1289700-lr2Ics/HTML-Tested-0.58-0/blib/lib/HTML/Tested/Seal.pm line 28.
WARNING: The key derivation method "opensslv1" is deprecated. Using -pbkdf=>'pbkdf2' would be better.
Pass -nodeprecate=>1 to inhibit this message.
 at /tmp/loop_over_bdir-1289700-lr2Ics/HTML-Tested-0.58-0/blib/lib/HTML/Tested/Seal.pm line 28.
WARNING: The key derivation method "opensslv1" is deprecated. Using -pbkdf=>'pbkdf2' would be better.
Pass -nodeprecate=>1 to inhibit this message.
 at /tmp/loop_over_bdir-1289700-lr2Ics/HTML-Tested-0.58-0/blib/lib/HTML/Tested/Seal.pm line 28.
WARNING: The key derivation method "opensslv1" is deprecated. Using -pbkdf=>'pbkdf2' would be better.
Pass -nodeprecate=>1 to inhibit this message.
 at /tmp/loop_over_bdir-1289700-lr2Ics/HTML-Tested-0.58-0/blib/lib/HTML/Tested/Seal.pm line 28.
WARNING: The key derivation method "opensslv1" is deprecated. Using -pbkdf=>'pbkdf2' would be better.
Pass -nodeprecate=>1 to inhibit this message.
 at /tmp/loop_over_bdir-1289700-lr2Ics/HTML-Tested-0.58-0/blib/lib/HTML/Tested/Seal.pm line 28.
WARNING: The key derivation method "opensslv1" is deprecated. Using -pbkdf=>'pbkdf2' would be better.
Pass -nodeprecate=>1 to inhibit this message.
 at /tmp/loop_over_bdir-1289700-lr2Ics/HTML-Tested-0.58-0/blib/lib/HTML/Tested/Seal.pm line 28.
WARNING: The key derivation method "opensslv1" is deprecated. Using -pbkdf=>'pbkdf2' would be better.
Pass -nodeprecate=>1 to inhibit this message.
 at /tmp/loop_over_bdir-1289700-lr2Ics/HTML-Tested-0.58-0/blib/lib/HTML/Tested/Seal.pm line 28.
WARNING: The key derivation method "opensslv1" is deprecated. Using -pbkdf=>'pbkdf2' would be better.
Pass -nodeprecate=>1 to inhibit this message.
 at /tmp/loop_over_bdir-1289700-lr2Ics/HTML-Tested-0.58-0/blib/lib/HTML/Tested/Seal.pm line 28.
WARNING: The key derivation method "opensslv1" is deprecated. Using -pbkdf=>'pbkdf2' would be better.
Pass -nodeprecate=>1 to inhibit this message.
 at /tmp/loop_over_bdir-1289700-lr2Ics/HTML-Tested-0.58-0/blib/lib/HTML/Tested/Seal.pm line 28.
WARNING: The key derivation method "opensslv1" is deprecated. Using -pbkdf=>'pbkdf2' would be better.
Pass -nodeprecate=>1 to inhibit this message.
 at /tmp/loop_over_bdir-1289700-lr2Ics/HTML-Tested-0.58-0/blib/lib/HTML/Tested/Seal.pm line 28.
WARNING: The key derivation method "opensslv1" is deprecated. Using -pbkdf=>'pbkdf2' would be better.
Pass -nodeprecate=>1 to inhibit this message.
 at /tmp/loop_over_bdir-1289700-lr2Ics/HTML-Tested-0.58-0/blib/lib/HTML/Tested/Seal.pm line 28.
WARNING: The key derivation method "opensslv1" is deprecated. Using -pbkdf=>'pbkdf2' would be better.
Pass -nodeprecate=>1 to inhibit this message.
 at /tmp/loop_over_bdir-1289700-lr2Ics/HTML-Tested-0.58-0/blib/lib/HTML/Tested/Seal.pm line 28.
WARNING: The key derivation method "opensslv1" is deprecated. Using -pbkdf=>'pbkdf2' would be better.
Pass -nodeprecate=>1 to inhibit this message.
 at /tmp/loop_over_bdir-1289700-lr2Ics/HTML-Tested-0.58-0/blib/lib/HTML/Tested/Seal.pm line 28.
WARNING: The key derivation method "opensslv1" is deprecated. Using -pbkdf=>'pbkdf2' would be better.
Pass -nodeprecate=>1 to inhibit this message.
 at /tmp/loop_over_bdir-1289700-lr2Ics/HTML-Tested-0.58-0/blib/lib/HTML/Tested/Seal.pm line 28.
WARNING: The key derivation method "opensslv1" is deprecated. Using -pbkdf=>'pbkdf2' would be better.
Pass -nodeprecate=>1 to inhibit this message.
 at /tmp/loop_over_bdir-1289700-lr2Ics/HTML-Tested-0.58-0/blib/lib/HTML/Tested/Seal.pm line 28.
WARNING: The key derivation method "opensslv1" is deprecated. Using -pbkdf=>'pbkdf2' would be better.
Pass -nodeprecate=>1 to inhibit this message.
 at /tmp/loop_over_bdir-1289700-lr2Ics/HTML-Tested-0.58-0/blib/lib/HTML/Tested/Seal.pm line 28.
WARNING: The key derivation method "opensslv1" is deprecated. Using -pbkdf=>'pbkdf2' would be better.
Pass -nodeprecate=>1 to inhibit this message.
 at /tmp/loop_over_bdir-1289700-lr2Ics/HTML-Tested-0.58-0/blib/lib/HTML/Tested/Seal.pm line 28.
WARNING: The key derivation method "opensslv1" is deprecated. Using -pbkdf=>'pbkdf2' would be better.
Pass -nodeprecate=>1 to inhibit this message.
 at /tmp/loop_over_bdir-1289700-lr2Ics/HTML-Tested-0.58-0/blib/lib/HTML/Tested/Seal.pm line 28.
WARNING: The key derivation method "opensslv1" is deprecated. Using -pbkdf=>'pbkdf2' would be better.
Pass -nodeprecate=>1 to inhibit this message.
 at /tmp/loop_over_bdir-1289700-lr2Ics/HTML-Tested-0.58-0/blib/lib/HTML/Tested/Seal.pm line 28.
WARNING: The key derivation method "opensslv1" is deprecated. Using -pbkdf=>'pbkdf2' would be better.
Pass -nodeprecate=>1 to inhibit this message.
 at /tmp/loop_over_bdir-1289700-lr2Ics/HTML-Tested-0.58-0/blib/lib/HTML/Tested/Seal.pm line 28.
WARNING: The key derivation method "opensslv1" is deprecated. Using -pbkdf=>'pbkdf2' would be better.
Pass -nodeprecate=>1 to inhibit this message.
 at /tmp/loop_over_bdir-1289700-lr2Ics/HTML-Tested-0.58-0/blib/lib/HTML/Tested/Seal.pm line 28.
WARNING: The key derivation method "opensslv1" is deprecated. Using -pbkdf=>'pbkdf2' would be better.
Pass -nodeprecate=>1 to inhibit this message.
 at /tmp/loop_over_bdir-1289700-lr2Ics/HTML-Tested-0.58-0/blib/lib/HTML/Tested/Seal.pm line 28.
WARNING: The key derivation method "opensslv1" is deprecated. Using -pbkdf=>'pbkdf2' would be better.
Pass -nodeprecate=>1 to inhibit this message.
 at /tmp/loop_over_bdir-1289700-lr2Ics/HTML-Tested-0.58-0/blib/lib/HTML/Tested/Seal.pm line 28.
WARNING: The key derivation method "opensslv1" is deprecated. Using -pbkdf=>'pbkdf2' would be better.
Pass -nodeprecate=>1 to inhibit this message.
 at /tmp/loop_over_bdir-1289700-lr2Ics/HTML-Tested-0.58-0/blib/lib/HTML/Tested/Seal.pm line 28.
WARNING: The key derivation method "opensslv1" is deprecated. Using -pbkdf=>'pbkdf2' would be better.
Pass -nodeprecate=>1 to inhibit this message.
 at /tmp/loop_over_bdir-1289700-lr2Ics/HTML-Tested-0.58-0/blib/lib/HTML/Tested/Seal.pm line 28.
WARNING: The key derivation method "opensslv1" is deprecated. Using -pbkdf=>'pbkdf2' would be better.
Pass -nodeprecate=>1 to inhibit this message.
 at /tmp/loop_over_bdir-1289700-lr2Ics/HTML-Tested-0.58-0/blib/lib/HTML/Tested/Seal.pm line 28.
WARNING: The key derivation method "opensslv1" is deprecated. Using -pbkdf=>'pbkdf2' would be better.
Pass -nodeprecate=>1 to inhibit this message.
 at /tmp/loop_over_bdir-1289700-lr2Ics/HTML-Tested-0.58-0/blib/lib/HTML/Tested/Seal.pm line 28.
WARNING: The key derivation method "opensslv1" is deprecated. Using -pbkdf=>'pbkdf2' would be better.
Pass -nodeprecate=>1 to inhibit this message.
 at /tmp/loop_over_bdir-1289700-lr2Ics/HTML-Tested-0.58-0/blib/lib/HTML/Tested/Seal.pm line 28.
WARNING: The key derivation method "opensslv1" is deprecated. Using -pbkdf=>'pbkdf2' would be better.
Pass -nodeprecate=>1 to inhibit this message.
 at /tmp/loop_over_bdir-1289700-lr2Ics/HTML-Tested-0.58-0/blib/lib/HTML/Tested/Seal.pm line 28.
WARNING: The key derivation method "opensslv1" is deprecated. Using -pbkdf=>'pbkdf2' would be better.
Pass -nodeprecate=>1 to inhibit this message.
 at /tmp/loop_over_bdir-1289700-lr2Ics/HTML-Tested-0.58-0/blib/lib/HTML/Tested/Seal.pm line 28.
WARNING: The key derivation method "opensslv1" is deprecated. Using -pbkdf=>'pbkdf2' would be better.
Pass -nodeprecate=>1 to inhibit this message.
 at /tmp/loop_over_bdir-1289700-lr2Ics/HTML-Tested-0.58-0/blib/lib/HTML/Tested/Seal.pm line 28.
WARNING: The key derivation method "opensslv1" is deprecated. Using -pbkdf=>'pbkdf2' would be better.
Pass -nodeprecate=>1 to inhibit this message.
 at /tmp/loop_over_bdir-1289700-lr2Ics/HTML-Tested-0.58-0/blib/lib/HTML/Tested/Seal.pm line 28.
WARNING: The key derivation method "opensslv1" is deprecated. Using -pbkdf=>'pbkdf2' would be better.
Pass -nodeprecate=>1 to inhibit this message.
 at /tmp/loop_over_bdir-1289700-lr2Ics/HTML-Tested-0.58-0/blib/lib/HTML/Tested/Seal.pm line 28.
WARNING: The key derivation method "opensslv1" is deprecated. Using -pbkdf=>'pbkdf2' would be better.
Pass -nodeprecate=>1 to inhibit this message.
 at /tmp/loop_over_bdir-1289700-lr2Ics/HTML-Tested-0.58-0/blib/lib/HTML/Tested/Seal.pm line 28.
WARNING: The key derivation method "opensslv1" is deprecated. Using -pbkdf=>'pbkdf2' would be better.
Pass -nodeprecate=>1 to inhibit this message.
 at /tmp/loop_over_bdir-1289700-lr2Ics/HTML-Tested-0.58-0/blib/lib/HTML/Tested/Seal.pm line 28.
WARNING: The key derivation method "opensslv1" is deprecated. Using -pbkdf=>'pbkdf2' would be better.
Pass -nodeprecate=>1 to inhibit this message.
 at /tmp/loop_over_bdir-1289700-lr2Ics/HTML-Tested-0.58-0/blib/lib/HTML/Tested/Seal.pm line 28.
WARNING: The key derivation method "opensslv1" is deprecated. Using -pbkdf=>'pbkdf2' would be better.
Pass -nodeprecate=>1 to inhibit this message.
 at /tmp/loop_over_bdir-1289700-lr2Ics/HTML-Tested-0.58-0/blib/lib/HTML/Tested/Seal.pm line 28.
WARNING: The key derivation method "opensslv1" is deprecated. Using -pbkdf=>'pbkdf2' would be better.
Pass -nodeprecate=>1 to inhibit this message.
 at /tmp/loop_over_bdir-1289700-lr2Ics/HTML-Tested-0.58-0/blib/lib/HTML/Tested/Seal.pm line 28.
WARNING: The key derivation method "opensslv1" is deprecated. Using -pbkdf=>'pbkdf2' would be better.
Pass -nodeprecate=>1 to inhibit this message.
 at /tmp/loop_over_bdir-1289700-lr2Ics/HTML-Tested-0.58-0/blib/lib/HTML/Tested/Seal.pm line 28.
WARNING: The key derivation method "opensslv1" is deprecated. Using -pbkdf=>'pbkdf2' would be better.
Pass -nodeprecate=>1 to inhibit this message.
 at /tmp/loop_over_bdir-1289700-lr2Ics/HTML-Tested-0.58-0/blib/lib/HTML/Tested/Seal.pm line 28.
WARNING: The key derivation method "opensslv1" is deprecated. Using -pbkdf=>'pbkdf2' would be better.
Pass -nodeprecate=>1 to inhibit this message.
 at /tmp/loop_over_bdir-1289700-lr2Ics/HTML-Tested-0.58-0/blib/lib/HTML/Tested/Seal.pm line 28.
WARNING: The key derivation method "opensslv1" is deprecated. Using -pbkdf=>'pbkdf2' would be better.
Pass -nodeprecate=>1 to inhibit this message.
 at /tmp/loop_over_bdir-1289700-lr2Ics/HTML-Tested-0.58-0/blib/lib/HTML/Tested/Seal.pm line 28.
WARNING: The key derivation method "opensslv1" is deprecated. Using -pbkdf=>'pbkdf2' would be better.
Pass -nodeprecate=>1 to inhibit this message.
 at /tmp/loop_over_bdir-1289700-lr2Ics/HTML-Tested-0.58-0/blib/lib/HTML/Tested/Seal.pm line 28.
WARNING: The key derivation method "opensslv1" is deprecated. Using -pbkdf=>'pbkdf2' would be better.
Pass -nodeprecate=>1 to inhibit this message.
 at /tmp/loop_over_bdir-1289700-lr2Ics/HTML-Tested-0.58-0/blib/lib/HTML/Tested/Seal.pm line 28.
WARNING: The key derivation method "opensslv1" is deprecated. Using -pbkdf=>'pbkdf2' would be better.
Pass -nodeprecate=>1 to inhibit this message.
 at /tmp/loop_over_bdir-1289700-lr2Ics/HTML-Tested-0.58-0/blib/lib/HTML/Tested/Seal.pm line 28.
WARNING: The key derivation method "opensslv1" is deprecated. Using -pbkdf=>'pbkdf2' would be better.
Pass -nodeprecate=>1 to inhibit this message.
 at /tmp/loop_over_bdir-1289700-lr2Ics/HTML-Tested-0.58-0/blib/lib/HTML/Tested/Seal.pm line 28.
WARNING: The key derivation method "opensslv1" is deprecated. Using -pbkdf=>'pbkdf2' would be better.
Pass -nodeprecate=>1 to inhibit this message.
 at /tmp/loop_over_bdir-1289700-lr2Ics/HTML-Tested-0.58-0/blib/lib/HTML/Tested/Seal.pm line 28.
WARNING: The key derivation method "opensslv1" is deprecated. Using -pbkdf=>'pbkdf2' would be better.
Pass -nodeprecate=>1 to inhibit this message.
 at /tmp/loop_over_bdir-1289700-lr2Ics/HTML-Tested-0.58-0/blib/lib/HTML/Tested/Seal.pm line 28.
WARNING: The key derivation method "opensslv1" is deprecated. Using -pbkdf=>'pbkdf2' would be better.
Pass -nodeprecate=>1 to inhibit this message.
 at /tmp/loop_over_bdir-1289700-lr2Ics/HTML-Tested-0.58-0/blib/lib/HTML/Tested/Seal.pm line 28.
WARNING: The key derivation method "opensslv1" is deprecated. Using -pbkdf=>'pbkdf2' would be better.
Pass -nodeprecate=>1 to inhibit this message.
 at /tmp/loop_over_bdir-1289700-lr2Ics/HTML-Tested-0.58-0/blib/lib/HTML/Tested/Seal.pm line 28.
WARNING: The key derivation method "opensslv1" is deprecated. Using -pbkdf=>'pbkdf2' would be better.
Pass -nodeprecate=>1 to inhibit this message.
 at /tmp/loop_over_bdir-1289700-lr2Ics/HTML-Tested-0.58-0/blib/lib/HTML/Tested/Seal.pm line 28.
WARNING: The key derivation method "opensslv1" is deprecated. Using -pbkdf=>'pbkdf2' would be better.
Pass -nodeprecate=>1 to inhibit this message.
 at /tmp/loop_over_bdir-1289700-lr2Ics/HTML-Tested-0.58-0/blib/lib/HTML/Tested/Seal.pm line 28.
WARNING: The key derivation method "opensslv1" is deprecated. Using -pbkdf=>'pbkdf2' would be better.
Pass -nodeprecate=>1 to inhibit this message.
 at /tmp/loop_over_bdir-1289700-lr2Ics/HTML-Tested-0.58-0/blib/lib/HTML/Tested/Seal.pm line 28.
WARNING: The key derivation method "opensslv1" is deprecated. Using -pbkdf=>'pbkdf2' would be better.
Pass -nodeprecate=>1 to inhibit this message.
 at /tmp/loop_over_bdir-1289700-lr2Ics/HTML-Tested-0.58-0/blib/lib/HTML/Tested/Seal.pm line 28.
WARNING: The key derivation method "opensslv1" is deprecated. Using -pbkdf=>'pbkdf2' would be better.
Pass -nodeprecate=>1 to inhibit this message.
 at /tmp/loop_over_bdir-1289700-lr2Ics/HTML-Tested-0.58-0/blib/lib/HTML/Tested/Seal.pm line 28.
WARNING: The key derivation method "opensslv1" is deprecated. Using -pbkdf=>'pbkdf2' would be better.
Pass -nodeprecate=>1 to inhibit this message.
 at /tmp/loop_over_bdir-1289700-lr2Ics/HTML-Tested-0.58-0/blib/lib/HTML/Tested/Seal.pm line 28.
WARNING: The key derivation method "opensslv1" is deprecated. Using -pbkdf=>'pbkdf2' would be better.
Pass -nodeprecate=>1 to inhibit this message.
 at /tmp/loop_over_bdir-1289700-lr2Ics/HTML-Tested-0.58-0/blib/lib/HTML/Tested/Seal.pm line 28.
# Looks like you failed 30 tests of 70.
t/160_seal.t .......... 
Dubious, test returned 30 (wstat 7680, 0x1e00)
Failed 30/70 subtests 
t/170_list_table.t .... ok
WARNING: The key derivation method "opensslv1" is deprecated. Using -pbkdf=>'pbkdf2' would be better.
Pass -nodeprecate=>1 to inhibit this message.
 at /tmp/loop_over_bdir-1289700-lr2Ics/HTML-Tested-0.58-0/blib/lib/HTML/Tested/Seal.pm line 28.
WARNING: The key derivation method "opensslv1" is deprecated. Using -pbkdf=>'pbkdf2' would be better.
Pass -nodeprecate=>1 to inhibit this message.
 at /tmp/loop_over_bdir-1289700-lr2Ics/HTML-Tested-0.58-0/blib/lib/HTML/Tested/Seal.pm line 28.
WARNING: The key derivation method "opensslv1" is deprecated. Using -pbkdf=>'pbkdf2' would be better.
Pass -nodeprecate=>1 to inhibit this message.
 at /tmp/loop_over_bdir-1289700-lr2Ics/HTML-Tested-0.58-0/blib/lib/HTML/Tested/Seal.pm line 28.
t/180_unicode.t ....... ok

#   Failed test at t/190_datetime.t line 54.
Wide character in print at /home/sand/src/perl/repoperls/installed-perls/host/k93jammy/v5.37.7/b4f3/lib/5.37.7/Test2/Formatter/TAP.pm line 125.
#     Structures begin differing at:
#          $got->{e} = '27 окт. 1976 г.'
#     $expected->{e} = '27.10.1976'
WARNING: The key derivation method "opensslv1" is deprecated. Using -pbkdf=>'pbkdf2' would be better.
Pass -nodeprecate=>1 to inhibit this message.
 at /tmp/loop_over_bdir-1289700-lr2Ics/HTML-Tested-0.58-0/blib/lib/HTML/Tested/Seal.pm line 28.

#   Failed test at t/190_datetime.t line 62.
Wide character in print at /home/sand/src/perl/repoperls/installed-perls/host/k93jammy/v5.37.7/b4f3/lib/5.37.7/Test2/Formatter/TAP.pm line 125.
#                   'hello?id=291ae69358bf86e4&e=27 окт. 1976 г.'
#     doesn't match '(?^:&e=27\.10\.1976)'
WARNING: The key derivation method "opensslv1" is deprecated. Using -pbkdf=>'pbkdf2' would be better.
Pass -nodeprecate=>1 to inhibit this message.
 at /tmp/loop_over_bdir-1289700-lr2Ics/HTML-Tested-0.58-0/blib/lib/HTML/Tested/Seal.pm line 28.

#   Failed test at t/190_datetime.t line 75.
#          got: undef
#     expected: '555555'
Can't call method "year" on an undefined value at t/190_datetime.t line 76.
 at t/190_datetime.t line 20.
	main::__ANON__("Can't call method \"year\" on an undefined value at t/190_datet"...) called at t/190_datetime.t line 76
# Looks like your test exited with 255 just after 19.
t/190_datetime.t ...... 
Dubious, test returned 255 (wstat 65280, 0xff00)
Failed 21/37 subtests 
t/200_snippet.t ....... ok

Test Summary Report
-------------------
t/010_value.t       (Wstat: 256 (exited 1) Tests: 47 Failed: 1)
  Failed test:  47
  Non-zero exit status: 1
t/020_list.t        (Wstat: 1536 (exited 6) Tests: 40 Failed: 6)
  Failed tests:  29-34
  Non-zero exit status: 6
t/090_checkbox.t    (Wstat: 256 (exited 1) Tests: 17 Failed: 1)
  Failed test:  11
  Non-zero exit status: 1
t/100_link.t        (Wstat: 512 (exited 2) Tests: 17 Failed: 2)
  Failed tests:  8-9
  Non-zero exit status: 2
t/160_seal.t        (Wstat: 7680 (exited 30) Tests: 70 Failed: 30)
  Failed tests:  13, 16-17, 19, 26-28, 34-35, 38-43, 45
                48-49, 52, 55, 58-60, 63-69
  Non-zero exit status: 30
t/190_datetime.t    (Wstat: 65280 (exited 255) Tests: 19 Failed: 3)
  Failed tests:  11, 14, 19
  Non-zero exit status: 255
  Parse errors: Bad plan.  You planned 37 tests but ran 19.
Files=21, Tests=458,  3 wallclock secs ( 0.11 usr  0.02 sys +  2.16 cusr  0.34 csys =  2.63 CPU)
Result: FAIL
Failed 6/21 test programs. 43/458 subtests failed.
make: *** [Makefile:915: test_dynamic] Error 255

------------------------------
PREREQUISITES
------------------------------

Prerequisite modules loaded:

requires:

    Module                     Need Have    
    -------------------------- ---- --------
    Class::Accessor            0    0.51    
    Class::Data::Inheritable   0    0.09    
    Class::Singleton           0    1.6     
    Crypt::Blowfish            0    2.14    
    Crypt::CBC                 2.22 3.04    
    Data::Dumper               0    2.187   
    DateTime                   0    1.59    
    DateTime::Format::Strptime 0    1.79    
    Digest::CRC                0    0.24    
    File::Slurp                0    9999.32 
    HTML::Entities             0    3.80    
    Math::Combinatorics        0    0.09    
    Template                   0    3.101   
    Test::Simple               0.44 1.302191
    Text::Diff                 0    1.45    

build_requires:

    Module                     Need Have    
    -------------------------- ---- --------
    ExtUtils::MakeMaker        0    7.66    

configure_requires:

    Module                     Need Have    
    -------------------------- ---- --------
    ExtUtils::MakeMaker        0    7.66    


------------------------------
ENVIRONMENT AND OTHER CONTEXT
------------------------------

Environment variables:

    AUTOMATED_TESTING = 1
    LANG = en_US.UTF-8
    LC_ADDRESS = de_DE.UTF-8
    LC_IDENTIFICATION = de_DE.UTF-8
    LC_MEASUREMENT = de_DE.UTF-8
    LC_MONETARY = de_DE.UTF-8
    LC_NAME = de_DE.UTF-8
    LC_NUMERIC = de_DE.UTF-8
    LC_PAPER = de_DE.UTF-8
    LC_TELEPHONE = de_DE.UTF-8
    LC_TIME = de_DE.UTF-8
    PATH = /home/sand/bin:/usr/local/bin:/usr/local/sbin:/usr/sbin:/usr/bin:/sbin:/bin:/usr/games:/usr/local/games:/snap/bin:/usr/local/perl/bin:/usr/X11/bin
    PERL5LIB = /tmp/loop_over_bdir-1289700-lr2Ics/Net-ISP-Balance-1.31-0/blib/arch:/tmp/loop_over_bdir-1289700-lr2Ics/Net-ISP-Balance-1.31-0/blib/lib:/tmp/loop_over_bdir-1289700-lr2Ics/DBIx-Migration-Directories-0.12-0/blib/arch:/tmp/loop_over_bdir-1289700-lr2Ics/DBIx-Migration-Directories-0.12-0/blib/lib:/tmp/loop_over_bdir-1289700-lr2Ics/Dpkg-1.21.14-0/blib/arch:/tmp/loop_over_bdir-1289700-lr2Ics/Dpkg-1.21.14-0/blib/lib:/tmp/loop_over_bdir-1289700-lr2Ics/RackMan-1.19-0/blib/arch:/tmp/loop_over_bdir-1289700-lr2Ics/RackMan-1.19-0/blib/lib
    PERL5OPT = 
    PERL5_CPANPLUS_IS_RUNNING = 1289779
    PERL5_CPAN_IS_RUNNING = 1289779
    PERL_CANARY_STABILITY_NOPROMPT = 1
    PERL_MM_USE_DEFAULT = 1
    PERL_USE_UNSAFE_INC = 1
    SHELL = /usr/bin/zsh
    TERM = screen

Perl special variables (and OS-specific diagnostics, for MSWin32):

    $^X = /tmp/basesmoker-reloperl-JFV6/bin/perl
    $UID/$EUID = 1005 / 1005
    $GID = 1005 1005
    $EGID = 1005 1005

Perl module toolchain versions installed:

    Module              Have    
    ------------------- --------
    CPAN                2.34    
    CPAN::Meta          2.150010
    Cwd                 3.88    
    ExtUtils::CBuilder  0.280238
    ExtUtils::Command   7.66    
    ExtUtils::Install   2.20    
    ExtUtils::MakeMaker 7.66    
    ExtUtils::Manifest  1.73    
    ExtUtils::ParseXS   3.49    
    File::Spec          3.88    
    JSON                4.10    
    JSON::PP            4.16    
    Module::Build       0.4232  
    Module::Signature   0.88    
    Parse::CPAN::Meta   2.150010
    Test::Harness       3.44    
    Test::More          1.302191
    YAML                1.30    
    YAML::Syck          1.34    
    version             0.9929  


--

Summary of my perl5 (revision 5 version 37 subversion 7) configuration:
  Commit id: b1163c2ae562670f2bf4c7700087f0c9d0ad8fe5
  Platform:
    osname=linux
    osvers=5.15.0-56-generic
    archname=x86_64-linux-thread-multi
    uname='linux k93jammy 5.15.0-56-generic #62-ubuntu smp tue nov 22 19:54:14 utc 2022 x86_64 x86_64 x86_64 gnulinux '
    config_args='-Dprefix=/home/sand/src/perl/repoperls/installed-perls/host/k93jammy/v5.37.7/b4f3 -Dmyhostname=k93jammy -Dinstallusrbinperl=n -Uversiononly -Dusedevel -des -Ui_db -Dlibswanted=cl pthread socket inet nsl gdbm dbm malloc dl ld sun m crypt sec util c cposix posix ucb BSD gdbm_compat -Duseithreads -Uuselongdouble -DEBUGGING=-g'
    hint=recommended
    useposix=true
    d_sigaction=define
    useithreads=define
    usemultiplicity=define
    use64bitint=define
    use64bitall=define
    uselongdouble=undef
    usemymalloc=n
    default_inc_excludes_dot=define
  Compiler:
    cc='cc'
    ccflags ='-D_REENTRANT -D_GNU_SOURCE -fwrapv -fno-strict-aliasing -pipe -fstack-protector-strong -I/usr/local/include -D_LARGEFILE_SOURCE -D_FILE_OFFSET_BITS=64'
    optimize='-O2 -g'
    cppflags='-D_REENTRANT -D_GNU_SOURCE -fwrapv -fno-strict-aliasing -pipe -fstack-protector-strong -I/usr/local/include'
    ccversion=''
    gccversion='11.3.0'
    gccosandvers=''
    intsize=4
    longsize=8
    ptrsize=8
    doublesize=8
    byteorder=12345678
    doublekind=3
    d_longlong=define
    longlongsize=8
    d_longdbl=define
    longdblsize=16
    longdblkind=3
    ivtype='long'
    ivsize=8
    nvtype='double'
    nvsize=8
    Off_t='off_t'
    lseeksize=8
    alignbytes=8
    prototype=define
  Linker and Libraries:
    ld='cc'
    ldflags =' -fstack-protector-strong -L/usr/local/lib'
    libpth=/usr/local/lib /usr/lib/x86_64-linux-gnu /usr/lib /usr/lib64
    libs=-lpthread -lnsl -ldl -lm -lcrypt -lutil -lc
    perllibs=-lpthread -lnsl -ldl -lm -lcrypt -lutil -lc
    libc=/lib/x86_64-linux-gnu/libc.so.6
    so=so
    useshrplib=false
    libperl=libperl.a
    gnulibc_version='2.35'
  Dynamic Linking:
    dlsrc=dl_dlopen.xs
    dlext=so
    d_dlsymun=undef
    ccdlflags='-Wl,-E'
    cccdlflags='-fPIC'
    lddlflags='-shared -O2 -g -L/usr/local/lib -fstack-protector-strong'


Characteristics of this binary (from libperl): 
  Compile-time options:
    HAS_TIMES
    MULTIPLICITY
    PERLIO_LAYERS
    PERL_COPY_ON_WRITE
    PERL_DONT_CREATE_GVSV
    PERL_HASH_FUNC_SIPHASH13
    PERL_HASH_USE_SBOX32
    PERL_MALLOC_WRAP
    PERL_OP_PARENT
    PERL_PRESERVE_IVUV
    PERL_USE_DEVEL
    PERL_USE_SAFE_PUTENV
    USE_64_BIT_ALL
    USE_64_BIT_INT
    USE_ITHREADS
    USE_LARGE_FILES
    USE_LOCALE
    USE_LOCALE_COLLATE
    USE_LOCALE_CTYPE
    USE_LOCALE_NUMERIC
    USE_LOCALE_TIME
    USE_PERLIO
    USE_PERL_ATOF
    USE_REENTRANT_API
    USE_THREAD_SAFE_LOCALE
  Built under linux
  Compiled at Jan  4 2023 13:32:48
  %ENV:
    PERL5LIB="/tmp/loop_over_bdir-1289700-lr2Ics/Net-ISP-Balance-1.31-0/blib/arch:/tmp/loop_over_bdir-1289700-lr2Ics/Net-ISP-Balance-1.31-0/blib/lib:/tmp/loop_over_bdir-1289700-lr2Ics/DBIx-Migration-Directories-0.12-0/blib/arch:/tmp/loop_over_bdir-1289700-lr2Ics/DBIx-Migration-Directories-0.12-0/blib/lib:/tmp/loop_over_bdir-1289700-lr2Ics/Dpkg-1.21.14-0/blib/arch:/tmp/loop_over_bdir-1289700-lr2Ics/Dpkg-1.21.14-0/blib/lib:/tmp/loop_over_bdir-1289700-lr2Ics/RackMan-1.19-0/blib/arch:/tmp/loop_over_bdir-1289700-lr2Ics/RackMan-1.19-0/blib/lib"
    PERL5OPT=""
    PERL5_CPANPLUS_IS_RUNNING="1289779"
    PERL5_CPAN_IS_RUNNING="1289779"
    PERL_CANARY_STABILITY_NOPROMPT="1"
    PERL_MM_USE_DEFAULT="1"
    PERL_USE_UNSAFE_INC="1"
  @INC:
    /tmp/loop_over_bdir-1289700-lr2Ics/Net-ISP-Balance-1.31-0/blib/arch
    /tmp/loop_over_bdir-1289700-lr2Ics/Net-ISP-Balance-1.31-0/blib/lib
    /tmp/loop_over_bdir-1289700-lr2Ics/DBIx-Migration-Directories-0.12-0/blib/arch
    /tmp/loop_over_bdir-1289700-lr2Ics/DBIx-Migration-Directories-0.12-0/blib/lib
    /tmp/loop_over_bdir-1289700-lr2Ics/Dpkg-1.21.14-0/blib/arch
    /tmp/loop_over_bdir-1289700-lr2Ics/Dpkg-1.21.14-0/blib/lib
    /tmp/loop_over_bdir-1289700-lr2Ics/RackMan-1.19-0/blib/arch
    /tmp/loop_over_bdir-1289700-lr2Ics/RackMan-1.19-0/blib/lib
    /home/sand/src/perl/repoperls/installed-perls/host/k93jammy/v5.37.7/b4f3/lib/site_perl/5.37.7/x86_64-linux-thread-multi
    /home/sand/src/perl/repoperls/installed-perls/host/k93jammy/v5.37.7/b4f3/lib/site_perl/5.37.7
    /home/sand/src/perl/repoperls/installed-perls/host/k93jammy/v5.37.7/b4f3/lib/5.37.7/x86_64-linux-thread-multi
    /home/sand/src/perl/repoperls/installed-perls/host/k93jammy/v5.37.7/b4f3/lib/5.37.7
    .