Back
From: metabase:user:30f4dfbe-2aae-11df-837a-5e0a49663a4f
Subject: FAIL CouchDB-View-0.003 v5.13.11 GNU/Linux
Date: 2012-07-26T03:11:53Z
This distribution has been tested as part of the CPAN Testers
project, supporting the Perl programming language. See
http://wiki.cpantesters.org/ for more information or email
questions to cpan-testers-discuss@perl.org
--
Dear Hans Dieter Pearcey,
This is a computer-generated report for CouchDB-View-0.003
on perl 5.13.11, created by CPAN-Reporter-1.2006.
Thank you for uploading your work to CPAN. However, there was a problem
testing your distribution.
If you think this report is invalid, please consult the CPAN Testers Wiki
for suggestions on how to avoid getting FAIL reports for missing library
or binary dependencies, unsupported operating systems, and so on:
http://wiki.cpantesters.org/wiki/CPANAuthorNotes
Sections of this report:
* Tester comments
* Program output
* Prerequisites
* Environment and other context
------------------------------
TESTER COMMENTS
------------------------------
Additional comments from tester:
this report is from an automated smoke testing program
and was not reviewed by a human for accuracy
------------------------------
PROGRAM OUTPUT
------------------------------
Output from '/usr/bin/make test':
/home/njh/perl5/perlbrew/perls/perl-5.13.11/bin/perl5.13.11 "-Iinc" "-MModule::Install::ExtraTests" "-e" "Module::Install::ExtraTests::__harness('Test::Harness', 0, '', 'xt/release', '', 0, 'blib/lib', 'blib/arch')" t/*.t
# Testing CouchDB::View 0.003, Perl 5.013011, /home/njh/perl5/perlbrew/perls/perl-5.13.11/bin/perl5.13.11
t/00-load.t .. ok
# Failed test 'as_hash, with serialized code'
# at t/doc.t line 17.
# Structures begin differing at:
# $got->{views}{test} = 'do { my $CODE1; $CODE1 = sub {
# use warnings;
# use strict 'refs';
# dmap(undef, shift());
# }; $CODE1 }
# '
# $expected->{views}{test} = 'do { my $CODE1; $CODE1 = sub {
# use warnings;
# use strict 'refs';
# dmap(undef, shift @_);
# }; $CODE1 }
# '
# Looks like you failed 1 test of 3.
t/doc.t ......
Dubious, test returned 1 (wstat 256, 0x100)
Failed 1/3 subtests
t/server.t ... ok
Test Summary Report
-------------------
t/doc.t (Wstat: 256 Tests: 3 Failed: 1)
Failed test: 1
Non-zero exit status: 1
Files=3, Tests=7, 0 wallclock secs ( 0.02 usr 0.00 sys + 0.08 cusr 0.01 csys = 0.11 CPU)
Result: FAIL
Failed 1/3 test programs. 1/7 subtests failed.
make: *** [test_dynamic] Error 255
------------------------------
PREREQUISITES
------------------------------
Prerequisite modules loaded:
requires:
Module Need Have
-------------------- ---- -----
Data::Dump::Streamer 0 2.34
ExtUtils::MakeMaker 6.62 6.62
JSON::XS 0 2.32
PadWalker 0 1.94
Test::Deep 0 0.110
Test::More 0 0.98
URI::Escape 0 3.31
build_requires:
Module Need Have
-------------------- ---- -----
ExtUtils::MakeMaker 0 6.62
------------------------------
ENVIRONMENT AND OTHER CONTEXT
------------------------------
Environment variables:
AUTOMATED_TESTING = 1
LANG = en_GB.UTF-8
LANGUAGE = en_GB:en
PATH = /home/njh/perl5/perlbrew/bin:/home/njh/perl5/perlbrew/perls/perl-5.13.11/bin:/usr/bin:/bin
PERL5LIB = /home/njh/.cpan/build/Scope-Guard-0.20-96CECT/blib/arch:/home/njh/.cpan/build/Scope-Guard-0.20-96CECT/blib/lib:/home/njh/.cpan/build/Data-Dump-Streamer-2.34-C7iT4H/blib/arch:/home/njh/.cpan/build/Data-Dump-Streamer-2.34-C7iT4H/blib/lib:/home/njh/.cpan/build/B-Utils-0.21-E087_U/blib/arch:/home/njh/.cpan/build/B-Utils-0.21-E087_U/blib/lib:/home/njh/.cpan/build/ExtUtils-Depends-0.304-XVrtox/blib/arch:/home/njh/.cpan/build/ExtUtils-Depends-0.304-XVrtox/blib/lib
PERL5OPT =
PERL5_CPANPLUS_IS_RUNNING = 12371
PERL5_CPAN_IS_RUNNING = 12371
PERL5_MINISMOKEBOX = 0.54
PERLBREW_MANPATH = /home/njh/perl5/perlbrew/perls/perl-5.13.11/man
PERLBREW_PATH = /home/njh/perl5/perlbrew/bin:/home/njh/perl5/perlbrew/perls/perl-5.13.11/bin
PERLBREW_PERL = perl-5.13.11
PERLBREW_ROOT = /home/njh/perl5/perlbrew
PERLBREW_VERSION = 0.45
PERL_EXTUTILS_AUTOINSTALL = --defaultdeps
PERL_MM_USE_DEFAULT = 1
SHELL = /bin/sh
Perl special variables (and OS-specific diagnostics, for MSWin32):
$^X = /home/njh/perl5/perlbrew/perls/perl-5.13.11/bin/perl5.13.11
$UID/$EUID = 1000 / 1000
$GID = 1000 24 25 29 30 44 46 108 112 1000
$EGID = 1000 24 25 29 30 44 46 108 112 1000
Perl module toolchain versions installed:
Module Have
------------------- --------
CPAN 1.9800
CPAN::Meta 2.120921
Cwd 3.36
ExtUtils::CBuilder 0.280205
ExtUtils::Command 1.17
ExtUtils::Install 1.56
ExtUtils::MakeMaker 6.62
ExtUtils::Manifest 1.60
ExtUtils::ParseXS 3.15
File::Spec 3.33
JSON 2.53
JSON::PP 2.27200
Module::Build 0.4001
Module::Signature 0.68
Parse::CPAN::Meta 1.4404
Test::Harness 3.25
Test::More 0.98
YAML 0.84
YAML::Syck 1.20
version 0.99
--
Summary of my perl5 (revision 5 version 13 subversion 11) configuration:
Platform:
osname=linux, osvers=3.2.0-2-amd64, archname=x86_64-linux
uname='linux gateway 3.2.0-2-amd64 #1 smp sun apr 15 16:47:38 utc 2012 x86_64 gnulinux '
config_args='-de -Dprefix=/home/njh/perl5/perlbrew/perls/perl-5.13.11 -Dusedevel -Accflags=-O2 -W -Wformat=2 -Wswitch -Wshadow -Wwrite-strings -Wuninitialized -Wall -pipe -mtune=native -march=native -fomit-frame-pointer -mfpmath=sse -pedantic -D_FORTIFY_SOURCE=2 -Wpointer-arith -Wstrict-prototypes -fstack-protector -Wstack-protector -Wextra -Wbad-function-cast -Wcast-align -Wcast-qual -Wdisabled-optimization -Wendif-labels -Wfloat-equal -Wformat-nonliteral -Winline -Wmissing-declarations -Wmissing-prototypes -Wnested-externs -Wpointer-arith -Wundef -Wformat-security'
hint=recommended, useposix=true, d_sigaction=define
useithreads=undef, usemultiplicity=undef
useperlio=define, d_sfio=undef, uselargefiles=define, usesocks=undef
use64bitint=define, use64bitall=define, uselongdouble=undef
usemymalloc=n, bincompat5005=undef
Compiler:
cc='cc', ccflags ='-O2 -W -Wformat=2 -Wswitch -Wshadow -Wwrite-strings -Wuninitialized -Wall -pipe -mtune=native -march=native -fomit-frame-pointer -mfpmath=sse -pedantic -D_FORTIFY_SOURCE=2 -Wpointer-arith -Wstrict-prototypes -fstack-protector -Wstack-protector -Wextra -Wbad-function-cast -Wcast-align -Wcast-qual -Wdisabled-optimization -Wendif-labels -Wfloat-equal -Wformat-nonliteral -Winline -Wmissing-declarations -Wmissing-prototypes -Wnested-externs -Wpointer-arith -Wundef -Wformat-security -fno-strict-aliasing -I/usr/local/include -D_LARGEFILE_SOURCE -D_FILE_OFFSET_BITS=64',
optimize='-O2',
cppflags='-O2 -W -Wformat=2 -Wswitch -Wshadow -Wwrite-strings -Wuninitialized -Wall -pipe -mtune=native -march=native -fomit-frame-pointer -mfpmath=sse -pedantic -D_FORTIFY_SOURCE=2 -Wpointer-arith -Wstrict-prototypes -fstack-protector -Wstack-protector -Wextra -Wbad-function-cast -Wcast-align -Wcast-qual -Wdisabled-optimization -Wendif-labels -Wfloat-equal -Wformat-nonliteral -Winline -Wmissing-declarations -Wmissing-prototypes -Wnested-externs -Wpointer-arith -Wundef -Wformat-security -fno-strict-aliasing -I/usr/local/include'
ccversion='', gccversion='4.6.3', gccosandvers=''
intsize=4, longsize=8, ptrsize=8, doublesize=8, byteorder=12345678
d_longlong=define, longlongsize=8, d_longdbl=define, longdblsize=16
ivtype='long', ivsize=8, nvtype='double', nvsize=8, Off_t='off_t', lseeksize=8
alignbytes=8, prototype=define
Linker and Libraries:
ld='cc', ldflags =' -fstack-protector -L/usr/local/lib'
libpth=/usr/local/lib /lib/x86_64-linux-gnu /lib/../lib /usr/lib/x86_64-linux-gnu /usr/lib/../lib /lib /usr/lib
libs=-lnsl -lgdbm -ldb -ldl -lm -lcrypt -lutil -lc -lgdbm_compat
perllibs=-lnsl -ldl -lm -lcrypt -lutil -lc
libc=, so=so, useshrplib=false, libperl=libperl.a
gnulibc_version='2.13'
Dynamic Linking:
dlsrc=dl_dlopen.xs, dlext=so, d_dlsymun=undef, ccdlflags='-Wl,-E'
cccdlflags='-fPIC', lddlflags='-shared -O2 -L/usr/local/lib -fstack-protector'
Characteristics of this binary (from libperl):
Compile-time options: PERL_DONT_CREATE_GVSV PERL_MALLOC_WRAP
PERL_PRESERVE_IVUV PERL_USE_DEVEL USE_64_BIT_ALL
USE_64_BIT_INT USE_LARGE_FILES USE_PERLIO
USE_PERL_ATOF
Built under linux
Compiled at Apr 21 2012 18:06:55
%ENV:
PERL5LIB="/home/njh/.cpan/build/Scope-Guard-0.20-96CECT/blib/arch:/home/njh/.cpan/build/Scope-Guard-0.20-96CECT/blib/lib:/home/njh/.cpan/build/Data-Dump-Streamer-2.34-C7iT4H/blib/arch:/home/njh/.cpan/build/Data-Dump-Streamer-2.34-C7iT4H/blib/lib:/home/njh/.cpan/build/B-Utils-0.21-E087_U/blib/arch:/home/njh/.cpan/build/B-Utils-0.21-E087_U/blib/lib:/home/njh/.cpan/build/ExtUtils-Depends-0.304-XVrtox/blib/arch:/home/njh/.cpan/build/ExtUtils-Depends-0.304-XVrtox/blib/lib"
PERL5OPT=""
PERL5_CPANPLUS_IS_RUNNING="12371"
PERL5_CPAN_IS_RUNNING="12371"
PERL5_MINISMOKEBOX="0.54"
PERLBREW_MANPATH="/home/njh/perl5/perlbrew/perls/perl-5.13.11/man"
PERLBREW_PATH="/home/njh/perl5/perlbrew/bin:/home/njh/perl5/perlbrew/perls/perl-5.13.11/bin"
PERLBREW_PERL="perl-5.13.11"
PERLBREW_ROOT="/home/njh/perl5/perlbrew"
PERLBREW_VERSION="0.45"
PERL_EXTUTILS_AUTOINSTALL="--defaultdeps"
PERL_MM_USE_DEFAULT="1"
@INC:
/home/njh/.cpan/build/Scope-Guard-0.20-96CECT/blib/arch
/home/njh/.cpan/build/Scope-Guard-0.20-96CECT/blib/lib
/home/njh/.cpan/build/Data-Dump-Streamer-2.34-C7iT4H/blib/arch
/home/njh/.cpan/build/Data-Dump-Streamer-2.34-C7iT4H/blib/lib
/home/njh/.cpan/build/B-Utils-0.21-E087_U/blib/arch
/home/njh/.cpan/build/B-Utils-0.21-E087_U/blib/lib
/home/njh/.cpan/build/ExtUtils-Depends-0.304-XVrtox/blib/arch
/home/njh/.cpan/build/ExtUtils-Depends-0.304-XVrtox/blib/lib
/home/njh/perl5/perlbrew/perls/perl-5.13.11/lib/site_perl/5.13.11/x86_64-linux
/home/njh/perl5/perlbrew/perls/perl-5.13.11/lib/site_perl/5.13.11
/home/njh/perl5/perlbrew/perls/perl-5.13.11/lib/5.13.11/x86_64-linux
/home/njh/perl5/perlbrew/perls/perl-5.13.11/lib/5.13.11
.