Parallel-SubFork v0.10 Perl 5 v5.12.0 i386-freebsd-thread-multi-64int
- Status
- Fail
- From
- Chris Williams (BINGOS)
- Dist
-
Parallel-SubFork v0.10
- Platform
- Perl 5 v5.12.0 i386-freebsd-thread-multi-64int
- Date
- 2010-04-23 19:37:27
- ID
- a6327d1a-4f0f-11df-862b-995f90befd91
This distribution has been tested as part of the CPAN Testers
project, supporting the Perl programming language. See
http://wiki.cpantesters.org/ for more information or email
questions to cpan-testers-discuss@perl.org
--
Dear POTYL,
This is a computer-generated error report created automatically by
CPANPLUS, version 0.9003. Testers personal comments may appear
at the end of this report.
Thank you for uploading your work to CPAN. However, it appears that
there were some problems testing your distribution.
TEST RESULTS:
Below is the error stack from stage 'make test':
[MSG] [Fri Apr 23 20:37:26 2010] cp lib/Parallel/SubFork.pm blib/lib/Parallel/SubFork.pm
cp lib/Parallel/SubFork/Task.pm blib/lib/Parallel/SubFork/Task.pm
Manifying blib/man3/Parallel::SubFork::Task.3
Manifying blib/man3/Parallel::SubFork.3
[ERROR] [Fri Apr 23 20:37:27 2010] MAKE TEST failed: No such file or directory PERL_DL_NONLAZY=1 /usr/home/cpan/pit/rel/perl-5.12.0/bin/perl "-MExtUtils::Command::MM" "-e" "test_harness(0, 'blib/lib', 'blib/arch')" t/*.t
t/01-exit.t .......... ok
# Looks like your test exited with 1 just after 21.
t/01-manager.t .......
Dubious, test returned 1 (wstat 256, 0x100)
All 21 subtests passed
(less 20 skipped subtests: 1 okay)
# Looks like you planned 24 tests but ran 12.
# Looks like your test exited with 1 just after 12.
t/01-sub-fork.t ......
Dubious, test returned 1 (wstat 256, 0x100)
Failed 12/24 subtests
(less 12 skipped subtests: 0 okay)
# Looks like your test exited with 1 just after 32.
t/01-task.t ..........
Dubious, test returned 1 (wstat 256, 0x100)
All 32 subtests passed
(less 24 skipped subtests: 8 okay)
t/01-wrong-usage.t ... ok
# Looks like your test exited with 1 just after 29.
t/02-task-timeout.t ..
Dubious, test returned 1 (wstat 256, 0x100)
All 29 subtests passed
(less 28 skipped subtests: 1 okay)
Test Summary Report
-------------------
t/01-manager.t (Wstat: 256 Tests: 21 Failed: 0)
Non-zero exit status: 1
t/01-sub-fork.t (Wstat: 256 Tests: 12 Failed: 0)
Non-zero exit status: 1
Parse errors: Bad plan. You planned 24 tests but ran 12.
t/01-task.t (Wstat: 256 Tests: 32 Failed: 0)
Non-zero exit status: 1
t/02-task-timeout.t (Wstat: 256 Tests: 29 Failed: 0)
Non-zero exit status: 1
Files=6, Tests=181, 1 wallclock secs ( 0.12 usr 0.08 sys + 0.64 cusr 0.38 csys = 1.23 CPU)
Result: FAIL
Failed 4/6 test programs. 0/181 subtests failed.
*** Error code 1
Stop in /usr/home/cpan/pit/rel/conf/perl-5.12.0/.cpanplus/5.12.0/build/Parallel-SubFork-0.10.
[MSG] [Fri Apr 23 20:37:27 2010] DEFAULT 'proceed_on_test_failure' HANDLER RETURNING 'sub return value'
PREREQUISITES:
Here is a list of prerequisites you specified and versions we
managed to load:
Module Name Have Want
Carp 1.15 0
Class::Accessor::Fast 0.34 0
FindBin 1.50 0
IPC::Semaphore 2.01 0
IPC::SysV 2.01 0
POSIX 1.19 0
Test::More 0.94 0
Test::Pod 1.43 0
Perl module toolchain versions installed:
Module Name Have
CPANPLUS 0.9003
CPANPLUS::Dist::Build 0.46
Cwd 3.31
ExtUtils::CBuilder 0.2703
ExtUtils::Command 1.16
ExtUtils::Install 1.55
ExtUtils::MakeMaker 6.56
ExtUtils::Manifest 1.58
ExtUtils::ParseXS 2.2205
File::Spec 3.31
Module::Build 0.3607
Test::Harness 3.21
Test::More 0.94
version 0.82
******************************** NOTE ********************************
The comments above are created mechanically, possibly without manual
checking by the sender. As there are many people performing automatic
tests on each upload to CPAN, it is likely that you will receive
identical messages about the same problem.
If you believe that the message is mistaken, please reply to the first
one with correction and/or additional informations, and do not take
it personally. We appreciate your patience. :)
**********************************************************************
Additional comments:
This report was machine-generated by CPANPLUS::Dist::YACSmoke 0.54.
Powered by minismokebox version 0.26
------------------------------
ENVIRONMENT AND OTHER CONTEXT
------------------------------
Environment variables:
AUTOMATED_TESTING = 1
PATH = /sbin:/bin:/usr/sbin:/usr/bin:/usr/games:/usr/local/sbin:/usr/local/bin:/home/cpan/bin
PERL5LIB = :/usr/home/cpan/pit/rel/conf/perl-5.12.0/.cpanplus/5.12.0/build/Class-Accessor-0.34/blib/lib:/usr/home/cpan/pit/rel/conf/perl-5.12.0/.cpanplus/5.12.0/build/Class-Accessor-0.34/blib/arch:/usr/home/cpan/pit/rel/conf/perl-5.12.0/.cpanplus/5.12.0/build/Test-Pod-1.43/blib/lib:/usr/home/cpan/pit/rel/conf/perl-5.12.0/.cpanplus/5.12.0/build/Test-Pod-1.43/blib/arch:/usr/home/cpan/pit/rel/conf/perl-5.12.0/.cpanplus/5.12.0/build/Parallel-SubFork-0.10/blib/lib:/usr/home/cpan/pit/rel/conf/perl-5.12.0/.cpanplus/5.12.0/build/Parallel-SubFork-0.10/blib/arch
PERL5_CPANPLUS_IS_RUNNING = 19991
PERL5_CPANPLUS_IS_VERSION = 0.9003
PERL5_MINISMOKEBOX = 0.26
PERL5_YACSMOKE_BASE = /usr/home/cpan/pit/rel/conf/perl-5.12.0/
PERL_EXTUTILS_AUTOINSTALL = --defaultdeps
PERL_MM_USE_DEFAULT = 1
SHELL = /usr/local/bin/bash
TERM = screen
Perl special variables (and OS-specific diagnostics, for MSWin32):
Perl: $^X = /usr/home/cpan/pit/rel/perl-5.12.0/bin/perl
UID: $< = 1003
EUID: $> = 1003
GID: $( = 1003 1003 1003
EGID: $) = 1003 1003 1003
-------------------------------
--
Summary of my perl5 (revision 5 version 12 subversion 0) configuration:
Platform:
osname=freebsd, osvers=7.2-release, archname=i386-freebsd-thread-multi-64int
uname='freebsd wintermute.staffordshire.gov.uk 7.2-release freebsd 7.2-release #0: fri may 1 08:49:13 utc 2009 root@walker.cse.buffalo.edu:usrobjusrsrcsysgeneric i386 '
config_args='-de -Dprefix=/usr/home/cpan/pit/rel/perl-5.12.0 -Dusethreads -Duse64bitint'
hint=recommended, useposix=true, d_sigaction=define
useithreads=define, usemultiplicity=define
useperlio=define, d_sfio=undef, uselargefiles=define, usesocks=undef
use64bitint=define, use64bitall=undef, uselongdouble=undef
usemymalloc=n, bincompat5005=undef
Compiler:
cc='cc', ccflags ='-DHAS_FPSETMASK -DHAS_FLOATINGPOINT_H -fno-strict-aliasing -pipe -fstack-protector -I/usr/local/include',
optimize='-O',
cppflags='-DHAS_FPSETMASK -DHAS_FLOATINGPOINT_H -fno-strict-aliasing -pipe -fstack-protector -I/usr/local/include'
ccversion='', gccversion='4.2.1 20070719 [FreeBSD]', gccosandvers=''
intsize=4, longsize=4, ptrsize=4, doublesize=8, byteorder=12345678
d_longlong=define, longlongsize=8, d_longdbl=define, longdblsize=12
ivtype='long long', ivsize=8, nvtype='double', nvsize=8, Off_t='off_t', lseeksize=8
alignbytes=4, prototype=define
Linker and Libraries:
ld='cc', ldflags ='-pthread -Wl,-E -fstack-protector -L/usr/local/lib'
libpth=/usr/lib /usr/local/lib
libs=-lgdbm -lm -lcrypt
perllibs=-lm -lcrypt
libc=, so=so, useshrplib=false, libperl=libperl.a
gnulibc_version=''
Dynamic Linking:
dlsrc=dl_dlopen.xs, dlext=so, d_dlsymun=undef, ccdlflags=' '
cccdlflags='-DPIC -fPIC', lddlflags='-shared -L/usr/local/lib -fstack-protector'
Characteristics of this binary (from libperl):
Compile-time options: MULTIPLICITY PERL_DONT_CREATE_GVSV
PERL_IMPLICIT_CONTEXT PERL_MALLOC_WRAP USE_64_BIT_INT
USE_ITHREADS USE_LARGE_FILES USE_PERLIO USE_PERL_ATOF
USE_REENTRANT_API
Built under freebsd
Compiled at Apr 18 2010 11:43:19
%ENV:
PERL5LIB=":/usr/home/cpan/pit/rel/conf/perl-5.12.0/.cpanplus/5.12.0/build/Class-Accessor-0.34/blib/lib:/usr/home/cpan/pit/rel/conf/perl-5.12.0/.cpanplus/5.12.0/build/Class-Accessor-0.34/blib/arch:/usr/home/cpan/pit/rel/conf/perl-5.12.0/.cpanplus/5.12.0/build/Test-Pod-1.43/blib/lib:/usr/home/cpan/pit/rel/conf/perl-5.12.0/.cpanplus/5.12.0/build/Test-Pod-1.43/blib/arch:/usr/home/cpan/pit/rel/conf/perl-5.12.0/.cpanplus/5.12.0/build/Parallel-SubFork-0.10/blib/lib:/usr/home/cpan/pit/rel/conf/perl-5.12.0/.cpanplus/5.12.0/build/Parallel-SubFork-0.10/blib/arch"
PERL5_CPANPLUS_IS_RUNNING="19991"
PERL5_CPANPLUS_IS_VERSION="0.9003"
PERL5_MINISMOKEBOX="0.26"
PERL5_YACSMOKE_BASE="/usr/home/cpan/pit/rel/conf/perl-5.12.0/"
PERL_EXTUTILS_AUTOINSTALL="--defaultdeps"
PERL_MM_USE_DEFAULT="1"
@INC:
/usr/home/cpan/pit/rel/conf/perl-5.12.0/.cpanplus/5.12.0/build/Class-Accessor-0.34/blib/lib
/usr/home/cpan/pit/rel/conf/perl-5.12.0/.cpanplus/5.12.0/build/Class-Accessor-0.34/blib/arch
/usr/home/cpan/pit/rel/conf/perl-5.12.0/.cpanplus/5.12.0/build/Test-Pod-1.43/blib/lib
/usr/home/cpan/pit/rel/conf/perl-5.12.0/.cpanplus/5.12.0/build/Test-Pod-1.43/blib/arch
/usr/home/cpan/pit/rel/conf/perl-5.12.0/.cpanplus/5.12.0/build/Parallel-SubFork-0.10/blib/lib
/usr/home/cpan/pit/rel/conf/perl-5.12.0/.cpanplus/5.12.0/build/Parallel-SubFork-0.10/blib/arch
/usr/home/cpan/pit/rel/perl-5.12.0/lib/site_perl/5.12.0/i386-freebsd-thread-multi-64int
/usr/home/cpan/pit/rel/perl-5.12.0/lib/site_perl/5.12.0
/usr/home/cpan/pit/rel/perl-5.12.0/lib/5.12.0/i386-freebsd-thread-multi-64int
/usr/home/cpan/pit/rel/perl-5.12.0/lib/5.12.0
.