Lexical-Types v0.16 Perl 5 v5.8.8 i686-linux-thread-multi

Status
Fail
From
Nigel Horne
Dist
Lexical-Types v0.16
Platform
Perl 5 v5.8.8 i686-linux-thread-multi
Date
2018-08-20 18:41:28
ID
a605e85c-a4a8-11e8-8fb1-ef5133556b3f
This distribution has been tested as part of the CPAN Testers
project, supporting the Perl programming language.  See
http://wiki.cpantesters.org/ for more information or email
questions to cpan-testers-discuss@perl.org


--
Dear Vincent Pit,

This is a computer-generated report for Lexical-Types-0.16
on perl 5.8.8, created by CPAN-Reporter-1.2018.

Thank you for uploading your work to CPAN.  However, there was a problem
testing your distribution.

If you think this report is invalid, please consult the CPAN Testers Wiki
for suggestions on how to avoid getting FAIL reports for missing library
or binary dependencies, unsupported operating systems, and so on:

http://wiki.cpantesters.org/wiki/CPANAuthorNotes

Sections of this report:

    * Tester comments
    * Program output
    * Prerequisites
    * Environment and other context

------------------------------
TESTER COMMENTS
------------------------------

Additional comments from tester:

this report is from an automated smoke testing program
and was not reviewed by a human for accuracy

------------------------------
PROGRAM OUTPUT
------------------------------

Output from '/usr/bin/make test':

"/home/njh/perl5/perlbrew/perls/perl-5.8.8/bin/perl" -MExtUtils::Command::MM -e 'cp_nonempty' -- Types.bs blib/arch/auto/Lexical/Types/Types.bs 644
PERL_DL_NONLAZY=1 "/home/njh/perl5/perlbrew/perls/perl-5.8.8/bin/perl" "-MExtUtils::Command::MM" "-MTest::Harness" "-e" "undef *Test::Harness::Switches; test_harness(0, 'blib/lib', 'blib/arch')" t/*.t
# Testing Lexical::Types 0.16, Perl 5.008008, /home/njh/perl5/perlbrew/perls/perl-5.8.8/bin/perl
t/00-load.t ............... ok
t/09-load-threads.t ....... skipped: perl 5.13.4 required to test thread safety
# This will throw two warnings
# This will throw two more warnings
t/10-args.t ............... ok
t/11-integrate.t .......... ok
# This will throw two warnings
# This will throw two warnings

#   Failed test '$_[1] in initializer is read only'
#   at t/12-ro.t line 48.
#                   'Can't use global @_ in "my" at (eval 7) line 2, near "{ $_"
# BEGIN not safe after errors--compilation aborted at (eval 7) line 2.
# '
#     doesn't match '(?-xism:^Modification of a read-only value attempted at \(eval \d+\) line 2)'

#   Failed test '$_[0] in initializer is read only'
#   at t/12-ro.t line 57.
#                   ''
#     doesn't match '(?-xism:^Modification of a read-only value attempted at t\/12\-ro\.t line 11)'
# Looks like you failed 2 tests of 4.
t/12-ro.t ................. 
Dubious, test returned 2 (wstat 512, 0x200)
Failed 2/4 subtests 
t/20-scalar-base.t ........ ok
t/21-scalar-padsv.t ....... ok
t/22-scalar-constants.t ... ok
t/23-scalar-object.t ...... ok
t/24-scalar-tie.t ......... ok
t/25-scalar-magic.t ....... skipped: Could not load Variable::Magic
t/26-scalar-magic-uvar.t .. skipped: Could not load Variable::Magic 0.35
t/70-scope.t .............. ok
t/71-peep.t ............... ok
t/72-hints.t .............. ok
t/29-scalar-stress.t ...... ok
t/80-threads.t ............ skipped: perl 5.13.4 required to test thread safety
t/81-threads-teardown.t ... skipped: perl 5.13.4 required to test thread safety

Test Summary Report
-------------------
t/12-ro.t               (Wstat: 512 Tests: 4 Failed: 2)
  Failed tests:  2-3
  Non-zero exit status: 2
Files=18, Tests=1179,  1 wallclock secs ( 0.16 usr  0.06 sys +  1.38 cusr  0.13 csys =  1.73 CPU)
Result: FAIL
Failed 1/18 test programs. 2/1179 subtests failed.
make: *** [Makefile:1038: test_dynamic] Error 255

------------------------------
PREREQUISITES
------------------------------

Prerequisite modules loaded:

requires:

    Module              Need     Have    
    ------------------- -------- --------
    Carp                0        1.38    
    perl                5.008004 5.008008
    XSLoader            0        0.06    

build_requires:

    Module              Need     Have    
    ------------------- -------- --------
    Carp                0        1.38    
    Config              0        0       
    constant            0        1.05    
    ExtUtils::MakeMaker 0        7.18    
    File::Spec          0        3.74    
    lib                 0        0.5565  
    Test::More          0        1.302136
    XSLoader            0        0.06    

configure_requires:

    Module              Need     Have    
    ------------------- -------- --------
    Config              0        0       
    ExtUtils::MakeMaker 0        7.18    


------------------------------
ENVIRONMENT AND OTHER CONTEXT
------------------------------

Environment variables:

    AUTOMATED_TESTING = 1
    HARNESS_OPTIONS = j2
    LANG = en_US.UTF-8
    PATH = /home/njh/perl5/perlbrew/bin:/home/njh/perl5/perlbrew/perls/perl-5.8.8/bin:/usr/bin:/bin:/home/njh/src/njh/smoker/bin
    PERL5LIB = /home/njh/.cpan/build/Import-Into-1.002005-2/blib/arch:/home/njh/.cpan/build/Import-Into-1.002005-2/blib/lib:/home/njh/.cpan/build/Module-Runtime-0.016-2/blib/arch:/home/njh/.cpan/build/Module-Runtime-0.016-2/blib/lib
    PERL5OPT = 
    PERL5_CPANPLUS_IS_RUNNING = 11379
    PERL5_CPAN_IS_RUNNING = 11379
    PERLBREW_BASHRC_VERSION = 0.73
    PERLBREW_HOME = /home/njh/.perlbrew
    PERLBREW_MANPATH = /home/njh/perl5/perlbrew/perls/perl-5.8.8/man
    PERLBREW_PATH = /home/njh/perl5/perlbrew/bin:/home/njh/perl5/perlbrew/perls/perl-5.8.8/bin
    PERLBREW_PERL = perl-5.8.8
    PERLBREW_ROOT = /home/njh/perl5/perlbrew
    PERLBREW_VERSION = 0.73
    SHELL = /bin/sh
    TEMP = /tmp/user/1000
    TMPDIR = /tmp/user/1000/testwrapper.11365

Perl special variables (and OS-specific diagnostics, for MSWin32):

    $^X = /home/njh/perl5/perlbrew/perls/perl-5.8.8/bin/perl
    $UID/$EUID = 1000 / 1000
    $GID = 1000 1000 108 46 44 30 29 25 24 4
    $EGID = 1000 1000 108 46 44 30 29 25 24 4

Perl module toolchain versions installed:

    Module              Have    
    ------------------- --------
    CPAN                2.16    
    CPAN::Meta          2.150005
    Cwd                 3.74    
    ExtUtils::CBuilder  0.280224
    ExtUtils::Command   7.18    
    ExtUtils::Install   1.54    
    ExtUtils::MakeMaker 7.18    
    ExtUtils::Manifest  1.70    
    ExtUtils::ParseXS   3.30    
    File::Spec          3.74    
    JSON                2.97001 
    JSON::PP            2.97001 
    Module::Build       0.4216  
    Module::Signature   n/a     
    Parse::CPAN::Meta   1.4417  
    Test::Harness       3.35    
    Test::More          1.302136
    YAML                1.26    
    YAML::Syck          1.30    
    version             0.9912  


--

Summary of my perl5 (revision 5 version 8 subversion 8) configuration:
  Platform:
    osname=linux, osvers=4.2.0-1-686-pae, archname=i686-linux-thread-multi
    uname='linux zack 4.2.0-1-686-pae #1 smp debian 4.2.6-1 (2015-11-10) i686 gnulinux '
    config_args='-de -Dprefix=/home/njh/perl5/perlbrew/perls/perl-5.8.8 -Duseithreads -Dusemultiplicity -Dusedevel -Accflags= -Aeval:scriptdir=/home/njh/perl5/perlbrew/perls/perl-5.8.8/bin'
    hint=recommended, useposix=true, d_sigaction=define
    usethreads=define use5005threads=undef useithreads=define usemultiplicity=define
    useperlio=define d_sfio=undef uselargefiles=define usesocks=undef
    use64bitint=undef use64bitall=undef uselongdouble=undef
    usemymalloc=n, bincompat5005=undef
  Compiler:
    cc='cc', ccflags ='-D_REENTRANT -D_GNU_SOURCE -fno-strict-aliasing -pipe -Wdeclaration-after-statement -I/usr/local/include -D_LARGEFILE_SOURCE -D_FILE_OFFSET_BITS=64',
    optimize='-O2',
    cppflags='-D_REENTRANT -D_GNU_SOURCE -fno-strict-aliasing -pipe -Wdeclaration-after-statement -I/usr/local/include'
    ccversion='', gccversion='5.2.1 20151121', gccosandvers=''
    intsize=4, longsize=4, ptrsize=4, doublesize=8, byteorder=1234
    d_longlong=define, longlongsize=8, d_longdbl=define, longdblsize=12
    ivtype='long', ivsize=4, nvtype='double', nvsize=8, Off_t='off_t', lseeksize=8
    alignbytes=4, prototype=define
  Linker and Libraries:
    ld='cc', ldflags =' -L/usr/local/lib'
    libpth=/usr/local/lib /lib/i386-linux-gnu /lib/../lib /usr/lib/i386-linux-gnu /usr/lib/../lib /lib /usr/lib
    libs=-lnsl -lgdbm -ldb -ldl -lm -lcrypt -lutil -lpthread -lc -lgdbm_compat
    perllibs=-lnsl -ldl -lm -lcrypt -lutil -lpthread -lc -lgdbm_compat
    libc=libc-2.19.so, so=so, useshrplib=false, libperl=libperl.a
    gnulibc_version='2.19'
  Dynamic Linking:
    dlsrc=dl_dlopen.xs, dlext=so, d_dlsymun=undef, ccdlflags='-Wl,-E'
    cccdlflags='-fpic', lddlflags='-shared -L/usr/local/lib'


Characteristics of this binary (from libperl): 
  Compile-time options: MULTIPLICITY PERL_IMPLICIT_CONTEXT
                        PERL_MALLOC_WRAP USE_ITHREADS USE_LARGE_FILES
                        USE_PERLIO USE_REENTRANT_API
  Locally applied patches:
	Devel::PatchPerl 1.38
  Built under linux
  Compiled at Nov 24 2015 05:03:18
  %ENV:
    PERL5LIB="/home/njh/.cpan/build/Import-Into-1.002005-2/blib/arch:/home/njh/.cpan/build/Import-Into-1.002005-2/blib/lib:/home/njh/.cpan/build/Module-Runtime-0.016-2/blib/arch:/home/njh/.cpan/build/Module-Runtime-0.016-2/blib/lib"
    PERL5OPT=""
    PERL5_CPANPLUS_IS_RUNNING="11379"
    PERL5_CPAN_IS_RUNNING="11379"
    PERLBREW_BASHRC_VERSION="0.73"
    PERLBREW_HOME="/home/njh/.perlbrew"
    PERLBREW_MANPATH="/home/njh/perl5/perlbrew/perls/perl-5.8.8/man"
    PERLBREW_PATH="/home/njh/perl5/perlbrew/bin:/home/njh/perl5/perlbrew/perls/perl-5.8.8/bin"
    PERLBREW_PERL="perl-5.8.8"
    PERLBREW_ROOT="/home/njh/perl5/perlbrew"
    PERLBREW_VERSION="0.73"
  @INC:
    /home/njh/.cpan/build/Import-Into-1.002005-2/blib/arch
    /home/njh/.cpan/build/Import-Into-1.002005-2/blib/lib
    /home/njh/.cpan/build/Module-Runtime-0.016-2/blib/arch
    /home/njh/.cpan/build/Module-Runtime-0.016-2/blib/lib
    /home/njh/perl5/perlbrew/perls/perl-5.8.8/lib/5.8.8/i686-linux-thread-multi
    /home/njh/perl5/perlbrew/perls/perl-5.8.8/lib/5.8.8
    /home/njh/perl5/perlbrew/perls/perl-5.8.8/lib/site_perl/5.8.8/i686-linux-thread-multi
    /home/njh/perl5/perlbrew/perls/perl-5.8.8/lib/site_perl/5.8.8
    /home/njh/perl5/perlbrew/perls/perl-5.8.8/lib/site_perl
    .