Report for Integrator-Module-Build-1.057

Back
From: metabase:user:320bfe00-2aae-11df-837a-5e0a49663a4f
Subject: FAIL Integrator-Module-Build-1.057 v5.20.1 GNU/Linux
Date: 2017-07-03T21:50:37Z

This distribution has been tested as part of the CPAN Testers
project, supporting the Perl programming language.  See
http://wiki.cpantesters.org/ for more information or email
questions to cpan-testers-discuss@perl.org


--
Dear Francois Perron,

This is a computer-generated report for Integrator-Module-Build-1.057
on perl 5.20.1, created by CPAN-Reporter-1.2018.

Thank you for uploading your work to CPAN.  However, there was a problem
testing your distribution.

If you think this report is invalid, please consult the CPAN Testers Wiki
for suggestions on how to avoid getting FAIL reports for missing library
or binary dependencies, unsupported operating systems, and so on:

http://wiki.cpantesters.org/wiki/CPANAuthorNotes

Sections of this report:

    * Tester comments
    * Program output
    * Prerequisites
    * Environment and other context

------------------------------
TESTER COMMENTS
------------------------------

Additional comments from tester:

this report is from an automated smoke testing program
and was not reviewed by a human for accuracy

------------------------------
PROGRAM OUTPUT
------------------------------

Output from './Build test':

# Testing Integrator::Module::Build 1.057, Perl 5.020001, /home/sand/src/perl/repoperls/installed-perls/host/k93msid/v5.20.1/276a/bin/perl
t/00-load.t .................................. ok
# Testing Integrator::Test::ConfigData 1.011, Perl 5.020001, /home/sand/src/perl/repoperls/installed-perls/host/k93msid/v5.20.1/276a/bin/perl
t/01-load-integrator-test-configdata.t ....... ok
# Testing Integrator::Test::TAP::Model::Patch 1.002, Perl 5.020001, /home/sand/src/perl/repoperls/installed-perls/host/k93msid/v5.20.1/276a/bin/perl
t/01-load-integrator-test-tap-model-patch.t .. ok
t/10persist.t ................................ ok
t/11persist.t ................................ ok
t/12persist.t ................................ ok

#   Failed test 'Module::Build::Base->can('write_metafile')'
#   at t/can_pass_through_other.t line 217.
#     Module::Build::Base->can('write_metafile') failed
# Looks like you failed 1 test of 210.
t/can_pass_through_other.t ................... 
Dubious, test returned 1 (wstat 256, 0x100)
Failed 1/210 subtests 
t/can_use_own.t .............................. ok
t/configdata.t ............................... ok
t/data_check_deep.t .......................... ok
t/integrator_deep.t .......................... ok
t/measurement.t .............................. ok
t/pod-coverage.t ............................. ok
t/pod.t ...................................... ok

Test Summary Report
-------------------
t/can_pass_through_other.t                 (Wstat: 256 Tests: 210 Failed: 1)
  Failed test:  208
  Non-zero exit status: 1
Files=14, Tests=267, 10 wallclock secs ( 0.05 usr  0.13 sys +  2.38 cusr  0.77 csys =  3.33 CPU)
Result: FAIL
Failed 1/14 test programs. 1/267 subtests failed.

------------------------------
PREREQUISITES
------------------------------

Prerequisite modules loaded:

requires:

    Module                Need    Have    
    --------------------- ------- --------
    Crypt::SSLeay         0       0.73_06 
    Data::UUID            0       1.221   
    Devel::Symdump        0       2.18    
    perl                  v5.8.8  5.020001
    Term::ReadKey         0       2.37    
    Test::Cmd             0       1.09    
    Test::Harness         2.64    3.39    
    Test::Pod             0       1.51    
    Test::Pod::Coverage   0       1.10    
    XML::NamespaceSupport 0       1.12    
    XML::Parser           0       2.44_01 
    XML::SAX              0       0.99    
    XML::SAX::Expat       0       0.51    
    XML::Simple           0       2.24    
    YAML                  0       1.23_001

build_requires:

    Module                Need    Have    
    --------------------- ------- --------
    Compress::Zlib        0       2.074   
    HTML::Parser          0       3.72    
    HTML::Tagset          0       3.20    
    LWP::UserAgent        0       6.26    
    Method::Alias         0       1.03    
    Module::Starter       0       1.72    
    Test::TAP::Model      0.06666 0.10    
    URI                   0       1.71    


------------------------------
ENVIRONMENT AND OTHER CONTEXT
------------------------------

Environment variables:

    AUTOMATED_TESTING = 1
    LANG = en_US.UTF-8
    PATH = /home/sand/bin:/usr/local/bin:/usr/bin:/bin:/usr/games:/usr/local/perl/bin:/usr/X11/bin:/sbin:/usr/sbin
    PERL5LIB = 
    PERL5OPT = 
    PERL5_CPANPLUS_IS_RUNNING = 10630
    PERL5_CPAN_IS_RUNNING = 10630
    PERL_CANARY_STABILITY_NOPROMPT = 1
    PERL_MM_USE_DEFAULT = 1
    PERL_USE_UNSAFE_INC = 1
    SHELL = /usr/bin/zsh
    TERM = screen

Perl special variables (and OS-specific diagnostics, for MSWin32):

    $^X = /home/sand/src/perl/repoperls/installed-perls/host/k93msid/v5.20.1/276a/bin/perl
    $UID/$EUID = 1005 / 1005
    $GID = 1005 1005
    $EGID = 1005 1005

Perl module toolchain versions installed:

    Module              Have    
    ------------------- --------
    CPAN                2.18    
    CPAN::Meta          2.150010
    Cwd                 3.62    
    ExtUtils::CBuilder  0.280224
    ExtUtils::Command   7.31_02 
    ExtUtils::Install   2.12    
    ExtUtils::MakeMaker 7.31_02 
    ExtUtils::Manifest  1.70    
    ExtUtils::ParseXS   3.24    
    File::Spec          3.62    
    JSON                2.93    
    JSON::PP            2.94    
    Module::Build       0.4224  
    Module::Signature   0.81    
    Parse::CPAN::Meta   2.150010
    Test::Harness       3.39    
    Test::More          1.302088
    YAML                1.23_001
    YAML::Syck          1.29    
    version             0.9918  


--

Summary of my perl5 (revision 5 version 20 subversion 1) configuration:
  Derived from: 4f732e9acf9b96a6e70ba729c7eae63906b663e5
  Platform:
    osname=linux, osvers=4.9.0-2-amd64, archname=x86_64-linux-thread-multi
    uname='linux k93msid 4.9.0-2-amd64 #1 smp debian 4.9.18-1 (2017-03-30) x86_64 gnulinux '
    config_args='-Dprefix=/home/sand/src/perl/repoperls/installed-perls/host/k93msid/v5.20.1/276a -Dmyhostname=k93msid -Dinstallusrbinperl=n -Uversiononly -Dusedevel -des -Ui_db -Dlibswanted=cl pthread socket inet nsl gdbm dbm malloc dl ld sun m crypt sec util c cposix posix ucb BSD gdbm_compat -Duseithreads -Uuselongdouble -DDEBUGGING=both'
    hint=recommended, useposix=true, d_sigaction=define
    useithreads=define, usemultiplicity=define
    use64bitint=define, use64bitall=define, uselongdouble=undef
    usemymalloc=n, bincompat5005=undef
  Compiler:
    cc='cc', ccflags ='-D_REENTRANT -D_GNU_SOURCE -fwrapv -DDEBUGGING -fno-strict-aliasing -pipe -fstack-protector -I/usr/local/include -D_LARGEFILE_SOURCE -D_FILE_OFFSET_BITS=64',
    optimize='-O2 -g',
    cppflags='-D_REENTRANT -D_GNU_SOURCE -fwrapv -DDEBUGGING -fno-strict-aliasing -pipe -fstack-protector -I/usr/local/include'
    ccversion='', gccversion='6.3.0 20170406', gccosandvers=''
    intsize=4, longsize=8, ptrsize=8, doublesize=8, byteorder=12345678
    d_longlong=define, longlongsize=8, d_longdbl=define, longdblsize=16
    ivtype='long', ivsize=8, nvtype='double', nvsize=8, Off_t='off_t', lseeksize=8
    alignbytes=8, prototype=define
  Linker and Libraries:
    ld='cc', ldflags =' -fstack-protector -L/usr/local/lib'
    libpth=/usr/local/lib /usr/lib/gcc/x86_64-linux-gnu/6/include-fixed /usr/include/x86_64-linux-gnu /usr/lib /lib/x86_64-linux-gnu /lib/../lib /usr/lib/x86_64-linux-gnu /usr/lib/../lib /lib
    libs=-lpthread -lnsl -ldl -lm -lcrypt -lutil -lc
    perllibs=-lpthread -lnsl -ldl -lm -lcrypt -lutil -lc
    libc=libc-2.24.so, so=so, useshrplib=false, libperl=libperl.a
    gnulibc_version='2.24'
  Dynamic Linking:
    dlsrc=dl_dlopen.xs, dlext=so, d_dlsymun=undef, ccdlflags='-Wl,-E'
    cccdlflags='-fPIC', lddlflags='-shared -O2 -g -L/usr/local/lib -fstack-protector'


Characteristics of this binary (from libperl): 
  Compile-time options: DEBUGGING HAS_TIMES MULTIPLICITY PERLIO_LAYERS
                        PERL_DONT_CREATE_GVSV
                        PERL_HASH_FUNC_ONE_AT_A_TIME_HARD
                        PERL_IMPLICIT_CONTEXT PERL_MALLOC_WRAP
                        PERL_NEW_COPY_ON_WRITE PERL_PRESERVE_IVUV
                        PERL_TRACK_MEMPOOL PERL_USE_DEVEL USE_64_BIT_ALL
                        USE_64_BIT_INT USE_ITHREADS USE_LARGE_FILES
                        USE_LOCALE USE_LOCALE_COLLATE USE_LOCALE_CTYPE
                        USE_LOCALE_NUMERIC USE_PERLIO USE_PERL_ATOF
                        USE_REENTRANT_API
  Locally applied patches:
	uncommitted-changes
  Built under linux
  Compiled at Apr 17 2017 06:46:47
  %ENV:
    PERL5LIB=""
    PERL5OPT=""
    PERL5_CPANPLUS_IS_RUNNING="10630"
    PERL5_CPAN_IS_RUNNING="10630"
    PERL_CANARY_STABILITY_NOPROMPT="1"
    PERL_MM_USE_DEFAULT="1"
    PERL_USE_UNSAFE_INC="1"
  @INC:
    /home/sand/src/perl/repoperls/installed-perls/host/k93msid/v5.20.1/276a/lib/site_perl/5.20.1/x86_64-linux-thread-multi
    /home/sand/src/perl/repoperls/installed-perls/host/k93msid/v5.20.1/276a/lib/site_perl/5.20.1
    /home/sand/src/perl/repoperls/installed-perls/host/k93msid/v5.20.1/276a/lib/5.20.1/x86_64-linux-thread-multi
    /home/sand/src/perl/repoperls/installed-perls/host/k93msid/v5.20.1/276a/lib/5.20.1
    .