CSS-Simple v3224 Perl 5 v5.8.9 darwin-thread-multi-2level

Status
Fail
From
Nigel Horne
Dist
CSS-Simple v3224
Platform
Perl 5 v5.8.9 darwin-thread-multi-2level
Date
2017-11-16 17:50:34
ID
a5a3b7ae-caf6-11e7-ab80-db12c06c69fe
This distribution has been tested as part of the CPAN Testers
project, supporting the Perl programming language.  See
http://wiki.cpantesters.org/ for more information or email
questions to cpan-testers-discuss@perl.org


--
Dear Kevin Hatim Kamel,

This is a computer-generated report for CSS-Simple-3224
on perl 5.8.9, created by CPAN-Reporter-1.2018.

Thank you for uploading your work to CPAN.  However, there was a problem
testing your distribution.

If you think this report is invalid, please consult the CPAN Testers Wiki
for suggestions on how to avoid getting FAIL reports for missing library
or binary dependencies, unsupported operating systems, and so on:

http://wiki.cpantesters.org/wiki/CPANAuthorNotes

Sections of this report:

    * Tester comments
    * Program output
    * Prerequisites
    * Environment and other context

------------------------------
TESTER COMMENTS
------------------------------

Additional comments from tester:

this report is from an automated smoke testing program
and was not reviewed by a human for accuracy

------------------------------
PROGRAM OUTPUT
------------------------------

Output from '/sw/bin/make test':

PERL_DL_NONLAZY=1 "/Users/hornenj/perl5/perlbrew/perls/perl-5.8.9/bin/perl" "-MExtUtils::Command::MM" "-MTest::Harness" "-e" "undef *Test::Harness::Switches; test_harness(0, 'blib/lib', 'blib/arch')" t/allow_duplicate_properties.t t/basic.t t/browser_specific_properties.t t/create.t t/fail.t t/hacks.t t/modify.t t/pod.t

#   Failed test 'use CSS::Simple;'
#   at t/allow_duplicate_properties.t line 9.
#     Tried to use 'CSS::Simple'.
#     Error:  Can't locate Ref/Util.pm in @INC (@INC contains: ./lib ../lib /Users/hornenj/.cpan/build/CSS-Simple-3224-4/blib/lib /Users/hornenj/.cpan/build/CSS-Simple-3224-4/blib/arch /Users/hornenj/.cpan/build/Tie-IxHash-1.23-4/blib/arch /Users/hornenj/.cpan/build/Tie-IxHash-1.23-4/blib/lib /Users/hornenj/perl5/perlbrew/perls/perl-5.8.9/lib/5.8.9/darwin-thread-multi-2level /Users/hornenj/perl5/perlbrew/perls/perl-5.8.9/lib/5.8.9 /Users/hornenj/perl5/perlbrew/perls/perl-5.8.9/lib/site_perl/5.8.9/darwin-thread-multi-2level /Users/hornenj/perl5/perlbrew/perls/perl-5.8.9/lib/site_perl/5.8.9 .) at lib/CSS/Simple.pm line 11.
# BEGIN failed--compilation aborted at lib/CSS/Simple.pm line 11.
# Compilation failed in require at t/allow_duplicate_properties.t line 9.
# BEGIN failed--compilation aborted at t/allow_duplicate_properties.t line 9.
Can't locate object method "new" via package "CSS::Simple" at t/allow_duplicate_properties.t line 22.
# Looks like your test exited with 255 just after 1.
t/allow_duplicate_properties.t ... 
Dubious, test returned 255 (wstat 65280, 0xff00)
Failed 13/13 subtests 

#   Failed test 'use CSS::Simple;'
#   at t/basic.t line 8.
#     Tried to use 'CSS::Simple'.
#     Error:  Can't locate Ref/Util.pm in @INC (@INC contains: ./lib ../lib /Users/hornenj/.cpan/build/CSS-Simple-3224-4/blib/lib /Users/hornenj/.cpan/build/CSS-Simple-3224-4/blib/arch /Users/hornenj/.cpan/build/Tie-IxHash-1.23-4/blib/arch /Users/hornenj/.cpan/build/Tie-IxHash-1.23-4/blib/lib /Users/hornenj/perl5/perlbrew/perls/perl-5.8.9/lib/5.8.9/darwin-thread-multi-2level /Users/hornenj/perl5/perlbrew/perls/perl-5.8.9/lib/5.8.9 /Users/hornenj/perl5/perlbrew/perls/perl-5.8.9/lib/site_perl/5.8.9/darwin-thread-multi-2level /Users/hornenj/perl5/perlbrew/perls/perl-5.8.9/lib/site_perl/5.8.9 .) at lib/CSS/Simple.pm line 11.
# BEGIN failed--compilation aborted at lib/CSS/Simple.pm line 11.
# Compilation failed in require at t/basic.t line 8.
# BEGIN failed--compilation aborted at t/basic.t line 8.
Can't locate object method "new" via package "CSS::Simple" at t/basic.t line 134.
# Looks like your test exited with 255 just after 1.
t/basic.t ........................ 
Dubious, test returned 255 (wstat 65280, 0xff00)
Failed 2/2 subtests 

#   Failed test 'use CSS::Simple;'
#   at t/browser_specific_properties.t line 8.
#     Tried to use 'CSS::Simple'.
#     Error:  Can't locate Ref/Util.pm in @INC (@INC contains: ./lib ../lib /Users/hornenj/.cpan/build/CSS-Simple-3224-4/blib/lib /Users/hornenj/.cpan/build/CSS-Simple-3224-4/blib/arch /Users/hornenj/.cpan/build/Tie-IxHash-1.23-4/blib/arch /Users/hornenj/.cpan/build/Tie-IxHash-1.23-4/blib/lib /Users/hornenj/perl5/perlbrew/perls/perl-5.8.9/lib/5.8.9/darwin-thread-multi-2level /Users/hornenj/perl5/perlbrew/perls/perl-5.8.9/lib/5.8.9 /Users/hornenj/perl5/perlbrew/perls/perl-5.8.9/lib/site_perl/5.8.9/darwin-thread-multi-2level /Users/hornenj/perl5/perlbrew/perls/perl-5.8.9/lib/site_perl/5.8.9 .) at lib/CSS/Simple.pm line 11.
# BEGIN failed--compilation aborted at lib/CSS/Simple.pm line 11.
# Compilation failed in require at t/browser_specific_properties.t line 8.
# BEGIN failed--compilation aborted at t/browser_specific_properties.t line 8.
Can't locate object method "new" via package "CSS::Simple" at t/browser_specific_properties.t line 26.
# Looks like your test exited with 255 just after 1.
t/browser_specific_properties.t .. 
Dubious, test returned 255 (wstat 65280, 0xff00)
Failed 4/4 subtests 

#   Failed test 'use CSS::Simple;'
#   at t/create.t line 8.
#     Tried to use 'CSS::Simple'.
#     Error:  Can't locate Ref/Util.pm in @INC (@INC contains: ./lib ../lib /Users/hornenj/.cpan/build/CSS-Simple-3224-4/blib/lib /Users/hornenj/.cpan/build/CSS-Simple-3224-4/blib/arch /Users/hornenj/.cpan/build/Tie-IxHash-1.23-4/blib/arch /Users/hornenj/.cpan/build/Tie-IxHash-1.23-4/blib/lib /Users/hornenj/perl5/perlbrew/perls/perl-5.8.9/lib/5.8.9/darwin-thread-multi-2level /Users/hornenj/perl5/perlbrew/perls/perl-5.8.9/lib/5.8.9 /Users/hornenj/perl5/perlbrew/perls/perl-5.8.9/lib/site_perl/5.8.9/darwin-thread-multi-2level /Users/hornenj/perl5/perlbrew/perls/perl-5.8.9/lib/site_perl/5.8.9 .) at lib/CSS/Simple.pm line 11.
# BEGIN failed--compilation aborted at lib/CSS/Simple.pm line 11.
# Compilation failed in require at t/create.t line 8.
# BEGIN failed--compilation aborted at t/create.t line 8.
Can't locate object method "new" via package "CSS::Simple" at t/create.t line 10.
# Looks like your test exited with 255 just after 1.
t/create.t ....................... 
Dubious, test returned 255 (wstat 65280, 0xff00)
Failed 2/2 subtests 

#   Failed test 'use CSS::Simple;'
#   at t/fail.t line 10.
#     Tried to use 'CSS::Simple'.
#     Error:  Can't locate Ref/Util.pm in @INC (@INC contains: ./lib ../lib /Users/hornenj/.cpan/build/CSS-Simple-3224-4/blib/lib /Users/hornenj/.cpan/build/CSS-Simple-3224-4/blib/arch /Users/hornenj/.cpan/build/Tie-IxHash-1.23-4/blib/arch /Users/hornenj/.cpan/build/Tie-IxHash-1.23-4/blib/lib /Users/hornenj/perl5/perlbrew/perls/perl-5.8.9/lib/5.8.9/darwin-thread-multi-2level /Users/hornenj/perl5/perlbrew/perls/perl-5.8.9/lib/5.8.9 /Users/hornenj/perl5/perlbrew/perls/perl-5.8.9/lib/site_perl/5.8.9/darwin-thread-multi-2level /Users/hornenj/perl5/perlbrew/perls/perl-5.8.9/lib/site_perl/5.8.9 .) at lib/CSS/Simple.pm line 11.
# BEGIN failed--compilation aborted at lib/CSS/Simple.pm line 11.
# Compilation failed in require at t/fail.t line 10.
# BEGIN failed--compilation aborted at t/fail.t line 10.
Can't locate object method "new" via package "CSS::Simple" at t/fail.t line 23.
# Looks like your test exited with 255 just after 1.
t/fail.t ......................... 
Dubious, test returned 255 (wstat 65280, 0xff00)
Failed 5/5 subtests 

#   Failed test 'use CSS::Simple;'
#   at t/hacks.t line 8.
#     Tried to use 'CSS::Simple'.
#     Error:  Can't locate Ref/Util.pm in @INC (@INC contains: ./lib ../lib /Users/hornenj/.cpan/build/CSS-Simple-3224-4/blib/lib /Users/hornenj/.cpan/build/CSS-Simple-3224-4/blib/arch /Users/hornenj/.cpan/build/Tie-IxHash-1.23-4/blib/arch /Users/hornenj/.cpan/build/Tie-IxHash-1.23-4/blib/lib /Users/hornenj/perl5/perlbrew/perls/perl-5.8.9/lib/5.8.9/darwin-thread-multi-2level /Users/hornenj/perl5/perlbrew/perls/perl-5.8.9/lib/5.8.9 /Users/hornenj/perl5/perlbrew/perls/perl-5.8.9/lib/site_perl/5.8.9/darwin-thread-multi-2level /Users/hornenj/perl5/perlbrew/perls/perl-5.8.9/lib/site_perl/5.8.9 .) at lib/CSS/Simple.pm line 11.
# BEGIN failed--compilation aborted at lib/CSS/Simple.pm line 11.
# Compilation failed in require at t/hacks.t line 8.
# BEGIN failed--compilation aborted at t/hacks.t line 8.
Can't locate object method "new" via package "CSS::Simple" at t/hacks.t line 32.
# Looks like your test exited with 255 just after 1.
t/hacks.t ........................ 
Dubious, test returned 255 (wstat 65280, 0xff00)
Failed 2/2 subtests 

#   Failed test 'use CSS::Simple;'
#   at t/modify.t line 8.
#     Tried to use 'CSS::Simple'.
#     Error:  Can't locate Ref/Util.pm in @INC (@INC contains: ./lib ../lib /Users/hornenj/.cpan/build/CSS-Simple-3224-4/blib/lib /Users/hornenj/.cpan/build/CSS-Simple-3224-4/blib/arch /Users/hornenj/.cpan/build/Tie-IxHash-1.23-4/blib/arch /Users/hornenj/.cpan/build/Tie-IxHash-1.23-4/blib/lib /Users/hornenj/perl5/perlbrew/perls/perl-5.8.9/lib/5.8.9/darwin-thread-multi-2level /Users/hornenj/perl5/perlbrew/perls/perl-5.8.9/lib/5.8.9 /Users/hornenj/perl5/perlbrew/perls/perl-5.8.9/lib/site_perl/5.8.9/darwin-thread-multi-2level /Users/hornenj/perl5/perlbrew/perls/perl-5.8.9/lib/site_perl/5.8.9 .) at lib/CSS/Simple.pm line 11.
# BEGIN failed--compilation aborted at lib/CSS/Simple.pm line 11.
# Compilation failed in require at t/modify.t line 8.
# BEGIN failed--compilation aborted at t/modify.t line 8.
Can't locate object method "new" via package "CSS::Simple" at t/modify.t line 10.
# Looks like your test exited with 255 just after 1.
t/modify.t ....................... 
Dubious, test returned 255 (wstat 65280, 0xff00)
Failed 2/2 subtests 
t/pod.t .......................... ok

Test Summary Report
-------------------
t/allow_duplicate_properties.t (Wstat: 65280 Tests: 1 Failed: 1)
  Failed test:  1
  Non-zero exit status: 255
  Parse errors: Bad plan.  You planned 13 tests but ran 1.
t/basic.t                      (Wstat: 65280 Tests: 1 Failed: 1)
  Failed test:  1
  Non-zero exit status: 255
  Parse errors: Bad plan.  You planned 2 tests but ran 1.
t/browser_specific_properties.t (Wstat: 65280 Tests: 1 Failed: 1)
  Failed test:  1
  Non-zero exit status: 255
  Parse errors: Bad plan.  You planned 4 tests but ran 1.
t/create.t                     (Wstat: 65280 Tests: 1 Failed: 1)
  Failed test:  1
  Non-zero exit status: 255
  Parse errors: Bad plan.  You planned 2 tests but ran 1.
t/fail.t                       (Wstat: 65280 Tests: 1 Failed: 1)
  Failed test:  1
  Non-zero exit status: 255
  Parse errors: Bad plan.  You planned 5 tests but ran 1.
t/hacks.t                      (Wstat: 65280 Tests: 1 Failed: 1)
  Failed test:  1
  Non-zero exit status: 255
  Parse errors: Bad plan.  You planned 2 tests but ran 1.
t/modify.t                     (Wstat: 65280 Tests: 1 Failed: 1)
  Failed test:  1
  Non-zero exit status: 255
  Parse errors: Bad plan.  You planned 2 tests but ran 1.
Files=8, Tests=8,  1 wallclock secs ( 0.02 usr  0.02 sys +  0.27 cusr  0.04 csys =  0.35 CPU)
Result: FAIL
Failed 7/8 test programs. 7/8 subtests failed.
make: *** [Makefile:845: test_dynamic] Error 255

------------------------------
PREREQUISITES
------------------------------

Prerequisite modules loaded:

requires:

    Module              Need Have
    ------------------- ---- ----
    Carp                0    1.36
    Tie::IxHash         0    1.23

build_requires:

    Module              Need Have
    ------------------- ---- ----
    ExtUtils::MakeMaker 0    7.30

configure_requires:

    Module              Need Have
    ------------------- ---- ----
    ExtUtils::MakeMaker 0    7.30


------------------------------
ENVIRONMENT AND OTHER CONTEXT
------------------------------

Environment variables:

    AUTOMATED_TESTING = 1
    LANG = en_US.UTF-8
    LC_ALL = POSIX
    PATH = /Users/hornenj/perl5/perlbrew/bin:/Users/hornenj/perl5/perlbrew/perls/perl-5.8.9/bin:/Users/hornenj/perl5/perlbrew/bin:/Users/hornenj/bin:/usr/bin:/bin:/usr/X11R6/bin:/sw/bin
    PERL5LIB = /Users/hornenj/.cpan/build/Tie-IxHash-1.23-4/blib/arch:/Users/hornenj/.cpan/build/Tie-IxHash-1.23-4/blib/lib
    PERL5OPT = 
    PERL5_CPANPLUS_IS_RUNNING = 95202
    PERL5_CPAN_IS_RUNNING = 95202
    PERL5_MINISMOKEBOX = 0.68
    PERLBREW_BASHRC_VERSION = 0.80
    PERLBREW_HOME = /Users/hornenj/.perlbrew
    PERLBREW_LIB = 
    PERLBREW_MANPATH = /Users/hornenj/perl5/perlbrew/perls/perl-5.8.9/man
    PERLBREW_PATH = /Users/hornenj/perl5/perlbrew/bin:/Users/hornenj/perl5/perlbrew/perls/perl-5.8.9/bin
    PERLBREW_PERL = perl-5.8.9
    PERLBREW_ROOT = /Users/hornenj/perl5/perlbrew
    PERLBREW_VERSION = 0.80
    PERL_EXTUTILS_AUTOINSTALL = --defaultdeps
    PERL_LOCAL_LIB_ROOT = 
    PERL_MM_USE_DEFAULT = 1
    SHELL = /bin/bash
    TERM = xterm-256color
    TMPDIR = /var/folders/pz/pd7y1qjs6s3cbk170cw50fjc000c61/T/

Perl special variables (and OS-specific diagnostics, for MSWin32):

    $^X = /Users/hornenj/perl5/perlbrew/perls/perl-5.8.9/bin/perl
    $UID/$EUID = 12481 / 12481
    $GID = 14 14 5344 37191 527 12 62 204 399 206 37223 241 223
    $EGID = 14 14 5344 37191 527 12 62 204 399 206 37223 241 223

Perl module toolchain versions installed:

    Module              Have    
    ------------------- --------
    CPAN                2.16    
    CPAN::Meta          2.150005
    Cwd                 3.2701  
    ExtUtils::CBuilder  0.280224
    ExtUtils::Command   7.30    
    ExtUtils::Install   2.06    
    ExtUtils::MakeMaker 7.30    
    ExtUtils::Manifest  1.70    
    ExtUtils::ParseXS   3.30    
    File::Spec          3.2701  
    JSON                2.93    
    JSON::PP            2.27400 
    Module::Build       0.4224  
    Module::Signature   n/a     
    Parse::CPAN::Meta   1.4422  
    Test::Harness       3.36    
    Test::More          1.302078
    YAML                1.23    
    YAML::Syck          1.30    
    version             0.9912  


--

Summary of my perl5 (revision 5 version 8 subversion 9) configuration:
  Platform:
    osname=darwin, osvers=12.5.0, archname=darwin-thread-multi-2level
    uname='darwin ncbimac2008.ncbi.nlm.nih.gov 12.5.0 darwin kernel version 12.5.0: sun sep 29 13:33:47 pdt 2013; root:xnu-2050.48.12~1release_x86_64 x86_64 '
    config_args='-de -Dprefix=/Users/hornenj/perl5/perlbrew/perls/perl-5.8.9 -Duseithreads -Dusemultiplicity -Accflags=-O2 -W -Wformat=2 -Wswitch -Wshadow -Wwrite-strings -Wuninitialized -Wall -pipe -mtune=native -march=native -fomit-frame-pointer -msse2 -msse -mmmx -pedantic -D_FORTIFY_SOURCE=2 -Wpointer-arith -Wstrict-prototypes -fstack-protector -Wstack-protector -Wextra -Wbad-function-cast -Wcast-align -Wcast-qual -Wdisabled-optimization -Wendif-labels -Wfloat-equal -Wformat-nonliteral -Winline -Wmissing-declarations -Wmissing-prototypes -Wnested-externs -Wpointer-arith -Wundef -Wformat-security -fassociative-math -Acc=cc -Aeval:scriptdir=/Users/hornenj/perl5/perlbrew/perls/perl-5.8.9/bin'
    hint=recommended, useposix=true, d_sigaction=define
    usethreads=define use5005threads=undef useithreads=define usemultiplicity=define
    useperlio=define d_sfio=undef uselargefiles=define usesocks=undef
    use64bitint=define use64bitall=define uselongdouble=undef
    usemymalloc=n, bincompat5005=undef
  Compiler:
    cc=' cc', ccflags ='-fno-common -DPERL_DARWIN -O2 -W -Wformat=2 -Wswitch -Wshadow -Wwrite-strings -Wuninitialized -Wall -pipe -mtune=native -march=native -fomit-frame-pointer -msse2 -msse -mmmx -pedantic -D_FORTIFY_SOURCE=2 -Wpointer-arith -Wstrict-prototypes -fstack-protector -Wstack-protector -Wextra -Wbad-function-cast -Wcast-align -Wcast-qual -Wdisabled-optimization -Wendif-labels -Wfloat-equal -Wformat-nonliteral -Winline -Wmissing-declarations -Wmissing-prototypes -Wnested-externs -Wpointer-arith -Wundef -Wformat-security -fassociative-math -fno-strict-aliasing -I/usr/local/include',
    optimize='-O3',
    cppflags='-fno-common -DPERL_DARWIN -O2 -W -Wformat=2 -Wswitch -Wshadow -Wwrite-strings -Wuninitialized -Wall -pipe -mtune=native -march=native -fomit-frame-pointer -msse2 -msse -mmmx -pedantic -D_FORTIFY_SOURCE=2 -Wpointer-arith -Wstrict-prototypes -fstack-protector -Wstack-protector -Wextra -Wbad-function-cast -Wcast-align -Wcast-qual -Wdisabled-optimization -Wendif-labels -Wfloat-equal -Wformat-nonliteral -Winline -Wmissing-declarations -Wmissing-prototypes -Wnested-externs -Wpointer-arith -Wundef -Wformat-security -fassociative-math -fno-strict-aliasing -I/usr/local/include'
    ccversion='', gccversion='4.2.1 Compatible Apple LLVM 4.2 (clang-425.0.24)', gccosandvers=''
    intsize=4, longsize=8, ptrsize=8, doublesize=8, byteorder=12345678
    d_longlong=define, longlongsize=8, d_longdbl=define, longdblsize=16
    ivtype='long', ivsize=8, nvtype='double', nvsize=8, Off_t='off_t', lseeksize=8
    alignbytes=8, prototype=define
  Linker and Libraries:
    ld='env MACOSX_DEPLOYMENT_TARGET=10.3 cc', ldflags =' -L/usr/local/lib'
    libpth=/usr/local/lib /usr/lib
    libs=-ldbm -ldl -lm -lutil -lc
    perllibs=-ldl -lm -lutil -lc
    libc=, so=dylib, useshrplib=false, libperl=libperl.a
    gnulibc_version=''
  Dynamic Linking:
    dlsrc=dl_dlopen.xs, dlext=bundle, d_dlsymun=undef, ccdlflags=' '
    cccdlflags=' ', lddlflags=' -bundle -undefined dynamic_lookup -L/usr/local/lib'


Characteristics of this binary (from libperl): 
  Compile-time options: MULTIPLICITY PERL_IMPLICIT_CONTEXT PERL_MALLOC_WRAP
                        USE_64_BIT_ALL USE_64_BIT_INT USE_FAST_STDIO
                        USE_ITHREADS USE_LARGE_FILES USE_PERLIO
                        USE_REENTRANT_API
  Built under darwin
  Compiled at Sep 17 2014 09:11:13
  %ENV:
    PERL5LIB="/Users/hornenj/.cpan/build/Tie-IxHash-1.23-4/blib/arch:/Users/hornenj/.cpan/build/Tie-IxHash-1.23-4/blib/lib"
    PERL5OPT=""
    PERL5_CPANPLUS_IS_RUNNING="95202"
    PERL5_CPAN_IS_RUNNING="95202"
    PERL5_MINISMOKEBOX="0.68"
    PERLBREW_BASHRC_VERSION="0.80"
    PERLBREW_HOME="/Users/hornenj/.perlbrew"
    PERLBREW_LIB=""
    PERLBREW_MANPATH="/Users/hornenj/perl5/perlbrew/perls/perl-5.8.9/man"
    PERLBREW_PATH="/Users/hornenj/perl5/perlbrew/bin:/Users/hornenj/perl5/perlbrew/perls/perl-5.8.9/bin"
    PERLBREW_PERL="perl-5.8.9"
    PERLBREW_ROOT="/Users/hornenj/perl5/perlbrew"
    PERLBREW_VERSION="0.80"
    PERL_EXTUTILS_AUTOINSTALL="--defaultdeps"
    PERL_LOCAL_LIB_ROOT=""
    PERL_MM_USE_DEFAULT="1"
  @INC:
    /Users/hornenj/.cpan/build/Tie-IxHash-1.23-4/blib/arch
    /Users/hornenj/.cpan/build/Tie-IxHash-1.23-4/blib/lib
    /Users/hornenj/perl5/perlbrew/perls/perl-5.8.9/lib/5.8.9/darwin-thread-multi-2level
    /Users/hornenj/perl5/perlbrew/perls/perl-5.8.9/lib/5.8.9
    /Users/hornenj/perl5/perlbrew/perls/perl-5.8.9/lib/site_perl/5.8.9/darwin-thread-multi-2level
    /Users/hornenj/perl5/perlbrew/perls/perl-5.8.9/lib/site_perl/5.8.9
    .