Back
From: metabase:user:30f4dfbe-2aae-11df-837a-5e0a49663a4f
Subject: FAIL YAML-Syck-1.29 v5.16.2 Dragonfly BSD
Date: 2015-11-02T19:12:23Z
This distribution has been tested as part of the CPAN Testers
project, supporting the Perl programming language. See
http://wiki.cpantesters.org/ for more information or email
questions to cpan-testers-discuss@perl.org
--
Dear Todd Rinaldo,
This is a computer-generated report for YAML-Syck-1.29
on perl 5.16.2, created by CPAN-Reporter-1.2014.
Thank you for uploading your work to CPAN. However, there was a problem
testing your distribution.
If you think this report is invalid, please consult the CPAN Testers Wiki
for suggestions on how to avoid getting FAIL reports for missing library
or binary dependencies, unsupported operating systems, and so on:
http://wiki.cpantesters.org/wiki/CPANAuthorNotes
Sections of this report:
* Tester comments
* Program output
* Prerequisites
* Environment and other context
------------------------------
TESTER COMMENTS
------------------------------
Additional comments from tester:
none provided
------------------------------
PROGRAM OUTPUT
------------------------------
Output from '/usr/bin/make test':
Running Mkbootstrap for YAML::Syck ()
chmod 644 "Syck.bs"
PERL_DL_NONLAZY=1 "/home/njh/perl5/perlbrew/perls/perl-5.16.2/bin/perl" "-MExtUtils::Command::MM" "-MTest::Harness" "-e" "undef *Test::Harness::Switches; test_harness(0, 'inc', 'blib/lib', 'blib/arch')" t/*.t t/*/*.t
t/1-basic.t ................... ok
t/11-loadfile.t ............... ok
t/12-dumpfile.t ............... ok
t/2-scalars.t .................
Failed 89/134 subtests
t/3-objects.t ................. ok
t/4-perl_tag_scheme.t ......... ok
t/bug/doesnt-stringify.t ...... ok
t/bug/rt-49404-double_free.t .. ok
t/bug/rt-54167.t .............. ok
t/json-basic.t ................ ok
t/json-circular-ref.t ......... ok
t/json-crlf.t ................. ok
t/json-dumpinto.t ............. ok
t/json-empty.t ................ ok
t/json-indent.t ............... ok
t/json-loadfile.t ............. ok
t/json-minus.t ................ ok
t/json-newline.t .............. ok
t/json-null.t ................. ok
t/json-numbers.t .............. ok
t/json-refs.t ................. ok
t/json-singlequote.t .......... ok
t/leak.t ...................... ok
t/load-blessed.t .............. ok
t/meta.t ...................... ok
t/yaml-alias.t ................ ok
t/yaml-blessed-ref.t .......... ok
t/yaml-dumpinto.t ............. ok
t/yaml-implicit-warnings.t .... ok
t/yaml-str-colon-first.t ...... ok
t/yaml-tie.t .................. ok
t/yaml-utf.t .................. ok
Test Summary Report
-------------------
t/2-scalars.t (Wstat: 132 Tests: 45 Failed: 0)
Non-zero wait status: 132
Parse errors: Bad plan. You planned 134 tests but ran 45.
t/json-basic.t (Wstat: 0 Tests: 104 Failed: 0)
TODO passed: 81-82, 85-86, 93-94, 97-98
Files=32, Tests=539, 1 wallclock secs ( 0.09 usr 0.04 sys + 0.87 cusr 0.27 csys = 1.27 CPU)
Result: FAIL
Failed 1/32 test programs. 0/539 subtests failed.
*** Error code 255
Stop in /home/njh/.cpan/build/YAML-Syck-1.29-4phWWt.
------------------------------
PREREQUISITES
------------------------------
Prerequisite modules loaded:
requires:
Module Need Have
------------------- ----- --------
perl 5.006 5.016002
build_requires:
Module Need Have
------------------- ----- --------
ExtUtils::MakeMaker 6.59 7.04
configure_requires:
Module Need Have
------------------- ----- --------
ExtUtils::MakeMaker 6.59 7.04
------------------------------
ENVIRONMENT AND OTHER CONTEXT
------------------------------
Environment variables:
HARNESS_OPTIONS = c
PATH = /home/njh/perl5/perlbrew/bin:/home/njh/perl5/perlbrew/perls/perl-5.16.2/bin:/sbin:/bin:/usr/sbin:/usr/bin:/usr/games:/usr/pkg/sbin:/usr/pkg/bin:/usr/pkg/xorg/bin:/usr/local/sbin:/usr/local/bin:/home/njh/bin:/usr/pkg/lib/perl5/site_perl/bin:/usr/pkg/lib/perl5/site_perl/bin
PERL5LIB =
PERL5OPT =
PERL5_CPANPLUS_IS_RUNNING = 2078
PERL5_CPAN_IS_RUNNING = 2078
PERLBREW_BASHRC_VERSION = 0.58
PERLBREW_HOME = /home/njh/.perlbrew
PERLBREW_MANPATH = /home/njh/perl5/perlbrew/perls/perl-5.16.2/man
PERLBREW_PATH = /home/njh/perl5/perlbrew/bin:/home/njh/perl5/perlbrew/perls/perl-5.16.2/bin
PERLBREW_PERL = perl-5.16.2
PERLBREW_ROOT = /home/njh/perl5/perlbrew
PERLBREW_VERSION = 0.58
SHELL = /usr/pkg/bin/bash
TERM = xterm-256color
TMPDIR = /tmp
Perl special variables (and OS-specific diagnostics, for MSWin32):
$^X = /home/njh/perl5/perlbrew/perls/perl-5.16.2/bin/perl
$UID/$EUID = 1001 / 1001
$GID = 1002 1002 0
$EGID = 1002 1002 0
Perl module toolchain versions installed:
Module Have
------------------- --------
CPAN 2.10
CPAN::Meta 2.142690
Cwd 3.40
ExtUtils::CBuilder 0.280220
ExtUtils::Command 1.17
ExtUtils::Install 1.58
ExtUtils::MakeMaker 7.04
ExtUtils::Manifest 1.65
ExtUtils::ParseXS 3.18
File::Spec 3.40
JSON 2.53
JSON::PP 2.27203
Module::Build 0.4210
Module::Signature 0.70
Parse::CPAN::Meta 1.4414
Test::Harness 3.33
Test::More 1.001008
YAML 1.15
YAML::Syck 1.27
version 0.9902
--
Summary of my perl5 (revision 5 version 16 subversion 2) configuration:
Platform:
osname=dragonfly, osvers=3.0-release, archname=i386-dragonfly-thread-multi
uname='dragonfly qemu.bandsman.co.uk 3.0-release dragonfly v3.0.3.1.g2c987-release #1: thu aug 23 20:48:25 pdt 2012 root@pkgbox32.dragonflybsd.org:usrobjbuildhomejustindragonflysysgeneric i386 '
config_args='-de -Dprefix=/home/njh/perl5/perlbrew/perls/perl-5.16.2 -Duseithreads -Dusemultiplicity -Accflags=-O2 -W -Wformat=2 -Wswitch -Wshadow -Wwrite-strings -Wuninitialized -Wall -pipe -mtune=native -march=native -fomit-frame-pointer -msse2 -msse -mmmx -mfpmath=sse -pedantic -D_FORTIFY_SOURCE=2 -Wpointer-arith -Wstrict-prototypes -fstack-protector -Wstack-protector -Wextra -Wbad-function-cast -Wcast-align -Wcast-qual -Wdisabled-optimization -Wendif-labels -Wfloat-equal -Wformat-nonliteral -Winline -Wmissing-declarations -Wmissing-prototypes -Wnested-externs -Wpointer-arith -Wundef -Wformat-security -Aeval:scriptdir=/home/njh/perl5/perlbrew/perls/perl-5.16.2/bin'
hint=recommended, useposix=true, d_sigaction=define
useithreads=define, usemultiplicity=define
useperlio=define, d_sfio=undef, uselargefiles=define, usesocks=undef
use64bitint=undef, use64bitall=undef, uselongdouble=undef
usemymalloc=n, bincompat5005=undef
Compiler:
cc='cc', ccflags ='-DHAS_FPSETMASK -DHAS_FLOATINGPOINT_H -O2 -W -Wformat=2 -Wswitch -Wshadow -Wwrite-strings -Wuninitialized -Wall -pipe -mtune=native -march=native -fomit-frame-pointer -msse2 -msse -mmmx -mfpmath=sse -pedantic -D_FORTIFY_SOURCE=2 -Wpointer-arith -Wstrict-prototypes -fstack-protector -Wstack-protector -Wextra -Wbad-function-cast -Wcast-align -Wcast-qual -Wdisabled-optimization -Wendif-labels -Wfloat-equal -Wformat-nonliteral -Winline -Wmissing-declarations -Wmissing-prototypes -Wnested-externs -Wpointer-arith -Wundef -Wformat-security -fno-strict-aliasing -I/usr/local/include',
optimize='-O',
cppflags='-DHAS_FPSETMASK -DHAS_FLOATINGPOINT_H -O2 -W -Wformat=2 -Wswitch -Wshadow -Wwrite-strings -Wuninitialized -Wall -pipe -mtune=native -march=native -fomit-frame-pointer -msse2 -msse -mmmx -mfpmath=sse -pedantic -D_FORTIFY_SOURCE=2 -Wpointer-arith -Wstrict-prototypes -fstack-protector -Wstack-protector -Wextra -Wbad-function-cast -Wcast-align -Wcast-qual -Wdisabled-optimization -Wendif-labels -Wfloat-equal -Wformat-nonliteral -Winline -Wmissing-declarations -Wmissing-prototypes -Wnested-externs -Wpointer-arith -Wundef -Wformat-security -fno-strict-aliasing -I/usr/local/include'
ccversion='', gccversion='4.4.7 2011.10.25', gccosandvers=''
intsize=4, longsize=4, ptrsize=4, doublesize=8, byteorder=1234
d_longlong=define, longlongsize=8, d_longdbl=define, longdblsize=12
ivtype='long', ivsize=4, nvtype='double', nvsize=8, Off_t='off_t', lseeksize=8
alignbytes=4, prototype=define
Linker and Libraries:
ld='cc', ldflags ='-pthread -Wl,-E -fstack-protector -L/usr/local/lib'
libpth=/usr/lib /usr/local/lib
libs=-ldl -lm -lcrypt -lutil -lc
perllibs=-ldl -lm -lcrypt -lutil -lc
libc=, so=so, useshrplib=false, libperl=libperl.a
gnulibc_version=''
Dynamic Linking:
dlsrc=dl_dlopen.xs, dlext=so, d_dlsymun=undef, ccdlflags=' '
cccdlflags='-DPIC -fPIC', lddlflags='-shared -L/usr/local/lib -fstack-protector'
Characteristics of this binary (from libperl):
Compile-time options: HAS_TIMES MULTIPLICITY PERLIO_LAYERS
PERL_DONT_CREATE_GVSV PERL_IMPLICIT_CONTEXT
PERL_MALLOC_WRAP PERL_PRESERVE_IVUV USE_ITHREADS
USE_LARGE_FILES USE_LOCALE USE_LOCALE_COLLATE
USE_LOCALE_CTYPE USE_LOCALE_NUMERIC USE_PERLIO
USE_PERL_ATOF USE_REENTRANT_API
Built under dragonfly
Compiled at Nov 22 2012 20:44:26
%ENV:
PERL5LIB=""
PERL5OPT=""
PERL5_CPANPLUS_IS_RUNNING="2078"
PERL5_CPAN_IS_RUNNING="2078"
PERLBREW_BASHRC_VERSION="0.58"
PERLBREW_HOME="/home/njh/.perlbrew"
PERLBREW_MANPATH="/home/njh/perl5/perlbrew/perls/perl-5.16.2/man"
PERLBREW_PATH="/home/njh/perl5/perlbrew/bin:/home/njh/perl5/perlbrew/perls/perl-5.16.2/bin"
PERLBREW_PERL="perl-5.16.2"
PERLBREW_ROOT="/home/njh/perl5/perlbrew"
PERLBREW_VERSION="0.58"
@INC:
/home/njh/perl5/perlbrew/perls/perl-5.16.2/lib/site_perl/5.16.2/i386-dragonfly-thread-multi
/home/njh/perl5/perlbrew/perls/perl-5.16.2/lib/site_perl/5.16.2
/home/njh/perl5/perlbrew/perls/perl-5.16.2/lib/5.16.2/i386-dragonfly-thread-multi
/home/njh/perl5/perlbrew/perls/perl-5.16.2/lib/5.16.2
.