Back
From: metabase:user:3198cbe2-2aae-11df-837a-5e0a49663a4f
Subject: FAIL Audio-Extract-PCM-0.04_59 v5.16.2 GNU/Linux
Date: 2014-01-11T18:53:22Z
This distribution has been tested as part of the CPAN Testers
project, supporting the Perl programming language. See
http://wiki.cpantesters.org/ for more information or email
questions to cpan-testers-discuss@perl.org
--
Dear Christoph Bussenius,
This is a computer-generated report for Audio-Extract-PCM-0.04_59
on perl 5.16.2, created by CPAN-Reporter-1.2010.
Thank you for uploading your work to CPAN. However, there was a problem
testing your distribution.
If you think this report is invalid, please consult the CPAN Testers Wiki
for suggestions on how to avoid getting FAIL reports for missing library
or binary dependencies, unsupported operating systems, and so on:
http://wiki.cpantesters.org/wiki/CPANAuthorNotes
Sections of this report:
* Tester comments
* Program output
* Prerequisites
* Environment and other context
------------------------------
TESTER COMMENTS
------------------------------
Additional comments from tester:
this report is from an automated smoke testing program
and was not reviewed by a human for accuracy
------------------------------
PROGRAM OUTPUT
------------------------------
Output from './Build test':
# Testing Audio::Extract::PCM 0.04_59, Perl 5.016002, /home/graham/perls/perl5.16.2/bin/perl
t/00-load.t ....... ok
# Testing with sound sine...
# Testing backend SndFile...
# Testing backend SoX...
# Testing backend default...
# Testing with sound quadchan...
# Testing backend SndFile...
# Testing backend SoX...
# Testing backend default...
# Testing with sound quadchan-wavpcm...
# Testing backend SndFile...
# Testing backend SoX...
# Testing backend default...
t/01-extract.t .... ok
# Testing backend Mad
# Backend is not available
# Testing backend SndFile
# Backend is not available
# Testing backend SoX
# Backend is not available
# Testing backend Vorbis
# Backend is not available
t/backends.t ...... ok
# big endian test
t/formats.t ....... ok
# Failed test 'Pod coverage on Audio::Extract::PCM::Backend::Vorbis'
# at /home/graham/perls/perl5.16.2/lib/site_perl/5.16.2/Test/Pod/Coverage.pm line 126.
# Audio::Extract::PCM::Backend::Vorbis: requiring 'Audio::Extract::PCM::Backend::Vorbis' failed
# Failed test 'Pod coverage on Audio::Extract::PCM::Backend::SndFile'
# at /home/graham/perls/perl5.16.2/lib/site_perl/5.16.2/Test/Pod/Coverage.pm line 126.
# Audio::Extract::PCM::Backend::SndFile: requiring 'Audio::Extract::PCM::Backend::SndFile' failed
# Failed test 'Pod coverage on Audio::Extract::PCM::Backend::SoX'
# at /home/graham/perls/perl5.16.2/lib/site_perl/5.16.2/Test/Pod/Coverage.pm line 126.
# Audio::Extract::PCM::Backend::SoX: requiring 'Audio::Extract::PCM::Backend::SoX' failed
# Failed test 'Pod coverage on Audio::Extract::PCM::Backend::Mad'
# at /home/graham/perls/perl5.16.2/lib/site_perl/5.16.2/Test/Pod/Coverage.pm line 126.
# Audio::Extract::PCM::Backend::Mad: requiring 'Audio::Extract::PCM::Backend::Mad' failed
# Looks like you failed 4 tests of 7.
t/pod-coverage.t ..
Dubious, test returned 4 (wstat 1024, 0x400)
Failed 4/7 subtests
t/pod.t ........... ok
# This system has XINU (little) endianness
t/zzcleanup.t ..... ok
Test Summary Report
-------------------
t/pod-coverage.t (Wstat: 1024 Tests: 7 Failed: 4)
Failed tests: 4-7
Non-zero exit status: 4
Files=7, Tests=107, 1 wallclock secs ( 0.06 usr 0.01 sys + 0.66 cusr 0.12 csys = 0.85 CPU)
Result: FAIL
Failed 1/7 test programs. 4/107 subtests failed.
------------------------------
PREREQUISITES
------------------------------
Prerequisite modules loaded:
requires:
Module Need Have
----------------- ----- --------
Class::Accessor 0 0.34
Class::Inspector 0 1.28
IO::CaptureOutput 1.10 1.1102
List::MoreUtils 0 0.400
perl 5.006 5.016002
version 0 0.9906
build_requires:
Module Need Have
----------------- ----- --------
Compress::Zlib 0 2.063
Module::Build 0 0.39_01
Test::More 0 1.001002
configure_requires:
Module Need Have
----------------- ----- --------
Module::Build 0 0.39_01
------------------------------
ENVIRONMENT AND OTHER CONTEXT
------------------------------
Environment variables:
AUTOMATED_TESTING = 1
LANG = en_GB.UTF-8
LC_ADDRESS = en_GB.UTF-8
LC_COLLATE = en_GB.UTF-8
LC_CTYPE = en_GB.UTF-8
LC_IDENTIFICATION = en_GB.UTF-8
LC_MEASUREMENT = en_GB.UTF-8
LC_MESSAGES = en_GB.UTF-8
LC_MONETARY = en_GB.UTF-8
LC_NAME = en_GB.UTF-8
LC_NUMERIC = en_GB.UTF-8
LC_PAPER = en_GB.UTF-8
LC_TELEPHONE = en_GB.UTF-8
LC_TIME = en_GB.UTF-8
PATH = /home/graham/perls/perl5.16.2/bin:/usr/local/sbin:/usr/local/bin:/usr/bin:/usr/bin/core_perl
PERL5LIB =
PERL5OPT =
PERL5_CPANPLUS_IS_RUNNING = 4387
PERL5_CPAN_IS_RUNNING = 4387
PERL5_CPAN_IS_RUNNING_IN_RECURSION = 487,4387
PERL_CR_SMOKER_CURRENT = Audio-Extract-PCM-0.04_59
PERL_EXTUTILS_AUTOINSTALL = --defaultdeps
PERL_MM_USE_DEFAULT = 1
SHELL = /bin/bash
TERM = xterm
Perl special variables (and OS-specific diagnostics, for MSWin32):
$^X = /home/graham/perls/perl5.16.2/bin/perl
$UID/$EUID = 1000 / 1000
$GID = 100 10 100
$EGID = 100 10 100
Perl module toolchain versions installed:
Module Have
------------------- --------
CPAN 1.9402
CPAN::Meta 2.133380
Cwd 3.40
ExtUtils::CBuilder 0.280212
ExtUtils::Command 1.18
ExtUtils::Install 1.58
ExtUtils::MakeMaker 6.86
ExtUtils::Manifest 1.63
ExtUtils::ParseXS 3.22
File::Spec 3.40
JSON 2.90
JSON::PP 2.27008
Module::Build 0.39_01
Module::Signature n/a
Parse::CPAN::Meta 1.4409
Test::Harness 3.30
Test::More 1.001002
YAML 0.88
YAML::Syck 1.27
version 0.9906
--
Summary of my perl5 (revision 5 version 16 subversion 2) configuration:
Platform:
osname=linux, osvers=3.11.6-1-arch, archname=x86_64-linux
uname='linux arch003 3.11.6-1-arch #1 smp preempt fri oct 18 23:22:36 cest 2013 x86_64 gnulinux '
config_args=''
hint=recommended, useposix=true, d_sigaction=define
useithreads=undef, usemultiplicity=undef
useperlio=define, d_sfio=undef, uselargefiles=define, usesocks=undef
use64bitint=define, use64bitall=define, uselongdouble=undef
usemymalloc=n, bincompat5005=undef
Compiler:
cc='cc', ccflags ='-fno-strict-aliasing -pipe -fstack-protector -I/usr/local/include -D_LARGEFILE_SOURCE -D_FILE_OFFSET_BITS=64',
optimize='-O2',
cppflags='-fno-strict-aliasing -pipe -fstack-protector -I/usr/local/include'
ccversion='', gccversion='4.8.2', gccosandvers=''
intsize=4, longsize=8, ptrsize=8, doublesize=8, byteorder=12345678
d_longlong=define, longlongsize=8, d_longdbl=define, longdblsize=16
ivtype='long', ivsize=8, nvtype='double', nvsize=8, Off_t='off_t', lseeksize=8
alignbytes=8, prototype=define
Linker and Libraries:
ld='cc', ldflags =' -fstack-protector -L/usr/local/lib'
libpth=/usr/local/lib /lib/../lib /usr/lib/../lib /lib /usr/lib /lib64 /usr/lib64
libs=-lnsl -lgdbm -ldb -ldl -lm -lcrypt -lutil -lc -lgdbm_compat
perllibs=-lnsl -ldl -lm -lcrypt -lutil -lc
libc=/lib/libc-2.18.so, so=so, useshrplib=false, libperl=libperl.a
gnulibc_version='2.18'
Dynamic Linking:
dlsrc=dl_dlopen.xs, dlext=so, d_dlsymun=undef, ccdlflags='-Wl,-E'
cccdlflags='-fPIC', lddlflags='-shared -O2 -L/usr/local/lib -fstack-protector'
Characteristics of this binary (from libperl):
Compile-time options: HAS_TIMES PERLIO_LAYERS PERL_DONT_CREATE_GVSV
PERL_MALLOC_WRAP PERL_PRESERVE_IVUV USE_64_BIT_ALL
USE_64_BIT_INT USE_LARGE_FILES USE_LOCALE
USE_LOCALE_COLLATE USE_LOCALE_CTYPE
USE_LOCALE_NUMERIC USE_PERLIO USE_PERL_ATOF
Built under linux
Compiled at Dec 9 2013 10:49:46
%ENV:
PERL5LIB=""
PERL5OPT=""
PERL5_CPANPLUS_IS_RUNNING="4387"
PERL5_CPAN_IS_RUNNING="4387"
PERL5_CPAN_IS_RUNNING_IN_RECURSION="487,4387"
PERL_CR_SMOKER_CURRENT="Audio-Extract-PCM-0.04_59"
PERL_EXTUTILS_AUTOINSTALL="--defaultdeps"
PERL_MM_USE_DEFAULT="1"
@INC:
/home/graham/perls/perl5.16.2/lib/site_perl/5.16.2/x86_64-linux
/home/graham/perls/perl5.16.2/lib/site_perl/5.16.2
/home/graham/perls/perl5.16.2/lib/5.16.2/x86_64-linux
/home/graham/perls/perl5.16.2/lib/5.16.2
.