Report for Algorithm-SixDegrees-0.03

Back
From: metabase:user:314402c4-2aae-11df-837a-5e0a49663a4f
Subject: FAIL Algorithm-SixDegrees-0.03 v5.23.2 FreeBSD
Date: 2016-03-19T08:21:57Z

This distribution has been tested as part of the CPAN Testers
project, supporting the Perl programming language.  See
http://wiki.cpantesters.org/ for more information or email
questions to cpan-testers-discuss@perl.org


--
Dear Pete Krawczyk,

This is a computer-generated report for Algorithm-SixDegrees-0.03
on perl 5.23.2, created by CPAN-Reporter-1.2015.

Thank you for uploading your work to CPAN.  However, there was a problem
testing your distribution.

If you think this report is invalid, please consult the CPAN Testers Wiki
for suggestions on how to avoid getting FAIL reports for missing library
or binary dependencies, unsupported operating systems, and so on:

http://wiki.cpantesters.org/wiki/CPANAuthorNotes

Sections of this report:

    * Tester comments
    * Program output
    * Prerequisites
    * Environment and other context

------------------------------
TESTER COMMENTS
------------------------------

Additional comments from tester:

none provided

------------------------------
PROGRAM OUTPUT
------------------------------

Output from '/usr/bin/make test':

PERL_DL_NONLAZY=1 "/usr/perl5.23.2p/bin/perl5.23.2" "-MExtUtils::Command::MM" "-MTest::Harness" "-e" "undef *Test::Harness::Switches; test_harness(0, 'blib/lib', 'blib/arch')" t/*.t

#   Failed test 'use Algorithm::SixDegrees;'
#   at t/00.load.t line 6.
#     Tried to use 'Algorithm::SixDegrees'.
#     Error:  UNIVERSAL does not export anything at /home/cpansand/.cpan/build/2016031906/Algorithm-SixDegrees-0.03-lxK1Zi/blib/lib/Algorithm/SixDegrees.pm line 6.
# BEGIN failed--compilation aborted at /home/cpansand/.cpan/build/2016031906/Algorithm-SixDegrees-0.03-lxK1Zi/blib/lib/Algorithm/SixDegrees.pm line 6.
# Compilation failed in require at t/00.load.t line 6.
# BEGIN failed--compilation aborted at t/00.load.t line 6.
# Testing Algorithm::SixDegrees 
# Looks like you failed 1 test of 1.
t/00.load.t .............. 
Dubious, test returned 1 (wstat 256, 0x100)
Failed 1/1 subtests 

#   Failed test 'use Algorithm::SixDegrees;'
#   at t/errors.t line 6.
#     Tried to use 'Algorithm::SixDegrees'.
#     Error:  UNIVERSAL does not export anything at /home/cpansand/.cpan/build/2016031906/Algorithm-SixDegrees-0.03-lxK1Zi/blib/lib/Algorithm/SixDegrees.pm line 6.
# BEGIN failed--compilation aborted at /home/cpansand/.cpan/build/2016031906/Algorithm-SixDegrees-0.03-lxK1Zi/blib/lib/Algorithm/SixDegrees.pm line 6.
# Compilation failed in require at t/errors.t line 6.
# BEGIN failed--compilation aborted at t/errors.t line 6.
Can't locate object method "new" via package "Algorithm::SixDegrees" at t/errors.t line 9.
# Looks like you planned 49 tests but ran 1.
# Looks like you failed 1 test of 1 run.
# Looks like your test exited with 255 just after 1.
t/errors.t ............... 
Dubious, test returned 255 (wstat 65280, 0xff00)
Failed 49/49 subtests 

#   Failed test 'Pod coverage on Algorithm::SixDegrees'
#   at /usr/perl5.23.2p/lib/site_perl/5.23.2/Test/Pod/Coverage.pm line 133.
# Algorithm::SixDegrees: requiring 'Algorithm::SixDegrees' failed
# Looks like you failed 1 test of 1.
t/pod-coverage.t ......... 
Dubious, test returned 1 (wstat 256, 0x100)
Failed 1/1 subtests 
t/pod.t .................. ok

#   Failed test 'use Algorithm::SixDegrees;'
#   at t/simple-1source.t line 6.
#     Tried to use 'Algorithm::SixDegrees'.
#     Error:  UNIVERSAL does not export anything at /home/cpansand/.cpan/build/2016031906/Algorithm-SixDegrees-0.03-lxK1Zi/blib/lib/Algorithm/SixDegrees.pm line 6.
# BEGIN failed--compilation aborted at /home/cpansand/.cpan/build/2016031906/Algorithm-SixDegrees-0.03-lxK1Zi/blib/lib/Algorithm/SixDegrees.pm line 6.
# Compilation failed in require at t/simple-1source.t line 6.
# BEGIN failed--compilation aborted at t/simple-1source.t line 6.
Can't locate object method "new" via package "Algorithm::SixDegrees" at t/simple-1source.t line 9.
# Looks like you planned 22 tests but ran 1.
# Looks like you failed 1 test of 1 run.
# Looks like your test exited with 255 just after 1.
t/simple-1source.t ....... 
Dubious, test returned 255 (wstat 65280, 0xff00)
Failed 22/22 subtests 

#   Failed test 'use Algorithm::SixDegrees;'
#   at t/simple-2source-args.t line 6.
#     Tried to use 'Algorithm::SixDegrees'.
#     Error:  UNIVERSAL does not export anything at /home/cpansand/.cpan/build/2016031906/Algorithm-SixDegrees-0.03-lxK1Zi/blib/lib/Algorithm/SixDegrees.pm line 6.
# BEGIN failed--compilation aborted at /home/cpansand/.cpan/build/2016031906/Algorithm-SixDegrees-0.03-lxK1Zi/blib/lib/Algorithm/SixDegrees.pm line 6.
# Compilation failed in require at t/simple-2source-args.t line 6.
# BEGIN failed--compilation aborted at t/simple-2source-args.t line 6.
Can't locate object method "new" via package "Algorithm::SixDegrees" at t/simple-2source-args.t line 17.
# Looks like you planned 13 tests but ran 1.
# Looks like you failed 1 test of 1 run.
# Looks like your test exited with 255 just after 1.
t/simple-2source-args.t .. 
Dubious, test returned 255 (wstat 65280, 0xff00)
Failed 13/13 subtests 

#   Failed test 'use Algorithm::SixDegrees;'
#   at t/simple-2source.t line 6.
#     Tried to use 'Algorithm::SixDegrees'.
#     Error:  UNIVERSAL does not export anything at /home/cpansand/.cpan/build/2016031906/Algorithm-SixDegrees-0.03-lxK1Zi/blib/lib/Algorithm/SixDegrees.pm line 6.
# BEGIN failed--compilation aborted at /home/cpansand/.cpan/build/2016031906/Algorithm-SixDegrees-0.03-lxK1Zi/blib/lib/Algorithm/SixDegrees.pm line 6.
# Compilation failed in require at t/simple-2source.t line 6.
# BEGIN failed--compilation aborted at t/simple-2source.t line 6.
Can't locate object method "new" via package "Algorithm::SixDegrees" at t/simple-2source.t line 17.
# Looks like you planned 12 tests but ran 1.
# Looks like you failed 1 test of 1 run.
# Looks like your test exited with 255 just after 1.
t/simple-2source.t ....... 
Dubious, test returned 255 (wstat 65280, 0xff00)
Failed 12/12 subtests 

Test Summary Report
-------------------
t/00.load.t            (Wstat: 256 Tests: 1 Failed: 1)
  Failed test:  1
  Non-zero exit status: 1
t/errors.t             (Wstat: 65280 Tests: 1 Failed: 1)
  Failed test:  1
  Non-zero exit status: 255
  Parse errors: Bad plan.  You planned 49 tests but ran 1.
t/pod-coverage.t       (Wstat: 256 Tests: 1 Failed: 1)
  Failed test:  1
  Non-zero exit status: 1
t/simple-1source.t     (Wstat: 65280 Tests: 1 Failed: 1)
  Failed test:  1
  Non-zero exit status: 255
  Parse errors: Bad plan.  You planned 22 tests but ran 1.
t/simple-2source-args.t (Wstat: 65280 Tests: 1 Failed: 1)
  Failed test:  1
  Non-zero exit status: 255
  Parse errors: Bad plan.  You planned 13 tests but ran 1.
t/simple-2source.t     (Wstat: 65280 Tests: 1 Failed: 1)
  Failed test:  1
  Non-zero exit status: 255
  Parse errors: Bad plan.  You planned 12 tests but ran 1.
Files=7, Tests=7,  1 wallclock secs ( 0.04 usr  0.05 sys +  0.48 cusr  0.09 csys =  0.66 CPU)
Result: FAIL
Failed 6/7 test programs. 6/7 subtests failed.
*** Error code 255

Stop.
make: stopped in /home/cpansand/.cpan/build/2016031906/Algorithm-SixDegrees-0.03-lxK1Zi

------------------------------
PREREQUISITES
------------------------------

Prerequisite modules loaded:

requires:

    Module              Need Have    
    ------------------- ---- --------
    Test::More          0    1.001014

build_requires:

    Module              Need Have    
    ------------------- ---- --------
    ExtUtils::MakeMaker 0    7.10    


------------------------------
ENVIRONMENT AND OTHER CONTEXT
------------------------------

Environment variables:

    LC_ALL = de_DE.ISO8859-1
    PATH = /usr/local/bin:/usr/bin:/bin:/usr/local/sbin:/usr/sbin:/sbin:/home/cpansand/bin/freebsd10.1:/home/cpansand/bin/sh:/home/cpansand/bin:/usr/games:/home/cpansand/devel:/home/eserte/src/srezic-misc/scripts
    PERL5LIB = 
    PERL5OPT = 
    PERL5_CPANPLUS_IS_RUNNING = 61828
    PERL5_CPAN_IS_RUNNING = 61828
    PERL5_CPAN_IS_RUNNING_IN_RECURSION = 61194,61828
    PERLDOC = -MPod::Perldoc::ToTextOverstrike
    PERL_BATCH = yes
    PERL_CANARY_STABILITY_NOPROMPT = 1
    PERL_CPAN_REPORTER_CONFIG = /var/tmp/cpansmoker-1023/2016031906/cpanreporter_000_config.ini
    PERL_EXTUTILS_AUTOINSTALL = --defaultdeps
    SHELL = /usr/local/bin/zsh
    TERM = screen
    TMPDIR = /var/tmp/cpansmoker-1023/2016031906

Perl special variables (and OS-specific diagnostics, for MSWin32):

    $^X = /usr/perl5.23.2p/bin/perl5.23.2
    $UID/$EUID = 1023 / 1023
    $GID = 1023 1023
    $EGID = 1023 1023

Perl module toolchain versions installed:

    Module              Have    
    ------------------- --------
    CPAN                2.11    
    CPAN::Meta          2.150005
    Cwd                 3.57    
    ExtUtils::CBuilder  0.280223
    ExtUtils::Command   7.10    
    ExtUtils::Install   2.04    
    ExtUtils::MakeMaker 7.10    
    ExtUtils::Manifest  1.70    
    ExtUtils::ParseXS   3.30    
    File::Spec          3.57    
    JSON                2.90    
    JSON::PP            2.27300 
    Module::Build       0.4214  
    Module::Signature   n/a     
    Parse::CPAN::Meta   1.4417  
    Test::Harness       3.35    
    Test::More          1.001014
    YAML                1.15    
    YAML::Syck          1.29    
    version             0.9912  


--

Summary of my perl5 (revision 5 version 23 subversion 2) configuration:
   
  Platform:
    osname=freebsd, osvers=10.1-release, archname=amd64-freebsd
    uname='freebsd cvrsnica-freebsd-101.herceg.de 10.1-release freebsd 10.1-release #0 r274401: tue nov 11 21:02:49 utc 2014 root@releng1.nyi.freebsd.org:usrobjusrsrcsysgeneric amd64 '
    config_args='-ds -e -Dprefix=/usr/perl5.23.2p -Dusedevel -Dusemallocwrap=no -Dcf_email=srezic@cpan.org'
    hint=recommended, useposix=true, d_sigaction=define
    useithreads=undef, usemultiplicity=undef
    use64bitint=define, use64bitall=define, uselongdouble=undef
    usemymalloc=n, bincompat5005=undef
  Compiler:
    cc='cc', ccflags ='-DHAS_FPSETMASK -DHAS_FLOATINGPOINT_H -fno-strict-aliasing -pipe -fstack-protector -I/usr/local/include -D_FORTIFY_SOURCE=2',
    optimize='-O',
    cppflags='-DHAS_FPSETMASK -DHAS_FLOATINGPOINT_H -fno-strict-aliasing -pipe -fstack-protector -I/usr/local/include'
    ccversion='', gccversion='4.2.1 Compatible FreeBSD Clang 3.4.1 (tags/RELEASE_34/dot1-final 208032)', gccosandvers=''
    intsize=4, longsize=8, ptrsize=8, doublesize=8, byteorder=12345678, doublekind=3
    d_longlong=define, longlongsize=8, d_longdbl=define, longdblsize=16, longdblkind=3
    ivtype='long', ivsize=8, nvtype='double', nvsize=8, Off_t='off_t', lseeksize=8
    alignbytes=8, prototype=define
  Linker and Libraries:
    ld='cc', ldflags ='-pthread -Wl,-E  -fstack-protector -L/usr/local/lib'
    libpth=/usr/lib /usr/local/lib /usr/include/clang/3.4.1 /usr/lib
    libs=-lpthread -lgdbm -lm -lcrypt -lutil -lc
    perllibs=-lpthread -lm -lcrypt -lutil -lc
    libc=, so=so, useshrplib=false, libperl=libperl.a
    gnulibc_version=''
  Dynamic Linking:
    dlsrc=dl_dlopen.xs, dlext=so, d_dlsymun=undef, ccdlflags=' '
    cccdlflags='-DPIC -fPIC', lddlflags='-shared  -L/usr/local/lib -fstack-protector'


Characteristics of this binary (from libperl): 
  Compile-time options: HAS_TIMES PERLIO_LAYERS PERL_COPY_ON_WRITE
                        PERL_DONT_CREATE_GVSV
                        PERL_HASH_FUNC_ONE_AT_A_TIME_HARD PERL_PRESERVE_IVUV
                        PERL_USE_DEVEL USE_64_BIT_ALL USE_64_BIT_INT
                        USE_LARGE_FILES USE_LOCALE USE_LOCALE_COLLATE
                        USE_LOCALE_CTYPE USE_LOCALE_NUMERIC USE_LOCALE_TIME
                        USE_PERLIO USE_PERL_ATOF
  Built under freebsd
  Compiled at Sep  1 2015 21:37:06
  %ENV:
    PERL5LIB=""
    PERL5OPT=""
    PERL5_CPANPLUS_IS_RUNNING="61828"
    PERL5_CPAN_IS_RUNNING="61828"
    PERL5_CPAN_IS_RUNNING_IN_RECURSION="61194,61828"
    PERLDOC="-MPod::Perldoc::ToTextOverstrike"
    PERL_BATCH="yes"
    PERL_CANARY_STABILITY_NOPROMPT="1"
    PERL_CPAN_REPORTER_CONFIG="/var/tmp/cpansmoker-1023/2016031906/cpanreporter_000_config.ini"
    PERL_EXTUTILS_AUTOINSTALL="--defaultdeps"
  @INC:
    /usr/perl5.23.2p/lib/site_perl/5.23.2/amd64-freebsd
    /usr/perl5.23.2p/lib/site_perl/5.23.2
    /usr/perl5.23.2p/lib/5.23.2/amd64-freebsd
    /usr/perl5.23.2p/lib/5.23.2
    .