Stow vv2.2.2 Perl 5 v5.26.1 MSWin32-x86-multi-thread-64int

Status
Fail
From
Alexandr Ciornii (CHORNY)
Dist
Stow vv2.2.2
Platform
Perl 5 v5.26.1 MSWin32-x86-multi-thread-64int
Date
2018-07-05 08:38:47
ID
a4cacd6d-6bfc-1014-9c82-9640eb85933c
This distribution has been tested as part of the CPAN Testers
project, supporting the Perl programming language.  See
http://wiki.cpantesters.org/ for more information or email
questions to cpan-testers-discuss@perl.org


--
Dear Adam Spiers,

This is a computer-generated report for Stow-v2.2.2
on perl 5.26.1, created by CPAN-Reporter-1.2018.

Thank you for uploading your work to CPAN.  However, there was a problem
testing your distribution.

If you think this report is invalid, please consult the CPAN Testers Wiki
for suggestions on how to avoid getting FAIL reports for missing library
or binary dependencies, unsupported operating systems, and so on:

http://wiki.cpantesters.org/wiki/CPANAuthorNotes

Sections of this report:

    * Tester comments
    * Program output
    * Prerequisites
    * Environment and other context

------------------------------
TESTER COMMENTS
------------------------------

Additional comments from tester:

this report is from an automated smoke testing program
and was not reviewed by a human for accuracy

------------------------------
PROGRAM OUTPUT
------------------------------

Output from 'C:\Strawberry261\perl\bin\perl.exe ./Build test':

The symlink function is unimplemented at t/testutil.pm line 108, <DATA> line 22.
# Looks like your test exited with 2 before it could output anything.
t\chkstow.t ................ 
Dubious, test returned 2 (wstat 512, 0x200)
Failed 7/7 subtests 
The symlink function is unimplemented at t/testutil.pm line 108, <DATA> line 22.
# Looks like your test exited with 2 before it could output anything.
t\cleanup_invalid_links.t .. 
Dubious, test returned 2 (wstat 512, 0x200)
Failed 6/6 subtests 

#   Failed test 'stow dir'
#   at t\cli_options.t line 32.
#          got: '..\stow'
#     expected: '../stow'
# Looks like you failed 1 test of 9.
t\cli_options.t ............ 
Dubious, test returned 1 (wstat 256, 0x100)
Failed 1/9 subtests 
t\defer.t .................. ok
The symlink function is unimplemented at C:\STRAWB~1\cpan\build\Stow-v2.2.2-0\blib\lib/Stow.pm line 1461, <DATA> line 22.
# Looks like your test exited with 2 before it could output anything.
t\examples.t ............... 
Dubious, test returned 2 (wstat 512, 0x200)
Failed 10/10 subtests 

#   Failed test 'from root'
#   at t\find_stowed_path.t line 18.
#     Structures begin differing at:
#          $got->[0] = ''
#     $expected->[0] = 'tmp-testing-trees/stow/a/b/c'

#   Failed test 'from target directory'
#   at t\find_stowed_path.t line 26.
#     Structures begin differing at:
#          $got->[0] = ''
#     $expected->[0] = '../stow/a/b/c'

#   Failed test 'stow is subdir of target directory'
#   at t\find_stowed_path.t line 36.
#     Structures begin differing at:
#          $got->[0] = ''
#     $expected->[0] = 'tmp-testing-trees/target/stow/a/b/c'
# Looks like you failed 3 tests of 6.
t\find_stowed_path.t ....... 
Dubious, test returned 3 (wstat 768, 0x300)
Failed 3/6 subtests 
The symlink function is unimplemented at t/testutil.pm line 108, <DATA> line 22.
# Looks like your test exited with 2 before it could output anything.
t\foldable.t ............... 
Dubious, test returned 2 (wstat 512, 0x200)
Failed 4/4 subtests 
Unrecognized escape \L passed through in regex; marked by <-- HERE in m/C:\DOCUME~1\a\L <-- HERE OCALS~1\Temp\OjHwTrMLu8(/|$)/ at C:\STRAWB~1\cpan\build\Stow-v2.2.2-0\blib\lib/Stow.pm line 360, <REGEXPS> line 6.
Unrecognized escape \T passed through in regex; marked by <-- HERE in m/C:\DOCUME~1\a\LOCALS~1\T <-- HERE emp\OjHwTrMLu8(/|$)/ at C:\STRAWB~1\cpan\build\Stow-v2.2.2-0\blib\lib/Stow.pm line 360, <REGEXPS> line 6.
Unrecognized escape \O passed through in regex; marked by <-- HERE in m/C:\DOCUME~1\a\LOCALS~1\Temp\O <-- HERE jHwTrMLu8(/|$)/ at C:\STRAWB~1\cpan\build\Stow-v2.2.2-0\blib\lib/Stow.pm line 360, <REGEXPS> line 6.

#   Failed test 'qux not ignored and stowed'
#   at t\ignore.t line 287.

#   Failed test 'qux stowed correctly'
#   at t\ignore.t line 288.
#          got: undef
#     expected: '../../stow/pkg1/foo/qux'
# Looks like you failed 2 tests of 287.
t\ignore.t ................. 
Dubious, test returned 2 (wstat 512, 0x200)
Failed 2/287 subtests 
t\join_paths.t ............. ok
t\parent.t ................. ok
The symlink function is unimplemented at C:\STRAWB~1\cpan\build\Stow-v2.2.2-0\blib\lib/Stow.pm line 1461, <DATA> line 22.
# Looks like your test exited with 2 before it could output anything.
t\stow.t ................... 
Dubious, test returned 2 (wstat 512, 0x200)
Failed 118/118 subtests 
The symlink function is unimplemented at t/testutil.pm line 108, <DATA> line 22.
# Looks like your test exited with 2 before it could output anything.
t\unstow.t ................. 
Dubious, test returned 2 (wstat 512, 0x200)
Failed 39/39 subtests 
The symlink function is unimplemented at t/testutil.pm line 108, <DATA> line 22.
# Looks like your test exited with 2 before it could output anything.
t\unstow_orig.t ............ 
Dubious, test returned 2 (wstat 512, 0x200)
Failed 37/37 subtests 

Test Summary Report
-------------------
t\chkstow.t              (Wstat: 512 Tests: 0 Failed: 0)
  Non-zero exit status: 2
  Parse errors: Bad plan.  You planned 7 tests but ran 0.
t\cleanup_invalid_links.t (Wstat: 512 Tests: 0 Failed: 0)
  Non-zero exit status: 2
  Parse errors: Bad plan.  You planned 6 tests but ran 0.
t\cli_options.t          (Wstat: 256 Tests: 9 Failed: 1)
  Failed test:  3
  Non-zero exit status: 1
t\examples.t             (Wstat: 512 Tests: 0 Failed: 0)
  Non-zero exit status: 2
  Parse errors: Bad plan.  You planned 10 tests but ran 0.
t\find_stowed_path.t     (Wstat: 768 Tests: 6 Failed: 3)
  Failed tests:  1-3
  Non-zero exit status: 3
t\foldable.t             (Wstat: 512 Tests: 0 Failed: 0)
  Non-zero exit status: 2
  Parse errors: Bad plan.  You planned 4 tests but ran 0.
t\ignore.t               (Wstat: 512 Tests: 287 Failed: 2)
  Failed tests:  286-287
  Non-zero exit status: 2
t\stow.t                 (Wstat: 512 Tests: 0 Failed: 0)
  Non-zero exit status: 2
  Parse errors: Bad plan.  You planned 118 tests but ran 0.
t\unstow.t               (Wstat: 512 Tests: 0 Failed: 0)
  Non-zero exit status: 2
  Parse errors: Bad plan.  You planned 39 tests but ran 0.
t\unstow_orig.t          (Wstat: 512 Tests: 0 Failed: 0)
  Non-zero exit status: 2
  Parse errors: Bad plan.  You planned 37 tests but ran 0.
Files=13, Tests=325,  8 wallclock secs ( 0.21 usr +  0.08 sys =  0.29 CPU)
Result: FAIL
Failed 10/13 test programs. 6/325 subtests failed.

------------------------------
PREREQUISITES
------------------------------

Prerequisite modules loaded:

requires:

    Module        Need  Have    
    ------------- ----- --------
    Carp          0     1.42    
    IO::File      0     1.16    
    perl          5.006 5.026001

build_requires:

    Module        Need  Have    
    ------------- ----- --------
    Test::More    0     1.302135
    Test::Output  0     1.031   

configure_requires:

    Module        Need  Have    
    ------------- ----- --------
    Module::Build 0     0.4224  


------------------------------
ENVIRONMENT AND OTHER CONTEXT
------------------------------

Environment variables:

    AUTOMATED_TESTING = 1
    COMSPEC = C:\WINDOWS\system32\cmd.exe
    NUMBER_OF_PROCESSORS = 1
    PATH = C:\WINDOWS\system32;C:\WINDOWS;C:\WINDOWS\System32\Wbem;C:\Git\cmd;C:\Strawberry261\c\bin;C:\Strawberry261\perl\site\bin;C:\Strawberry261\perl\bin
    PERL5LIB = 
    PERL5OPT = 
    PERL5_CPANPLUS_IS_RUNNING = 1512
    PERL5_CPAN_IS_RUNNING = 1512
    PERL5_CPAN_IS_RUNNING_IN_RECURSION = 1252,1512
    PERL_CR_SMOKER_CURRENT = Stow-v2.2.2
    PERL_CR_SMOKER_RUNONCE = 1
    PERL_EXTUTILS_AUTOINSTALL = --defaultdeps
    PERL_HASH_SEED = 0x11111111
    PERL_MM_USE_DEFAULT = 1
    PERL_USE_UNSAFE_INC = 1
    PROCESSOR_IDENTIFIER = x86 Family 16 Model 5 Stepping 3, AuthenticAMD
    TEMP = C:\DOCUME~1\a\LOCALS~1\Temp

Perl special variables (and OS-specific diagnostics, for MSWin32):

    $^X = C:\Strawberry261\perl\bin\perl.exe
    $UID/$EUID = 0 / 0
    $GID = 0
    $EGID = 0
    Win32::GetOSName = WinXP/.Net
    Win32::GetOSVersion = Service Pack 3, 5, 1, 2600, 2, 3, 0, 256, 1
    Win32::FsType = NTFS
    Win32::IsAdminUser = 1

Perl module toolchain versions installed:

    Module              Have    
    ------------------- --------
    CPAN                2.18    
    CPAN::Meta          2.150010
    Cwd                 3.74    
    ExtUtils::CBuilder  0.280230
    ExtUtils::Command   7.34    
    ExtUtils::Install   2.14    
    ExtUtils::MakeMaker 7.34    
    ExtUtils::Manifest  1.70    
    ExtUtils::ParseXS   3.35    
    File::Spec          3.74    
    JSON                2.97001 
    JSON::PP            2.97001 
    Module::Build       0.4224  
    Module::Signature   0.81    
    Parse::CPAN::Meta   2.150010
    Test::Harness       3.42    
    Test::More          1.302135
    YAML                1.24    
    YAML::Syck          1.30    
    version             0.9918  


--

Summary of my perl5 (revision 5 version 26 subversion 1) configuration:
   
  Platform:
    osname=MSWin32
    osvers=4.0
    archname=MSWin32-x86-multi-thread-64int
    uname='Win32 strawberry-perl 5.26.1.1 #1 Mon Apr  2 23:57:52 2018 i386'
    config_args='undef'
    hint=recommended
    useposix=true
    d_sigaction=undef
    useithreads=define
    usemultiplicity=define
    use64bitint=define
    use64bitall=undef
    uselongdouble=undef
    usemymalloc=n
    default_inc_excludes_dot=define
    bincompat5005=undef
  Compiler:
    cc='gcc'
    ccflags =' -s -O2 -DWIN32 -D__USE_MINGW_ANSI_STDIO -DPERL_TEXTMODE_SCRIPTS -DPERL_IMPLICIT_CONTEXT -DPERL_IMPLICIT_SYS -DUSE_PERLIO -fwrapv -fno-strict-aliasing -mms-bitfields'
    optimize='-s -O2'
    cppflags='-DWIN32'
    ccversion=''
    gccversion='7.1.0'
    gccosandvers=''
    intsize=4
    longsize=4
    ptrsize=4
    doublesize=8
    byteorder=12345678
    doublekind=3
    d_longlong=define
    longlongsize=8
    d_longdbl=define
    longdblsize=12
    longdblkind=3
    ivtype='long long'
    ivsize=8
    nvtype='double'
    nvsize=8
    Off_t='long long'
    lseeksize=8
    alignbytes=8
    prototype=define
  Linker and Libraries:
    ld='g++'
    ldflags ='-s -L"C:\STRAWB~1\perl\lib\CORE" -L"C:\STRAWB~1\c\lib"'
    libpth=C:\STRAWB~1\c\lib C:\STRAWB~1\c\i686-w64-mingw32\lib C:\STRAWB~1\c\lib\gcc\i686-w64-mingw32\7.1.0
    libs= -lmoldname -lkernel32 -luser32 -lgdi32 -lwinspool -lcomdlg32 -ladvapi32 -lshell32 -lole32 -loleaut32 -lnetapi32 -luuid -lws2_32 -lmpr -lwinmm -lversion -lodbc32 -lodbccp32 -lcomctl32
    perllibs= -lmoldname -lkernel32 -luser32 -lgdi32 -lwinspool -lcomdlg32 -ladvapi32 -lshell32 -lole32 -loleaut32 -lnetapi32 -luuid -lws2_32 -lmpr -lwinmm -lversion -lodbc32 -lodbccp32 -lcomctl32
    libc=
    so=dll
    useshrplib=true
    libperl=libperl526.a
    gnulibc_version=''
  Dynamic Linking:
    dlsrc=dl_win32.xs
    dlext=xs.dll
    d_dlsymun=undef
    ccdlflags=' '
    cccdlflags=' '
    lddlflags='-mdll -s -L"C:\STRAWB~1\perl\lib\CORE" -L"C:\STRAWB~1\c\lib"'


Characteristics of this binary (from libperl): 
  Compile-time options:
    HAS_TIMES
    HAVE_INTERP_INTERN
    MULTIPLICITY
    PERLIO_LAYERS
    PERL_COPY_ON_WRITE
    PERL_DONT_CREATE_GVSV
    PERL_IMPLICIT_CONTEXT
    PERL_IMPLICIT_SYS
    PERL_MALLOC_WRAP
    PERL_OP_PARENT
    PERL_PRESERVE_IVUV
    USE_64_BIT_INT
    USE_ITHREADS
    USE_LARGE_FILES
    USE_LOCALE
    USE_LOCALE_COLLATE
    USE_LOCALE_CTYPE
    USE_LOCALE_NUMERIC
    USE_LOCALE_TIME
    USE_PERLIO
    USE_PERL_ATOF
  Built under MSWin32
  Compiled at Apr  3 2018 00:07:56
  %ENV:
    PERL5_CPANPLUS_IS_RUNNING="1512"
    PERL5_CPAN_IS_RUNNING="1512"
    PERL5_CPAN_IS_RUNNING_IN_RECURSION="1252,1512"
    PERL_CR_SMOKER_CURRENT="Stow-v2.2.2"
    PERL_CR_SMOKER_RUNONCE="1"
    PERL_EXTUTILS_AUTOINSTALL="--defaultdeps"
    PERL_HASH_SEED="0x11111111"
    PERL_MM_USE_DEFAULT="1"
    PERL_USE_UNSAFE_INC="1"
  @INC:
    C:/Strawberry261/perl/site/lib
    C:/Strawberry261/perl/vendor/lib
    C:/Strawberry261/perl/lib
    .