Back
From: metabase:user:320bfe00-2aae-11df-837a-5e0a49663a4f
Subject: FAIL HTTP-Engine-0.03005 v5.24.0 RC4 GNU/Linux
Date: 2016-05-04T19:30:22Z
This distribution has been tested as part of the CPAN Testers
project, supporting the Perl programming language. See
http://wiki.cpantesters.org/ for more information or email
questions to cpan-testers-discuss@perl.org
--
Dear Kazuhiro Osawa,
This is a computer-generated report for HTTP-Engine-0.03005
on perl 5.24.0, created by CPAN-Reporter-1.2017.
Thank you for uploading your work to CPAN. However, there was a problem
testing your distribution.
If you think this report is invalid, please consult the CPAN Testers Wiki
for suggestions on how to avoid getting FAIL reports for missing library
or binary dependencies, unsupported operating systems, and so on:
http://wiki.cpantesters.org/wiki/CPANAuthorNotes
Sections of this report:
* Tester comments
* Program output
* Prerequisites
* Environment and other context
------------------------------
TESTER COMMENTS
------------------------------
Additional comments from tester:
this report is from an automated smoke testing program
and was not reviewed by a human for accuracy
------------------------------
PROGRAM OUTPUT
------------------------------
Output from '/usr/bin/make test':
PERL_DL_NONLAZY=1 "/tmp/basesmoker-reloperl-wPxw/bin/perl" "-MExtUtils::Command::MM" "-MTest::Harness" "-e" "undef *Test::Harness::Switches; test_harness(0, 'inc', 'blib/lib', 'blib/arch')" t/*.t t/*/*.t t/moose/*/*.t
Possible precedence issue with control flow operator at /tmp/loop_over_bdir-11318-Cu_pL0/HTTP-Engine-0.03005-0/inc/Test/Builder.pm line 917.
# Soft dependency versions:
# Any::Moose 0.26
# Mouse v2.4.5
# MooseX::Types 0.46
t/00_compile.t .............................................. ok
Possible precedence issue with control flow operator at /tmp/loop_over_bdir-11318-Cu_pL0/HTTP-Engine-0.03005-0/inc/Test/Builder.pm line 917.
t/010_core/builder_options-upload_tmp.t ..................... ok
Possible precedence issue with control flow operator at /tmp/loop_over_bdir-11318-Cu_pL0/HTTP-Engine-0.03005-0/inc/Test/Builder.pm line 917.
t/010_core/interface-require.t .............................. ok
Possible precedence issue with control flow operator at /tmp/loop_over_bdir-11318-Cu_pL0/HTTP-Engine-0.03005-0/inc/Test/Builder.pm line 917.
t/010_core/interface.t ...................................... ok
Possible precedence issue with control flow operator at /tmp/loop_over_bdir-11318-Cu_pL0/HTTP-Engine-0.03005-0/inc/Test/Builder.pm line 917.
t/010_core/load_requestbuilder_cgi.t ........................ ok
Possible precedence issue with control flow operator at /tmp/loop_over_bdir-11318-Cu_pL0/HTTP-Engine-0.03005-0/inc/Test/Builder.pm line 917.
Redundant argument in sprintf at /tmp/loop_over_bdir-11318-Cu_pL0/HTTP-Engine-0.03005-0/inc/Spiffy.pm line 225.
Redundant argument in sprintf at /tmp/loop_over_bdir-11318-Cu_pL0/HTTP-Engine-0.03005-0/inc/Spiffy.pm line 225.
Redundant argument in sprintf at /tmp/loop_over_bdir-11318-Cu_pL0/HTTP-Engine-0.03005-0/inc/Spiffy.pm line 225.
Redundant argument in sprintf at /tmp/loop_over_bdir-11318-Cu_pL0/HTTP-Engine-0.03005-0/inc/Spiffy.pm line 225.
t/010_core/request-absolute_uri.t ........................... ok
Possible precedence issue with control flow operator at /tmp/loop_over_bdir-11318-Cu_pL0/HTTP-Engine-0.03005-0/inc/Test/Builder.pm line 917.
t/010_core/request-as_http_request.t ........................ ok
Possible precedence issue with control flow operator at /tmp/loop_over_bdir-11318-Cu_pL0/HTTP-Engine-0.03005-0/inc/Test/Builder.pm line 917.
t/010_core/request-as_string.t .............................. ok
Possible precedence issue with control flow operator at /tmp/loop_over_bdir-11318-Cu_pL0/HTTP-Engine-0.03005-0/inc/Test/Builder.pm line 917.
t/010_core/request-body.t ................................... ok
Possible precedence issue with control flow operator at /tmp/loop_over_bdir-11318-Cu_pL0/HTTP-Engine-0.03005-0/inc/Test/Builder.pm line 917.
t/010_core/request-content.t ................................ ok
Possible precedence issue with control flow operator at /tmp/loop_over_bdir-11318-Cu_pL0/HTTP-Engine-0.03005-0/inc/Test/Builder.pm line 917.
t/010_core/request-cookie.t ................................. ok
Possible precedence issue with control flow operator at /tmp/loop_over_bdir-11318-Cu_pL0/HTTP-Engine-0.03005-0/inc/Test/Builder.pm line 917.
t/010_core/request-hostname.t ............................... ok
Possible precedence issue with control flow operator at /tmp/loop_over_bdir-11318-Cu_pL0/HTTP-Engine-0.03005-0/inc/Test/Builder.pm line 917.
t/010_core/request-many_upload.t ............................ ok
Possible precedence issue with control flow operator at /tmp/loop_over_bdir-11318-Cu_pL0/HTTP-Engine-0.03005-0/inc/Test/Builder.pm line 917.
t/010_core/request-parameters.t ............................. ok
Possible precedence issue with control flow operator at /tmp/loop_over_bdir-11318-Cu_pL0/HTTP-Engine-0.03005-0/inc/Test/Builder.pm line 917.
Redundant argument in sprintf at /tmp/loop_over_bdir-11318-Cu_pL0/HTTP-Engine-0.03005-0/inc/Spiffy.pm line 225.
Redundant argument in sprintf at /tmp/loop_over_bdir-11318-Cu_pL0/HTTP-Engine-0.03005-0/inc/Spiffy.pm line 225.
Redundant argument in sprintf at /tmp/loop_over_bdir-11318-Cu_pL0/HTTP-Engine-0.03005-0/inc/Spiffy.pm line 225.
Redundant argument in sprintf at /tmp/loop_over_bdir-11318-Cu_pL0/HTTP-Engine-0.03005-0/inc/Spiffy.pm line 225.
t/010_core/request-params.t ................................. ok
Possible precedence issue with control flow operator at /tmp/loop_over_bdir-11318-Cu_pL0/HTTP-Engine-0.03005-0/inc/Test/Builder.pm line 917.
t/010_core/request-parse.t .................................. ok
Possible precedence issue with control flow operator at /tmp/loop_over_bdir-11318-Cu_pL0/HTTP-Engine-0.03005-0/inc/Test/Builder.pm line 917.
Redundant argument in sprintf at /tmp/loop_over_bdir-11318-Cu_pL0/HTTP-Engine-0.03005-0/inc/Spiffy.pm line 225.
Redundant argument in sprintf at /tmp/loop_over_bdir-11318-Cu_pL0/HTTP-Engine-0.03005-0/inc/Spiffy.pm line 225.
Redundant argument in sprintf at /tmp/loop_over_bdir-11318-Cu_pL0/HTTP-Engine-0.03005-0/inc/Spiffy.pm line 225.
Redundant argument in sprintf at /tmp/loop_over_bdir-11318-Cu_pL0/HTTP-Engine-0.03005-0/inc/Spiffy.pm line 225.
t/010_core/request-proxy_request.t .......................... ok
Possible precedence issue with control flow operator at /tmp/loop_over_bdir-11318-Cu_pL0/HTTP-Engine-0.03005-0/inc/Test/Builder.pm line 917.
t/010_core/request-raw_body.t ............................... ok
Possible precedence issue with control flow operator at /tmp/loop_over_bdir-11318-Cu_pL0/HTTP-Engine-0.03005-0/inc/Test/Builder.pm line 917.
t/010_core/request-readbody.t ............................... ok
Possible precedence issue with control flow operator at /tmp/loop_over_bdir-11318-Cu_pL0/HTTP-Engine-0.03005-0/inc/Test/Builder.pm line 917.
Redundant argument in sprintf at /tmp/loop_over_bdir-11318-Cu_pL0/HTTP-Engine-0.03005-0/inc/Spiffy.pm line 225.
Redundant argument in sprintf at /tmp/loop_over_bdir-11318-Cu_pL0/HTTP-Engine-0.03005-0/inc/Spiffy.pm line 225.
Redundant argument in sprintf at /tmp/loop_over_bdir-11318-Cu_pL0/HTTP-Engine-0.03005-0/inc/Spiffy.pm line 225.
Redundant argument in sprintf at /tmp/loop_over_bdir-11318-Cu_pL0/HTTP-Engine-0.03005-0/inc/Spiffy.pm line 225.
t/010_core/request-secure.t ................................. ok
Possible precedence issue with control flow operator at /tmp/loop_over_bdir-11318-Cu_pL0/HTTP-Engine-0.03005-0/inc/Test/Builder.pm line 917.
t/010_core/request-upload.t ................................. ok
Possible precedence issue with control flow operator at /tmp/loop_over_bdir-11318-Cu_pL0/HTTP-Engine-0.03005-0/inc/Test/Builder.pm line 917.
Redundant argument in sprintf at /tmp/loop_over_bdir-11318-Cu_pL0/HTTP-Engine-0.03005-0/inc/Spiffy.pm line 225.
Redundant argument in sprintf at /tmp/loop_over_bdir-11318-Cu_pL0/HTTP-Engine-0.03005-0/inc/Spiffy.pm line 225.
Redundant argument in sprintf at /tmp/loop_over_bdir-11318-Cu_pL0/HTTP-Engine-0.03005-0/inc/Spiffy.pm line 225.
Redundant argument in sprintf at /tmp/loop_over_bdir-11318-Cu_pL0/HTTP-Engine-0.03005-0/inc/Spiffy.pm line 225.
t/010_core/request-uri.t .................................... ok
Possible precedence issue with control flow operator at /tmp/loop_over_bdir-11318-Cu_pL0/HTTP-Engine-0.03005-0/inc/Test/Builder.pm line 917.
t/010_core/request.t ........................................ ok
Possible precedence issue with control flow operator at /tmp/loop_over_bdir-11318-Cu_pL0/HTTP-Engine-0.03005-0/inc/Test/Builder.pm line 917.
t/010_core/request_builder-noenv.t .......................... ok
Possible precedence issue with control flow operator at /tmp/loop_over_bdir-11318-Cu_pL0/HTTP-Engine-0.03005-0/inc/Test/Builder.pm line 917.
t/010_core/request_processor-catch_error.t .................. ok
Possible precedence issue with control flow operator at /tmp/loop_over_bdir-11318-Cu_pL0/HTTP-Engine-0.03005-0/inc/Test/Builder.pm line 917.
t/010_core/request_processor-make_request.t ................. ok
Possible precedence issue with control flow operator at /tmp/loop_over_bdir-11318-Cu_pL0/HTTP-Engine-0.03005-0/inc/Test/Builder.pm line 917.
t/010_core/request_processor-response_error.t ............... ok
Possible precedence issue with control flow operator at /tmp/loop_over_bdir-11318-Cu_pL0/HTTP-Engine-0.03005-0/inc/Test/Builder.pm line 917.
t/010_core/request_upload-basename.t ........................ ok
Possible precedence issue with control flow operator at /tmp/loop_over_bdir-11318-Cu_pL0/HTTP-Engine-0.03005-0/inc/Test/Builder.pm line 917.
t/010_core/response-code.t .................................. ok
Possible precedence issue with control flow operator at /tmp/loop_over_bdir-11318-Cu_pL0/HTTP-Engine-0.03005-0/inc/Test/Builder.pm line 917.
t/010_core/response-coerce_headers.t ........................ ok
Possible precedence issue with control flow operator at /tmp/loop_over_bdir-11318-Cu_pL0/HTTP-Engine-0.03005-0/inc/Test/Builder.pm line 917.
t/010_core/response-content_length.t ........................ ok
Possible precedence issue with control flow operator at /tmp/loop_over_bdir-11318-Cu_pL0/HTTP-Engine-0.03005-0/inc/Test/Builder.pm line 917.
t/010_core/response-cookie.t ................................ ok
Possible precedence issue with control flow operator at /tmp/loop_over_bdir-11318-Cu_pL0/HTTP-Engine-0.03005-0/inc/Test/Builder.pm line 917.
t/010_core/response-new.t ................................... ok
Possible precedence issue with control flow operator at /tmp/loop_over_bdir-11318-Cu_pL0/HTTP-Engine-0.03005-0/inc/Test/Builder.pm line 917.
t/010_core/response-set_http_response.t ..................... ok
Possible precedence issue with control flow operator at /tmp/loop_over_bdir-11318-Cu_pL0/HTTP-Engine-0.03005-0/inc/Test/Builder.pm line 917.
Redundant argument in sprintf at /tmp/loop_over_bdir-11318-Cu_pL0/HTTP-Engine-0.03005-0/inc/Spiffy.pm line 225.
Redundant argument in sprintf at /tmp/loop_over_bdir-11318-Cu_pL0/HTTP-Engine-0.03005-0/inc/Spiffy.pm line 225.
Redundant argument in sprintf at /tmp/loop_over_bdir-11318-Cu_pL0/HTTP-Engine-0.03005-0/inc/Spiffy.pm line 225.
Redundant argument in sprintf at /tmp/loop_over_bdir-11318-Cu_pL0/HTTP-Engine-0.03005-0/inc/Spiffy.pm line 225.
t/010_core/response-status.t ................................ ok
Possible precedence issue with control flow operator at /tmp/loop_over_bdir-11318-Cu_pL0/HTTP-Engine-0.03005-0/inc/Test/Builder.pm line 917.
t/010_core/response.t ....................................... ok
Possible precedence issue with control flow operator at /tmp/loop_over_bdir-11318-Cu_pL0/HTTP-Engine-0.03005-0/inc/Test/Builder.pm line 917.
Redundant argument in sprintf at /tmp/loop_over_bdir-11318-Cu_pL0/HTTP-Engine-0.03005-0/inc/Spiffy.pm line 225.
Redundant argument in sprintf at /tmp/loop_over_bdir-11318-Cu_pL0/HTTP-Engine-0.03005-0/inc/Spiffy.pm line 225.
Redundant argument in sprintf at /tmp/loop_over_bdir-11318-Cu_pL0/HTTP-Engine-0.03005-0/inc/Spiffy.pm line 225.
Redundant argument in sprintf at /tmp/loop_over_bdir-11318-Cu_pL0/HTTP-Engine-0.03005-0/inc/Spiffy.pm line 225.
t/010_core/response_finalizer.t ............................. ok
Possible precedence issue with control flow operator at /tmp/loop_over_bdir-11318-Cu_pL0/HTTP-Engine-0.03005-0/inc/Test/Builder.pm line 917.
t/010_core/response_writer.t ................................ ok
Possible precedence issue with control flow operator at /tmp/loop_over_bdir-11318-Cu_pL0/HTTP-Engine-0.03005-0/inc/Test/Builder.pm line 917.
t/010_core/responsewriter-broken_io.t ....................... ok
Possible precedence issue with control flow operator at /tmp/loop_over_bdir-11318-Cu_pL0/HTTP-Engine-0.03005-0/inc/Test/Builder.pm line 917.
Redundant argument in sprintf at /tmp/loop_over_bdir-11318-Cu_pL0/HTTP-Engine-0.03005-0/inc/Spiffy.pm line 225.
Redundant argument in sprintf at /tmp/loop_over_bdir-11318-Cu_pL0/HTTP-Engine-0.03005-0/inc/Spiffy.pm line 225.
Redundant argument in sprintf at /tmp/loop_over_bdir-11318-Cu_pL0/HTTP-Engine-0.03005-0/inc/Spiffy.pm line 225.
Redundant argument in sprintf at /tmp/loop_over_bdir-11318-Cu_pL0/HTTP-Engine-0.03005-0/inc/Spiffy.pm line 225.
t/010_core/responsewriter-with_io.t ......................... ok
Possible precedence issue with control flow operator at /tmp/loop_over_bdir-11318-Cu_pL0/HTTP-Engine-0.03005-0/inc/Test/Builder.pm line 917.
Redundant argument in sprintf at /tmp/loop_over_bdir-11318-Cu_pL0/HTTP-Engine-0.03005-0/inc/Spiffy.pm line 225.
Redundant argument in sprintf at /tmp/loop_over_bdir-11318-Cu_pL0/HTTP-Engine-0.03005-0/inc/Spiffy.pm line 225.
Redundant argument in sprintf at /tmp/loop_over_bdir-11318-Cu_pL0/HTTP-Engine-0.03005-0/inc/Spiffy.pm line 225.
Redundant argument in sprintf at /tmp/loop_over_bdir-11318-Cu_pL0/HTTP-Engine-0.03005-0/inc/Spiffy.pm line 225.
t/020_interface/cgi.t ....................................... ok
Possible precedence issue with control flow operator at /tmp/loop_over_bdir-11318-Cu_pL0/HTTP-Engine-0.03005-0/inc/Test/Builder.pm line 917.
t/020_interface/lighty-fcgi.t ............................... skipped: set TEST_LIGHTTPD to enable this test
Possible precedence issue with control flow operator at /tmp/loop_over_bdir-11318-Cu_pL0/HTTP-Engine-0.03005-0/inc/Test/Builder.pm line 917.
t/020_interface/modperl_wildcard_hostname.t ................. skipped: this test requires mod_perl 2
Possible precedence issue with control flow operator at /tmp/loop_over_bdir-11318-Cu_pL0/HTTP-Engine-0.03005-0/inc/Test/Builder.pm line 917.
=== 10697 === !!! Kernel has 1 child process(es).
=== 10697 === !!! Stopped child process (PID 10698) reaped when POE::Kernel->run() is ready to return.
=== 10697 === !!! Stopped child process (PID 10699) reaped when POE::Kernel->run() is ready to return.
=== 10697 === !!! Stopped child process (PID 10700) reaped when POE::Kernel->run() is ready to return.
=== 10697 === !!! Stopped child process (PID 10701) reaped when POE::Kernel->run() is ready to return.
=== 10697 === !!! Stopped child process (PID 10702) reaped when POE::Kernel->run() is ready to return.
=== 10697 === !!! Stopped child process (PID 10703) reaped when POE::Kernel->run() is ready to return.
=== 10697 === !!! Stopped child process (PID 10704) reaped when POE::Kernel->run() is ready to return.
=== 10697 === !!! At least one child process is still running when POE::Kernel->run() is ready to return.
=== 10697 === !!! Be sure to use sig_child() to reap child processes.
=== 10697 === !!! In extreme cases, failure to reap child processes has
=== 10697 === !!! resulted in a slow 'fork bomb' that has halted systems.
t/020_interface/poe-proxy.t ................................. ok
Possible precedence issue with control flow operator at /tmp/loop_over_bdir-11318-Cu_pL0/HTTP-Engine-0.03005-0/inc/Test/Builder.pm line 917.
=== 10706 === !!! Kernel has 1 child process(es).
=== 10706 === !!! Stopped child process (PID 10707) reaped when POE::Kernel->run() is ready to return.
=== 10706 === !!! Stopped child process (PID 10708) reaped when POE::Kernel->run() is ready to return.
=== 10706 === !!! Stopped child process (PID 10709) reaped when POE::Kernel->run() is ready to return.
=== 10706 === !!! Stopped child process (PID 10710) reaped when POE::Kernel->run() is ready to return.
=== 10706 === !!! Stopped child process (PID 10711) reaped when POE::Kernel->run() is ready to return.
=== 10706 === !!! Stopped child process (PID 10712) reaped when POE::Kernel->run() is ready to return.
=== 10706 === !!! Stopped child process (PID 10713) reaped when POE::Kernel->run() is ready to return.
=== 10706 === !!! At least one child process is still running when POE::Kernel->run() is ready to return.
=== 10706 === !!! Be sure to use sig_child() to reap child processes.
=== 10706 === !!! In extreme cases, failure to reap child processes has
=== 10706 === !!! resulted in a slow 'fork bomb' that has halted systems.
t/020_interface/poe-uri.t ................................... ok
Possible precedence issue with control flow operator at /tmp/loop_over_bdir-11318-Cu_pL0/HTTP-Engine-0.03005-0/inc/Test/Builder.pm line 917.
=== 10715 === !!! Kernel has 1 child process(es).
=== 10715 === !!! Stopped child process (PID 10716) reaped when POE::Kernel->run() is ready to return.
=== 10715 === !!! Stopped child process (PID 10717) reaped when POE::Kernel->run() is ready to return.
=== 10715 === !!! Stopped child process (PID 10718) reaped when POE::Kernel->run() is ready to return.
=== 10715 === !!! Stopped child process (PID 10719) reaped when POE::Kernel->run() is ready to return.
=== 10715 === !!! Stopped child process (PID 10720) reaped when POE::Kernel->run() is ready to return.
=== 10715 === !!! Stopped child process (PID 10721) reaped when POE::Kernel->run() is ready to return.
=== 10715 === !!! Stopped child process (PID 10722) reaped when POE::Kernel->run() is ready to return.
=== 10715 === !!! At least one child process is still running when POE::Kernel->run() is ready to return.
=== 10715 === !!! Be sure to use sig_child() to reap child processes.
=== 10715 === !!! In extreme cases, failure to reap child processes has
=== 10715 === !!! resulted in a slow 'fork bomb' that has halted systems.
t/020_interface/poe.t ....................................... ok
Possible precedence issue with control flow operator at /tmp/loop_over_bdir-11318-Cu_pL0/HTTP-Engine-0.03005-0/inc/Test/Builder.pm line 917.
t/020_interface/psgi-with_plack.t ........................... ok
Possible precedence issue with control flow operator at /tmp/loop_over_bdir-11318-Cu_pL0/HTTP-Engine-0.03005-0/inc/Test/Builder.pm line 917.
t/020_interface/psgi.t ...................................... ok
Possible precedence issue with control flow operator at /tmp/loop_over_bdir-11318-Cu_pL0/HTTP-Engine-0.03005-0/inc/Test/Builder.pm line 917.
t/020_interface/server_simple-net_server_configure.t ........ ok
Possible precedence issue with control flow operator at /tmp/loop_over_bdir-11318-Cu_pL0/HTTP-Engine-0.03005-0/inc/Test/Builder.pm line 917.
t/020_interface/server_simple-not-send-header-bug.t ......... ok
Possible precedence issue with control flow operator at /tmp/loop_over_bdir-11318-Cu_pL0/HTTP-Engine-0.03005-0/inc/Test/Builder.pm line 917.
t/020_interface/server_simple-print_banner.t ................ ok
Possible precedence issue with control flow operator at /tmp/loop_over_bdir-11318-Cu_pL0/HTTP-Engine-0.03005-0/inc/Test/Builder.pm line 917.
t/020_interface/server_simple.t ............................. ok
Possible precedence issue with control flow operator at /tmp/loop_over_bdir-11318-Cu_pL0/HTTP-Engine-0.03005-0/inc/Test/Builder.pm line 917.
t/020_interface/standalone-keep_alive.t ..................... skipped: Interface::Standalone will be removed
Possible precedence issue with control flow operator at /tmp/loop_over_bdir-11318-Cu_pL0/HTTP-Engine-0.03005-0/inc/Test/Builder.pm line 917.
t/020_interface/standalone-restart.t ........................ skipped: Interface::Standalone will be removed
Possible precedence issue with control flow operator at /tmp/loop_over_bdir-11318-Cu_pL0/HTTP-Engine-0.03005-0/inc/Test/Builder.pm line 917.
t/020_interface/streaming_response.t ........................ ok
Possible precedence issue with control flow operator at /tmp/loop_over_bdir-11318-Cu_pL0/HTTP-Engine-0.03005-0/inc/Test/Builder.pm line 917.
t/020_interface/test-validation.t ........................... ok
Possible precedence issue with control flow operator at /tmp/loop_over_bdir-11318-Cu_pL0/HTTP-Engine-0.03005-0/inc/Test/Builder.pm line 917.
t/020_interface/test-warn_at_utf8.t ......................... ok
Possible precedence issue with control flow operator at /tmp/loop_over_bdir-11318-Cu_pL0/HTTP-Engine-0.03005-0/inc/Test/Builder.pm line 917.
Redundant argument in sprintf at /tmp/loop_over_bdir-11318-Cu_pL0/HTTP-Engine-0.03005-0/inc/Spiffy.pm line 225.
Redundant argument in sprintf at /tmp/loop_over_bdir-11318-Cu_pL0/HTTP-Engine-0.03005-0/inc/Spiffy.pm line 225.
Redundant argument in sprintf at /tmp/loop_over_bdir-11318-Cu_pL0/HTTP-Engine-0.03005-0/inc/Spiffy.pm line 225.
Redundant argument in sprintf at /tmp/loop_over_bdir-11318-Cu_pL0/HTTP-Engine-0.03005-0/inc/Spiffy.pm line 225.
t/020_interface/test.t ...................................... ok
Possible precedence issue with control flow operator at /tmp/loop_over_bdir-11318-Cu_pL0/HTTP-Engine-0.03005-0/inc/Test/Builder.pm line 917.
t/020_interface/test_response-with_io.t ..................... ok
Possible precedence issue with control flow operator at /tmp/loop_over_bdir-11318-Cu_pL0/HTTP-Engine-0.03005-0/inc/Test/Builder.pm line 917.
Redundant argument in sprintf at /tmp/loop_over_bdir-11318-Cu_pL0/HTTP-Engine-0.03005-0/inc/Spiffy.pm line 225.
Redundant argument in sprintf at /tmp/loop_over_bdir-11318-Cu_pL0/HTTP-Engine-0.03005-0/inc/Spiffy.pm line 225.
Redundant argument in sprintf at /tmp/loop_over_bdir-11318-Cu_pL0/HTTP-Engine-0.03005-0/inc/Spiffy.pm line 225.
Redundant argument in sprintf at /tmp/loop_over_bdir-11318-Cu_pL0/HTTP-Engine-0.03005-0/inc/Spiffy.pm line 225.
t/020_interface/test_upload.t ............................... ok
Possible precedence issue with control flow operator at /tmp/loop_over_bdir-11318-Cu_pL0/HTTP-Engine-0.03005-0/inc/Test/Builder.pm line 917.
t/030_daemonize/connection_info.t ........................... ok
Possible precedence issue with control flow operator at /tmp/loop_over_bdir-11318-Cu_pL0/HTTP-Engine-0.03005-0/inc/Test/Builder.pm line 917.
t/030_daemonize/headers.t ................................... ok
Possible precedence issue with control flow operator at /tmp/loop_over_bdir-11318-Cu_pL0/HTTP-Engine-0.03005-0/inc/Test/Builder.pm line 917.
# Failed test at /tmp/loop_over_bdir-11318-Cu_pL0/HTTP-Engine-0.03005-0/inc/Test/More.pm line 376.
# got: '/foo|'
# expected: '/|http://example.com/foo?http=1'
# Failed test at /tmp/loop_over_bdir-11318-Cu_pL0/HTTP-Engine-0.03005-0/inc/Test/More.pm line 376.
# got: '/foo|'
# expected: '/|http://example.com:8080/foo?http=1'
# Failed test at /tmp/loop_over_bdir-11318-Cu_pL0/HTTP-Engine-0.03005-0/inc/Test/More.pm line 376.
# got: '/foo|'
# expected: '/|http://example.com/foo?http=1'
# Failed test at /tmp/loop_over_bdir-11318-Cu_pL0/HTTP-Engine-0.03005-0/inc/Test/More.pm line 376.
# got: '/foo|'
# expected: '/|http://example.com:8080/foo?http=1'
# Looks like you failed 4 tests of 16.
t/030_daemonize/proxy_path.t ................................
Dubious, test returned 4 (wstat 1024, 0x400)
Failed 4/16 subtests
Possible precedence issue with control flow operator at /tmp/loop_over_bdir-11318-Cu_pL0/HTTP-Engine-0.03005-0/inc/Test/Builder.pm line 917.
t/030_daemonize/raw_body.t .................................. ok
Possible precedence issue with control flow operator at /tmp/loop_over_bdir-11318-Cu_pL0/HTTP-Engine-0.03005-0/inc/Test/Builder.pm line 917.
t/030_daemonize/request_independence.t ...................... ok
Possible precedence issue with control flow operator at /tmp/loop_over_bdir-11318-Cu_pL0/HTTP-Engine-0.03005-0/inc/Test/Builder.pm line 917.
t/030_daemonize/responsewriter_io.t ......................... ok
Possible precedence issue with control flow operator at /tmp/loop_over_bdir-11318-Cu_pL0/HTTP-Engine-0.03005-0/inc/Test/Builder.pm line 917.
t/030_daemonize/upload-methods.t ............................ ok
Possible precedence issue with control flow operator at /tmp/loop_over_bdir-11318-Cu_pL0/HTTP-Engine-0.03005-0/inc/Test/Builder.pm line 917.
t/030_daemonize/upload.t .................................... ok
Possible precedence issue with control flow operator at /tmp/loop_over_bdir-11318-Cu_pL0/HTTP-Engine-0.03005-0/inc/Test/Builder.pm line 917.
t/030_daemonize/uri.t ....................................... ok
Possible precedence issue with control flow operator at /tmp/loop_over_bdir-11318-Cu_pL0/HTTP-Engine-0.03005-0/inc/Test/Builder.pm line 917.
t/030_daemonize/utf8flagged-uri.t ........................... ok
Possible precedence issue with control flow operator at /tmp/loop_over_bdir-11318-Cu_pL0/HTTP-Engine-0.03005-0/inc/Test/Builder.pm line 917.
Redundant argument in sprintf at /tmp/loop_over_bdir-11318-Cu_pL0/HTTP-Engine-0.03005-0/inc/Spiffy.pm line 225.
Redundant argument in sprintf at /tmp/loop_over_bdir-11318-Cu_pL0/HTTP-Engine-0.03005-0/inc/Spiffy.pm line 225.
Redundant argument in sprintf at /tmp/loop_over_bdir-11318-Cu_pL0/HTTP-Engine-0.03005-0/inc/Spiffy.pm line 225.
Redundant argument in sprintf at /tmp/loop_over_bdir-11318-Cu_pL0/HTTP-Engine-0.03005-0/inc/Spiffy.pm line 225.
t/040_minimal/001_simple.t .................................. ok
Possible precedence issue with control flow operator at /tmp/loop_over_bdir-11318-Cu_pL0/HTTP-Engine-0.03005-0/inc/Test/Builder.pm line 917.
t/050_tests/request.t ....................................... ok
Possible precedence issue with control flow operator at /tmp/loop_over_bdir-11318-Cu_pL0/HTTP-Engine-0.03005-0/inc/Test/Builder.pm line 917.
# Soft dependency versions:
# Any::Moose 0.26
# Mouse v2.4.5
# MooseX::Types 0.46
t/moose/00_compile.t ........................................ ok
Possible precedence issue with control flow operator at /tmp/loop_over_bdir-11318-Cu_pL0/HTTP-Engine-0.03005-0/inc/Test/Builder.pm line 917.
t/moose/010_core/builder_options-upload_tmp.t ............... ok
Possible precedence issue with control flow operator at /tmp/loop_over_bdir-11318-Cu_pL0/HTTP-Engine-0.03005-0/inc/Test/Builder.pm line 917.
t/moose/010_core/interface-require.t ........................ ok
Possible precedence issue with control flow operator at /tmp/loop_over_bdir-11318-Cu_pL0/HTTP-Engine-0.03005-0/inc/Test/Builder.pm line 917.
t/moose/010_core/interface.t ................................ ok
Possible precedence issue with control flow operator at /tmp/loop_over_bdir-11318-Cu_pL0/HTTP-Engine-0.03005-0/inc/Test/Builder.pm line 917.
t/moose/010_core/load_requestbuilder_cgi.t .................. ok
Possible precedence issue with control flow operator at /tmp/loop_over_bdir-11318-Cu_pL0/HTTP-Engine-0.03005-0/inc/Test/Builder.pm line 917.
Redundant argument in sprintf at /tmp/loop_over_bdir-11318-Cu_pL0/HTTP-Engine-0.03005-0/inc/Spiffy.pm line 225.
Redundant argument in sprintf at /tmp/loop_over_bdir-11318-Cu_pL0/HTTP-Engine-0.03005-0/inc/Spiffy.pm line 225.
Redundant argument in sprintf at /tmp/loop_over_bdir-11318-Cu_pL0/HTTP-Engine-0.03005-0/inc/Spiffy.pm line 225.
Redundant argument in sprintf at /tmp/loop_over_bdir-11318-Cu_pL0/HTTP-Engine-0.03005-0/inc/Spiffy.pm line 225.
t/moose/010_core/request-absolute_uri.t ..................... ok
Possible precedence issue with control flow operator at /tmp/loop_over_bdir-11318-Cu_pL0/HTTP-Engine-0.03005-0/inc/Test/Builder.pm line 917.
t/moose/010_core/request-as_http_request.t .................. ok
Possible precedence issue with control flow operator at /tmp/loop_over_bdir-11318-Cu_pL0/HTTP-Engine-0.03005-0/inc/Test/Builder.pm line 917.
t/moose/010_core/request-as_string.t ........................ ok
Possible precedence issue with control flow operator at /tmp/loop_over_bdir-11318-Cu_pL0/HTTP-Engine-0.03005-0/inc/Test/Builder.pm line 917.
Class::MOP::load_class is deprecated at /home/sand/src/perl/repoperls/installed-perls/host/k93x64sid/v5.24.0-RC4/a3f9/lib/site_perl/5.24.0/x86_64-linux-thread-multi-ld/Class/MOP.pm line 69.
Class::MOP::load_class("HTTP::Engine::Interface::Test") called at /tmp/loop_over_bdir-11318-Cu_pL0/HTTP-Engine-0.03005-0/blib/lib/HTTP/Engine/Types/Core.pm line 26
HTTP::Engine::Types::Core::__ANON__(HASH(0xc55ff8)) called at /home/sand/src/perl/repoperls/installed-perls/host/k93x64sid/v5.24.0-RC4/a3f9/lib/site_perl/5.24.0/x86_64-linux-thread-multi-ld/Moose/Meta/TypeCoercion.pm line 65
Moose::Meta::TypeCoercion::__ANON__(HASH(0xc55ff8)) called at constructor HTTP::Engine::new (defined at /tmp/loop_over_bdir-11318-Cu_pL0/HTTP-Engine-0.03005-0/blib/lib/HTTP/Engine.pm line 17) line 32
HTTP::Engine::new("HTTP::Engine", "interface", HASH(0xc55ff8)) called at t/Utils.pm line 141
t::Utils::run_engine(CODE(0x2a40d30), HTTP::Request=HASH(0x1e58ef8)) called at t/moose/010_core/request-body.t line 27
t/moose/010_core/request-body.t ............................. ok
Possible precedence issue with control flow operator at /tmp/loop_over_bdir-11318-Cu_pL0/HTTP-Engine-0.03005-0/inc/Test/Builder.pm line 917.
t/moose/010_core/request-content.t .......................... ok
Possible precedence issue with control flow operator at /tmp/loop_over_bdir-11318-Cu_pL0/HTTP-Engine-0.03005-0/inc/Test/Builder.pm line 917.
Class::MOP::load_class is deprecated at /home/sand/src/perl/repoperls/installed-perls/host/k93x64sid/v5.24.0-RC4/a3f9/lib/site_perl/5.24.0/x86_64-linux-thread-multi-ld/Class/MOP.pm line 69.
Class::MOP::load_class("HTTP::Engine::Interface::Test") called at /tmp/loop_over_bdir-11318-Cu_pL0/HTTP-Engine-0.03005-0/blib/lib/HTTP/Engine/Types/Core.pm line 26
HTTP::Engine::Types::Core::__ANON__(HASH(0xb43ef0)) called at /home/sand/src/perl/repoperls/installed-perls/host/k93x64sid/v5.24.0-RC4/a3f9/lib/site_perl/5.24.0/x86_64-linux-thread-multi-ld/Moose/Meta/TypeCoercion.pm line 65
Moose::Meta::TypeCoercion::__ANON__(HASH(0xb43ef0)) called at constructor HTTP::Engine::new (defined at /tmp/loop_over_bdir-11318-Cu_pL0/HTTP-Engine-0.03005-0/blib/lib/HTTP/Engine.pm line 17) line 32
HTTP::Engine::new("HTTP::Engine", "interface", HASH(0xb43ef0)) called at t/Utils.pm line 141
t::Utils::run_engine(CODE(0x28ee0e8), HTTP::Request=HASH(0x1d2a758)) called at t/moose/010_core/request-cookie.t line 32
t/moose/010_core/request-cookie.t ........................... ok
Possible precedence issue with control flow operator at /tmp/loop_over_bdir-11318-Cu_pL0/HTTP-Engine-0.03005-0/inc/Test/Builder.pm line 917.
t/moose/010_core/request-hostname.t ......................... ok
Possible precedence issue with control flow operator at /tmp/loop_over_bdir-11318-Cu_pL0/HTTP-Engine-0.03005-0/inc/Test/Builder.pm line 917.
Class::MOP::load_class is deprecated at /home/sand/src/perl/repoperls/installed-perls/host/k93x64sid/v5.24.0-RC4/a3f9/lib/site_perl/5.24.0/x86_64-linux-thread-multi-ld/Class/MOP.pm line 69.
Class::MOP::load_class("HTTP::Engine::Interface::Test") called at /tmp/loop_over_bdir-11318-Cu_pL0/HTTP-Engine-0.03005-0/blib/lib/HTTP/Engine/Types/Core.pm line 26
HTTP::Engine::Types::Core::__ANON__(HASH(0x2141ed0)) called at /home/sand/src/perl/repoperls/installed-perls/host/k93x64sid/v5.24.0-RC4/a3f9/lib/site_perl/5.24.0/x86_64-linux-thread-multi-ld/Moose/Meta/TypeCoercion.pm line 65
Moose::Meta::TypeCoercion::__ANON__(HASH(0x2141ed0)) called at constructor HTTP::Engine::new (defined at /tmp/loop_over_bdir-11318-Cu_pL0/HTTP-Engine-0.03005-0/blib/lib/HTTP/Engine.pm line 17) line 32
HTTP::Engine::new("HTTP::Engine", "interface", HASH(0x2141ed0)) called at t/Utils.pm line 141
t::Utils::run_engine(CODE(0x3f32868), HTTP::Request=HASH(0x31a1bc0)) called at t/moose/010_core/request-many_upload.t line 91
t/moose/010_core/request-many_upload.t ...................... ok
Possible precedence issue with control flow operator at /tmp/loop_over_bdir-11318-Cu_pL0/HTTP-Engine-0.03005-0/inc/Test/Builder.pm line 917.
t/moose/010_core/request-parameters.t ....................... ok
Possible precedence issue with control flow operator at /tmp/loop_over_bdir-11318-Cu_pL0/HTTP-Engine-0.03005-0/inc/Test/Builder.pm line 917.
Redundant argument in sprintf at /tmp/loop_over_bdir-11318-Cu_pL0/HTTP-Engine-0.03005-0/inc/Spiffy.pm line 225.
Redundant argument in sprintf at /tmp/loop_over_bdir-11318-Cu_pL0/HTTP-Engine-0.03005-0/inc/Spiffy.pm line 225.
Redundant argument in sprintf at /tmp/loop_over_bdir-11318-Cu_pL0/HTTP-Engine-0.03005-0/inc/Spiffy.pm line 225.
Redundant argument in sprintf at /tmp/loop_over_bdir-11318-Cu_pL0/HTTP-Engine-0.03005-0/inc/Spiffy.pm line 225.
t/moose/010_core/request-params.t ........................... ok
Possible precedence issue with control flow operator at /tmp/loop_over_bdir-11318-Cu_pL0/HTTP-Engine-0.03005-0/inc/Test/Builder.pm line 917.
t/moose/010_core/request-parse.t ............................ ok
Possible precedence issue with control flow operator at /tmp/loop_over_bdir-11318-Cu_pL0/HTTP-Engine-0.03005-0/inc/Test/Builder.pm line 917.
Redundant argument in sprintf at /tmp/loop_over_bdir-11318-Cu_pL0/HTTP-Engine-0.03005-0/inc/Spiffy.pm line 225.
Redundant argument in sprintf at /tmp/loop_over_bdir-11318-Cu_pL0/HTTP-Engine-0.03005-0/inc/Spiffy.pm line 225.
Redundant argument in sprintf at /tmp/loop_over_bdir-11318-Cu_pL0/HTTP-Engine-0.03005-0/inc/Spiffy.pm line 225.
Redundant argument in sprintf at /tmp/loop_over_bdir-11318-Cu_pL0/HTTP-Engine-0.03005-0/inc/Spiffy.pm line 225.
t/moose/010_core/request-proxy_request.t .................... ok
Possible precedence issue with control flow operator at /tmp/loop_over_bdir-11318-Cu_pL0/HTTP-Engine-0.03005-0/inc/Test/Builder.pm line 917.
t/moose/010_core/request-raw_body.t ......................... ok
Possible precedence issue with control flow operator at /tmp/loop_over_bdir-11318-Cu_pL0/HTTP-Engine-0.03005-0/inc/Test/Builder.pm line 917.
t/moose/010_core/request-readbody.t ......................... ok
Possible precedence issue with control flow operator at /tmp/loop_over_bdir-11318-Cu_pL0/HTTP-Engine-0.03005-0/inc/Test/Builder.pm line 917.
Redundant argument in sprintf at /tmp/loop_over_bdir-11318-Cu_pL0/HTTP-Engine-0.03005-0/inc/Spiffy.pm line 225.
Redundant argument in sprintf at /tmp/loop_over_bdir-11318-Cu_pL0/HTTP-Engine-0.03005-0/inc/Spiffy.pm line 225.
Redundant argument in sprintf at /tmp/loop_over_bdir-11318-Cu_pL0/HTTP-Engine-0.03005-0/inc/Spiffy.pm line 225.
Redundant argument in sprintf at /tmp/loop_over_bdir-11318-Cu_pL0/HTTP-Engine-0.03005-0/inc/Spiffy.pm line 225.
t/moose/010_core/request-secure.t ........................... ok
Possible precedence issue with control flow operator at /tmp/loop_over_bdir-11318-Cu_pL0/HTTP-Engine-0.03005-0/inc/Test/Builder.pm line 917.
t/moose/010_core/request-upload.t ........................... ok
Possible precedence issue with control flow operator at /tmp/loop_over_bdir-11318-Cu_pL0/HTTP-Engine-0.03005-0/inc/Test/Builder.pm line 917.
Redundant argument in sprintf at /tmp/loop_over_bdir-11318-Cu_pL0/HTTP-Engine-0.03005-0/inc/Spiffy.pm line 225.
Redundant argument in sprintf at /tmp/loop_over_bdir-11318-Cu_pL0/HTTP-Engine-0.03005-0/inc/Spiffy.pm line 225.
Redundant argument in sprintf at /tmp/loop_over_bdir-11318-Cu_pL0/HTTP-Engine-0.03005-0/inc/Spiffy.pm line 225.
Redundant argument in sprintf at /tmp/loop_over_bdir-11318-Cu_pL0/HTTP-Engine-0.03005-0/inc/Spiffy.pm line 225.
t/moose/010_core/request-uri.t .............................. ok
Possible precedence issue with control flow operator at /tmp/loop_over_bdir-11318-Cu_pL0/HTTP-Engine-0.03005-0/inc/Test/Builder.pm line 917.
t/moose/010_core/request.t .................................. ok
Possible precedence issue with control flow operator at /tmp/loop_over_bdir-11318-Cu_pL0/HTTP-Engine-0.03005-0/inc/Test/Builder.pm line 917.
t/moose/010_core/request_builder-noenv.t .................... ok
Possible precedence issue with control flow operator at /tmp/loop_over_bdir-11318-Cu_pL0/HTTP-Engine-0.03005-0/inc/Test/Builder.pm line 917.
# Failed test at /tmp/loop_over_bdir-11318-Cu_pL0/HTTP-Engine-0.03005-0/inc/Test/More.pm line 420.
# 'Class::MOP::load_class is deprecated at /home/sand/src/perl/repoperls/installed-perls/host/k93x64sid/v5.24.0-RC4/a3f9/lib/site_perl/5.24.0/x86_64-linux-thread-multi-ld/Class/MOP.pm line 69.
# Class::MOP::load_class("HTTP::Engine::Interface::Test") called at /tmp/loop_over_bdir-11318-Cu_pL0/HTTP-Engine-0.03005-0/blib/lib/HTTP/Engine/Types/Core.pm line 26
# HTTP::Engine::Types::Core::__ANON__(HASH(0x4599e98)) called at /home/sand/src/perl/repoperls/installed-perls/host/k93x64sid/v5.24.0-RC4/a3f9/lib/site_perl/5.24.0/x86_64-linux-thread-multi-ld/Moose/Meta/TypeCoercion.pm line 65
# Moose::Meta::TypeCoercion::__ANON__(HASH(0x4599e98)) called at constructor HTTP::Engine::new (defined at /tmp/loop_over_bdir-11318-Cu_pL0/HTTP-Engine-0.03005-0/blib/lib/HTTP/Engine.pm line 17) line 32
# HTTP::Engine::new("HTTP::Engine", "interface", HASH(0x4599e98)) called at t/Utils.pm line 141
# t::Utils::run_engine(CODE(0x2713b38), HTTP::Request=HASH(0x4335cf8)) called at t/moose/010_core/request_processor-catch_error.t line 15
# eval {...} called at t/moose/010_core/request_processor-catch_error.t line 12
# orz at t/moose/010_core/request_processor-catch_error.t line 14.
# '
# doesn't match '(?^:^orz)'
# Looks like you failed 1 test of 3.
t/moose/010_core/request_processor-catch_error.t ............
Dubious, test returned 1 (wstat 256, 0x100)
Failed 1/3 subtests
Possible precedence issue with control flow operator at /tmp/loop_over_bdir-11318-Cu_pL0/HTTP-Engine-0.03005-0/inc/Test/Builder.pm line 917.
Class::MOP::load_class is deprecated at /home/sand/src/perl/repoperls/installed-perls/host/k93x64sid/v5.24.0-RC4/a3f9/lib/site_perl/5.24.0/x86_64-linux-thread-multi-ld/Class/MOP.pm line 69.
Class::MOP::load_class("HTTP::Engine::Interface::Test") called at /tmp/loop_over_bdir-11318-Cu_pL0/HTTP-Engine-0.03005-0/blib/lib/HTTP/Engine/Types/Core.pm line 26
HTTP::Engine::Types::Core::__ANON__(HASH(0x3719c60)) called at /home/sand/src/perl/repoperls/installed-perls/host/k93x64sid/v5.24.0-RC4/a3f9/lib/site_perl/5.24.0/x86_64-linux-thread-multi-ld/Moose/Meta/TypeCoercion.pm line 65
Moose::Meta::TypeCoercion::__ANON__(HASH(0x3719c60)) called at constructor HTTP::Engine::new (defined at /tmp/loop_over_bdir-11318-Cu_pL0/HTTP-Engine-0.03005-0/blib/lib/HTTP/Engine.pm line 17) line 32
HTTP::Engine::new("HTTP::Engine", "interface", HASH(0x3719c60)) called at t/Utils.pm line 141
t::Utils::run_engine(CODE(0x18d5e18), HTTP::Request=HASH(0x18c7f00), "method", "GET", "raw_body", "test") called at t/moose/010_core/request_processor-make_request.t line 15
t/moose/010_core/request_processor-make_request.t ........... ok
Possible precedence issue with control flow operator at /tmp/loop_over_bdir-11318-Cu_pL0/HTTP-Engine-0.03005-0/inc/Test/Builder.pm line 917.
t/moose/010_core/request_processor-response_error.t ......... ok
Possible precedence issue with control flow operator at /tmp/loop_over_bdir-11318-Cu_pL0/HTTP-Engine-0.03005-0/inc/Test/Builder.pm line 917.
t/moose/010_core/request_upload-basename.t .................. ok
Possible precedence issue with control flow operator at /tmp/loop_over_bdir-11318-Cu_pL0/HTTP-Engine-0.03005-0/inc/Test/Builder.pm line 917.
t/moose/010_core/response-code.t ............................ ok
Possible precedence issue with control flow operator at /tmp/loop_over_bdir-11318-Cu_pL0/HTTP-Engine-0.03005-0/inc/Test/Builder.pm line 917.
t/moose/010_core/response-coerce_headers.t .................. ok
Possible precedence issue with control flow operator at /tmp/loop_over_bdir-11318-Cu_pL0/HTTP-Engine-0.03005-0/inc/Test/Builder.pm line 917.
t/moose/010_core/response-content_length.t .................. ok
Possible precedence issue with control flow operator at /tmp/loop_over_bdir-11318-Cu_pL0/HTTP-Engine-0.03005-0/inc/Test/Builder.pm line 917.
Class::MOP::load_class is deprecated at /home/sand/src/perl/repoperls/installed-perls/host/k93x64sid/v5.24.0-RC4/a3f9/lib/site_perl/5.24.0/x86_64-linux-thread-multi-ld/Class/MOP.pm line 69.
Class::MOP::load_class("HTTP::Engine::Interface::Test") called at /tmp/loop_over_bdir-11318-Cu_pL0/HTTP-Engine-0.03005-0/blib/lib/HTTP/Engine/Types/Core.pm line 26
HTTP::Engine::Types::Core::__ANON__(HASH(0x1a29fe0)) called at /home/sand/src/perl/repoperls/installed-perls/host/k93x64sid/v5.24.0-RC4/a3f9/lib/site_perl/5.24.0/x86_64-linux-thread-multi-ld/Moose/Meta/TypeCoercion.pm line 65
Moose::Meta::TypeCoercion::__ANON__(HASH(0x1a29fe0)) called at constructor HTTP::Engine::new (defined at /tmp/loop_over_bdir-11318-Cu_pL0/HTTP-Engine-0.03005-0/blib/lib/HTTP/Engine.pm line 17) line 32
HTTP::Engine::new("HTTP::Engine", "interface", HASH(0x1a29fe0)) called at t/Utils.pm line 141
t::Utils::run_engine(CODE(0x1a37eb8), HTTP::Request=HASH(0x1a29ec0)) called at t/moose/010_core/response-cookie.t line 45
t/moose/010_core/response-cookie.t .......................... ok
Possible precedence issue with control flow operator at /tmp/loop_over_bdir-11318-Cu_pL0/HTTP-Engine-0.03005-0/inc/Test/Builder.pm line 917.
t/moose/010_core/response-new.t ............................. ok
Possible precedence issue with control flow operator at /tmp/loop_over_bdir-11318-Cu_pL0/HTTP-Engine-0.03005-0/inc/Test/Builder.pm line 917.
t/moose/010_core/response-set_http_response.t ............... ok
Possible precedence issue with control flow operator at /tmp/loop_over_bdir-11318-Cu_pL0/HTTP-Engine-0.03005-0/inc/Test/Builder.pm line 917.
Redundant argument in sprintf at /tmp/loop_over_bdir-11318-Cu_pL0/HTTP-Engine-0.03005-0/inc/Spiffy.pm line 225.
Redundant argument in sprintf at /tmp/loop_over_bdir-11318-Cu_pL0/HTTP-Engine-0.03005-0/inc/Spiffy.pm line 225.
Redundant argument in sprintf at /tmp/loop_over_bdir-11318-Cu_pL0/HTTP-Engine-0.03005-0/inc/Spiffy.pm line 225.
Redundant argument in sprintf at /tmp/loop_over_bdir-11318-Cu_pL0/HTTP-Engine-0.03005-0/inc/Spiffy.pm line 225.
t/moose/010_core/response-status.t .......................... ok
Possible precedence issue with control flow operator at /tmp/loop_over_bdir-11318-Cu_pL0/HTTP-Engine-0.03005-0/inc/Test/Builder.pm line 917.
t/moose/010_core/response.t ................................. ok
Possible precedence issue with control flow operator at /tmp/loop_over_bdir-11318-Cu_pL0/HTTP-Engine-0.03005-0/inc/Test/Builder.pm line 917.
Redundant argument in sprintf at /tmp/loop_over_bdir-11318-Cu_pL0/HTTP-Engine-0.03005-0/inc/Spiffy.pm line 225.
Redundant argument in sprintf at /tmp/loop_over_bdir-11318-Cu_pL0/HTTP-Engine-0.03005-0/inc/Spiffy.pm line 225.
Redundant argument in sprintf at /tmp/loop_over_bdir-11318-Cu_pL0/HTTP-Engine-0.03005-0/inc/Spiffy.pm line 225.
Redundant argument in sprintf at /tmp/loop_over_bdir-11318-Cu_pL0/HTTP-Engine-0.03005-0/inc/Spiffy.pm line 225.
t/moose/010_core/response_finalizer.t ....................... ok
Possible precedence issue with control flow operator at /tmp/loop_over_bdir-11318-Cu_pL0/HTTP-Engine-0.03005-0/inc/Test/Builder.pm line 917.
Class::MOP::load_class is deprecated at /home/sand/src/perl/repoperls/installed-perls/host/k93x64sid/v5.24.0-RC4/a3f9/lib/site_perl/5.24.0/x86_64-linux-thread-multi-ld/Class/MOP.pm line 69.
Class::MOP::load_class("HTTP::Engine::RequestBuilder::CGI") called at /tmp/loop_over_bdir-11318-Cu_pL0/HTTP-Engine-0.03005-0/blib/lib/HTTP/Engine/Interface.pm line 65
HTTP::Engine::Interface::_setup_builder("HTTP::Engine::Interface::CGI", "CGI") called at /tmp/loop_over_bdir-11318-Cu_pL0/HTTP-Engine-0.03005-0/blib/lib/HTTP/Engine/Interface.pm line 51
HTTP::Engine::Interface::__INTERFACE__("HTTP::Engine::Interface::CGI") called at /tmp/loop_over_bdir-11318-Cu_pL0/HTTP-Engine-0.03005-0/blib/lib/HTTP/Engine/Interface.pm line 31
HTTP::Engine::Interface::__ANON__() called at /tmp/loop_over_bdir-11318-Cu_pL0/HTTP-Engine-0.03005-0/blib/lib/HTTP/Engine/Interface/CGI.pm line 18
require HTTP/Engine/Interface/CGI.pm called at t/moose/010_core/response_writer.t line 9
main::BEGIN() called at /tmp/loop_over_bdir-11318-Cu_pL0/HTTP-Engine-0.03005-0/blib/lib/HTTP/Engine/Interface/CGI.pm line 0
eval {...} called at /tmp/loop_over_bdir-11318-Cu_pL0/HTTP-Engine-0.03005-0/blib/lib/HTTP/Engine/Interface/CGI.pm line 0
t/moose/010_core/response_writer.t .......................... ok
Possible precedence issue with control flow operator at /tmp/loop_over_bdir-11318-Cu_pL0/HTTP-Engine-0.03005-0/inc/Test/Builder.pm line 917.
t/moose/010_core/responsewriter-broken_io.t ................. ok
Possible precedence issue with control flow operator at /tmp/loop_over_bdir-11318-Cu_pL0/HTTP-Engine-0.03005-0/inc/Test/Builder.pm line 917.
Redundant argument in sprintf at /tmp/loop_over_bdir-11318-Cu_pL0/HTTP-Engine-0.03005-0/inc/Spiffy.pm line 225.
Redundant argument in sprintf at /tmp/loop_over_bdir-11318-Cu_pL0/HTTP-Engine-0.03005-0/inc/Spiffy.pm line 225.
Redundant argument in sprintf at /tmp/loop_over_bdir-11318-Cu_pL0/HTTP-Engine-0.03005-0/inc/Spiffy.pm line 225.
Redundant argument in sprintf at /tmp/loop_over_bdir-11318-Cu_pL0/HTTP-Engine-0.03005-0/inc/Spiffy.pm line 225.
t/moose/010_core/responsewriter-with_io.t ................... ok
Class::MOP::load_class is deprecated at /home/sand/src/perl/repoperls/installed-perls/host/k93x64sid/v5.24.0-RC4/a3f9/lib/site_perl/5.24.0/x86_64-linux-thread-multi-ld/Class/MOP.pm line 69.
Class::MOP::load_class("HTTP::Engine::RequestBuilder::CGI") called at /tmp/loop_over_bdir-11318-Cu_pL0/HTTP-Engine-0.03005-0/blib/lib/HTTP/Engine/Interface.pm line 65
HTTP::Engine::Interface::_setup_builder("HTTP::Engine::Interface::CGI", "CGI") called at /tmp/loop_over_bdir-11318-Cu_pL0/HTTP-Engine-0.03005-0/blib/lib/HTTP/Engine/Interface.pm line 51
HTTP::Engine::Interface::__INTERFACE__("HTTP::Engine::Interface::CGI") called at /tmp/loop_over_bdir-11318-Cu_pL0/HTTP-Engine-0.03005-0/blib/lib/HTTP/Engine/Interface.pm line 31
HTTP::Engine::Interface::__ANON__() called at /tmp/loop_over_bdir-11318-Cu_pL0/HTTP-Engine-0.03005-0/blib/lib/HTTP/Engine/Interface/CGI.pm line 18
require HTTP/Engine/Interface/CGI.pm called at t/moose/020_interface/cgi.t line 5
main::BEGIN() called at /tmp/loop_over_bdir-11318-Cu_pL0/HTTP-Engine-0.03005-0/blib/lib/HTTP/Engine/Interface/CGI.pm line 0
eval {...} called at /tmp/loop_over_bdir-11318-Cu_pL0/HTTP-Engine-0.03005-0/blib/lib/HTTP/Engine/Interface/CGI.pm line 0
Possible precedence issue with control flow operator at /tmp/loop_over_bdir-11318-Cu_pL0/HTTP-Engine-0.03005-0/inc/Test/Builder.pm line 917.
Redundant argument in sprintf at /tmp/loop_over_bdir-11318-Cu_pL0/HTTP-Engine-0.03005-0/inc/Spiffy.pm line 225.
Redundant argument in sprintf at /tmp/loop_over_bdir-11318-Cu_pL0/HTTP-Engine-0.03005-0/inc/Spiffy.pm line 225.
Redundant argument in sprintf at /tmp/loop_over_bdir-11318-Cu_pL0/HTTP-Engine-0.03005-0/inc/Spiffy.pm line 225.
Redundant argument in sprintf at /tmp/loop_over_bdir-11318-Cu_pL0/HTTP-Engine-0.03005-0/inc/Spiffy.pm line 225.
Class::MOP::load_class is deprecated at /home/sand/src/perl/repoperls/installed-perls/host/k93x64sid/v5.24.0-RC4/a3f9/lib/site_perl/5.24.0/x86_64-linux-thread-multi-ld/Class/MOP.pm line 69, <DATA> line 1.
Class::MOP::load_class("HTTP::Engine::Interface::CGI") called at /tmp/loop_over_bdir-11318-Cu_pL0/HTTP-Engine-0.03005-0/blib/lib/HTTP/Engine/Types/Core.pm line 26
HTTP::Engine::Types::Core::__ANON__(HASH(0x4291d28)) called at /home/sand/src/perl/repoperls/installed-perls/host/k93x64sid/v5.24.0-RC4/a3f9/lib/site_perl/5.24.0/x86_64-linux-thread-multi-ld/Moose/Meta/TypeCoercion.pm line 65
Moose::Meta::TypeCoercion::__ANON__(HASH(0x4291d28)) called at constructor HTTP::Engine::new (defined at /tmp/loop_over_bdir-11318-Cu_pL0/HTTP-Engine-0.03005-0/blib/lib/HTTP/Engine.pm line 17) line 32
HTTP::Engine::new("HTTP::Engine", "interface", HASH(0x4291d28)) called at t/moose/020_interface/cgi.t line 36
main::__ANON__(Test::Base::Block=HASH(0x41d9390)) called at /tmp/loop_over_bdir-11318-Cu_pL0/HTTP-Engine-0.03005-0/inc/Test/Base.pm line 269
Test::Base::run(undef) called at t/moose/020_interface/cgi.t line 39
t/moose/020_interface/cgi.t ................................. ok
Possible precedence issue with control flow operator at /tmp/loop_over_bdir-11318-Cu_pL0/HTTP-Engine-0.03005-0/inc/Test/Builder.pm line 917.
t/moose/020_interface/lighty-fcgi.t ......................... skipped: set TEST_LIGHTTPD to enable this test
Possible precedence issue with control flow operator at /tmp/loop_over_bdir-11318-Cu_pL0/HTTP-Engine-0.03005-0/inc/Test/Builder.pm line 917.
t/moose/020_interface/modperl_wildcard_hostname.t ........... skipped: this test requires mod_perl 2
Possible precedence issue with control flow operator at /tmp/loop_over_bdir-11318-Cu_pL0/HTTP-Engine-0.03005-0/inc/Test/Builder.pm line 917.
Class::MOP::load_class is deprecated at /home/sand/src/perl/repoperls/installed-perls/host/k93x64sid/v5.24.0-RC4/a3f9/lib/site_perl/5.24.0/x86_64-linux-thread-multi-ld/Class/MOP.pm line 69.
Class::MOP::load_class("HTTP::Engine::RequestBuilder::NoEnv") called at /tmp/loop_over_bdir-11318-Cu_pL0/HTTP-Engine-0.03005-0/blib/lib/HTTP/Engine/Interface.pm line 65
HTTP::Engine::Interface::_setup_builder("HTTP::Engine::Interface::POE", "NoEnv") called at /tmp/loop_over_bdir-11318-Cu_pL0/HTTP-Engine-0.03005-0/blib/lib/HTTP/Engine/Interface.pm line 51
HTTP::Engine::Interface::__INTERFACE__("HTTP::Engine::Interface::POE") called at /tmp/loop_over_bdir-11318-Cu_pL0/HTTP-Engine-0.03005-0/blib/lib/HTTP/Engine/Interface.pm line 31
HTTP::Engine::Interface::__ANON__() called at /tmp/loop_over_bdir-11318-Cu_pL0/HTTP-Engine-0.03005-0/blib/lib/HTTP/Engine/Interface/POE.pm line 132
require HTTP/Engine/Interface/POE.pm called at (eval 341) line 2
main::BEGIN() called at /tmp/loop_over_bdir-11318-Cu_pL0/HTTP-Engine-0.03005-0/blib/lib/HTTP/Engine/Interface/POE.pm line 0
eval {...} called at /tmp/loop_over_bdir-11318-Cu_pL0/HTTP-Engine-0.03005-0/blib/lib/HTTP/Engine/Interface/POE.pm line 0
eval 'package main;
use HTTP::Engine::Interface::POE @{$args[0]};
1;
' called at /tmp/loop_over_bdir-11318-Cu_pL0/HTTP-Engine-0.03005-0/inc/Test/More.pm line 884
Test::More::_eval("package main;\x{a}use HTTP::Engine::Interface::POE \@{\$args[0]};\x{a}1;\x{a}", ARRAY(0x28fa1a0)) called at /tmp/loop_over_bdir-11318-Cu_pL0/HTTP-Engine-0.03005-0/inc/Test/More.pm line 859
Test::More::use_ok("HTTP::Engine::Interface::POE") called at t/moose/020_interface/poe-proxy.t line 15
=== 10838 === !!! Kernel has 1 child process(es).
=== 10838 === !!! Stopped child process (PID 10839) reaped when POE::Kernel->run() is ready to return.
=== 10838 === !!! Stopped child process (PID 10840) reaped when POE::Kernel->run() is ready to return.
=== 10838 === !!! Stopped child process (PID 10841) reaped when POE::Kernel->run() is ready to return.
=== 10838 === !!! Stopped child process (PID 10842) reaped when POE::Kernel->run() is ready to return.
=== 10838 === !!! Stopped child process (PID 10843) reaped when POE::Kernel->run() is ready to return.
=== 10838 === !!! Stopped child process (PID 10844) reaped when POE::Kernel->run() is ready to return.
=== 10838 === !!! At least one child process is still running when POE::Kernel->run() is ready to return.
=== 10838 === !!! Be sure to use sig_child() to reap child processes.
=== 10838 === !!! In extreme cases, failure to reap child processes has
=== 10838 === !!! resulted in a slow 'fork bomb' that has halted systems.
t/moose/020_interface/poe-proxy.t ........................... ok
Possible precedence issue with control flow operator at /tmp/loop_over_bdir-11318-Cu_pL0/HTTP-Engine-0.03005-0/inc/Test/Builder.pm line 917.
Class::MOP::load_class is deprecated at /home/sand/src/perl/repoperls/installed-perls/host/k93x64sid/v5.24.0-RC4/a3f9/lib/site_perl/5.24.0/x86_64-linux-thread-multi-ld/Class/MOP.pm line 69.
Class::MOP::load_class("HTTP::Engine::RequestBuilder::NoEnv") called at /tmp/loop_over_bdir-11318-Cu_pL0/HTTP-Engine-0.03005-0/blib/lib/HTTP/Engine/Interface.pm line 65
HTTP::Engine::Interface::_setup_builder("HTTP::Engine::Interface::POE", "NoEnv") called at /tmp/loop_over_bdir-11318-Cu_pL0/HTTP-Engine-0.03005-0/blib/lib/HTTP/Engine/Interface.pm line 51
HTTP::Engine::Interface::__INTERFACE__("HTTP::Engine::Interface::POE") called at /tmp/loop_over_bdir-11318-Cu_pL0/HTTP-Engine-0.03005-0/blib/lib/HTTP/Engine/Interface.pm line 31
HTTP::Engine::Interface::__ANON__() called at /tmp/loop_over_bdir-11318-Cu_pL0/HTTP-Engine-0.03005-0/blib/lib/HTTP/Engine/Interface/POE.pm line 132
require HTTP/Engine/Interface/POE.pm called at (eval 341) line 2
main::BEGIN() called at /tmp/loop_over_bdir-11318-Cu_pL0/HTTP-Engine-0.03005-0/blib/lib/HTTP/Engine/Interface/POE.pm line 0
eval {...} called at /tmp/loop_over_bdir-11318-Cu_pL0/HTTP-Engine-0.03005-0/blib/lib/HTTP/Engine/Interface/POE.pm line 0
eval 'package main;
use HTTP::Engine::Interface::POE @{$args[0]};
1;
' called at /tmp/loop_over_bdir-11318-Cu_pL0/HTTP-Engine-0.03005-0/inc/Test/More.pm line 884
Test::More::_eval("package main;\x{a}use HTTP::Engine::Interface::POE \@{\$args[0]};\x{a}1;\x{a}", ARRAY(0x18091a0)) called at /tmp/loop_over_bdir-11318-Cu_pL0/HTTP-Engine-0.03005-0/inc/Test/More.pm line 859
Test::More::use_ok("HTTP::Engine::Interface::POE") called at t/moose/020_interface/poe-uri.t line 16
=== 10847 === !!! Kernel has 1 child process(es).
=== 10847 === !!! Stopped child process (PID 10848) reaped when POE::Kernel->run() is ready to return.
=== 10847 === !!! Stopped child process (PID 10849) reaped when POE::Kernel->run() is ready to return.
=== 10847 === !!! Stopped child process (PID 10850) reaped when POE::Kernel->run() is ready to return.
=== 10847 === !!! Stopped child process (PID 10851) reaped when POE::Kernel->run() is ready to return.
=== 10847 === !!! Stopped child process (PID 10852) reaped when POE::Kernel->run() is ready to return.
=== 10847 === !!! Stopped child process (PID 10853) reaped when POE::Kernel->run() is ready to return.
=== 10847 === !!! Stopped child process (PID 10854) reaped when POE::Kernel->run() is ready to return.
=== 10847 === !!! At least one child process is still running when POE::Kernel->run() is ready to return.
=== 10847 === !!! Be sure to use sig_child() to reap child processes.
=== 10847 === !!! In extreme cases, failure to reap child processes has
=== 10847 === !!! resulted in a slow 'fork bomb' that has halted systems.
t/moose/020_interface/poe-uri.t ............................. ok
Possible precedence issue with control flow operator at /tmp/loop_over_bdir-11318-Cu_pL0/HTTP-Engine-0.03005-0/inc/Test/Builder.pm line 917.
Class::MOP::load_class is deprecated at /home/sand/src/perl/repoperls/installed-perls/host/k93x64sid/v5.24.0-RC4/a3f9/lib/site_perl/5.24.0/x86_64-linux-thread-multi-ld/Class/MOP.pm line 69.
Class::MOP::load_class("HTTP::Engine::RequestBuilder::NoEnv") called at /tmp/loop_over_bdir-11318-Cu_pL0/HTTP-Engine-0.03005-0/blib/lib/HTTP/Engine/Interface.pm line 65
HTTP::Engine::Interface::_setup_builder("HTTP::Engine::Interface::POE", "NoEnv") called at /tmp/loop_over_bdir-11318-Cu_pL0/HTTP-Engine-0.03005-0/blib/lib/HTTP/Engine/Interface.pm line 51
HTTP::Engine::Interface::__INTERFACE__("HTTP::Engine::Interface::POE") called at /tmp/loop_over_bdir-11318-Cu_pL0/HTTP-Engine-0.03005-0/blib/lib/HTTP/Engine/Interface.pm line 31
HTTP::Engine::Interface::__ANON__() called at /tmp/loop_over_bdir-11318-Cu_pL0/HTTP-Engine-0.03005-0/blib/lib/HTTP/Engine/Interface/POE.pm line 132
require HTTP/Engine/Interface/POE.pm called at (eval 341) line 2
main::BEGIN() called at /tmp/loop_over_bdir-11318-Cu_pL0/HTTP-Engine-0.03005-0/blib/lib/HTTP/Engine/Interface/POE.pm line 0
eval {...} called at /tmp/loop_over_bdir-11318-Cu_pL0/HTTP-Engine-0.03005-0/blib/lib/HTTP/Engine/Interface/POE.pm line 0
eval 'package main;
use HTTP::Engine::Interface::POE @{$args[0]};
1;
' called at /tmp/loop_over_bdir-11318-Cu_pL0/HTTP-Engine-0.03005-0/inc/Test/More.pm line 884
Test::More::_eval("package main;\x{a}use HTTP::Engine::Interface::POE \@{\$args[0]};\x{a}1;\x{a}", ARRAY(0xe2c730)) called at /tmp/loop_over_bdir-11318-Cu_pL0/HTTP-Engine-0.03005-0/inc/Test/More.pm line 859
Test::More::use_ok("HTTP::Engine::Interface::POE") called at t/moose/020_interface/poe.t line 15
=== 10856 === !!! Kernel has 1 child process(es).
=== 10856 === !!! Stopped child process (PID 10857) reaped when POE::Kernel->run() is ready to return.
=== 10856 === !!! Stopped child process (PID 10858) reaped when POE::Kernel->run() is ready to return.
=== 10856 === !!! Stopped child process (PID 10859) reaped when POE::Kernel->run() is ready to return.
=== 10856 === !!! Stopped child process (PID 10860) reaped when POE::Kernel->run() is ready to return.
=== 10856 === !!! Stopped child process (PID 10861) reaped when POE::Kernel->run() is ready to return.
=== 10856 === !!! Stopped child process (PID 10862) reaped when POE::Kernel->run() is ready to return.
=== 10856 === !!! Stopped child process (PID 10863) reaped when POE::Kernel->run() is ready to return.
=== 10856 === !!! At least one child process is still running when POE::Kernel->run() is ready to return.
=== 10856 === !!! Be sure to use sig_child() to reap child processes.
=== 10856 === !!! In extreme cases, failure to reap child processes has
=== 10856 === !!! resulted in a slow 'fork bomb' that has halted systems.
t/moose/020_interface/poe.t ................................. ok
Possible precedence issue with control flow operator at /tmp/loop_over_bdir-11318-Cu_pL0/HTTP-Engine-0.03005-0/inc/Test/Builder.pm line 917.
Class::MOP::load_class is deprecated at /home/sand/src/perl/repoperls/installed-perls/host/k93x64sid/v5.24.0-RC4/a3f9/lib/site_perl/5.24.0/x86_64-linux-thread-multi-ld/Class/MOP.pm line 69.
Class::MOP::load_class("HTTP::Engine::Interface::PSGI") called at /tmp/loop_over_bdir-11318-Cu_pL0/HTTP-Engine-0.03005-0/blib/lib/HTTP/Engine/Types/Core.pm line 26
HTTP::Engine::Types::Core::__ANON__(HASH(0x1f3e200)) called at /home/sand/src/perl/repoperls/installed-perls/host/k93x64sid/v5.24.0-RC4/a3f9/lib/site_perl/5.24.0/x86_64-linux-thread-multi-ld/Moose/Meta/TypeCoercion.pm line 65
Moose::Meta::TypeCoercion::__ANON__(HASH(0x1f3e200)) called at constructor HTTP::Engine::new (defined at /tmp/loop_over_bdir-11318-Cu_pL0/HTTP-Engine-0.03005-0/blib/lib/HTTP/Engine.pm line 17) line 32
HTTP::Engine::new("HTTP::Engine", "interface", HASH(0x1f3e200)) called at t/moose/020_interface/psgi-with_plack.t line 33
main::__ANON__(50880) called at /tmp/loop_over_bdir-11318-Cu_pL0/HTTP-Engine-0.03005-0/inc/Test/TCP.pm line 118
Test::TCP::start(Test::TCP=HASH(0x22d73a0)) called at /tmp/loop_over_bdir-11318-Cu_pL0/HTTP-Engine-0.03005-0/inc/Test/TCP.pm line 102
Test::TCP::new("Test::TCP", "code", CODE(0x276bc60), "port", 50880) called at /tmp/loop_over_bdir-11318-Cu_pL0/HTTP-Engine-0.03005-0/inc/Test/TCP.pm line 54
Test::TCP::test_tcp("client", CODE(0x2623ec8), "server", CODE(0x276bc60)) called at t/moose/020_interface/psgi-with_plack.t line 37
t/moose/020_interface/psgi-with_plack.t ..................... ok
Possible precedence issue with control flow operator at /tmp/loop_over_bdir-11318-Cu_pL0/HTTP-Engine-0.03005-0/inc/Test/Builder.pm line 917.
Class::MOP::load_class is deprecated at /home/sand/src/perl/repoperls/installed-perls/host/k93x64sid/v5.24.0-RC4/a3f9/lib/site_perl/5.24.0/x86_64-linux-thread-multi-ld/Class/MOP.pm line 69.
Class::MOP::load_class("HTTP::Engine::Interface::PSGI") called at /tmp/loop_over_bdir-11318-Cu_pL0/HTTP-Engine-0.03005-0/blib/lib/HTTP/Engine/Types/Core.pm line 26
HTTP::Engine::Types::Core::__ANON__(HASH(0x20d4ef0)) called at /home/sand/src/perl/repoperls/installed-perls/host/k93x64sid/v5.24.0-RC4/a3f9/lib/site_perl/5.24.0/x86_64-linux-thread-multi-ld/Moose/Meta/TypeCoercion.pm line 65
Moose::Meta::TypeCoercion::__ANON__(HASH(0x20d4ef0)) called at constructor HTTP::Engine::new (defined at /tmp/loop_over_bdir-11318-Cu_pL0/HTTP-Engine-0.03005-0/blib/lib/HTTP/Engine.pm line 17) line 32
HTTP::Engine::new("HTTP::Engine", "interface", HASH(0x20d4ef0)) called at t/moose/020_interface/psgi.t line 24
t/moose/020_interface/psgi.t ................................ ok
Possible precedence issue with control flow operator at /tmp/loop_over_bdir-11318-Cu_pL0/HTTP-Engine-0.03005-0/inc/Test/Builder.pm line 917.
Class::MOP::load_class is deprecated at /home/sand/src/perl/repoperls/installed-perls/host/k93x64sid/v5.24.0-RC4/a3f9/lib/site_perl/5.24.0/x86_64-linux-thread-multi-ld/Class/MOP.pm line 69, <DATA> line 11.
Class::MOP::load_class("HTTP::Engine::Interface::ServerSimple") called at /tmp/loop_over_bdir-11318-Cu_pL0/HTTP-Engine-0.03005-0/blib/lib/HTTP/Engine/Types/Core.pm line 26
HTTP::Engine::Types::Core::__ANON__(HASH(0x4463950)) called at /home/sand/src/perl/repoperls/installed-perls/host/k93x64sid/v5.24.0-RC4/a3f9/lib/site_perl/5.24.0/x86_64-linux-thread-multi-ld/Moose/Meta/TypeCoercion.pm line 65
Moose::Meta::TypeCoercion::__ANON__(HASH(0x4463950)) called at constructor HTTP::Engine::new (defined at /tmp/loop_over_bdir-11318-Cu_pL0/HTTP-Engine-0.03005-0/blib/lib/HTTP/Engine.pm line 17) line 32
HTTP::Engine::new("HTTP::Engine", "interface", HASH(0x4463950)) called at t/moose/020_interface/server_simple-net_server_configure.t line 52
main::__ANON__(51000) called at /tmp/loop_over_bdir-11318-Cu_pL0/HTTP-Engine-0.03005-0/inc/Test/TCP.pm line 118
Test::TCP::start(Test::TCP=HASH(0x437d4b8)) called at /tmp/loop_over_bdir-11318-Cu_pL0/HTTP-Engine-0.03005-0/inc/Test/TCP.pm line 102
Test::TCP::new("Test::TCP", "code", CODE(0x2408168), "port", 51000) called at /tmp/loop_over_bdir-11318-Cu_pL0/HTTP-Engine-0.03005-0/inc/Test/TCP.pm line 54
Test::TCP::test_tcp("client", CODE(0x24161c0), "server", CODE(0x2408168)) called at t/moose/020_interface/server_simple-net_server_configure.t line 54
t/moose/020_interface/server_simple-net_server_configure.t .. ok
Possible precedence issue with control flow operator at /tmp/loop_over_bdir-11318-Cu_pL0/HTTP-Engine-0.03005-0/inc/Test/Builder.pm line 917.
Class::MOP::load_class is deprecated at /home/sand/src/perl/repoperls/installed-perls/host/k93x64sid/v5.24.0-RC4/a3f9/lib/site_perl/5.24.0/x86_64-linux-thread-multi-ld/Class/MOP.pm line 69, <DATA> line 11.
Class::MOP::load_class("HTTP::Engine::Interface::ServerSimple") called at /tmp/loop_over_bdir-11318-Cu_pL0/HTTP-Engine-0.03005-0/blib/lib/HTTP/Engine/Types/Core.pm line 26
HTTP::Engine::Types::Core::__ANON__(HASH(0x386ffa0)) called at /home/sand/src/perl/repoperls/installed-perls/host/k93x64sid/v5.24.0-RC4/a3f9/lib/site_perl/5.24.0/x86_64-linux-thread-multi-ld/Moose/Meta/TypeCoercion.pm line 65
Moose::Meta::TypeCoercion::__ANON__(HASH(0x386ffa0)) called at constructor HTTP::Engine::new (defined at /tmp/loop_over_bdir-11318-Cu_pL0/HTTP-Engine-0.03005-0/blib/lib/HTTP/Engine.pm line 17) line 32
HTTP::Engine::new("HTTP::Engine", "interface", HASH(0x386ffa0)) called at t/moose/020_interface/server_simple-not-send-header-bug.t line 39
main::__ANON__(50614) called at /tmp/loop_over_bdir-11318-Cu_pL0/HTTP-Engine-0.03005-0/inc/Test/TCP.pm line 118
Test::TCP::start(Test::TCP=HASH(0x3856350)) called at /tmp/loop_over_bdir-11318-Cu_pL0/HTTP-Engine-0.03005-0/inc/Test/TCP.pm line 102
Test::TCP::new("Test::TCP", "code", CODE(0x284eb88), "port", 50614) called at /tmp/loop_over_bdir-11318-Cu_pL0/HTTP-Engine-0.03005-0/inc/Test/TCP.pm line 54
Test::TCP::test_tcp("client", CODE(0x1fc0a58), "server", CODE(0x284eb88)) called at t/moose/020_interface/server_simple-not-send-header-bug.t line 41
Class::MOP::load_class is deprecated at /home/sand/src/perl/repoperls/installed-perls/host/k93x64sid/v5.24.0-RC4/a3f9/lib/site_perl/5.24.0/x86_64-linux-thread-multi-ld/Class/MOP.pm line 69, <DATA> line 16.
Class::MOP::load_class("HTTP::Engine::RequestBuilder::NoEnv") called at /tmp/loop_over_bdir-11318-Cu_pL0/HTTP-Engine-0.03005-0/blib/lib/HTTP/Engine/Interface.pm line 65
HTTP::Engine::Interface::_setup_builder("HTTP::Engine::Interface::ServerSimple", "NoEnv") called at /tmp/loop_over_bdir-11318-Cu_pL0/HTTP-Engine-0.03005-0/blib/lib/HTTP/Engine/Interface.pm line 51
HTTP::Engine::Interface::__INTERFACE__("HTTP::Engine::Interface::ServerSimple") called at /tmp/loop_over_bdir-11318-Cu_pL0/HTTP-Engine-0.03005-0/blib/lib/HTTP/Engine/Interface.pm line 31
HTTP::Engine::Interface::__ANON__() called at /tmp/loop_over_bdir-11318-Cu_pL0/HTTP-Engine-0.03005-0/blib/lib/HTTP/Engine/Interface/ServerSimple.pm line 111
require HTTP/Engine/Interface/ServerSimple.pm called at /home/sand/src/perl/repoperls/installed-perls/host/k93x64sid/v5.24.0-RC4/a3f9/lib/site_perl/5.24.0/Module/Runtime.pm line 317
Module::Runtime::require_module("HTTP::Engine::Interface::ServerSimple") called at /home/sand/src/perl/repoperls/installed-perls/host/k93x64sid/v5.24.0-RC4/a3f9/lib/site_perl/5.24.0/Class/Load.pm line 174
Class::Load::try {...} () called at /home/sand/src/perl/repoperls/installed-perls/host/k93x64sid/v5.24.0-RC4/a3f9/lib/site_perl/5.24.0/Try/Tiny.pm line 88
eval {...} called at /home/sand/src/perl/repoperls/installed-perls/host/k93x64sid/v5.24.0-RC4/a3f9/lib/site_perl/5.24.0/Try/Tiny.pm line 83
Try::Tiny::try(CODE(0x3870150), Try::Tiny::Catch=REF(0x21a4318)) called at /home/sand/src/perl/repoperls/installed-perls/host/k93x64sid/v5.24.0-RC4/a3f9/lib/site_perl/5.24.0/Class/Load.pm line 180
Class::Load::try_load_class("HTTP::Engine::Interface::ServerSimple", undef) called at /home/sand/src/perl/repoperls/installed-perls/host/k93x64sid/v5.24.0-RC4/a3f9/lib/site_perl/5.24.0/Class/Load.pm line 35
Class::Load::load_class("HTTP::Engine::Interface::ServerSimple") called at /tmp/loop_over_bdir-11318-Cu_pL0/HTTP-Engine-0.03005-0/blib/lib/HTTP/Engine/Types/Core.pm line 26
HTTP::Engine::Types::Core::__ANON__(HASH(0x386ffa0)) called at /home/sand/src/perl/repoperls/installed-perls/host/k93x64sid/v5.24.0-RC4/a3f9/lib/site_perl/5.24.0/x86_64-linux-thread-multi-ld/Moose/Meta/TypeCoercion.pm line 65
Moose::Meta::TypeCoercion::__ANON__(HASH(0x386ffa0)) called at constructor HTTP::Engine::new (defined at /tmp/loop_over_bdir-11318-Cu_pL0/HTTP-Engine-0.03005-0/blib/lib/HTTP/Engine.pm line 17) line 32
HTTP::Engine::new("HTTP::Engine", "interface", HASH(0x386ffa0)) called at t/moose/020_interface/server_simple-not-send-header-bug.t line 39
main::__ANON__(50614) called at /tmp/loop_over_bdir-11318-Cu_pL0/HTTP-Engine-0.03005-0/inc/Test/TCP.pm line 118
Test::TCP::start(Test::TCP=HASH(0x3856350)) called at /tmp/loop_over_bdir-11318-Cu_pL0/HTTP-Engine-0.03005-0/inc/Test/TCP.pm line 102
Test::TCP::new("Test::TCP", "code", CODE(0x284eb88), "port", 50614) called at /tmp/loop_over_bdir-11318-Cu_pL0/HTTP-Engine-0.03005-0/inc/Test/TCP.pm line 54
Test::TCP::test_tcp("client", CODE(0x1fc0a58), "server", CODE(0x284eb88)) called at t/moose/020_interface/server_simple-not-send-header-bug.t line 41
t/moose/020_interface/server_simple-not-send-header-bug.t ... ok
Possible precedence issue with control flow operator at /tmp/loop_over_bdir-11318-Cu_pL0/HTTP-Engine-0.03005-0/inc/Test/Builder.pm line 917.
Class::MOP::load_class is deprecated at /home/sand/src/perl/repoperls/installed-perls/host/k93x64sid/v5.24.0-RC4/a3f9/lib/site_perl/5.24.0/x86_64-linux-thread-multi-ld/Class/MOP.pm line 69, <DATA> line 11.
Class::MOP::load_class("HTTP::Engine::Interface::ServerSimple") called at /tmp/loop_over_bdir-11318-Cu_pL0/HTTP-Engine-0.03005-0/blib/lib/HTTP/Engine/Types/Core.pm line 26
HTTP::Engine::Types::Core::__ANON__(HASH(0x3f6cef0)) called at /home/sand/src/perl/repoperls/installed-perls/host/k93x64sid/v5.24.0-RC4/a3f9/lib/site_perl/5.24.0/x86_64-linux-thread-multi-ld/Moose/Meta/TypeCoercion.pm line 65
Moose::Meta::TypeCoercion::__ANON__(HASH(0x3f6cef0)) called at constructor HTTP::Engine::new (defined at /tmp/loop_over_bdir-11318-Cu_pL0/HTTP-Engine-0.03005-0/blib/lib/HTTP/Engine.pm line 17) line 32
HTTP::Engine::new("HTTP::Engine", "interface", HASH(0x3f6cef0)) called at t/moose/020_interface/server_simple-print_banner.t line 32
main::__ANON__(50775) called at /tmp/loop_over_bdir-11318-Cu_pL0/HTTP-Engine-0.03005-0/inc/Test/TCP.pm line 118
Test::TCP::start(Test::TCP=HASH(0x3ee5900)) called at /tmp/loop_over_bdir-11318-Cu_pL0/HTTP-Engine-0.03005-0/inc/Test/TCP.pm line 102
Test::TCP::new("Test::TCP", "code", CODE(0x213eee8), "port", 50775) called at /tmp/loop_over_bdir-11318-Cu_pL0/HTTP-Engine-0.03005-0/inc/Test/TCP.pm line 54
Test::TCP::test_tcp("client", CODE(0x3ed2a78), "server", CODE(0x213eee8)) called at t/moose/020_interface/server_simple-print_banner.t line 34
t/moose/020_interface/server_simple-print_banner.t .......... ok
Possible precedence issue with control flow operator at /tmp/loop_over_bdir-11318-Cu_pL0/HTTP-Engine-0.03005-0/inc/Test/Builder.pm line 917.
Class::MOP::load_class is deprecated at /home/sand/src/perl/repoperls/installed-perls/host/k93x64sid/v5.24.0-RC4/a3f9/lib/site_perl/5.24.0/x86_64-linux-thread-multi-ld/Class/MOP.pm line 69, <DATA> line 11.
Class::MOP::load_class("HTTP::Engine::Interface::ServerSimple") called at /tmp/loop_over_bdir-11318-Cu_pL0/HTTP-Engine-0.03005-0/blib/lib/HTTP/Engine/Types/Core.pm line 26
HTTP::Engine::Types::Core::__ANON__(HASH(0x2d1f3f0)) called at /home/sand/src/perl/repoperls/installed-perls/host/k93x64sid/v5.24.0-RC4/a3f9/lib/site_perl/5.24.0/x86_64-linux-thread-multi-ld/Moose/Meta/TypeCoercion.pm line 65
Moose::Meta::TypeCoercion::__ANON__(HASH(0x2d1f3f0)) called at constructor HTTP::Engine::new (defined at /tmp/loop_over_bdir-11318-Cu_pL0/HTTP-Engine-0.03005-0/blib/lib/HTTP/Engine.pm line 17) line 32
HTTP::Engine::new("HTTP::Engine", "interface", HASH(0x2d1f3f0)) called at t/moose/020_interface/server_simple.t line 36
main::__ANON__(50667) called at /tmp/loop_over_bdir-11318-Cu_pL0/HTTP-Engine-0.03005-0/inc/Test/TCP.pm line 118
Test::TCP::start(Test::TCP=HASH(0x2cd99a8)) called at /tmp/loop_over_bdir-11318-Cu_pL0/HTTP-Engine-0.03005-0/inc/Test/TCP.pm line 102
Test::TCP::new("Test::TCP", "code", CODE(0x2cbad30), "port", 50667) called at /tmp/loop_over_bdir-11318-Cu_pL0/HTTP-Engine-0.03005-0/inc/Test/TCP.pm line 54
Test::TCP::test_tcp("client", CODE(0x2c1bd08), "server", CODE(0x2cbad30)) called at t/moose/020_interface/server_simple.t line 38
t/moose/020_interface/server_simple.t ....................... ok
Possible precedence issue with control flow operator at /tmp/loop_over_bdir-11318-Cu_pL0/HTTP-Engine-0.03005-0/inc/Test/Builder.pm line 917.
t/moose/020_interface/standalone-keep_alive.t ............... skipped: Interface::Standalone will be removed
Possible precedence issue with control flow operator at /tmp/loop_over_bdir-11318-Cu_pL0/HTTP-Engine-0.03005-0/inc/Test/Builder.pm line 917.
t/moose/020_interface/standalone-restart.t .................. skipped: Interface::Standalone will be removed
Possible precedence issue with control flow operator at /tmp/loop_over_bdir-11318-Cu_pL0/HTTP-Engine-0.03005-0/inc/Test/Builder.pm line 917.
Class::MOP::load_class is deprecated at /home/sand/src/perl/repoperls/installed-perls/host/k93x64sid/v5.24.0-RC4/a3f9/lib/site_perl/5.24.0/x86_64-linux-thread-multi-ld/Class/MOP.pm line 69.
Class::MOP::load_class("HTTP::Engine::Interface::Test") called at /tmp/loop_over_bdir-11318-Cu_pL0/HTTP-Engine-0.03005-0/blib/lib/HTTP/Engine/Types/Core.pm line 26
HTTP::Engine::Types::Core::__ANON__(HASH(0x36a37f8)) called at /home/sand/src/perl/repoperls/installed-perls/host/k93x64sid/v5.24.0-RC4/a3f9/lib/site_perl/5.24.0/x86_64-linux-thread-multi-ld/Moose/Meta/TypeCoercion.pm line 65
Moose::Meta::TypeCoercion::__ANON__(HASH(0x36a37f8)) called at constructor HTTP::Engine::new (defined at /tmp/loop_over_bdir-11318-Cu_pL0/HTTP-Engine-0.03005-0/blib/lib/HTTP/Engine.pm line 17) line 32
HTTP::Engine::new("HTTP::Engine", "interface", HASH(0x36a37f8)) called at t/moose/020_interface/streaming_response.t line 30
eval {...} called at t/moose/020_interface/streaming_response.t line 19
t/moose/020_interface/streaming_response.t .................. ok
Possible precedence issue with control flow operator at /tmp/loop_over_bdir-11318-Cu_pL0/HTTP-Engine-0.03005-0/inc/Test/Builder.pm line 917.
# Failed test at t/moose/020_interface/test-validation.t line 23.
# got: '1'
# expected: '0'
# Looks like you failed 1 test of 10.
t/moose/020_interface/test-validation.t .....................
Dubious, test returned 1 (wstat 256, 0x100)
Failed 1/10 subtests
Possible precedence issue with control flow operator at /tmp/loop_over_bdir-11318-Cu_pL0/HTTP-Engine-0.03005-0/inc/Test/Builder.pm line 917.
t/moose/020_interface/test-warn_at_utf8.t ................... ok
Possible precedence issue with control flow operator at /tmp/loop_over_bdir-11318-Cu_pL0/HTTP-Engine-0.03005-0/inc/Test/Builder.pm line 917.
Redundant argument in sprintf at /tmp/loop_over_bdir-11318-Cu_pL0/HTTP-Engine-0.03005-0/inc/Spiffy.pm line 225.
Redundant argument in sprintf at /tmp/loop_over_bdir-11318-Cu_pL0/HTTP-Engine-0.03005-0/inc/Spiffy.pm line 225.
Redundant argument in sprintf at /tmp/loop_over_bdir-11318-Cu_pL0/HTTP-Engine-0.03005-0/inc/Spiffy.pm line 225.
Redundant argument in sprintf at /tmp/loop_over_bdir-11318-Cu_pL0/HTTP-Engine-0.03005-0/inc/Spiffy.pm line 225.
Class::MOP::load_class is deprecated at /home/sand/src/perl/repoperls/installed-perls/host/k93x64sid/v5.24.0-RC4/a3f9/lib/site_perl/5.24.0/x86_64-linux-thread-multi-ld/Class/MOP.pm line 69, <DATA> line 1.
Class::MOP::load_class("HTTP::Engine::Interface::Test") called at /tmp/loop_over_bdir-11318-Cu_pL0/HTTP-Engine-0.03005-0/blib/lib/HTTP/Engine/Types/Core.pm line 26
HTTP::Engine::Types::Core::__ANON__(HASH(0x30b3e48)) called at /home/sand/src/perl/repoperls/installed-perls/host/k93x64sid/v5.24.0-RC4/a3f9/lib/site_perl/5.24.0/x86_64-linux-thread-multi-ld/Moose/Meta/TypeCoercion.pm line 65
Moose::Meta::TypeCoercion::__ANON__(HASH(0x30b3e48)) called at constructor HTTP::Engine::new (defined at /tmp/loop_over_bdir-11318-Cu_pL0/HTTP-Engine-0.03005-0/blib/lib/HTTP/Engine.pm line 17) line 32
HTTP::Engine::new("HTTP::Engine", "interface", HASH(0x30b3e48)) called at t/moose/020_interface/test.t line 38
main::__ANON__(Test::Base::Block=HASH(0x2f33b78)) called at /tmp/loop_over_bdir-11318-Cu_pL0/HTTP-Engine-0.03005-0/inc/Test/Base.pm line 269
Test::Base::run(undef) called at t/moose/020_interface/test.t line 43
t/moose/020_interface/test.t ................................ ok
Possible precedence issue with control flow operator at /tmp/loop_over_bdir-11318-Cu_pL0/HTTP-Engine-0.03005-0/inc/Test/Builder.pm line 917.
Class::MOP::load_class is deprecated at /home/sand/src/perl/repoperls/installed-perls/host/k93x64sid/v5.24.0-RC4/a3f9/lib/site_perl/5.24.0/x86_64-linux-thread-multi-ld/Class/MOP.pm line 69.
Class::MOP::load_class("HTTP::Engine::Interface::Test") called at /tmp/loop_over_bdir-11318-Cu_pL0/HTTP-Engine-0.03005-0/blib/lib/HTTP/Engine/Types/Core.pm line 26
HTTP::Engine::Types::Core::__ANON__(HASH(0x39c14f0)) called at /home/sand/src/perl/repoperls/installed-perls/host/k93x64sid/v5.24.0-RC4/a3f9/lib/site_perl/5.24.0/x86_64-linux-thread-multi-ld/Moose/Meta/TypeCoercion.pm line 65
Moose::Meta::TypeCoercion::__ANON__(HASH(0x39c14f0)) called at constructor HTTP::Engine::new (defined at /tmp/loop_over_bdir-11318-Cu_pL0/HTTP-Engine-0.03005-0/blib/lib/HTTP/Engine.pm line 17) line 32
HTTP::Engine::new("HTTP::Engine", "interface", HASH(0x39c14f0)) called at t/moose/020_interface/test_response-with_io.t line 26
t/moose/020_interface/test_response-with_io.t ............... ok
Possible precedence issue with control flow operator at /tmp/loop_over_bdir-11318-Cu_pL0/HTTP-Engine-0.03005-0/inc/Test/Builder.pm line 917.
Redundant argument in sprintf at /tmp/loop_over_bdir-11318-Cu_pL0/HTTP-Engine-0.03005-0/inc/Spiffy.pm line 225.
Redundant argument in sprintf at /tmp/loop_over_bdir-11318-Cu_pL0/HTTP-Engine-0.03005-0/inc/Spiffy.pm line 225.
Redundant argument in sprintf at /tmp/loop_over_bdir-11318-Cu_pL0/HTTP-Engine-0.03005-0/inc/Spiffy.pm line 225.
Redundant argument in sprintf at /tmp/loop_over_bdir-11318-Cu_pL0/HTTP-Engine-0.03005-0/inc/Spiffy.pm line 225.
Class::MOP::load_class is deprecated at /home/sand/src/perl/repoperls/installed-perls/host/k93x64sid/v5.24.0-RC4/a3f9/lib/site_perl/5.24.0/x86_64-linux-thread-multi-ld/Class/MOP.pm line 69, <DATA> line 1.
Class::MOP::load_class("HTTP::Engine::Interface::Test") called at /tmp/loop_over_bdir-11318-Cu_pL0/HTTP-Engine-0.03005-0/blib/lib/HTTP/Engine/Types/Core.pm line 26
HTTP::Engine::Types::Core::__ANON__(HASH(0x45ea270)) called at /home/sand/src/perl/repoperls/installed-perls/host/k93x64sid/v5.24.0-RC4/a3f9/lib/site_perl/5.24.0/x86_64-linux-thread-multi-ld/Moose/Meta/TypeCoercion.pm line 65
Moose::Meta::TypeCoercion::__ANON__(HASH(0x45ea270)) called at constructor HTTP::Engine::new (defined at /tmp/loop_over_bdir-11318-Cu_pL0/HTTP-Engine-0.03005-0/blib/lib/HTTP/Engine.pm line 17) line 32
HTTP::Engine::new("HTTP::Engine", "interface", HASH(0x45ea270)) called at t/moose/020_interface/test_upload.t line 55
main::__ANON__(Test::Base::Block=HASH(0x1f33190)) called at /tmp/loop_over_bdir-11318-Cu_pL0/HTTP-Engine-0.03005-0/inc/Test/Base.pm line 269
Test::Base::run(undef) called at t/moose/020_interface/test_upload.t line 91
t/moose/020_interface/test_upload.t ......................... ok
Possible precedence issue with control flow operator at /tmp/loop_over_bdir-11318-Cu_pL0/HTTP-Engine-0.03005-0/inc/Test/Builder.pm line 917.
Class::MOP::load_class is deprecated at /home/sand/src/perl/repoperls/installed-perls/host/k93x64sid/v5.24.0-RC4/a3f9/lib/site_perl/5.24.0/x86_64-linux-thread-multi-ld/Class/MOP.pm line 69.
Class::MOP::load_class("HTTP::Engine::Interface::Standalone") called at /tmp/loop_over_bdir-11318-Cu_pL0/HTTP-Engine-0.03005-0/blib/lib/HTTP/Engine/Types/Core.pm line 26
HTTP::Engine::Types::Core::__ANON__(HASH(0x37a16a0)) called at /home/sand/src/perl/repoperls/installed-perls/host/k93x64sid/v5.24.0-RC4/a3f9/lib/site_perl/5.24.0/x86_64-linux-thread-multi-ld/Moose/Meta/TypeCoercion.pm line 65
Moose::Meta::TypeCoercion::__ANON__(HASH(0x37a16a0)) called at constructor HTTP::Engine::new (defined at /tmp/loop_over_bdir-11318-Cu_pL0/HTTP-Engine-0.03005-0/blib/lib/HTTP/Engine.pm line 17) line 32
HTTP::Engine::new("HTTP::Engine", "interface", HASH(0x37a16a0)) called at t/Utils.pm line 129
t::Utils::__ANON__(50174) called at /tmp/loop_over_bdir-11318-Cu_pL0/HTTP-Engine-0.03005-0/inc/Test/TCP.pm line 118
Test::TCP::start(Test::TCP=HASH(0x3c394a0)) called at /tmp/loop_over_bdir-11318-Cu_pL0/HTTP-Engine-0.03005-0/inc/Test/TCP.pm line 102
Test::TCP::new("Test::TCP", "code", CODE(0x3bb0408), "port", 50174) called at /tmp/loop_over_bdir-11318-Cu_pL0/HTTP-Engine-0.03005-0/inc/Test/TCP.pm line 54
Test::TCP::test_tcp("client", CODE(0x3bb0378), "server", CODE(0x3bb0408), "port", 50174) called at t/Utils.pm line 132
t::Utils::daemonize_all(CODE(0x36273c0), " sub {\x{a} my \$port = shift;\x{a} return (\x{a} "...) called at t/moose/030_daemonize/connection_info.t line 47
Class::MOP::load_class is deprecated at /home/sand/src/perl/repoperls/installed-perls/host/k93x64sid/v5.24.0-RC4/a3f9/lib/site_perl/5.24.0/x86_64-linux-thread-multi-ld/Class/MOP.pm line 69.
Class::MOP::load_class("HTTP::Engine::Interface::ServerSimple") called at /tmp/loop_over_bdir-11318-Cu_pL0/HTTP-Engine-0.03005-0/blib/lib/HTTP/Engine/Types/Core.pm line 26
HTTP::Engine::Types::Core::__ANON__(HASH(0x37a16a0)) called at /home/sand/src/perl/repoperls/installed-perls/host/k93x64sid/v5.24.0-RC4/a3f9/lib/site_perl/5.24.0/x86_64-linux-thread-multi-ld/Moose/Meta/TypeCoercion.pm line 65
Moose::Meta::TypeCoercion::__ANON__(HASH(0x37a16a0)) called at constructor HTTP::Engine::new (defined at /tmp/loop_over_bdir-11318-Cu_pL0/HTTP-Engine-0.03005-0/blib/lib/HTTP/Engine.pm line 17) line 32
HTTP::Engine::new("HTTP::Engine", "interface", HASH(0x37a16a0)) called at t/Utils.pm line 129
t::Utils::__ANON__(50174) called at /tmp/loop_over_bdir-11318-Cu_pL0/HTTP-Engine-0.03005-0/inc/Test/TCP.pm line 118
Test::TCP::start(Test::TCP=HASH(0x3be05c8)) called at /tmp/loop_over_bdir-11318-Cu_pL0/HTTP-Engine-0.03005-0/inc/Test/TCP.pm line 102
Test::TCP::new("Test::TCP", "code", CODE(0x3bb0408), "port", 50174) called at /tmp/loop_over_bdir-11318-Cu_pL0/HTTP-Engine-0.03005-0/inc/Test/TCP.pm line 54
Test::TCP::test_tcp("client", CODE(0x3bb0378), "server", CODE(0x3bb0408), "port", 50174) called at t/Utils.pm line 132
t::Utils::daemonize_all(CODE(0x36273c0), " sub {\x{a} my \$port = shift;\x{a} return (\x{a} "...) called at t/moose/030_daemonize/connection_info.t line 47
Class::MOP::load_class is deprecated at /home/sand/src/perl/repoperls/installed-perls/host/k93x64sid/v5.24.0-RC4/a3f9/lib/site_perl/5.24.0/x86_64-linux-thread-multi-ld/Class/MOP.pm line 69.
Class::MOP::load_class("HTTP::Engine::Interface::POE") called at /tmp/loop_over_bdir-11318-Cu_pL0/HTTP-Engine-0.03005-0/blib/lib/HTTP/Engine/Types/Core.pm line 26
HTTP::Engine::Types::Core::__ANON__(HASH(0x37a16a0)) called at /home/sand/src/perl/repoperls/installed-perls/host/k93x64sid/v5.24.0-RC4/a3f9/lib/site_perl/5.24.0/x86_64-linux-thread-multi-ld/Moose/Meta/TypeCoercion.pm line 65
Moose::Meta::TypeCoercion::__ANON__(HASH(0x37a16a0)) called at constructor HTTP::Engine::new (defined at /tmp/loop_over_bdir-11318-Cu_pL0/HTTP-Engine-0.03005-0/blib/lib/HTTP/Engine.pm line 17) line 32
HTTP::Engine::new("HTTP::Engine", "interface", HASH(0x37a16a0)) called at t/Utils.pm line 129
t::Utils::__ANON__(50174) called at /tmp/loop_over_bdir-11318-Cu_pL0/HTTP-Engine-0.03005-0/inc/Test/TCP.pm line 118
Test::TCP::start(Test::TCP=HASH(0x4115f70)) called at /tmp/loop_over_bdir-11318-Cu_pL0/HTTP-Engine-0.03005-0/inc/Test/TCP.pm line 102
Test::TCP::new("Test::TCP", "code", CODE(0x3bb0408), "port", 50174) called at /tmp/loop_over_bdir-11318-Cu_pL0/HTTP-Engine-0.03005-0/inc/Test/TCP.pm line 54
Test::TCP::test_tcp("client", CODE(0x3bb0378), "server", CODE(0x3bb0408), "port", 50174) called at t/Utils.pm line 132
t::Utils::daemonize_all(CODE(0x36273c0), " sub {\x{a} my \$port = shift;\x{a} return (\x{a} "...) called at t/moose/030_daemonize/connection_info.t line 47
t/moose/030_daemonize/connection_info.t ..................... ok
Possible precedence issue with control flow operator at /tmp/loop_over_bdir-11318-Cu_pL0/HTTP-Engine-0.03005-0/inc/Test/Builder.pm line 917.
Class::MOP::load_class is deprecated at /home/sand/src/perl/repoperls/installed-perls/host/k93x64sid/v5.24.0-RC4/a3f9/lib/site_perl/5.24.0/x86_64-linux-thread-multi-ld/Class/MOP.pm line 69.
Class::MOP::load_class("HTTP::Engine::Interface::Standalone") called at /tmp/loop_over_bdir-11318-Cu_pL0/HTTP-Engine-0.03005-0/blib/lib/HTTP/Engine/Types/Core.pm line 26
HTTP::Engine::Types::Core::__ANON__(HASH(0x2cdb488)) called at /home/sand/src/perl/repoperls/installed-perls/host/k93x64sid/v5.24.0-RC4/a3f9/lib/site_perl/5.24.0/x86_64-linux-thread-multi-ld/Moose/Meta/TypeCoercion.pm line 65
Moose::Meta::TypeCoercion::__ANON__(HASH(0x2cdb488)) called at constructor HTTP::Engine::new (defined at /tmp/loop_over_bdir-11318-Cu_pL0/HTTP-Engine-0.03005-0/blib/lib/HTTP/Engine.pm line 17) line 32
HTTP::Engine::new("HTTP::Engine", "interface", HASH(0x2cdb488)) called at t/Utils.pm line 129
t::Utils::__ANON__(50656) called at /tmp/loop_over_bdir-11318-Cu_pL0/HTTP-Engine-0.03005-0/inc/Test/TCP.pm line 118
Test::TCP::start(Test::TCP=HASH(0x34e3c40)) called at /tmp/loop_over_bdir-11318-Cu_pL0/HTTP-Engine-0.03005-0/inc/Test/TCP.pm line 102
Test::TCP::new("Test::TCP", "code", CODE(0x335dda8), "port", 50656) called at /tmp/loop_over_bdir-11318-Cu_pL0/HTTP-Engine-0.03005-0/inc/Test/TCP.pm line 54
Test::TCP::test_tcp("client", CODE(0x335dd18), "server", CODE(0x335dda8), "port", 50656) called at t/Utils.pm line 132
t::Utils::daemonize_all(CODE(0x2ed6730), " sub {\x{a} my \$port = shift;\x{a} return (\x{a} "...) called at t/moose/030_daemonize/headers.t line 40
Class::MOP::load_class is deprecated at /home/sand/src/perl/repoperls/installed-perls/host/k93x64sid/v5.24.0-RC4/a3f9/lib/site_perl/5.24.0/x86_64-linux-thread-multi-ld/Class/MOP.pm line 69.
Class::MOP::load_class("HTTP::Engine::Interface::ServerSimple") called at /tmp/loop_over_bdir-11318-Cu_pL0/HTTP-Engine-0.03005-0/blib/lib/HTTP/Engine/Types/Core.pm line 26
HTTP::Engine::Types::Core::__ANON__(HASH(0x2cdb488)) called at /home/sand/src/perl/repoperls/installed-perls/host/k93x64sid/v5.24.0-RC4/a3f9/lib/site_perl/5.24.0/x86_64-linux-thread-multi-ld/Moose/Meta/TypeCoercion.pm line 65
Moose::Meta::TypeCoercion::__ANON__(HASH(0x2cdb488)) called at constructor HTTP::Engine::new (defined at /tmp/loop_over_bdir-11318-Cu_pL0/HTTP-Engine-0.03005-0/blib/lib/HTTP/Engine.pm line 17) line 32
HTTP::Engine::new("HTTP::Engine", "interface", HASH(0x2cdb488)) called at t/Utils.pm line 129
t::Utils::__ANON__(50656) called at /tmp/loop_over_bdir-11318-Cu_pL0/HTTP-Engine-0.03005-0/inc/Test/TCP.pm line 118
Test::TCP::start(Test::TCP=HASH(0x34ca708)) called at /tmp/loop_over_bdir-11318-Cu_pL0/HTTP-Engine-0.03005-0/inc/Test/TCP.pm line 102
Test::TCP::new("Test::TCP", "code", CODE(0x335dda8), "port", 50656) called at /tmp/loop_over_bdir-11318-Cu_pL0/HTTP-Engine-0.03005-0/inc/Test/TCP.pm line 54
Test::TCP::test_tcp("client", CODE(0x335dd18), "server", CODE(0x335dda8), "port", 50656) called at t/Utils.pm line 132
t::Utils::daemonize_all(CODE(0x2ed6730), " sub {\x{a} my \$port = shift;\x{a} return (\x{a} "...) called at t/moose/030_daemonize/headers.t line 40
Class::MOP::load_class is deprecated at /home/sand/src/perl/repoperls/installed-perls/host/k93x64sid/v5.24.0-RC4/a3f9/lib/site_perl/5.24.0/x86_64-linux-thread-multi-ld/Class/MOP.pm line 69.
Class::MOP::load_class("HTTP::Engine::Interface::POE") called at /tmp/loop_over_bdir-11318-Cu_pL0/HTTP-Engine-0.03005-0/blib/lib/HTTP/Engine/Types/Core.pm line 26
HTTP::Engine::Types::Core::__ANON__(HASH(0x2cdb488)) called at /home/sand/src/perl/repoperls/installed-perls/host/k93x64sid/v5.24.0-RC4/a3f9/lib/site_perl/5.24.0/x86_64-linux-thread-multi-ld/Moose/Meta/TypeCoercion.pm line 65
Moose::Meta::TypeCoercion::__ANON__(HASH(0x2cdb488)) called at constructor HTTP::Engine::new (defined at /tmp/loop_over_bdir-11318-Cu_pL0/HTTP-Engine-0.03005-0/blib/lib/HTTP/Engine.pm line 17) line 32
HTTP::Engine::new("HTTP::Engine", "interface", HASH(0x2cdb488)) called at t/Utils.pm line 129
t::Utils::__ANON__(50656) called at /tmp/loop_over_bdir-11318-Cu_pL0/HTTP-Engine-0.03005-0/inc/Test/TCP.pm line 118
Test::TCP::start(Test::TCP=HASH(0x3671b10)) called at /tmp/loop_over_bdir-11318-Cu_pL0/HTTP-Engine-0.03005-0/inc/Test/TCP.pm line 102
Test::TCP::new("Test::TCP", "code", CODE(0x335dda8), "port", 50656) called at /tmp/loop_over_bdir-11318-Cu_pL0/HTTP-Engine-0.03005-0/inc/Test/TCP.pm line 54
Test::TCP::test_tcp("client", CODE(0x335dd18), "server", CODE(0x335dda8), "port", 50656) called at t/Utils.pm line 132
t::Utils::daemonize_all(CODE(0x2ed6730), " sub {\x{a} my \$port = shift;\x{a} return (\x{a} "...) called at t/moose/030_daemonize/headers.t line 40
t/moose/030_daemonize/headers.t ............................. ok
Possible precedence issue with control flow operator at /tmp/loop_over_bdir-11318-Cu_pL0/HTTP-Engine-0.03005-0/inc/Test/Builder.pm line 917.
# Failed test at /tmp/loop_over_bdir-11318-Cu_pL0/HTTP-Engine-0.03005-0/inc/Test/More.pm line 376.
# got: '/foo|'
# expected: '/|http://example.com/foo?http=1'
# Failed test at /tmp/loop_over_bdir-11318-Cu_pL0/HTTP-Engine-0.03005-0/inc/Test/More.pm line 376.
# got: '/foo|'
# expected: '/|http://example.com:8080/foo?http=1'
Class::MOP::load_class is deprecated at /home/sand/src/perl/repoperls/installed-perls/host/k93x64sid/v5.24.0-RC4/a3f9/lib/site_perl/5.24.0/x86_64-linux-thread-multi-ld/Class/MOP.pm line 69.
Class::MOP::load_class("HTTP::Engine::Interface::Standalone") called at /tmp/loop_over_bdir-11318-Cu_pL0/HTTP-Engine-0.03005-0/blib/lib/HTTP/Engine/Types/Core.pm line 26
HTTP::Engine::Types::Core::__ANON__(HASH(0x414c858)) called at /home/sand/src/perl/repoperls/installed-perls/host/k93x64sid/v5.24.0-RC4/a3f9/lib/site_perl/5.24.0/x86_64-linux-thread-multi-ld/Moose/Meta/TypeCoercion.pm line 65
Moose::Meta::TypeCoercion::__ANON__(HASH(0x414c858)) called at constructor HTTP::Engine::new (defined at /tmp/loop_over_bdir-11318-Cu_pL0/HTTP-Engine-0.03005-0/blib/lib/HTTP/Engine.pm line 17) line 32
HTTP::Engine::new("HTTP::Engine", "interface", HASH(0x414c858)) called at t/Utils.pm line 129
t::Utils::__ANON__(50547) called at /tmp/loop_over_bdir-11318-Cu_pL0/HTTP-Engine-0.03005-0/inc/Test/TCP.pm line 118
Test::TCP::start(Test::TCP=HASH(0x48c3868)) called at /tmp/loop_over_bdir-11318-Cu_pL0/HTTP-Engine-0.03005-0/inc/Test/TCP.pm line 102
Test::TCP::new("Test::TCP", "code", CODE(0x48555e0), "port", 50547) called at /tmp/loop_over_bdir-11318-Cu_pL0/HTTP-Engine-0.03005-0/inc/Test/TCP.pm line 54
Test::TCP::test_tcp("client", CODE(0x4855550), "server", CODE(0x48555e0), "port", 50547) called at t/Utils.pm line 132
t::Utils::daemonize_all(CODE(0x431e998), " sub {\x{a} my \$port = shift;\x{a} return (\x{a} "...) called at t/moose/030_daemonize/proxy_path.t line 25
Class::MOP::load_class is deprecated at /home/sand/src/perl/repoperls/installed-perls/host/k93x64sid/v5.24.0-RC4/a3f9/lib/site_perl/5.24.0/x86_64-linux-thread-multi-ld/Class/MOP.pm line 69.
Class::MOP::load_class("HTTP::Engine::Interface::ServerSimple") called at /tmp/loop_over_bdir-11318-Cu_pL0/HTTP-Engine-0.03005-0/blib/lib/HTTP/Engine/Types/Core.pm line 26
HTTP::Engine::Types::Core::__ANON__(HASH(0x414c858)) called at /home/sand/src/perl/repoperls/installed-perls/host/k93x64sid/v5.24.0-RC4/a3f9/lib/site_perl/5.24.0/x86_64-linux-thread-multi-ld/Moose/Meta/TypeCoercion.pm line 65
Moose::Meta::TypeCoercion::__ANON__(HASH(0x414c858)) called at constructor HTTP::Engine::new (defined at /tmp/loop_over_bdir-11318-Cu_pL0/HTTP-Engine-0.03005-0/blib/lib/HTTP/Engine.pm line 17) line 32
HTTP::Engine::new("HTTP::Engine", "interface", HASH(0x414c858)) called at t/Utils.pm line 129
t::Utils::__ANON__(50547) called at /tmp/loop_over_bdir-11318-Cu_pL0/HTTP-Engine-0.03005-0/inc/Test/TCP.pm line 118
Test::TCP::start(Test::TCP=HASH(0x48c38f8)) called at /tmp/loop_over_bdir-11318-Cu_pL0/HTTP-Engine-0.03005-0/inc/Test/TCP.pm line 102
Test::TCP::new("Test::TCP", "code", CODE(0x48555e0), "port", 50547) called at /tmp/loop_over_bdir-11318-Cu_pL0/HTTP-Engine-0.03005-0/inc/Test/TCP.pm line 54
Test::TCP::test_tcp("client", CODE(0x4855550), "server", CODE(0x48555e0), "port", 50547) called at t/Utils.pm line 132
t::Utils::daemonize_all(CODE(0x431e998), " sub {\x{a} my \$port = shift;\x{a} return (\x{a} "...) called at t/moose/030_daemonize/proxy_path.t line 25
# Failed test at /tmp/loop_over_bdir-11318-Cu_pL0/HTTP-Engine-0.03005-0/inc/Test/More.pm line 376.
# got: '/foo|'
# expected: '/|http://example.com/foo?http=1'
# Failed test at /tmp/loop_over_bdir-11318-Cu_pL0/HTTP-Engine-0.03005-0/inc/Test/More.pm line 376.
# got: '/foo|'
# expected: '/|http://example.com:8080/foo?http=1'
Class::MOP::load_class is deprecated at /home/sand/src/perl/repoperls/installed-perls/host/k93x64sid/v5.24.0-RC4/a3f9/lib/site_perl/5.24.0/x86_64-linux-thread-multi-ld/Class/MOP.pm line 69.
Class::MOP::load_class("HTTP::Engine::Interface::POE") called at /tmp/loop_over_bdir-11318-Cu_pL0/HTTP-Engine-0.03005-0/blib/lib/HTTP/Engine/Types/Core.pm line 26
HTTP::Engine::Types::Core::__ANON__(HASH(0x414c858)) called at /home/sand/src/perl/repoperls/installed-perls/host/k93x64sid/v5.24.0-RC4/a3f9/lib/site_perl/5.24.0/x86_64-linux-thread-multi-ld/Moose/Meta/TypeCoercion.pm line 65
Moose::Meta::TypeCoercion::__ANON__(HASH(0x414c858)) called at constructor HTTP::Engine::new (defined at /tmp/loop_over_bdir-11318-Cu_pL0/HTTP-Engine-0.03005-0/blib/lib/HTTP/Engine.pm line 17) line 32
HTTP::Engine::new("HTTP::Engine", "interface", HASH(0x414c858)) called at t/Utils.pm line 129
t::Utils::__ANON__(50547) called at /tmp/loop_over_bdir-11318-Cu_pL0/HTTP-Engine-0.03005-0/inc/Test/TCP.pm line 118
Test::TCP::start(Test::TCP=HASH(0x4b1f350)) called at /tmp/loop_over_bdir-11318-Cu_pL0/HTTP-Engine-0.03005-0/inc/Test/TCP.pm line 102
Test::TCP::new("Test::TCP", "code", CODE(0x48555e0), "port", 50547) called at /tmp/loop_over_bdir-11318-Cu_pL0/HTTP-Engine-0.03005-0/inc/Test/TCP.pm line 54
Test::TCP::test_tcp("client", CODE(0x4855550), "server", CODE(0x48555e0), "port", 50547) called at t/Utils.pm line 132
t::Utils::daemonize_all(CODE(0x431e998), " sub {\x{a} my \$port = shift;\x{a} return (\x{a} "...) called at t/moose/030_daemonize/proxy_path.t line 25
# Looks like you failed 4 tests of 16.
t/moose/030_daemonize/proxy_path.t ..........................
Dubious, test returned 4 (wstat 1024, 0x400)
Failed 4/16 subtests
Possible precedence issue with control flow operator at /tmp/loop_over_bdir-11318-Cu_pL0/HTTP-Engine-0.03005-0/inc/Test/Builder.pm line 917.
Class::MOP::load_class is deprecated at /home/sand/src/perl/repoperls/installed-perls/host/k93x64sid/v5.24.0-RC4/a3f9/lib/site_perl/5.24.0/x86_64-linux-thread-multi-ld/Class/MOP.pm line 69.
Class::MOP::load_class("HTTP::Engine::Interface::Standalone") called at /tmp/loop_over_bdir-11318-Cu_pL0/HTTP-Engine-0.03005-0/blib/lib/HTTP/Engine/Types/Core.pm line 26
HTTP::Engine::Types::Core::__ANON__(HASH(0x366b6f0)) called at /home/sand/src/perl/repoperls/installed-perls/host/k93x64sid/v5.24.0-RC4/a3f9/lib/site_perl/5.24.0/x86_64-linux-thread-multi-ld/Moose/Meta/TypeCoercion.pm line 65
Moose::Meta::TypeCoercion::__ANON__(HASH(0x366b6f0)) called at constructor HTTP::Engine::new (defined at /tmp/loop_over_bdir-11318-Cu_pL0/HTTP-Engine-0.03005-0/blib/lib/HTTP/Engine.pm line 17) line 32
HTTP::Engine::new("HTTP::Engine", "interface", HASH(0x366b6f0)) called at t/Utils.pm line 129
t::Utils::__ANON__(50534) called at /tmp/loop_over_bdir-11318-Cu_pL0/HTTP-Engine-0.03005-0/inc/Test/TCP.pm line 118
Test::TCP::start(Test::TCP=HASH(0x3c4c9a8)) called at /tmp/loop_over_bdir-11318-Cu_pL0/HTTP-Engine-0.03005-0/inc/Test/TCP.pm line 102
Test::TCP::new("Test::TCP", "code", CODE(0x3bc7030), "port", 50534) called at /tmp/loop_over_bdir-11318-Cu_pL0/HTTP-Engine-0.03005-0/inc/Test/TCP.pm line 54
Test::TCP::test_tcp("client", CODE(0x3bc6fa0), "server", CODE(0x3bc7030), "port", 50534) called at t/Utils.pm line 132
t::Utils::daemonize_all(CODE(0x363fcc0), " sub {\x{a} my \$port = shift;\x{a} return (\x{a} "...) called at t/moose/030_daemonize/raw_body.t line 41
Class::MOP::load_class is deprecated at /home/sand/src/perl/repoperls/installed-perls/host/k93x64sid/v5.24.0-RC4/a3f9/lib/site_perl/5.24.0/x86_64-linux-thread-multi-ld/Class/MOP.pm line 69.
Class::MOP::load_class("HTTP::Engine::Interface::ServerSimple") called at /tmp/loop_over_bdir-11318-Cu_pL0/HTTP-Engine-0.03005-0/blib/lib/HTTP/Engine/Types/Core.pm line 26
HTTP::Engine::Types::Core::__ANON__(HASH(0x366b6f0)) called at /home/sand/src/perl/repoperls/installed-perls/host/k93x64sid/v5.24.0-RC4/a3f9/lib/site_perl/5.24.0/x86_64-linux-thread-multi-ld/Moose/Meta/TypeCoercion.pm line 65
Moose::Meta::TypeCoercion::__ANON__(HASH(0x366b6f0)) called at constructor HTTP::Engine::new (defined at /tmp/loop_over_bdir-11318-Cu_pL0/HTTP-Engine-0.03005-0/blib/lib/HTTP/Engine.pm line 17) line 32
HTTP::Engine::new("HTTP::Engine", "interface", HASH(0x366b6f0)) called at t/Utils.pm line 129
t::Utils::__ANON__(50534) called at /tmp/loop_over_bdir-11318-Cu_pL0/HTTP-Engine-0.03005-0/inc/Test/TCP.pm line 118
Test::TCP::start(Test::TCP=HASH(0x1a7fa68)) called at /tmp/loop_over_bdir-11318-Cu_pL0/HTTP-Engine-0.03005-0/inc/Test/TCP.pm line 102
Test::TCP::new("Test::TCP", "code", CODE(0x3bc7030), "port", 50534) called at /tmp/loop_over_bdir-11318-Cu_pL0/HTTP-Engine-0.03005-0/inc/Test/TCP.pm line 54
Test::TCP::test_tcp("client", CODE(0x3bc6fa0), "server", CODE(0x3bc7030), "port", 50534) called at t/Utils.pm line 132
t::Utils::daemonize_all(CODE(0x363fcc0), " sub {\x{a} my \$port = shift;\x{a} return (\x{a} "...) called at t/moose/030_daemonize/raw_body.t line 41
Class::MOP::load_class is deprecated at /home/sand/src/perl/repoperls/installed-perls/host/k93x64sid/v5.24.0-RC4/a3f9/lib/site_perl/5.24.0/x86_64-linux-thread-multi-ld/Class/MOP.pm line 69.
Class::MOP::load_class("HTTP::Engine::Interface::POE") called at /tmp/loop_over_bdir-11318-Cu_pL0/HTTP-Engine-0.03005-0/blib/lib/HTTP/Engine/Types/Core.pm line 26
HTTP::Engine::Types::Core::__ANON__(HASH(0x366b6f0)) called at /home/sand/src/perl/repoperls/installed-perls/host/k93x64sid/v5.24.0-RC4/a3f9/lib/site_perl/5.24.0/x86_64-linux-thread-multi-ld/Moose/Meta/TypeCoercion.pm line 65
Moose::Meta::TypeCoercion::__ANON__(HASH(0x366b6f0)) called at constructor HTTP::Engine::new (defined at /tmp/loop_over_bdir-11318-Cu_pL0/HTTP-Engine-0.03005-0/blib/lib/HTTP/Engine.pm line 17) line 32
HTTP::Engine::new("HTTP::Engine", "interface", HASH(0x366b6f0)) called at t/Utils.pm line 129
t::Utils::__ANON__(50534) called at /tmp/loop_over_bdir-11318-Cu_pL0/HTTP-Engine-0.03005-0/inc/Test/TCP.pm line 118
Test::TCP::start(Test::TCP=HASH(0x412acf8)) called at /tmp/loop_over_bdir-11318-Cu_pL0/HTTP-Engine-0.03005-0/inc/Test/TCP.pm line 102
Test::TCP::new("Test::TCP", "code", CODE(0x3bc7030), "port", 50534) called at /tmp/loop_over_bdir-11318-Cu_pL0/HTTP-Engine-0.03005-0/inc/Test/TCP.pm line 54
Test::TCP::test_tcp("client", CODE(0x3bc6fa0), "server", CODE(0x3bc7030), "port", 50534) called at t/Utils.pm line 132
t::Utils::daemonize_all(CODE(0x363fcc0), " sub {\x{a} my \$port = shift;\x{a} return (\x{a} "...) called at t/moose/030_daemonize/raw_body.t line 41
t/moose/030_daemonize/raw_body.t ............................ ok
Possible precedence issue with control flow operator at /tmp/loop_over_bdir-11318-Cu_pL0/HTTP-Engine-0.03005-0/inc/Test/Builder.pm line 917.
Class::MOP::load_class is deprecated at /home/sand/src/perl/repoperls/installed-perls/host/k93x64sid/v5.24.0-RC4/a3f9/lib/site_perl/5.24.0/x86_64-linux-thread-multi-ld/Class/MOP.pm line 69.
Class::MOP::load_class("HTTP::Engine::Interface::Standalone") called at /tmp/loop_over_bdir-11318-Cu_pL0/HTTP-Engine-0.03005-0/blib/lib/HTTP/Engine/Types/Core.pm line 26
HTTP::Engine::Types::Core::__ANON__(HASH(0x30aac20)) called at /home/sand/src/perl/repoperls/installed-perls/host/k93x64sid/v5.24.0-RC4/a3f9/lib/site_perl/5.24.0/x86_64-linux-thread-multi-ld/Moose/Meta/TypeCoercion.pm line 65
Moose::Meta::TypeCoercion::__ANON__(HASH(0x30aac20)) called at constructor HTTP::Engine::new (defined at /tmp/loop_over_bdir-11318-Cu_pL0/HTTP-Engine-0.03005-0/blib/lib/HTTP/Engine.pm line 17) line 32
HTTP::Engine::new("HTTP::Engine", "interface", HASH(0x30aac20)) called at t/Utils.pm line 129
t::Utils::__ANON__(50111) called at /tmp/loop_over_bdir-11318-Cu_pL0/HTTP-Engine-0.03005-0/inc/Test/TCP.pm line 118
Test::TCP::start(Test::TCP=HASH(0x35056e8)) called at /tmp/loop_over_bdir-11318-Cu_pL0/HTTP-Engine-0.03005-0/inc/Test/TCP.pm line 102
Test::TCP::new("Test::TCP", "code", CODE(0x347f9f0), "port", 50111) called at /tmp/loop_over_bdir-11318-Cu_pL0/HTTP-Engine-0.03005-0/inc/Test/TCP.pm line 54
Test::TCP::test_tcp("client", CODE(0x347f960), "server", CODE(0x347f9f0), "port", 50111) called at t/Utils.pm line 132
t::Utils::daemonize_all(CODE(0x2ef5f60), " sub {\x{a} my \$port = shift;\x{a} return (\x{a} "...) called at t/moose/030_daemonize/request_independence.t line 51
Class::MOP::load_class is deprecated at /home/sand/src/perl/repoperls/installed-perls/host/k93x64sid/v5.24.0-RC4/a3f9/lib/site_perl/5.24.0/x86_64-linux-thread-multi-ld/Class/MOP.pm line 69.
Class::MOP::load_class("HTTP::Engine::Interface::ServerSimple") called at /tmp/loop_over_bdir-11318-Cu_pL0/HTTP-Engine-0.03005-0/blib/lib/HTTP/Engine/Types/Core.pm line 26
HTTP::Engine::Types::Core::__ANON__(HASH(0x30aac20)) called at /home/sand/src/perl/repoperls/installed-perls/host/k93x64sid/v5.24.0-RC4/a3f9/lib/site_perl/5.24.0/x86_64-linux-thread-multi-ld/Moose/Meta/TypeCoercion.pm line 65
Moose::Meta::TypeCoercion::__ANON__(HASH(0x30aac20)) called at constructor HTTP::Engine::new (defined at /tmp/loop_over_bdir-11318-Cu_pL0/HTTP-Engine-0.03005-0/blib/lib/HTTP/Engine.pm line 17) line 32
HTTP::Engine::new("HTTP::Engine", "interface", HASH(0x30aac20)) called at t/Utils.pm line 129
t::Utils::__ANON__(50111) called at /tmp/loop_over_bdir-11318-Cu_pL0/HTTP-Engine-0.03005-0/inc/Test/TCP.pm line 118
Test::TCP::start(Test::TCP=HASH(0x397df48)) called at /tmp/loop_over_bdir-11318-Cu_pL0/HTTP-Engine-0.03005-0/inc/Test/TCP.pm line 102
Test::TCP::new("Test::TCP", "code", CODE(0x347f9f0), "port", 50111) called at /tmp/loop_over_bdir-11318-Cu_pL0/HTTP-Engine-0.03005-0/inc/Test/TCP.pm line 54
Test::TCP::test_tcp("client", CODE(0x347f960), "server", CODE(0x347f9f0), "port", 50111) called at t/Utils.pm line 132
t::Utils::daemonize_all(CODE(0x2ef5f60), " sub {\x{a} my \$port = shift;\x{a} return (\x{a} "...) called at t/moose/030_daemonize/request_independence.t line 51
Class::MOP::load_class is deprecated at /home/sand/src/perl/repoperls/installed-perls/host/k93x64sid/v5.24.0-RC4/a3f9/lib/site_perl/5.24.0/x86_64-linux-thread-multi-ld/Class/MOP.pm line 69.
Class::MOP::load_class("HTTP::Engine::Interface::POE") called at /tmp/loop_over_bdir-11318-Cu_pL0/HTTP-Engine-0.03005-0/blib/lib/HTTP/Engine/Types/Core.pm line 26
HTTP::Engine::Types::Core::__ANON__(HASH(0x30aac20)) called at /home/sand/src/perl/repoperls/installed-perls/host/k93x64sid/v5.24.0-RC4/a3f9/lib/site_perl/5.24.0/x86_64-linux-thread-multi-ld/Moose/Meta/TypeCoercion.pm line 65
Moose::Meta::TypeCoercion::__ANON__(HASH(0x30aac20)) called at constructor HTTP::Engine::new (defined at /tmp/loop_over_bdir-11318-Cu_pL0/HTTP-Engine-0.03005-0/blib/lib/HTTP/Engine.pm line 17) line 32
HTTP::Engine::new("HTTP::Engine", "interface", HASH(0x30aac20)) called at t/Utils.pm line 129
t::Utils::__ANON__(50111) called at /tmp/loop_over_bdir-11318-Cu_pL0/HTTP-Engine-0.03005-0/inc/Test/TCP.pm line 118
Test::TCP::start(Test::TCP=HASH(0x3505730)) called at /tmp/loop_over_bdir-11318-Cu_pL0/HTTP-Engine-0.03005-0/inc/Test/TCP.pm line 102
Test::TCP::new("Test::TCP", "code", CODE(0x347f9f0), "port", 50111) called at /tmp/loop_over_bdir-11318-Cu_pL0/HTTP-Engine-0.03005-0/inc/Test/TCP.pm line 54
Test::TCP::test_tcp("client", CODE(0x347f960), "server", CODE(0x347f9f0), "port", 50111) called at t/Utils.pm line 132
t::Utils::daemonize_all(CODE(0x2ef5f60), " sub {\x{a} my \$port = shift;\x{a} return (\x{a} "...) called at t/moose/030_daemonize/request_independence.t line 51
t/moose/030_daemonize/request_independence.t ................ ok
Possible precedence issue with control flow operator at /tmp/loop_over_bdir-11318-Cu_pL0/HTTP-Engine-0.03005-0/inc/Test/Builder.pm line 917.
Class::MOP::load_class is deprecated at /home/sand/src/perl/repoperls/installed-perls/host/k93x64sid/v5.24.0-RC4/a3f9/lib/site_perl/5.24.0/x86_64-linux-thread-multi-ld/Class/MOP.pm line 69.
Class::MOP::load_class("HTTP::Engine::Interface::Standalone") called at /tmp/loop_over_bdir-11318-Cu_pL0/HTTP-Engine-0.03005-0/blib/lib/HTTP/Engine/Types/Core.pm line 26
HTTP::Engine::Types::Core::__ANON__(HASH(0x2f6c440)) called at /home/sand/src/perl/repoperls/installed-perls/host/k93x64sid/v5.24.0-RC4/a3f9/lib/site_perl/5.24.0/x86_64-linux-thread-multi-ld/Moose/Meta/TypeCoercion.pm line 65
Moose::Meta::TypeCoercion::__ANON__(HASH(0x2f6c440)) called at constructor HTTP::Engine::new (defined at /tmp/loop_over_bdir-11318-Cu_pL0/HTTP-Engine-0.03005-0/blib/lib/HTTP/Engine.pm line 17) line 32
HTTP::Engine::new("HTTP::Engine", "interface", HASH(0x2f6c440)) called at t/Utils.pm line 129
t::Utils::__ANON__(50885) called at /tmp/loop_over_bdir-11318-Cu_pL0/HTTP-Engine-0.03005-0/inc/Test/TCP.pm line 118
Test::TCP::start(Test::TCP=HASH(0x2ff41d0)) called at /tmp/loop_over_bdir-11318-Cu_pL0/HTTP-Engine-0.03005-0/inc/Test/TCP.pm line 102
Test::TCP::new("Test::TCP", "code", CODE(0x2f6c8f0), "port", 50885) called at /tmp/loop_over_bdir-11318-Cu_pL0/HTTP-Engine-0.03005-0/inc/Test/TCP.pm line 54
Test::TCP::test_tcp("client", CODE(0x2f6c860), "server", CODE(0x2f6c8f0), "port", 50885) called at t/Utils.pm line 132
t::Utils::daemonize_all(CODE(0x2f6c3f8), " sub {\x{a} require File::Temp;\x{a} my \$port = shif"...) called at t/moose/030_daemonize/responsewriter_io.t line 50
Class::MOP::load_class is deprecated at /home/sand/src/perl/repoperls/installed-perls/host/k93x64sid/v5.24.0-RC4/a3f9/lib/site_perl/5.24.0/x86_64-linux-thread-multi-ld/Class/MOP.pm line 69.
Class::MOP::load_class("HTTP::Engine::Interface::ServerSimple") called at /tmp/loop_over_bdir-11318-Cu_pL0/HTTP-Engine-0.03005-0/blib/lib/HTTP/Engine/Types/Core.pm line 26
HTTP::Engine::Types::Core::__ANON__(HASH(0x2f6c440)) called at /home/sand/src/perl/repoperls/installed-perls/host/k93x64sid/v5.24.0-RC4/a3f9/lib/site_perl/5.24.0/x86_64-linux-thread-multi-ld/Moose/Meta/TypeCoercion.pm line 65
Moose::Meta::TypeCoercion::__ANON__(HASH(0x2f6c440)) called at constructor HTTP::Engine::new (defined at /tmp/loop_over_bdir-11318-Cu_pL0/HTTP-Engine-0.03005-0/blib/lib/HTTP/Engine.pm line 17) line 32
HTTP::Engine::new("HTTP::Engine", "interface", HASH(0x2f6c440)) called at t/Utils.pm line 129
t::Utils::__ANON__(50885) called at /tmp/loop_over_bdir-11318-Cu_pL0/HTTP-Engine-0.03005-0/inc/Test/TCP.pm line 118
Test::TCP::start(Test::TCP=HASH(0x2f992e0)) called at /tmp/loop_over_bdir-11318-Cu_pL0/HTTP-Engine-0.03005-0/inc/Test/TCP.pm line 102
Test::TCP::new("Test::TCP", "code", CODE(0x2f6c8f0), "port", 50885) called at /tmp/loop_over_bdir-11318-Cu_pL0/HTTP-Engine-0.03005-0/inc/Test/TCP.pm line 54
Test::TCP::test_tcp("client", CODE(0x2f6c860), "server", CODE(0x2f6c8f0), "port", 50885) called at t/Utils.pm line 132
t::Utils::daemonize_all(CODE(0x2f6c3f8), " sub {\x{a} require File::Temp;\x{a} my \$port = shif"...) called at t/moose/030_daemonize/responsewriter_io.t line 50
Class::MOP::load_class is deprecated at /home/sand/src/perl/repoperls/installed-perls/host/k93x64sid/v5.24.0-RC4/a3f9/lib/site_perl/5.24.0/x86_64-linux-thread-multi-ld/Class/MOP.pm line 69.
Class::MOP::load_class("HTTP::Engine::Interface::POE") called at /tmp/loop_over_bdir-11318-Cu_pL0/HTTP-Engine-0.03005-0/blib/lib/HTTP/Engine/Types/Core.pm line 26
HTTP::Engine::Types::Core::__ANON__(HASH(0x2f6c440)) called at /home/sand/src/perl/repoperls/installed-perls/host/k93x64sid/v5.24.0-RC4/a3f9/lib/site_perl/5.24.0/x86_64-linux-thread-multi-ld/Moose/Meta/TypeCoercion.pm line 65
Moose::Meta::TypeCoercion::__ANON__(HASH(0x2f6c440)) called at constructor HTTP::Engine::new (defined at /tmp/loop_over_bdir-11318-Cu_pL0/HTTP-Engine-0.03005-0/blib/lib/HTTP/Engine.pm line 17) line 32
HTTP::Engine::new("HTTP::Engine", "interface", HASH(0x2f6c440)) called at t/Utils.pm line 129
t::Utils::__ANON__(50885) called at /tmp/loop_over_bdir-11318-Cu_pL0/HTTP-Engine-0.03005-0/inc/Test/TCP.pm line 118
Test::TCP::start(Test::TCP=HASH(0x2fd2c78)) called at /tmp/loop_over_bdir-11318-Cu_pL0/HTTP-Engine-0.03005-0/inc/Test/TCP.pm line 102
Test::TCP::new("Test::TCP", "code", CODE(0x2f6c8f0), "port", 50885) called at /tmp/loop_over_bdir-11318-Cu_pL0/HTTP-Engine-0.03005-0/inc/Test/TCP.pm line 54
Test::TCP::test_tcp("client", CODE(0x2f6c860), "server", CODE(0x2f6c8f0), "port", 50885) called at t/Utils.pm line 132
t::Utils::daemonize_all(CODE(0x2f6c3f8), " sub {\x{a} require File::Temp;\x{a} my \$port = shif"...) called at t/moose/030_daemonize/responsewriter_io.t line 50
t/moose/030_daemonize/responsewriter_io.t ................... ok
Possible precedence issue with control flow operator at /tmp/loop_over_bdir-11318-Cu_pL0/HTTP-Engine-0.03005-0/inc/Test/Builder.pm line 917.
Class::MOP::load_class is deprecated at /home/sand/src/perl/repoperls/installed-perls/host/k93x64sid/v5.24.0-RC4/a3f9/lib/site_perl/5.24.0/x86_64-linux-thread-multi-ld/Class/MOP.pm line 69.
Class::MOP::load_class("HTTP::Engine::Interface::Standalone") called at /tmp/loop_over_bdir-11318-Cu_pL0/HTTP-Engine-0.03005-0/blib/lib/HTTP/Engine/Types/Core.pm line 26
HTTP::Engine::Types::Core::__ANON__(HASH(0x3226280)) called at /home/sand/src/perl/repoperls/installed-perls/host/k93x64sid/v5.24.0-RC4/a3f9/lib/site_perl/5.24.0/x86_64-linux-thread-multi-ld/Moose/Meta/TypeCoercion.pm line 65
Moose::Meta::TypeCoercion::__ANON__(HASH(0x3226280)) called at constructor HTTP::Engine::new (defined at /tmp/loop_over_bdir-11318-Cu_pL0/HTTP-Engine-0.03005-0/blib/lib/HTTP/Engine.pm line 17) line 32
HTTP::Engine::new("HTTP::Engine", "interface", HASH(0x3226280)) called at t/Utils.pm line 129
t::Utils::__ANON__(50723) called at /tmp/loop_over_bdir-11318-Cu_pL0/HTTP-Engine-0.03005-0/inc/Test/TCP.pm line 118
Test::TCP::start(Test::TCP=HASH(0x3301640)) called at /tmp/loop_over_bdir-11318-Cu_pL0/HTTP-Engine-0.03005-0/inc/Test/TCP.pm line 102
Test::TCP::new("Test::TCP", "code", CODE(0x327c738), "port", 50723) called at /tmp/loop_over_bdir-11318-Cu_pL0/HTTP-Engine-0.03005-0/inc/Test/TCP.pm line 54
Test::TCP::test_tcp("client", CODE(0x327c6a8), "server", CODE(0x327c738), "port", 50723) called at t/Utils.pm line 132
t::Utils::daemonize_all(CODE(0xf58e18), " sub {\x{a} my \$port = shift;\x{a} return (\x{a} "...) called at t/moose/030_daemonize/upload-methods.t line 42
Class::MOP::load_class is deprecated at /home/sand/src/perl/repoperls/installed-perls/host/k93x64sid/v5.24.0-RC4/a3f9/lib/site_perl/5.24.0/x86_64-linux-thread-multi-ld/Class/MOP.pm line 69.
Class::MOP::load_class("HTTP::Engine::Interface::ServerSimple") called at /tmp/loop_over_bdir-11318-Cu_pL0/HTTP-Engine-0.03005-0/blib/lib/HTTP/Engine/Types/Core.pm line 26
HTTP::Engine::Types::Core::__ANON__(HASH(0x3226280)) called at /home/sand/src/perl/repoperls/installed-perls/host/k93x64sid/v5.24.0-RC4/a3f9/lib/site_perl/5.24.0/x86_64-linux-thread-multi-ld/Moose/Meta/TypeCoercion.pm line 65
Moose::Meta::TypeCoercion::__ANON__(HASH(0x3226280)) called at constructor HTTP::Engine::new (defined at /tmp/loop_over_bdir-11318-Cu_pL0/HTTP-Engine-0.03005-0/blib/lib/HTTP/Engine.pm line 17) line 32
HTTP::Engine::new("HTTP::Engine", "interface", HASH(0x3226280)) called at t/Utils.pm line 129
t::Utils::__ANON__(50723) called at /tmp/loop_over_bdir-11318-Cu_pL0/HTTP-Engine-0.03005-0/inc/Test/TCP.pm line 118
Test::TCP::start(Test::TCP=HASH(0x3301628)) called at /tmp/loop_over_bdir-11318-Cu_pL0/HTTP-Engine-0.03005-0/inc/Test/TCP.pm line 102
Test::TCP::new("Test::TCP", "code", CODE(0x327c738), "port", 50723) called at /tmp/loop_over_bdir-11318-Cu_pL0/HTTP-Engine-0.03005-0/inc/Test/TCP.pm line 54
Test::TCP::test_tcp("client", CODE(0x327c6a8), "server", CODE(0x327c738), "port", 50723) called at t/Utils.pm line 132
t::Utils::daemonize_all(CODE(0xf58e18), " sub {\x{a} my \$port = shift;\x{a} return (\x{a} "...) called at t/moose/030_daemonize/upload-methods.t line 42
Class::MOP::load_class is deprecated at /home/sand/src/perl/repoperls/installed-perls/host/k93x64sid/v5.24.0-RC4/a3f9/lib/site_perl/5.24.0/x86_64-linux-thread-multi-ld/Class/MOP.pm line 69.
Class::MOP::load_class("HTTP::Engine::Interface::POE") called at /tmp/loop_over_bdir-11318-Cu_pL0/HTTP-Engine-0.03005-0/blib/lib/HTTP/Engine/Types/Core.pm line 26
HTTP::Engine::Types::Core::__ANON__(HASH(0x3226280)) called at /home/sand/src/perl/repoperls/installed-perls/host/k93x64sid/v5.24.0-RC4/a3f9/lib/site_perl/5.24.0/x86_64-linux-thread-multi-ld/Moose/Meta/TypeCoercion.pm line 65
Moose::Meta::TypeCoercion::__ANON__(HASH(0x3226280)) called at constructor HTTP::Engine::new (defined at /tmp/loop_over_bdir-11318-Cu_pL0/HTTP-Engine-0.03005-0/blib/lib/HTTP/Engine.pm line 17) line 32
HTTP::Engine::new("HTTP::Engine", "interface", HASH(0x3226280)) called at t/Utils.pm line 129
t::Utils::__ANON__(50723) called at /tmp/loop_over_bdir-11318-Cu_pL0/HTTP-Engine-0.03005-0/inc/Test/TCP.pm line 118
Test::TCP::start(Test::TCP=HASH(0x3494108)) called at /tmp/loop_over_bdir-11318-Cu_pL0/HTTP-Engine-0.03005-0/inc/Test/TCP.pm line 102
Test::TCP::new("Test::TCP", "code", CODE(0x327c738), "port", 50723) called at /tmp/loop_over_bdir-11318-Cu_pL0/HTTP-Engine-0.03005-0/inc/Test/TCP.pm line 54
Test::TCP::test_tcp("client", CODE(0x327c6a8), "server", CODE(0x327c738), "port", 50723) called at t/Utils.pm line 132
t::Utils::daemonize_all(CODE(0xf58e18), " sub {\x{a} my \$port = shift;\x{a} return (\x{a} "...) called at t/moose/030_daemonize/upload-methods.t line 42
t/moose/030_daemonize/upload-methods.t ...................... ok
Possible precedence issue with control flow operator at /tmp/loop_over_bdir-11318-Cu_pL0/HTTP-Engine-0.03005-0/inc/Test/Builder.pm line 917.
Class::MOP::load_class is deprecated at /home/sand/src/perl/repoperls/installed-perls/host/k93x64sid/v5.24.0-RC4/a3f9/lib/site_perl/5.24.0/x86_64-linux-thread-multi-ld/Class/MOP.pm line 69.
Class::MOP::load_class("HTTP::Engine::Interface::Standalone") called at /tmp/loop_over_bdir-11318-Cu_pL0/HTTP-Engine-0.03005-0/blib/lib/HTTP/Engine/Types/Core.pm line 26
HTTP::Engine::Types::Core::__ANON__(HASH(0x40046d0)) called at /home/sand/src/perl/repoperls/installed-perls/host/k93x64sid/v5.24.0-RC4/a3f9/lib/site_perl/5.24.0/x86_64-linux-thread-multi-ld/Moose/Meta/TypeCoercion.pm line 65
Moose::Meta::TypeCoercion::__ANON__(HASH(0x40046d0)) called at constructor HTTP::Engine::new (defined at /tmp/loop_over_bdir-11318-Cu_pL0/HTTP-Engine-0.03005-0/blib/lib/HTTP/Engine.pm line 17) line 32
HTTP::Engine::new("HTTP::Engine", "interface", HASH(0x40046d0)) called at t/Utils.pm line 129
t::Utils::__ANON__(50550) called at /tmp/loop_over_bdir-11318-Cu_pL0/HTTP-Engine-0.03005-0/inc/Test/TCP.pm line 118
Test::TCP::start(Test::TCP=HASH(0x40dfe00)) called at /tmp/loop_over_bdir-11318-Cu_pL0/HTTP-Engine-0.03005-0/inc/Test/TCP.pm line 102
Test::TCP::new("Test::TCP", "code", CODE(0x405bc38), "port", 50550) called at /tmp/loop_over_bdir-11318-Cu_pL0/HTTP-Engine-0.03005-0/inc/Test/TCP.pm line 54
Test::TCP::test_tcp("client", CODE(0x405bba8), "server", CODE(0x405bc38), "port", 50550) called at t/Utils.pm line 132
t::Utils::daemonize_all(CODE(0x1d36e18), " sub {\x{a} my \$port = shift;\x{a} return (\x{a} "...) called at t/moose/030_daemonize/upload.t line 42
Class::MOP::load_class is deprecated at /home/sand/src/perl/repoperls/installed-perls/host/k93x64sid/v5.24.0-RC4/a3f9/lib/site_perl/5.24.0/x86_64-linux-thread-multi-ld/Class/MOP.pm line 69.
Class::MOP::load_class("HTTP::Engine::Interface::ServerSimple") called at /tmp/loop_over_bdir-11318-Cu_pL0/HTTP-Engine-0.03005-0/blib/lib/HTTP/Engine/Types/Core.pm line 26
HTTP::Engine::Types::Core::__ANON__(HASH(0x40046d0)) called at /home/sand/src/perl/repoperls/installed-perls/host/k93x64sid/v5.24.0-RC4/a3f9/lib/site_perl/5.24.0/x86_64-linux-thread-multi-ld/Moose/Meta/TypeCoercion.pm line 65
Moose::Meta::TypeCoercion::__ANON__(HASH(0x40046d0)) called at constructor HTTP::Engine::new (defined at /tmp/loop_over_bdir-11318-Cu_pL0/HTTP-Engine-0.03005-0/blib/lib/HTTP/Engine.pm line 17) line 32
HTTP::Engine::new("HTTP::Engine", "interface", HASH(0x40046d0)) called at t/Utils.pm line 129
t::Utils::__ANON__(50550) called at /tmp/loop_over_bdir-11318-Cu_pL0/HTTP-Engine-0.03005-0/inc/Test/TCP.pm line 118
Test::TCP::start(Test::TCP=HASH(0x40b4f50)) called at /tmp/loop_over_bdir-11318-Cu_pL0/HTTP-Engine-0.03005-0/inc/Test/TCP.pm line 102
Test::TCP::new("Test::TCP", "code", CODE(0x405bc38), "port", 50550) called at /tmp/loop_over_bdir-11318-Cu_pL0/HTTP-Engine-0.03005-0/inc/Test/TCP.pm line 54
Test::TCP::test_tcp("client", CODE(0x405bba8), "server", CODE(0x405bc38), "port", 50550) called at t/Utils.pm line 132
t::Utils::daemonize_all(CODE(0x1d36e18), " sub {\x{a} my \$port = shift;\x{a} return (\x{a} "...) called at t/moose/030_daemonize/upload.t line 42
Class::MOP::load_class is deprecated at /home/sand/src/perl/repoperls/installed-perls/host/k93x64sid/v5.24.0-RC4/a3f9/lib/site_perl/5.24.0/x86_64-linux-thread-multi-ld/Class/MOP.pm line 69.
Class::MOP::load_class("HTTP::Engine::Interface::POE") called at /tmp/loop_over_bdir-11318-Cu_pL0/HTTP-Engine-0.03005-0/blib/lib/HTTP/Engine/Types/Core.pm line 26
HTTP::Engine::Types::Core::__ANON__(HASH(0x40046d0)) called at /home/sand/src/perl/repoperls/installed-perls/host/k93x64sid/v5.24.0-RC4/a3f9/lib/site_perl/5.24.0/x86_64-linux-thread-multi-ld/Moose/Meta/TypeCoercion.pm line 65
Moose::Meta::TypeCoercion::__ANON__(HASH(0x40046d0)) called at constructor HTTP::Engine::new (defined at /tmp/loop_over_bdir-11318-Cu_pL0/HTTP-Engine-0.03005-0/blib/lib/HTTP/Engine.pm line 17) line 32
HTTP::Engine::new("HTTP::Engine", "interface", HASH(0x40046d0)) called at t/Utils.pm line 129
t::Utils::__ANON__(50550) called at /tmp/loop_over_bdir-11318-Cu_pL0/HTTP-Engine-0.03005-0/inc/Test/TCP.pm line 118
Test::TCP::start(Test::TCP=HASH(0x1f11a00)) called at /tmp/loop_over_bdir-11318-Cu_pL0/HTTP-Engine-0.03005-0/inc/Test/TCP.pm line 102
Test::TCP::new("Test::TCP", "code", CODE(0x405bc38), "port", 50550) called at /tmp/loop_over_bdir-11318-Cu_pL0/HTTP-Engine-0.03005-0/inc/Test/TCP.pm line 54
Test::TCP::test_tcp("client", CODE(0x405bba8), "server", CODE(0x405bc38), "port", 50550) called at t/Utils.pm line 132
t::Utils::daemonize_all(CODE(0x1d36e18), " sub {\x{a} my \$port = shift;\x{a} return (\x{a} "...) called at t/moose/030_daemonize/upload.t line 42
t/moose/030_daemonize/upload.t .............................. ok
Possible precedence issue with control flow operator at /tmp/loop_over_bdir-11318-Cu_pL0/HTTP-Engine-0.03005-0/inc/Test/Builder.pm line 917.
Class::MOP::load_class is deprecated at /home/sand/src/perl/repoperls/installed-perls/host/k93x64sid/v5.24.0-RC4/a3f9/lib/site_perl/5.24.0/x86_64-linux-thread-multi-ld/Class/MOP.pm line 69.
Class::MOP::load_class("HTTP::Engine::Interface::Standalone") called at /tmp/loop_over_bdir-11318-Cu_pL0/HTTP-Engine-0.03005-0/blib/lib/HTTP/Engine/Types/Core.pm line 26
HTTP::Engine::Types::Core::__ANON__(HASH(0x30539b0)) called at /home/sand/src/perl/repoperls/installed-perls/host/k93x64sid/v5.24.0-RC4/a3f9/lib/site_perl/5.24.0/x86_64-linux-thread-multi-ld/Moose/Meta/TypeCoercion.pm line 65
Moose::Meta::TypeCoercion::__ANON__(HASH(0x30539b0)) called at constructor HTTP::Engine::new (defined at /tmp/loop_over_bdir-11318-Cu_pL0/HTTP-Engine-0.03005-0/blib/lib/HTTP/Engine.pm line 17) line 32
HTTP::Engine::new("HTTP::Engine", "interface", HASH(0x30539b0)) called at t/Utils.pm line 129
t::Utils::__ANON__(50270) called at /tmp/loop_over_bdir-11318-Cu_pL0/HTTP-Engine-0.03005-0/inc/Test/TCP.pm line 118
Test::TCP::start(Test::TCP=HASH(0x36d9fd0)) called at /tmp/loop_over_bdir-11318-Cu_pL0/HTTP-Engine-0.03005-0/inc/Test/TCP.pm line 102
Test::TCP::new("Test::TCP", "code", CODE(0x3656188), "port", 50270) called at /tmp/loop_over_bdir-11318-Cu_pL0/HTTP-Engine-0.03005-0/inc/Test/TCP.pm line 54
Test::TCP::test_tcp("client", CODE(0x36560f8), "server", CODE(0x3656188), "port", 50270) called at t/Utils.pm line 132
t::Utils::daemonize_all(CODE(0x30cbb28), " sub {\x{a} my \$port = shift;\x{a} return (\x{a} "...) called at t/moose/030_daemonize/uri.t line 20
Class::MOP::load_class is deprecated at /home/sand/src/perl/repoperls/installed-perls/host/k93x64sid/v5.24.0-RC4/a3f9/lib/site_perl/5.24.0/x86_64-linux-thread-multi-ld/Class/MOP.pm line 69.
Class::MOP::load_class("HTTP::Engine::Interface::ServerSimple") called at /tmp/loop_over_bdir-11318-Cu_pL0/HTTP-Engine-0.03005-0/blib/lib/HTTP/Engine/Types/Core.pm line 26
HTTP::Engine::Types::Core::__ANON__(HASH(0x30539b0)) called at /home/sand/src/perl/repoperls/installed-perls/host/k93x64sid/v5.24.0-RC4/a3f9/lib/site_perl/5.24.0/x86_64-linux-thread-multi-ld/Moose/Meta/TypeCoercion.pm line 65
Moose::Meta::TypeCoercion::__ANON__(HASH(0x30539b0)) called at constructor HTTP::Engine::new (defined at /tmp/loop_over_bdir-11318-Cu_pL0/HTTP-Engine-0.03005-0/blib/lib/HTTP/Engine.pm line 17) line 32
HTTP::Engine::new("HTTP::Engine", "interface", HASH(0x30539b0)) called at t/Utils.pm line 129
t::Utils::__ANON__(50270) called at /tmp/loop_over_bdir-11318-Cu_pL0/HTTP-Engine-0.03005-0/inc/Test/TCP.pm line 118
Test::TCP::start(Test::TCP=HASH(0x150ba58)) called at /tmp/loop_over_bdir-11318-Cu_pL0/HTTP-Engine-0.03005-0/inc/Test/TCP.pm line 102
Test::TCP::new("Test::TCP", "code", CODE(0x3656188), "port", 50270) called at /tmp/loop_over_bdir-11318-Cu_pL0/HTTP-Engine-0.03005-0/inc/Test/TCP.pm line 54
Test::TCP::test_tcp("client", CODE(0x36560f8), "server", CODE(0x3656188), "port", 50270) called at t/Utils.pm line 132
t::Utils::daemonize_all(CODE(0x30cbb28), " sub {\x{a} my \$port = shift;\x{a} return (\x{a} "...) called at t/moose/030_daemonize/uri.t line 20
Class::MOP::load_class is deprecated at /home/sand/src/perl/repoperls/installed-perls/host/k93x64sid/v5.24.0-RC4/a3f9/lib/site_perl/5.24.0/x86_64-linux-thread-multi-ld/Class/MOP.pm line 69.
Class::MOP::load_class("HTTP::Engine::Interface::POE") called at /tmp/loop_over_bdir-11318-Cu_pL0/HTTP-Engine-0.03005-0/blib/lib/HTTP/Engine/Types/Core.pm line 26
HTTP::Engine::Types::Core::__ANON__(HASH(0x30539b0)) called at /home/sand/src/perl/repoperls/installed-perls/host/k93x64sid/v5.24.0-RC4/a3f9/lib/site_perl/5.24.0/x86_64-linux-thread-multi-ld/Moose/Meta/TypeCoercion.pm line 65
Moose::Meta::TypeCoercion::__ANON__(HASH(0x30539b0)) called at constructor HTTP::Engine::new (defined at /tmp/loop_over_bdir-11318-Cu_pL0/HTTP-Engine-0.03005-0/blib/lib/HTTP/Engine.pm line 17) line 32
HTTP::Engine::new("HTTP::Engine", "interface", HASH(0x30539b0)) called at t/Utils.pm line 129
t::Utils::__ANON__(50270) called at /tmp/loop_over_bdir-11318-Cu_pL0/HTTP-Engine-0.03005-0/inc/Test/TCP.pm line 118
Test::TCP::start(Test::TCP=HASH(0x3bb75d0)) called at /tmp/loop_over_bdir-11318-Cu_pL0/HTTP-Engine-0.03005-0/inc/Test/TCP.pm line 102
Test::TCP::new("Test::TCP", "code", CODE(0x3656188), "port", 50270) called at /tmp/loop_over_bdir-11318-Cu_pL0/HTTP-Engine-0.03005-0/inc/Test/TCP.pm line 54
Test::TCP::test_tcp("client", CODE(0x36560f8), "server", CODE(0x3656188), "port", 50270) called at t/Utils.pm line 132
t::Utils::daemonize_all(CODE(0x30cbb28), " sub {\x{a} my \$port = shift;\x{a} return (\x{a} "...) called at t/moose/030_daemonize/uri.t line 20
t/moose/030_daemonize/uri.t ................................. ok
Possible precedence issue with control flow operator at /tmp/loop_over_bdir-11318-Cu_pL0/HTTP-Engine-0.03005-0/inc/Test/Builder.pm line 917.
Class::MOP::load_class is deprecated at /home/sand/src/perl/repoperls/installed-perls/host/k93x64sid/v5.24.0-RC4/a3f9/lib/site_perl/5.24.0/x86_64-linux-thread-multi-ld/Class/MOP.pm line 69.
Class::MOP::load_class("HTTP::Engine::Interface::Standalone") called at /tmp/loop_over_bdir-11318-Cu_pL0/HTTP-Engine-0.03005-0/blib/lib/HTTP/Engine/Types/Core.pm line 26
HTTP::Engine::Types::Core::__ANON__(HASH(0x2c27c98)) called at /home/sand/src/perl/repoperls/installed-perls/host/k93x64sid/v5.24.0-RC4/a3f9/lib/site_perl/5.24.0/x86_64-linux-thread-multi-ld/Moose/Meta/TypeCoercion.pm line 65
Moose::Meta::TypeCoercion::__ANON__(HASH(0x2c27c98)) called at constructor HTTP::Engine::new (defined at /tmp/loop_over_bdir-11318-Cu_pL0/HTTP-Engine-0.03005-0/blib/lib/HTTP/Engine.pm line 17) line 32
HTTP::Engine::new("HTTP::Engine", "interface", HASH(0x2c27c98)) called at t/Utils.pm line 129
t::Utils::__ANON__(50407) called at /tmp/loop_over_bdir-11318-Cu_pL0/HTTP-Engine-0.03005-0/inc/Test/TCP.pm line 118
Test::TCP::start(Test::TCP=HASH(0x2cb9808)) called at /tmp/loop_over_bdir-11318-Cu_pL0/HTTP-Engine-0.03005-0/inc/Test/TCP.pm line 102
Test::TCP::new("Test::TCP", "code", CODE(0x2c27e48), "port", 50407) called at /tmp/loop_over_bdir-11318-Cu_pL0/HTTP-Engine-0.03005-0/inc/Test/TCP.pm line 54
Test::TCP::test_tcp("client", CODE(0x2c27db8), "server", CODE(0x2c27e48), "port", 50407) called at t/Utils.pm line 132
t::Utils::daemonize_all(CODE(0x2684dd0), " sub {\x{a} my \$port = Encode::decode_utf8(shift);\x{a} "...) called at t/moose/030_daemonize/utf8flagged-uri.t line 23
Class::MOP::load_class is deprecated at /home/sand/src/perl/repoperls/installed-perls/host/k93x64sid/v5.24.0-RC4/a3f9/lib/site_perl/5.24.0/x86_64-linux-thread-multi-ld/Class/MOP.pm line 69.
Class::MOP::load_class("HTTP::Engine::Interface::ServerSimple") called at /tmp/loop_over_bdir-11318-Cu_pL0/HTTP-Engine-0.03005-0/blib/lib/HTTP/Engine/Types/Core.pm line 26
HTTP::Engine::Types::Core::__ANON__(HASH(0x2c27c98)) called at /home/sand/src/perl/repoperls/installed-perls/host/k93x64sid/v5.24.0-RC4/a3f9/lib/site_perl/5.24.0/x86_64-linux-thread-multi-ld/Moose/Meta/TypeCoercion.pm line 65
Moose::Meta::TypeCoercion::__ANON__(HASH(0x2c27c98)) called at constructor HTTP::Engine::new (defined at /tmp/loop_over_bdir-11318-Cu_pL0/HTTP-Engine-0.03005-0/blib/lib/HTTP/Engine.pm line 17) line 32
HTTP::Engine::new("HTTP::Engine", "interface", HASH(0x2c27c98)) called at t/Utils.pm line 129
t::Utils::__ANON__(50407) called at /tmp/loop_over_bdir-11318-Cu_pL0/HTTP-Engine-0.03005-0/inc/Test/TCP.pm line 118
Test::TCP::start(Test::TCP=HASH(0x2c91d58)) called at /tmp/loop_over_bdir-11318-Cu_pL0/HTTP-Engine-0.03005-0/inc/Test/TCP.pm line 102
Test::TCP::new("Test::TCP", "code", CODE(0x2c27e48), "port", 50407) called at /tmp/loop_over_bdir-11318-Cu_pL0/HTTP-Engine-0.03005-0/inc/Test/TCP.pm line 54
Test::TCP::test_tcp("client", CODE(0x2c27db8), "server", CODE(0x2c27e48), "port", 50407) called at t/Utils.pm line 132
t::Utils::daemonize_all(CODE(0x2684dd0), " sub {\x{a} my \$port = Encode::decode_utf8(shift);\x{a} "...) called at t/moose/030_daemonize/utf8flagged-uri.t line 23
Class::MOP::load_class is deprecated at /home/sand/src/perl/repoperls/installed-perls/host/k93x64sid/v5.24.0-RC4/a3f9/lib/site_perl/5.24.0/x86_64-linux-thread-multi-ld/Class/MOP.pm line 69.
Class::MOP::load_class("HTTP::Engine::Interface::POE") called at /tmp/loop_over_bdir-11318-Cu_pL0/HTTP-Engine-0.03005-0/blib/lib/HTTP/Engine/Types/Core.pm line 26
HTTP::Engine::Types::Core::__ANON__(HASH(0x2c27c98)) called at /home/sand/src/perl/repoperls/installed-perls/host/k93x64sid/v5.24.0-RC4/a3f9/lib/site_perl/5.24.0/x86_64-linux-thread-multi-ld/Moose/Meta/TypeCoercion.pm line 65
Moose::Meta::TypeCoercion::__ANON__(HASH(0x2c27c98)) called at constructor HTTP::Engine::new (defined at /tmp/loop_over_bdir-11318-Cu_pL0/HTTP-Engine-0.03005-0/blib/lib/HTTP/Engine.pm line 17) line 32
HTTP::Engine::new("HTTP::Engine", "interface", HASH(0x2c27c98)) called at t/Utils.pm line 129
t::Utils::__ANON__(50407) called at /tmp/loop_over_bdir-11318-Cu_pL0/HTTP-Engine-0.03005-0/inc/Test/TCP.pm line 118
Test::TCP::start(Test::TCP=HASH(0x2c95930)) called at /tmp/loop_over_bdir-11318-Cu_pL0/HTTP-Engine-0.03005-0/inc/Test/TCP.pm line 102
Test::TCP::new("Test::TCP", "code", CODE(0x2c27e48), "port", 50407) called at /tmp/loop_over_bdir-11318-Cu_pL0/HTTP-Engine-0.03005-0/inc/Test/TCP.pm line 54
Test::TCP::test_tcp("client", CODE(0x2c27db8), "server", CODE(0x2c27e48), "port", 50407) called at t/Utils.pm line 132
t::Utils::daemonize_all(CODE(0x2684dd0), " sub {\x{a} my \$port = Encode::decode_utf8(shift);\x{a} "...) called at t/moose/030_daemonize/utf8flagged-uri.t line 23
t/moose/030_daemonize/utf8flagged-uri.t ..................... ok
Possible precedence issue with control flow operator at /tmp/loop_over_bdir-11318-Cu_pL0/HTTP-Engine-0.03005-0/inc/Test/Builder.pm line 917.
Redundant argument in sprintf at /tmp/loop_over_bdir-11318-Cu_pL0/HTTP-Engine-0.03005-0/inc/Spiffy.pm line 225.
Redundant argument in sprintf at /tmp/loop_over_bdir-11318-Cu_pL0/HTTP-Engine-0.03005-0/inc/Spiffy.pm line 225.
Redundant argument in sprintf at /tmp/loop_over_bdir-11318-Cu_pL0/HTTP-Engine-0.03005-0/inc/Spiffy.pm line 225.
Redundant argument in sprintf at /tmp/loop_over_bdir-11318-Cu_pL0/HTTP-Engine-0.03005-0/inc/Spiffy.pm line 225.
t/moose/040_minimal/001_simple.t ............................ ok
Possible precedence issue with control flow operator at /tmp/loop_over_bdir-11318-Cu_pL0/HTTP-Engine-0.03005-0/inc/Test/Builder.pm line 917.
t/moose/050_tests/request.t ................................. ok
Test Summary Report
-------------------
t/030_daemonize/proxy_path.t (Wstat: 1024 Tests: 16 Failed: 4)
Failed tests: 2, 4, 10, 12
Non-zero exit status: 4
t/moose/010_core/request_processor-catch_error.t (Wstat: 256 Tests: 3 Failed: 1)
Failed test: 3
Non-zero exit status: 1
t/moose/020_interface/test-validation.t (Wstat: 256 Tests: 10 Failed: 1)
Failed test: 2
Non-zero exit status: 1
t/moose/030_daemonize/proxy_path.t (Wstat: 1024 Tests: 16 Failed: 4)
Failed tests: 2, 4, 10, 12
Non-zero exit status: 4
Files=144, Tests=1382, 46 wallclock secs ( 0.34 usr 0.59 sys + 31.78 cusr 6.08 csys = 38.79 CPU)
Result: FAIL
Failed 4/144 test programs. 10/1382 subtests failed.
Makefile:862: recipe for target 'test_dynamic' failed
make: *** [test_dynamic] Error 255
------------------------------
PREREQUISITES
------------------------------
Prerequisite modules loaded:
requires:
Module Need Have
-------------------- ------ ------------
Any::Moose 0.13 0.26
CGI::Simple::Cookie 1.103 1.114
File::Copy 0 2.31
File::Spec::Unix 3.2701 3.63
Filter::Util::Call 0 1.55
HTTP::Body 1.05 1.22
HTTP::Headers::Fast 0.11 0.20
HTTP::Server::Simple 0.35 0.51
Mouse 0.62 v2.4.5
MouseX::Types 0.05 0.06
perl 5.008 5.024000
Scalar::Util 1.19 1.45
URI 1.36 1.71
build_requires:
Module Need Have
-------------------- ------ ------------
ExtUtils::MakeMaker 6.42 7.14
File::Temp 0.20 0.2304
HTTP::Request::AsCGI 0 1.2
IO::File 1.14 1.16
IO::Scalar 0 2.111
IO::Socket 1.3 1.38
IO::Socket::INET 0 1.35
Test::More 0 1.302014_010
Test::SharedFork 0.11 0.35
Test::TCP 0.16 2.16
YAML 0 1.15
configure_requires:
Module Need Have
-------------------- ------ ------------
ExtUtils::MakeMaker 6.42 7.14
------------------------------
ENVIRONMENT AND OTHER CONTEXT
------------------------------
Environment variables:
AUTOMATED_TESTING = 1
LANG = C
PATH = /usr/lib/ccache:/home/sand/bin:/usr/local/bin:/usr/lib/ccache:/usr/bin:/bin:/usr/games:/usr/local/perl/bin:/usr/X11/bin:/sbin:/usr/sbin
PERL5LIB =
PERL5OPT =
PERL5_CPANPLUS_IS_RUNNING = 21308
PERL5_CPAN_IS_RUNNING = 21308
PERL_CANARY_STABILITY_NOPROMPT = 1
PERL_MM_USE_DEFAULT = 1
SHELL = /usr/bin/zsh
TERM = screen
Perl special variables (and OS-specific diagnostics, for MSWin32):
$^X = /tmp/basesmoker-reloperl-wPxw/bin/perl
$UID/$EUID = 1005 / 1005
$GID = 1005 1005
$EGID = 1005 1005
Perl module toolchain versions installed:
Module Have
------------------- ------------
CPAN 2.12
CPAN::Meta 2.150005
Cwd 3.63
ExtUtils::CBuilder 0.280225
ExtUtils::Command 7.14
ExtUtils::Install 2.04
ExtUtils::MakeMaker 7.14
ExtUtils::Manifest 1.70
ExtUtils::ParseXS 3.31
File::Spec 3.63
JSON 2.90
JSON::PP 2.27300
Module::Build 0.4218
Module::Signature 0.79
Parse::CPAN::Meta 1.4417
Test::Harness 3.36
Test::More 1.302014_010
YAML 1.15
YAML::Syck 1.29
version 0.9916
--
Summary of my perl5 (revision 5 version 24 subversion 0) configuration:
Commit id: e7fffa3be94db01251c8c3471685a1818acbcdc5
Platform:
osname=linux, osvers=4.5.0-2-amd64, archname=x86_64-linux-thread-multi-ld
uname='linux k93x64sid 4.5.0-2-amd64 #1 smp debian 4.5.2-1 (2016-04-28) x86_64 gnulinux '
config_args='-Dprefix=/home/sand/src/perl/repoperls/installed-perls/host/k93x64sid/v5.24.0-RC4/a3f9 -Dmyhostname=k93x64sid -Dinstallusrbinperl=n -Uversiononly -Dusedevel -des -Ui_db -Dlibswanted=cl pthread socket inet nsl gdbm dbm malloc dl ld sun m crypt sec util c cposix posix ucb BSD gdbm_compat -Duseithreads -Duselongdouble -DDEBUGGING=-g'
hint=recommended, useposix=true, d_sigaction=define
useithreads=define, usemultiplicity=define
use64bitint=define, use64bitall=define, uselongdouble=define
usemymalloc=n, bincompat5005=undef
Compiler:
cc='cc', ccflags ='-D_REENTRANT -D_GNU_SOURCE -fwrapv -fno-strict-aliasing -pipe -fstack-protector-strong -I/usr/local/include -D_LARGEFILE_SOURCE -D_FILE_OFFSET_BITS=64 -D_FORTIFY_SOURCE=2',
optimize='-O2 -g',
cppflags='-D_REENTRANT -D_GNU_SOURCE -fwrapv -fno-strict-aliasing -pipe -fstack-protector-strong -I/usr/local/include'
ccversion='', gccversion='5.3.1 20160429', gccosandvers=''
intsize=4, longsize=8, ptrsize=8, doublesize=8, byteorder=12345678, doublekind=3
d_longlong=define, longlongsize=8, d_longdbl=define, longdblsize=16, longdblkind=3
ivtype='long', ivsize=8, nvtype='long double', nvsize=16, Off_t='off_t', lseeksize=8
alignbytes=16, prototype=define
Linker and Libraries:
ld='cc', ldflags =' -fstack-protector-strong -L/usr/local/lib'
libpth=/usr/local/lib /usr/lib/gcc/x86_64-linux-gnu/5/include-fixed /usr/include/x86_64-linux-gnu /usr/lib /lib/x86_64-linux-gnu /lib/../lib /usr/lib/x86_64-linux-gnu /usr/lib/../lib /lib
libs=-lpthread -lnsl -ldl -lm -lcrypt -lutil -lc
perllibs=-lpthread -lnsl -ldl -lm -lcrypt -lutil -lc
libc=libc-2.22.so, so=so, useshrplib=false, libperl=libperl.a
gnulibc_version='2.22'
Dynamic Linking:
dlsrc=dl_dlopen.xs, dlext=so, d_dlsymun=undef, ccdlflags='-Wl,-E'
cccdlflags='-fPIC', lddlflags='-shared -O2 -g -L/usr/local/lib -fstack-protector-strong'
Characteristics of this binary (from libperl):
Compile-time options: HAS_TIMES MULTIPLICITY PERLIO_LAYERS
PERL_COPY_ON_WRITE PERL_DONT_CREATE_GVSV
PERL_HASH_FUNC_ONE_AT_A_TIME_HARD
PERL_IMPLICIT_CONTEXT PERL_MALLOC_WRAP
PERL_PRESERVE_IVUV PERL_USE_DEVEL USE_64_BIT_ALL
USE_64_BIT_INT USE_ITHREADS USE_LARGE_FILES
USE_LOCALE USE_LOCALE_COLLATE USE_LOCALE_CTYPE
USE_LOCALE_NUMERIC USE_LOCALE_TIME USE_LONG_DOUBLE
USE_PERLIO USE_PERL_ATOF USE_REENTRANT_API
Locally applied patches:
RC4
Built under linux
Compiled at Jan 1 1970 00:00:00
%ENV:
PERL5LIB=""
PERL5OPT=""
PERL5_CPANPLUS_IS_RUNNING="21308"
PERL5_CPAN_IS_RUNNING="21308"
PERL_CANARY_STABILITY_NOPROMPT="1"
PERL_MM_USE_DEFAULT="1"
@INC:
/home/sand/src/perl/repoperls/installed-perls/host/k93x64sid/v5.24.0-RC4/a3f9/lib/site_perl/5.24.0/x86_64-linux-thread-multi-ld
/home/sand/src/perl/repoperls/installed-perls/host/k93x64sid/v5.24.0-RC4/a3f9/lib/site_perl/5.24.0
/home/sand/src/perl/repoperls/installed-perls/host/k93x64sid/v5.24.0-RC4/a3f9/lib/5.24.0/x86_64-linux-thread-multi-ld
/home/sand/src/perl/repoperls/installed-perls/host/k93x64sid/v5.24.0-RC4/a3f9/lib/5.24.0
.