Report for HTML-Strip-2.06

Back
From: metabase:user:322078bc-2aae-11df-837a-5e0a49663a4f
Subject: FAIL HTML-Strip-2.06 v5.8.9 FreeBSD
Date: 2014-12-05T01:18:38Z

This distribution has been tested as part of the CPAN Testers
project, supporting the Perl programming language.  See
http://wiki.cpantesters.org/ for more information or email
questions to cpan-testers-discuss@perl.org


--

Dear KILINRAX,

This is a computer-generated error report created automatically by
CPANPLUS, version 0.9152. Testers personal comments may appear
at the end of this report.


Thank you for uploading your work to CPAN.  However, it appears that
there were some problems testing your distribution.

TEST RESULTS:

Below is the error stack from stage 'make test':

Running Mkbootstrap for HTML::Strip ()
chmod 644 Strip.bs
PERL_DL_NONLAZY=1 /usr/home/cpan/pit/rel/perl-5.8.9/bin/perl "-MExtUtils::Command::MM" "-MTest::Harness" "-e" "undef *Test::Harness::Switches; test_harness(0, 'blib/lib', 'blib/arch')" t/*.t
t/001_smoke.t ....................... ok
t/100_basic.t ....................... ok
t/200_comment.t ..................... ok
t/210_auto_reset.t .................. ok
t/220_edge_case.t ................... ok
t/230_filter.t ...................... ok
t/240_striptags.t ................... ok
t/250_whitespace_single_char.t ...... ok
t/260_offbyone.t .................... ok
t/270_mathematical_comparisons.t .... ok
t/280_invalid_multiline_segfault.t .. ok

#   Failed test at t/300_utf8.t line 25.
Wide character in print at /usr/home/cpan/pit/rel/perl-5.8.9/lib/5.8.9/Test/Builder.pm line 1824, <DATA> chunk 1.
#          got: '23января2009года\r
# 28января2009годавЧелябинскесостоитсясеминаркомпании«ДокторВеб»&mdash;российскогоразработчикасредствинформационнойбезопасностиподмаркойDr.Web.Мероприятиепосетятпартнерыкомпании,атакжепредставителирегиональныхмасс-медиа.\r
# НасегодняшнийденьвсебольшееколичествопользователейвЧелябинскойобластипроявляютинтерескпроблемеинформационнойбезопасности.Несмотрянафинансовыйкризис,спроснасредстваантивируснойиантиспам-защитыврегионеостаетсядостаточновысоким.«ДокторВеб»,высокооцениваяпотребительскийпотенциалобласти,28январяпроведетвЧелябинскепартнерскийсеминар,которыйсоберетмногочисленныхпартнеровкомпании.\r
# Входесеминараспециалисты«ДокторВеб»подробнорасскажутоключевыхфункцияхпрограммныхпродуктовDr.Web,ихпреимуществахвсравнениисконкурентами.Особоевниманиебудетуделеноновинкам&mdash;Dr.WebSecuritySpaceиАнтивирусDr.WebдляWindows5.0.Помимоэтого,будутобсужденыновыевирусныеугрозыитехнологииборьбысними.\r
# ТакжеврамкахсеминарасостоитсявручениесертификатовспециалистапопродажампрограммногообеспеченияDr.Web.Дляполучениясертификатаучастниксеминарадолжендистанционносдатьэкзамендо26января2009г.Дляэтогонеобходимобудетпредварительнозаполнитьрегистрационнуюанкетунасайтекомпании«ДокторВеб»,выбраввнейсоответствующийпункт(«сдатьon-lineэкзамен»).\r
# Вподароквсеучастникисеминараполучатключи,позволяющиевтечение2месяцевбесплатнопротестироватьвсюлинейкупродуктовDr.Web.\r
# \r
# Адрес:\r
# Отель«HolidayInnChelyabinsk-Riverside»,Университетскаянабережная,18\r
# Конференц-зал(2этаж)\r
# Регистрацияучастников:11:00&mdash;11:30\r
# 
# '
#     expected: '23января2009года\r
# 28января2009годавЧелябинскесостоитсясеминаркомпании«ДокторВеб»—российскогоразработчикасредствинформационнойбезопасностиподмаркойDr.Web.Мероприятиепосетятпартнерыкомпании,атакжепредставителирегиональныхмасс-медиа.\r
# НасегодняшнийденьвсебольшееколичествопользователейвЧелябинскойобластипроявляютинтерескпроблемеинформационнойбезопасности.Несмотрянафинансовыйкризис,спроснасредстваантивируснойиантиспам-защитыврегионеостаетсядостаточновысоким.«ДокторВеб»,высокооцениваяпотребительскийпотенциалобласти,28январяпроведетвЧелябинскепартнерскийсеминар,которыйсоберетмногочисленныхпартнеровкомпании.\r
# Входесеминараспециалисты«ДокторВеб»подробнорасскажутоключевыхфункцияхпрограммныхпродуктовDr.Web,ихпреимуществахвсравнениисконкурентами.Особоевниманиебудетуделеноновинкам—Dr.WebSecuritySpaceиАнтивирусDr.WebдляWindows5.0.Помимоэтого,будутобсужденыновыевирусныеугрозыитехнологииборьбысними.\r
# ТакжеврамкахсеминарасостоитсявручениесертификатовспециалистапопродажампрограммногообеспеченияDr.Web.Дляполучениясертификатаучастниксеминарадолжендистанционносдатьэкзамендо26января2009г.Дляэтогонеобходимобудетпредварительнозаполнитьрегистрационнуюанкетунасайтекомпании«ДокторВеб»,выбраввнейсоответствующийпункт(«сдатьon-lineэкзамен»).\r
# Вподароквсеучастникисеминараполучатключи,позволяющиевтечение2месяцевбесплатнопротестироватьвсюлинейкупродуктовDr.Web.\r
# \r
# Адрес:\r
# Отель«HolidayInnChelyabinsk-Riverside»,Университетскаянабережная,18\r
# Конференц-зал(2этаж)\r
# Регистрацияучастников:11:00—11:30\r
# 
# '
Wide character in print at /usr/home/cpan/pit/rel/perl-5.8.9/lib/5.8.9/Test/Builder.pm line 1824, <DATA> chunk 1.
# Looks like you failed 1 test of 5.
t/300_utf8.t ........................ 
Dubious, test returned 1 (wstat 256, 0x100)
Failed 2/5 subtests 

Test Summary Report
-------------------
t/300_utf8.t                      (Wstat: 256 Tests: 4 Failed: 1)
  Failed test:  4
  Non-zero exit status: 1
  Parse errors: Tests out of sequence.  Found (3) but expected (2)
                Tests out of sequence.  Found (4) but expected (3)
                Tests out of sequence.  Found (5) but expected (4)
                Bad plan.  You planned 5 tests but ran 4.
Files=12, Tests=33,  1 wallclock secs ( 0.08 usr  0.04 sys +  0.23 cusr  0.07 csys =  0.41 CPU)
Result: FAIL
Failed 1/12 test programs. 1/33 subtests failed.
*** Error code 1

Stop.
make: stopped in /usr/home/cpan/pit/rel/conf/perl-5.8.9/.cpanplus/5.8.9/build/HTML-Strip


PREREQUISITES:

Here is a list of prerequisites you specified and versions we
managed to load:

	  Module Name                        Have     Want
	  Carp                               1.10        0
	  DynaLoader                         1.09        0
	  Exporter                           5.63        0
	  ExtUtils::MakeMaker                6.98        0
	  Test::Exception                    0.35        0
	  Test::More                     1.001006        0
	  strict                             1.03        0
	  warnings                        1.05_01        0

Perl module toolchain versions installed:
	Module Name                        Have
	CPANPLUS                         0.9152
	CPANPLUS::Dist::Build              0.78
	Cwd                                3.47
	ExtUtils::CBuilder             0.280220
	ExtUtils::Command                  1.16
	ExtUtils::Install                  2.04
	ExtUtils::MakeMaker                6.98
	ExtUtils::Manifest                 1.68
	ExtUtils::ParseXS                  3.24
	File::Spec                         3.47
	Module::Build                    0.4210
	Pod::Parser                        1.35
	Pod::Simple                        3.28
	Test::Harness                      3.33
	Test::More                     1.001006
	version                          0.9909

******************************** NOTE ********************************
The comments above are created mechanically, possibly without manual
checking by the sender.  As there are many people performing automatic
tests on each upload to CPAN, it is likely that you will receive
identical messages about the same problem.

If you believe that the message is mistaken, please reply to the first
one with correction and/or additional informations, and do not take
it personally.  We appreciate your patience. :)
**********************************************************************

Additional comments:


This report was machine-generated by CPANPLUS::Dist::YACSmoke 0.90.
Powered by minismokebox version 0.58

------------------------------
ENVIRONMENT AND OTHER CONTEXT
------------------------------

Environment variables:

    AUTOMATED_TESTING = 1
    NONINTERACTIVE_TESTING = 1
    PATH = /sbin:/bin:/usr/sbin:/usr/bin:/usr/games:/usr/local/sbin:/usr/local/bin:/home/cpan/bin
    PERL5LIB = :/usr/home/cpan/pit/rel/conf/perl-5.8.9/.cpanplus/5.8.9/build/Sub-Uplevel-0.24/blib/lib:/usr/home/cpan/pit/rel/conf/perl-5.8.9/.cpanplus/5.8.9/build/Sub-Uplevel-0.24/blib/arch:/usr/home/cpan/pit/rel/conf/perl-5.8.9/.cpanplus/5.8.9/build/Test-Exception-0.35/blib/lib:/usr/home/cpan/pit/rel/conf/perl-5.8.9/.cpanplus/5.8.9/build/Test-Exception-0.35/blib/arch:/usr/home/cpan/pit/rel/conf/perl-5.8.9/.cpanplus/5.8.9/build/HTML-Strip/blib/lib:/usr/home/cpan/pit/rel/conf/perl-5.8.9/.cpanplus/5.8.9/build/HTML-Strip/blib/arch
    PERL5_CPANPLUS_IS_RUNNING = 66542
    PERL5_CPANPLUS_IS_VERSION = 0.9152
    PERL5_MINISMOKEBOX = 0.58
    PERL5_YACSMOKE_BASE = /usr/home/cpan/pit/rel/conf/perl-5.8.9
    PERL_EXTUTILS_AUTOINSTALL = --defaultdeps
    PERL_MM_USE_DEFAULT = 1
    SHELL = /usr/local/bin/bash
    TERM = screen

Perl special variables (and OS-specific diagnostics, for MSWin32):

    Perl: $^X = /usr/home/cpan/pit/rel/perl-5.8.9/bin/perl
    UID:  $<  = 1002
    EUID: $>  = 1002
    GID:  $(  = 1002 1002
    EGID: $)  = 1002 1002


-------------------------------


--

Summary of my perl5 (revision 5 version 8 subversion 9) configuration:
  Platform:
    osname=freebsd, osvers=10.0-release, archname=i386-freebsd-thread-multi-64int
    uname='freebsd firws 10.0-release freebsd 10.0-release #0 r260789: fri jan 17 01:46:25 utc 2014 root@snap.freebsd.org:usrobjusrsrcsysgeneric i386 '
    config_args='-des -Dprefix=/usr/home/cpan/pit/rel/perl-5.8.9 -Dusethreads -Duse64bitint'
    hint=recommended, useposix=true, d_sigaction=define
    usethreads=define use5005threads=undef useithreads=define usemultiplicity=define
    useperlio=define d_sfio=undef uselargefiles=define usesocks=undef
    use64bitint=define use64bitall=undef uselongdouble=undef
    usemymalloc=n, bincompat5005=undef
  Compiler:
    cc='cc', ccflags ='-DHAS_FPSETMASK -DHAS_FLOATINGPOINT_H -fno-strict-aliasing -pipe -I/usr/local/include',
    optimize='-O',
    cppflags='-DHAS_FPSETMASK -DHAS_FLOATINGPOINT_H -fno-strict-aliasing -pipe -I/usr/local/include'
    ccversion='', gccversion='4.2.1 Compatible FreeBSD Clang 3.3 (tags/RELEASE_33/final 183502)', gccosandvers=''
    intsize=4, longsize=4, ptrsize=4, doublesize=8, byteorder=12345678
    d_longlong=define, longlongsize=8, d_longdbl=define, longdblsize=12
    ivtype='long long', ivsize=8, nvtype='double', nvsize=8, Off_t='off_t', lseeksize=8
    alignbytes=4, prototype=define
  Linker and Libraries:
    ld='cc', ldflags ='-pthread -Wl,-E  -L/usr/local/lib'
    libpth=/usr/lib /usr/local/lib
    libs=-lgdbm -lm -lcrypt -lutil
    perllibs=-lm -lcrypt -lutil
    libc=, so=so, useshrplib=false, libperl=libperl.a
    gnulibc_version=''
  Dynamic Linking:
    dlsrc=dl_dlopen.xs, dlext=so, d_dlsymun=undef, ccdlflags=' '
    cccdlflags='-DPIC -fPIC', lddlflags='-shared  -L/usr/local/lib'


Characteristics of this binary (from libperl): 
  Compile-time options: MULTIPLICITY PERL_IMPLICIT_CONTEXT PERL_MALLOC_WRAP
                        USE_64_BIT_INT USE_FAST_STDIO USE_ITHREADS
                        USE_LARGE_FILES USE_PERLIO USE_REENTRANT_API
  Built under freebsd
  Compiled at Oct  2 2014 20:05:44
  %ENV:
    PERL5LIB=":/usr/home/cpan/pit/rel/conf/perl-5.8.9/.cpanplus/5.8.9/build/Sub-Uplevel-0.24/blib/lib:/usr/home/cpan/pit/rel/conf/perl-5.8.9/.cpanplus/5.8.9/build/Sub-Uplevel-0.24/blib/arch:/usr/home/cpan/pit/rel/conf/perl-5.8.9/.cpanplus/5.8.9/build/Test-Exception-0.35/blib/lib:/usr/home/cpan/pit/rel/conf/perl-5.8.9/.cpanplus/5.8.9/build/Test-Exception-0.35/blib/arch:/usr/home/cpan/pit/rel/conf/perl-5.8.9/.cpanplus/5.8.9/build/HTML-Strip/blib/lib:/usr/home/cpan/pit/rel/conf/perl-5.8.9/.cpanplus/5.8.9/build/HTML-Strip/blib/arch"
    PERL5_CPANPLUS_IS_RUNNING="66542"
    PERL5_CPANPLUS_IS_VERSION="0.9152"
    PERL5_MINISMOKEBOX="0.58"
    PERL5_YACSMOKE_BASE="/usr/home/cpan/pit/rel/conf/perl-5.8.9"
    PERL_EXTUTILS_AUTOINSTALL="--defaultdeps"
    PERL_MM_USE_DEFAULT="1"
  @INC:
    /usr/home/cpan/pit/rel/conf/perl-5.8.9/.cpanplus/5.8.9/build/Sub-Uplevel-0.24/blib/lib
    /usr/home/cpan/pit/rel/conf/perl-5.8.9/.cpanplus/5.8.9/build/Sub-Uplevel-0.24/blib/arch
    /usr/home/cpan/pit/rel/conf/perl-5.8.9/.cpanplus/5.8.9/build/Test-Exception-0.35/blib/lib
    /usr/home/cpan/pit/rel/conf/perl-5.8.9/.cpanplus/5.8.9/build/Test-Exception-0.35/blib/arch
    /usr/home/cpan/pit/rel/conf/perl-5.8.9/.cpanplus/5.8.9/build/HTML-Strip/blib/lib
    /usr/home/cpan/pit/rel/conf/perl-5.8.9/.cpanplus/5.8.9/build/HTML-Strip/blib/arch
    /usr/home/cpan/pit/rel/perl-5.8.9/lib/5.8.9/i386-freebsd-thread-multi-64int
    /usr/home/cpan/pit/rel/perl-5.8.9/lib/5.8.9
    /usr/home/cpan/pit/rel/perl-5.8.9/lib/site_perl/5.8.9/i386-freebsd-thread-multi-64int
    /usr/home/cpan/pit/rel/perl-5.8.9/lib/site_perl/5.8.9
    .