SPVM-Sys v0.532 Perl 5 v5.41.9 x86_64-linux

Status
Fail
From
Carlos Guevara
Dist
SPVM-Sys v0.532
Platform
Perl 5 v5.41.9 x86_64-linux
Date
2025-02-10 04:51:07
ID
a41b2d0c-e76a-11ef-b7e9-bb56788fd61f
This distribution has been tested as part of the CPAN Testers
project, supporting the Perl programming language.  See
http://wiki.cpantesters.org/ for more information or email
questions to cpan-testers-discuss@perl.org


--
Dear Yuki Kimoto,

This is a computer-generated report for SPVM-Sys-0.532
on perl 5.41.9, created by CPAN-Reporter-1.2020.

Thank you for uploading your work to CPAN.  However, there was a problem
testing your distribution.

If you think this report is invalid, please consult the CPAN Testers Wiki
for suggestions on how to avoid getting FAIL reports for missing library
or binary dependencies, unsupported operating systems, and so on:

http://wiki.cpantesters.org/wiki/CPANAuthorNotes

Sections of this report:

    * Tester comments
    * Program output
    * Prerequisites
    * Environment and other context

------------------------------
TESTER COMMENTS
------------------------------

Additional comments from tester:

this report is from an automated smoke testing program
and was not reviewed by a human for accuracy

------------------------------
PROGRAM OUTPUT
------------------------------

Output from '/usr/bin/make test':

PERL_DL_NONLAZY=1 "/home/cpan/bin/perl/bin/perl5.41.9" "-MExtUtils::Command::MM" "-MTest::Harness" "-e" "undef *Test::Harness::Switches; test_harness(0, 'blib/lib', 'blib/arch')" t/*.t
[Test Output]Port:46787 at t/00_Test-SPVM-Sys-Socket-Server-IP.t line 16.
t/00_Test-SPVM-Sys-Socket-Server-IP.t .... ok
t/00_Test-SPVM-Sys-Socket-Server-UNIX.t .. ok
[Test Output][stat]$VAR1 = bless( [
                 64771,
                 530627,
                 33188,
                 1,
                 1001,
                 1001,
                 0,
                 180,
                 1668139097,
                 1668139097,
                 1739163017,
                 4096,
                 8
               ], 'File::stat' );
  at t/Sys-IO-Stat.t line 70.
[Test Output][lstat]$VAR1 = bless( [
                 64771,
                 530627,
                 33188,
                 1,
                 1001,
                 1001,
                 0,
                 180,
                 1668139097,
                 1668139097,
                 1739163017,
                 4096,
                 8
               ], 'File::stat' );
  at t/Sys-IO-Stat.t line 135.
[Test Output][fstat]$VAR1 = [
          64771,
          530627,
          33188,
          1,
          1001,
          1001,
          0,
          180,
          1668139097,
          1668139097,
          1739163017,
          4096,
          8
        ];
  at t/Sys-IO-Stat.t line 166.
[Test Output][fstat]$VAR1 = [
          64771,
          530627,
          33188,
          1,
          1001,
          1001,
          0,
          180,
          1668139097,
          1668139097,
          1739163017,
          4096,
          8
        ];
  at t/Sys-IO-Stat.t line 167.
[Test Output][fstat]$VAR1 = bless( [
                 64771,
                 530627,
                 33188,
                 1,
                 1001,
                 1001,
                 0,
                 180,
                 1668139097,
                 1668139097,
                 1739163017,
                 4096,
                 8
               ], 'File::stat' );
  at t/Sys-IO-Stat.t line 179.
t/Sys-IO-Stat.t .......................... ok

[Test Output]getcwd:/home/cpan/.cpan/build/SPVM-Sys-0.532-0
  TestCase::Sys::IO->getcwd at /home/cpan/.cpan/build/SPVM-Sys-0.532-0/t/lib/SPVM/TestCase/Sys/IO.spvm line 1641

[Test Output]getcwd(NULL, 0):/home/cpan/.cpan/build/SPVM-Sys-0.532-0
  TestCase::Sys::IO->getcwd at /home/cpan/.cpan/build/SPVM-Sys-0.532-0/t/lib/SPVM/TestCase/Sys/IO.spvm line 1651
[Test Output]realpath(undef):Expected:/home/cpan/.cpan/build/SPVM-Sys-0.532-0/t/ftest/file_empty.txt,Got:/home/cpan/.cpan/build/SPVM-Sys-0.532-0/t/ftest/file_empty.txt
  TestCase::Sys::IO->realpath at /home/cpan/.cpan/build/SPVM-Sys-0.532-0/t/lib/SPVM/TestCase/Sys/IO.spvm line 1672
[Test Output]realpath:Expected:/home/cpan/.cpan/build/SPVM-Sys-0.532-0/t/ftest/file_empty.txt,Got:/home/cpan/.cpan/build/SPVM-Sys-0.532-0/t/ftest/file_empty.txt
  TestCase::Sys::IO->realpath at /home/cpan/.cpan/build/SPVM-Sys-0.532-0/t/lib/SPVM/TestCase/Sys/IO.spvm line 1689
Warning
  TestCase::Sys::IO->readline at /home/cpan/.cpan/build/SPVM-Sys-0.532-0/t/lib/SPVM/TestCase/Sys/IO.spvm line 2023
"\x{0A}"
  TestCase::Sys::IO->readline at /home/cpan/.cpan/build/SPVM-Sys-0.532-0/t/lib/SPVM/TestCase/Sys/IO.spvm line 2072
"klm"
  TestCase::Sys::IO->readline at /home/cpan/.cpan/build/SPVM-Sys-0.532-0/t/lib/SPVM/TestCase/Sys/IO.spvm line 2083
[Test Output]4
  TestCase::Sys::IO->truncate at /home/cpan/.cpan/build/SPVM-Sys-0.532-0/t/lib/SPVM/TestCase/Sys/IO.spvm line 2220
[Test Output]0
  TestCase::Sys::IO->truncate at /home/cpan/.cpan/build/SPVM-Sys-0.532-0/t/lib/SPVM/TestCase/Sys/IO.spvm line 2227
[Test Output]4
  TestCase::Sys::IO->ftruncate at /home/cpan/.cpan/build/SPVM-Sys-0.532-0/t/lib/SPVM/TestCase/Sys/IO.spvm line 2260
[Test Output]0
  TestCase::Sys::IO->ftruncate at /home/cpan/.cpan/build/SPVM-Sys-0.532-0/t/lib/SPVM/TestCase/Sys/IO.spvm line 2273
[Test Output]Sys::IO::Dirent:d_ino:530621
  TestCase::Sys::IO->readdir at /home/cpan/.cpan/build/SPVM-Sys-0.532-0/t/lib/SPVM/TestCase/Sys/IO.spvm line 2610
[Test Output]Sys::IO::Dirent:d_reclen:40
  TestCase::Sys::IO->readdir at /home/cpan/.cpan/build/SPVM-Sys-0.532-0/t/lib/SPVM/TestCase/Sys/IO.spvm line 2628
[Test Output]Sys::IO::Dirent:d_type:8
  TestCase::Sys::IO->readdir at /home/cpan/.cpan/build/SPVM-Sys-0.532-0/t/lib/SPVM/TestCase/Sys/IO.spvm line 2646
[Test Output]Sys::IO::Dirent:d_off:1153060238618071671
  TestCase::Sys::IO->readdir at /home/cpan/.cpan/build/SPVM-Sys-0.532-0/t/lib/SPVM/TestCase/Sys/IO.spvm line 2662
t/Sys-IO.t ............................... ok
t/Sys-Ioctl.t ............................ ok
t/Sys-OS.t ............................... ok
t/Sys-Poll-PollfdArray.t ................. 
All 9 subtests passed 
t/Sys-Poll.t ............................. ok

[Test Output]system at -e line 1.

[Test Output]system at -e line 1.
[Test Output]sleep at t/Sys-Process.t line 150.
[Test Output]usleep at t/Sys-Process.t line 154.
t/Sys-Process.t .......................... ok
t/Sys-Select.t ........................... ok
[Test Output]SIGHUP at t/Sys-Signal.t line 51.
[Test Output]SIGINT at t/Sys-Signal.t line 51.
[Test Output]SIGQUIT at t/Sys-Signal.t line 51.
[Test Output]SIGILL at t/Sys-Signal.t line 51.
[Test Output]SIGTRAP at t/Sys-Signal.t line 51.
[Test Output]SIGABRT at t/Sys-Signal.t line 51.
[Test Output]SIGBUS at t/Sys-Signal.t line 51.
[Test Output]SIGFPE at t/Sys-Signal.t line 51.
[Test Output]SIGKILL at t/Sys-Signal.t line 51.
[Test Output]SIGUSR1 at t/Sys-Signal.t line 51.
[Test Output]SIGSEGV at t/Sys-Signal.t line 51.
[Test Output]SIGUSR2 at t/Sys-Signal.t line 51.
[Test Output]SIGPIPE at t/Sys-Signal.t line 51.
[Test Output]SIGALRM at t/Sys-Signal.t line 51.
[Test Output]SIGTERM at t/Sys-Signal.t line 51.
[Test Output]SIGSTKFLT at t/Sys-Signal.t line 51.
[Test Output]SIGCHLD at t/Sys-Signal.t line 51.
[Test Output]SIGCONT at t/Sys-Signal.t line 51.
[Test Output]SIGSTOP at t/Sys-Signal.t line 51.
[Test Output]SIGTSTP at t/Sys-Signal.t line 51.
[Test Output]SIGTTIN at t/Sys-Signal.t line 51.
[Test Output]SIGTTOU at t/Sys-Signal.t line 51.
[Test Output]SIGURG at t/Sys-Signal.t line 51.
[Test Output]SIGXCPU at t/Sys-Signal.t line 51.
[Test Output]SIGXFSZ at t/Sys-Signal.t line 51.
[Test Output]SIGVTALRM at t/Sys-Signal.t line 51.
[Test Output]SIGPROF at t/Sys-Signal.t line 51.
[Test Output]SIGWINCH at t/Sys-Signal.t line 51.
[Test Output]SIGIO at t/Sys-Signal.t line 51.
[Test Output]SIGPWR at t/Sys-Signal.t line 51.
[Test Output]SIGSYS at t/Sys-Signal.t line 51.
[Test Output]SIGRTMIN at t/Sys-Signal.t line 51.
[Test Output]SIGRTMAX at t/Sys-Signal.t line 51.
t/Sys-Signal.t ........................... ok
t/Sys-Signal_alarm.t ..................... ok
t/Sys-Signal_ualarm.t .................... ok
t/Sys-Socket-Errno.t ..................... ok
"my" variable $start_memory_blocks_count masks earlier declaration in same scope at t/Sys-Socket-ipv6.t line 33.
t/Sys-Socket-ipv6.t ...................... ok

[Test Output]htonl:20000 -> 541982720 -> 20000
  TestCase::Sys::Socket->htonl at /home/cpan/.cpan/build/SPVM-Sys-0.532-0/t/lib/SPVM/TestCase/Sys/Socket.spvm line 27

[Test Output]ntohl:541982720 -> 20000 -> 541982720
  TestCase::Sys::Socket->ntohl at /home/cpan/.cpan/build/SPVM-Sys-0.532-0/t/lib/SPVM/TestCase/Sys/Socket.spvm line 46

[Test Output]htons:20000 -> 8270 -> 20000
  TestCase::Sys::Socket->htons at /home/cpan/.cpan/build/SPVM-Sys-0.532-0/t/lib/SPVM/TestCase/Sys/Socket.spvm line 66

[Test Output]htons:-15536 -> 20675 -> -15536
  TestCase::Sys::Socket->htons at /home/cpan/.cpan/build/SPVM-Sys-0.532-0/t/lib/SPVM/TestCase/Sys/Socket.spvm line 83

[Test Output]ntohs:8270 -> 20000 -> 8270
  TestCase::Sys::Socket->ntohs at /home/cpan/.cpan/build/SPVM-Sys-0.532-0/t/lib/SPVM/TestCase/Sys/Socket.spvm line 104

[Test Output]ntohs:20675 -> -15536 -> 20675
  TestCase::Sys::Socket->ntohs at /home/cpan/.cpan/build/SPVM-Sys-0.532-0/t/lib/SPVM/TestCase/Sys/Socket.spvm line 121
t/Sys-Socket.t ........................... ok
t/Sys-Time-Util.t ........................ ok

#   Failed test at t/Sys-Time.t line 57.
1432896570
  TestCase::Sys::Time->times at /home/cpan/.cpan/build/SPVM-Sys-0.532-0/t/lib/SPVM/TestCase/Sys/Time.spvm line 198
20
  TestCase::Sys::Time->times at /home/cpan/.cpan/build/SPVM-Sys-0.532-0/t/lib/SPVM/TestCase/Sys/Time.spvm line 204
2
  TestCase::Sys::Time->times at /home/cpan/.cpan/build/SPVM-Sys-0.532-0/t/lib/SPVM/TestCase/Sys/Time.spvm line 210
0
  TestCase::Sys::Time->times at /home/cpan/.cpan/build/SPVM-Sys-0.532-0/t/lib/SPVM/TestCase/Sys/Time.spvm line 216
0
  TestCase::Sys::Time->times at /home/cpan/.cpan/build/SPVM-Sys-0.532-0/t/lib/SPVM/TestCase/Sys/Time.spvm line 222
# Looks like you failed 1 test of 33.
t/Sys-Time.t ............................. 
Dubious, test returned 1 (wstat 256, 0x100)
Failed 1/33 subtests 
[Test Output]Sys::User|getgroups|[
  1001
] : int[](0x7ff7434f3730)
  TestCase::Sys::User->getgroups at /home/cpan/.cpan/build/SPVM-Sys-0.532-0/t/lib/SPVM/TestCase/Sys/User.spvm line 113
t/Sys-User.t ............................. ok
[Test Output]Sys->A:434.206
  TestCase::Sys->A at /home/cpan/.cpan/build/SPVM-Sys-0.532-0/t/lib/SPVM/TestCase/Sys.spvm line 21
[Test Output]Sys->C:0.00056713
  TestCase::Sys->C at /home/cpan/.cpan/build/SPVM-Sys-0.532-0/t/lib/SPVM/TestCase/Sys.spvm line 48
[Test Output]Sys->M:434.206
  TestCase::Sys->M at /home/cpan/.cpan/build/SPVM-Sys-0.532-0/t/lib/SPVM/TestCase/Sys.spvm line 75
[Test Output]Sys->O:1
  TestCase::Sys->O at /home/cpan/.cpan/build/SPVM-Sys-0.532-0/t/lib/SPVM/TestCase/Sys.spvm line 102
[Test Output]Sys->S:0
  TestCase::Sys->S at /home/cpan/.cpan/build/SPVM-Sys-0.532-0/t/lib/SPVM/TestCase/Sys.spvm line 164
t/Sys.t .................................. ok
[Test Output]/tmp/lAAjUXYv7T/file1 /tmp/lAAjUXYv7T/file2 at t/Sys_symlink.t line 71.
t/Sys_symlink.t .......................... ok

Test Summary Report
-------------------
t/Sys-Poll-PollfdArray.t               (Wstat: 4 (Signal: ILL) Tests: 9 Failed: 0)
  Non-zero wait status: 4
  Parse errors: No plan found in TAP output
t/Sys-Time.t                           (Wstat: 256 (exited 1) Tests: 33 Failed: 1)
  Failed test:  11
  Non-zero exit status: 1
Files=21, Tests=557, 14 wallclock secs ( 0.08 usr  0.01 sys +  5.20 cusr  1.26 csys =  6.55 CPU)
Result: FAIL
Failed 2/21 test programs. 1/557 subtests failed.
make: *** [Makefile:1078: test_dynamic] Error 255

------------------------------
PREREQUISITES
------------------------------

Prerequisite modules loaded:

requires:

    Module                     Need     Have    
    -------------------------- -------- --------
    SPVM                       0.990042 0.990043
    SPVM::Errno                0.06     0.093   
    SPVM::Resource::SocketUtil 1.002    1.003   

build_requires:

    Module                     Need     Have    
    -------------------------- -------- --------
    ExtUtils::MakeMaker        0        7.70    

configure_requires:

    Module                     Need     Have    
    -------------------------- -------- --------
    SPVM                       0.990042 0.990043
    SPVM::Resource::SocketUtil 1.002    1.003   


------------------------------
ENVIRONMENT AND OTHER CONTEXT
------------------------------

Environment variables:

    AUTOMATED_TESTING = 1
    DATE_MANIP_TEST_DM5 = 1
    LANG = C.UTF-8
    LC_COLLATE = C
    NONINTERACTIVE_TESTING = 1
    NO_NETWORK_TESTING = 1
    PATH = /home/cpan/bin/perl/bin:/usr/local/sbin:/usr/local/bin:/usr/sbin:/usr/bin:/sbin:/bin
    PERL5LIB = 
    PERL5OPT = 
    PERL5_CPANPLUS_IS_RUNNING = 9679
    PERL5_CPAN_IS_RUNNING = 9679
    PERL_MM_USE_DEFAULT = 1
    PERL_USE_UNSAFE_INC = 1
    SHELL = /bin/bash
    TERM = screen

Perl special variables (and OS-specific diagnostics, for MSWin32):

    $^X = /home/cpan/bin/perl/bin/perl5.41.9
    $UID/$EUID = 1001 / 1001
    $GID = 1001 1001
    $EGID = 1001 1001

Perl module toolchain versions installed:

    Module              Have    
    ------------------- --------
    CPAN                2.38    
    CPAN::Meta          2.150010
    Cwd                 3.92    
    ExtUtils::CBuilder  0.280240
    ExtUtils::Command   7.70    
    ExtUtils::Install   2.22    
    ExtUtils::MakeMaker 7.70    
    ExtUtils::Manifest  1.75    
    ExtUtils::ParseXS   3.57    
    File::Spec          3.93    
    JSON                4.10    
    JSON::PP            4.16    
    Module::Build       0.4234  
    Module::Signature   n/a     
    Parse::CPAN::Meta   2.150010
    Test2               1.302209
    Test::Harness       3.50    
    Test::More          1.302209
    YAML                1.31    
    YAML::Syck          1.34    
    version             0.9933  


--

Summary of my perl5 (revision 5 version 41 subversion 9) configuration:
  Commit id: fecfa476ebefab8d99c628450d82a8b28a2fff42
  Platform:
    osname=linux
    osvers=6.12.12-0-lts
    archname=x86_64-linux
    uname='linux cjg-alpine3 6.12.12-0-lts #1-alpine smp preempt_dynamic 2025-02-07 17:59:34 x86_64 linux '
    config_args='-des -Dprefix=/home/cpan/bin/perl -Dscriptdir=/home/cpan/bin/perl/bin -Dusedevel -Duse64bitall'
    hint=recommended
    useposix=true
    d_sigaction=define
    useithreads=undef
    usemultiplicity=undef
    use64bitint=define
    use64bitall=define
    uselongdouble=undef
    usemymalloc=n
    default_inc_excludes_dot=define
  Compiler:
    cc='cc'
    ccflags ='-D_GNU_SOURCE -fwrapv -fno-strict-aliasing -pipe -fstack-protector-strong -D_LARGEFILE_SOURCE -D_FILE_OFFSET_BITS=64'
    optimize='-O2'
    cppflags='-D_GNU_SOURCE -fwrapv -fno-strict-aliasing -pipe -fstack-protector-strong'
    ccversion=''
    gccversion='14.2.0'
    gccosandvers=''
    intsize=4
    longsize=8
    ptrsize=8
    doublesize=8
    byteorder=12345678
    doublekind=3
    d_longlong=define
    longlongsize=8
    d_longdbl=define
    longdblsize=16
    longdblkind=3
    ivtype='long'
    ivsize=8
    nvtype='double'
    nvsize=8
    Off_t='off_t'
    lseeksize=8
    alignbytes=8
    prototype=define
  Linker and Libraries:
    ld='cc'
    ldflags =' -fstack-protector-strong -L/usr/local/lib'
    libpth=/usr/lib /usr/local/lib /lib
    libs=-lpthread -ldb -ldl -lm -lcrypt -lutil -lc
    perllibs=-lpthread -ldl -lm -lcrypt -lutil -lc
    libc=/usr/lib/libc.a
    so=so
    useshrplib=false
    libperl=libperl.a
    gnulibc_version=''
  Dynamic Linking:
    dlsrc=dl_dlopen.xs
    dlext=so
    d_dlsymun=undef
    ccdlflags='-Wl,-E'
    cccdlflags='-fPIC'
    lddlflags='-shared -O2 -L/usr/local/lib -fstack-protector-strong'


Characteristics of this binary (from libperl): 
  Compile-time options:
    HAS_LONG_DOUBLE
    HAS_STRTOLD
    HAS_TIMES
    PERLIO_LAYERS
    PERL_COPY_ON_WRITE
    PERL_DONT_CREATE_GVSV
    PERL_HASH_FUNC_SIPHASH13
    PERL_HASH_USE_SBOX32
    PERL_MALLOC_WRAP
    PERL_OP_PARENT
    PERL_PRESERVE_IVUV
    PERL_USE_DEVEL
    PERL_USE_SAFE_PUTENV
    USE_64_BIT_ALL
    USE_64_BIT_INT
    USE_LARGE_FILES
    USE_LOCALE
    USE_LOCALE_COLLATE
    USE_LOCALE_CTYPE
    USE_LOCALE_NUMERIC
    USE_LOCALE_TIME
    USE_PERLIO
    USE_PERL_ATOF
  Built under linux
  Compiled at Feb  9 2025 20:30:02
  %ENV:
    PERL5LIB=""
    PERL5OPT=""
    PERL5_CPANPLUS_IS_RUNNING="9679"
    PERL5_CPAN_IS_RUNNING="9679"
    PERL_MM_USE_DEFAULT="1"
    PERL_USE_UNSAFE_INC="1"
  @INC:
    /home/cpan/bin/perl/lib/site_perl/5.41.9/x86_64-linux
    /home/cpan/bin/perl/lib/site_perl/5.41.9
    /home/cpan/bin/perl/lib/5.41.9/x86_64-linux
    /home/cpan/bin/perl/lib/5.41.9
    .