Report for Kelp-Module-ValidateTiny-0.04

Back
From: metabase:user:314402c4-2aae-11df-837a-5e0a49663a4f
Subject: FAIL Kelp-Module-ValidateTiny-0.04 v5.18.4 GNU/Linux
Date: 2015-05-08T19:23:00Z

This distribution has been tested as part of the CPAN Testers
project, supporting the Perl programming language.  See
http://wiki.cpantesters.org/ for more information or email
questions to cpan-testers-discuss@perl.org


--
Dear Gurunandan Bhat,

This is a computer-generated report for Kelp-Module-ValidateTiny-0.04
on perl 5.18.4, created by CPAN-Reporter-1.2011.

Thank you for uploading your work to CPAN.  However, there was a problem
testing your distribution.

If you think this report is invalid, please consult the CPAN Testers Wiki
for suggestions on how to avoid getting FAIL reports for missing library
or binary dependencies, unsupported operating systems, and so on:

http://wiki.cpantesters.org/wiki/CPANAuthorNotes

Sections of this report:

    * Tester comments
    * Program output
    * Prerequisites
    * Environment and other context

------------------------------
TESTER COMMENTS
------------------------------

Additional comments from tester:

none provided

------------------------------
PROGRAM OUTPUT
------------------------------

Output from './Build test':

t/00-basic.t ............ ok

#   Failed test 'Content is '42''
#   at t/01-base.t line 52.
#          got: '0'
#     expected: '42'

#   Failed test 'Content is '42|Perl''
#   at t/01-base.t line 88.
#          got: '0'
#     expected: '42|Perl'
# Looks like you failed 2 tests of 11.
t/01-base.t ............. 
Dubious, test returned 2 (wstat 512, 0x200)
Failed 2/11 subtests 

#   Failed test 'Content is '42|PERL''
#   at t/02-import.t line 36.
#          got: '0'
#     expected: '42|PERL'

#   Failed test 'Content is '42|PERL''
#   at t/02-import.t line 67.
#          got: '0'
#     expected: '42|PERL'
# Looks like you failed 2 tests of 10.
t/02-import.t ........... 
Dubious, test returned 2 (wstat 512, 0x200)
Failed 2/10 subtests 

#   Failed test 'Content is '42|PERL''
#   at t/03-namespace.t line 21.
#          got: '0'
#     expected: '42|PERL'

#   Failed test 'Content is '42|PERL''
#   at t/03-namespace.t line 29.
#          got: '0'
#     expected: '42|PERL'
# Looks like you failed 2 tests of 9.
t/03-namespace.t ........ 
Dubious, test returned 2 (wstat 512, 0x200)
Failed 2/9 subtests 

#   Failed test 'Response code is 200'
#   at t/04-error.t line 42.
#          got: '500'
#     expected: '200'

#   Failed test 'Can't use an undefined value as a HASH reference at /home/eserte/.cpan/build/Validate-Tiny-1.501-LGdvIh/blib/lib/Validate/Tiny.pm line 290.
# '
#   at t/04-error.t line 42.

#   Failed test 'Content is '|42|PERL|''
#   at t/04-error.t line 42.
#          got: 'Can't use an undefined value as a HASH reference at /home/eserte/.cpan/build/Validate-Tiny-1.501-LGdvIh/blib/lib/Validate/Tiny.pm line 290.
# '
#     expected: '|42|PERL|'

#   Failed test 'Response code is 200'
#   at t/04-error.t line 46.
#          got: '500'
#     expected: '200'

#   Failed test 'Can't use an undefined value as a HASH reference at /home/eserte/.cpan/build/Validate-Tiny-1.501-LGdvIh/blib/lib/Validate/Tiny.pm line 290.
# '
#   at t/04-error.t line 46.

#   Failed test 'Content is '42|Value must be PERL|Fail!''
#   at t/04-error.t line 46.
#          got: 'Can't use an undefined value as a HASH reference at /home/eserte/.cpan/build/Validate-Tiny-1.501-LGdvIh/blib/lib/Validate/Tiny.pm line 290.
# '
#     expected: '42|Value must be PERL|Fail!'
# Looks like you failed 6 tests of 7.
t/04-error.t ............ 
Dubious, test returned 6 (wstat 1536, 0x600)
Failed 6/7 subtests 
t/release-pod-syntax.t .. skipped: these tests are for release candidate testing

Test Summary Report
-------------------
t/01-base.t           (Wstat: 512 Tests: 11 Failed: 2)
  Failed tests:  5, 9
  Non-zero exit status: 2
t/02-import.t         (Wstat: 512 Tests: 10 Failed: 2)
  Failed tests:  3, 8
  Non-zero exit status: 2
t/03-namespace.t      (Wstat: 512 Tests: 9 Failed: 2)
  Failed tests:  3, 7
  Non-zero exit status: 2
t/04-error.t          (Wstat: 1536 Tests: 7 Failed: 6)
  Failed tests:  2-7
  Non-zero exit status: 6
Files=6, Tests=38,  1 wallclock secs ( 0.03 usr  0.03 sys +  0.47 cusr  0.11 csys =  0.64 CPU)
Result: FAIL

------------------------------
PREREQUISITES
------------------------------

Prerequisite modules loaded:

requires:

    Module                Need    Have    
    --------------------- ------- --------
    Class::Load           0       0.22    
    Kelp                  0.2191  0.9051  
    Kelp::Base            0       0       
    Module::Build::Tiny   0       0.039   
    parent                0       0.225   
    perl                  v5.10.1 5.018004
    Scalar::Util          0       1.41    
    Sub::Install          0       0.928   
    Validate::Tiny        0       1.501   

build_requires:

    Module                Need    Have    
    --------------------- ------- --------
    HTTP::Request::Common 0       6.04    
    Kelp                  0       0.9051  
    Kelp::Test            0       0       
    strict                0       1.07    
    Test::More            0.88    1.001009

configure_requires:

    Module                Need    Have    
    --------------------- ------- --------
    Module::Build::Tiny   0.019   0.039   


------------------------------
ENVIRONMENT AND OTHER CONTEXT
------------------------------

Environment variables:

    DBIC_NO_WARN_BAD_PERL = 1
    LANG = C
    PATH = /usr/local/bin:/usr/bin:/bin:/usr/local/sbin:/usr/sbin:/sbin:/home/eserte/bin/linux-gnu:/home/eserte/bin/sh:/home/eserte/bin:/usr/games:/home/eserte/devel:/home/eserte/src/srezic-misc/scripts
    PERL5LIB = /home/eserte/.cpan/build/Validate-Tiny-1.501-LGdvIh/blib/arch:/home/eserte/.cpan/build/Validate-Tiny-1.501-LGdvIh/blib/lib:/home/eserte/.cpan/build/Kelp-0.9051-Ptp2TS/blib/arch:/home/eserte/.cpan/build/Kelp-0.9051-Ptp2TS/blib/lib
    PERL5OPT = 
    PERL5_CPANPLUS_IS_RUNNING = 5746
    PERL5_CPAN_IS_RUNNING = 5746
    PERL5_CPAN_IS_RUNNING_IN_RECURSION = 3349,5746
    PERLDOC = -MPod::Perldoc::ToTextOverstrike
    PERL_BATCH = yes
    PERL_CPAN_REPORTER_CONFIG = /var/tmp/cpansmoker-1001/cpanreporter_053_config.ini
    PERL_EXTUTILS_AUTOINSTALL = --defaultdeps
    PERL_HTML_DISPLAY_CLASS = HTML::Display::Mozilla
    SHELL = /bin/zsh
    TERM = screen
    TMPDIR = /var/tmp/cpansmoker-1001

Perl special variables (and OS-specific diagnostics, for MSWin32):

    $^X = /bbbike/perl-5.18.4t/bin/perl
    $UID/$EUID = 1001 / 1001
    $GID = 1001 109 1001
    $EGID = 1001 109 1001

Perl module toolchain versions installed:

    Module              Have    
    ------------------- --------
    CPAN                2.00    
    CPAN::Meta          2.142690
    Cwd                 3.47    
    ExtUtils::CBuilder  0.280210
    ExtUtils::Command   1.17    
    ExtUtils::Install   1.59    
    ExtUtils::MakeMaker 7.02    
    ExtUtils::Manifest  1.68    
    ExtUtils::ParseXS   3.24    
    File::Spec          3.47    
    JSON                2.90    
    JSON::PP            2.27203 
    Module::Build       0.4210  
    Module::Signature   0.73    
    Parse::CPAN::Meta   1.4414  
    Test::Harness       3.34    
    Test::More          1.001009
    YAML                1.13    
    YAML::Syck          1.27    
    version             0.9909  


--

Summary of my perl5 (revision 5 version 18 subversion 4) configuration:
   
  Platform:
    osname=linux, osvers=3.2.0-4-amd64, archname=x86_64-linux-thread-multi
    uname='linux eserte 3.2.0-4-amd64 #1 smp debian 3.2.63-2+deb7u1 x86_64 gnulinux '
    config_args='-ds -e -Dprefix=/opt/perl-5.18.4t -Dusethreads'
    hint=recommended, useposix=true, d_sigaction=define
    useithreads=define, usemultiplicity=define
    useperlio=define, d_sfio=undef, uselargefiles=define, usesocks=undef
    use64bitint=define, use64bitall=define, uselongdouble=undef
    usemymalloc=n, bincompat5005=undef
  Compiler:
    cc='cc', ccflags ='-D_REENTRANT -D_GNU_SOURCE -fno-strict-aliasing -pipe -fstack-protector -I/usr/local/include -D_LARGEFILE_SOURCE -D_FILE_OFFSET_BITS=64',
    optimize='-O2',
    cppflags='-D_REENTRANT -D_GNU_SOURCE -fno-strict-aliasing -pipe -fstack-protector -I/usr/local/include'
    ccversion='', gccversion='4.7.2', gccosandvers=''
    intsize=4, longsize=8, ptrsize=8, doublesize=8, byteorder=12345678
    d_longlong=define, longlongsize=8, d_longdbl=define, longdblsize=16
    ivtype='long', ivsize=8, nvtype='double', nvsize=8, Off_t='off_t', lseeksize=8
    alignbytes=8, prototype=define
  Linker and Libraries:
    ld='cc', ldflags =' -fstack-protector -L/usr/local/lib'
    libpth=/usr/local/lib /lib/x86_64-linux-gnu /lib/../lib /usr/lib/x86_64-linux-gnu /usr/lib/../lib /lib /usr/lib
    libs=-lnsl -ldb -ldl -lm -lcrypt -lutil -lpthread -lc
    perllibs=-lnsl -ldl -lm -lcrypt -lutil -lpthread -lc
    libc=, so=so, useshrplib=false, libperl=libperl.a
    gnulibc_version='2.13'
  Dynamic Linking:
    dlsrc=dl_dlopen.xs, dlext=so, d_dlsymun=undef, ccdlflags='-Wl,-E'
    cccdlflags='-fPIC', lddlflags='-shared -O2 -L/usr/local/lib -fstack-protector'


Characteristics of this binary (from libperl): 
  Compile-time options: HAS_TIMES MULTIPLICITY PERLIO_LAYERS
                        PERL_DONT_CREATE_GVSV
                        PERL_HASH_FUNC_ONE_AT_A_TIME_HARD
                        PERL_IMPLICIT_CONTEXT PERL_MALLOC_WRAP
                        PERL_PRESERVE_IVUV PERL_SAWAMPERSAND USE_64_BIT_ALL
                        USE_64_BIT_INT USE_ITHREADS USE_LARGE_FILES
                        USE_LOCALE USE_LOCALE_COLLATE USE_LOCALE_CTYPE
                        USE_LOCALE_NUMERIC USE_PERLIO USE_PERL_ATOF
                        USE_REENTRANT_API
  Built under linux
  Compiled at Nov 15 2014 13:31:56
  %ENV:
    PERL5LIB="/home/eserte/.cpan/build/Validate-Tiny-1.501-LGdvIh/blib/arch:/home/eserte/.cpan/build/Validate-Tiny-1.501-LGdvIh/blib/lib:/home/eserte/.cpan/build/Kelp-0.9051-Ptp2TS/blib/arch:/home/eserte/.cpan/build/Kelp-0.9051-Ptp2TS/blib/lib"
    PERL5OPT=""
    PERL5_CPANPLUS_IS_RUNNING="5746"
    PERL5_CPAN_IS_RUNNING="5746"
    PERL5_CPAN_IS_RUNNING_IN_RECURSION="3349,5746"
    PERLDOC="-MPod::Perldoc::ToTextOverstrike"
    PERL_BATCH="yes"
    PERL_CPAN_REPORTER_CONFIG="/var/tmp/cpansmoker-1001/cpanreporter_053_config.ini"
    PERL_EXTUTILS_AUTOINSTALL="--defaultdeps"
    PERL_HTML_DISPLAY_CLASS="HTML::Display::Mozilla"
  @INC:
    /home/eserte/.cpan/build/Validate-Tiny-1.501-LGdvIh/blib/arch
    /home/eserte/.cpan/build/Validate-Tiny-1.501-LGdvIh/blib/lib
    /home/eserte/.cpan/build/Kelp-0.9051-Ptp2TS/blib/arch
    /home/eserte/.cpan/build/Kelp-0.9051-Ptp2TS/blib/lib
    /opt/perl-5.18.4t/lib/site_perl/5.18.4/x86_64-linux-thread-multi
    /opt/perl-5.18.4t/lib/site_perl/5.18.4
    /opt/perl-5.18.4t/lib/5.18.4/x86_64-linux-thread-multi
    /opt/perl-5.18.4t/lib/5.18.4
    .