Catmandu-RKD v0.04 Perl 5 v5.18.4 amd64-freebsd

Status
Fail
From
Slaven Rezić (SREZIC)
Dist
Catmandu-RKD v0.04
Platform
Perl 5 v5.18.4 amd64-freebsd
Date
2017-11-09 07:50:22
ID
a3a0087e-c522-11e7-8250-8ef39a55cb5c
This distribution has been tested as part of the CPAN Testers
project, supporting the Perl programming language.  See
http://wiki.cpantesters.org/ for more information or email
questions to cpan-testers-discuss@perl.org


--
Dear Pieter De Praetere,

This is a computer-generated report for Catmandu-RKD-0.04
on perl 5.18.4, created by CPAN-Reporter-1.2018.

Thank you for uploading your work to CPAN.  However, there was a problem
testing your distribution.

If you think this report is invalid, please consult the CPAN Testers Wiki
for suggestions on how to avoid getting FAIL reports for missing library
or binary dependencies, unsupported operating systems, and so on:

http://wiki.cpantesters.org/wiki/CPANAuthorNotes

Sections of this report:

    * Tester comments
    * Program output
    * Prerequisites
    * Environment and other context

------------------------------
TESTER COMMENTS
------------------------------

Additional comments from tester:

none provided

------------------------------
PROGRAM OUTPUT
------------------------------

Output from './Build test':

t/author-pod-syntax.t .. skipped: these tests are for testing by the author
t/basic.t .............. ok
404 Not Found

Trace begun at /usr/home/cpansand/.cpan/build/2017110906/Catmandu-RKD-0.04-2/blib/lib/Catmandu/RKD/API/Search.pm line 69
Catmandu::RKD::API::Search::__search('Catmandu::RKD::API::Search=HASH(0x43c77b10)') called at /usr/home/cpansand/.cpan/build/2017110906/Catmandu-RKD-0.04-2/blib/lib/Catmandu/RKD/API/Search.pm line 24
Catmandu::RKD::API::Search::_build_results('Catmandu::RKD::API::Search=HASH(0x43c77b10)') called at (eval 129) line 18
Catmandu::RKD::API::Search::results('Catmandu::RKD::API::Search=HASH(0x43c77b10)') called at /usr/home/cpansand/.cpan/build/2017110906/Catmandu-RKD-0.04-2/blib/lib/Catmandu/RKD/API/Name.pm line 19
Catmandu::RKD::API::Name::_build_results('Catmandu::RKD::API::Name=HASH(0x43c79db0)') called at (eval 130) line 18
Catmandu::RKD::API::Name::results('Catmandu::RKD::API::Name=HASH(0x43c79db0)') called at (eval 111) line 1
eval {...} at (eval 111) line 1
Catmandu::Fix::__ANON__('HASH(0x40833570)') called at /usr/perl5.18.4p/lib/site_perl/5.18.4/Catmandu/Fix.pm line 115
Catmandu::Fix::__ANON__('HASH(0x40833570)') called at /usr/perl5.18.4p/lib/site_perl/5.18.4/Catmandu/Fix.pm line 177
Catmandu::Fix::fix('Catmandu::Fix=HASH(0x4577ad38)', 'HASH(0x40833570)') called at t/fix.t line 22
# Tests were run but no plan was declared and done_testing() was not seen.
# Looks like your test exited with 255 just after 1.
t/fix.t ................ 
Dubious, test returned 255 (wstat 65280, 0xff00)
All 1 subtests passed 
t/store.t .............. ok

Test Summary Report
-------------------
t/fix.t              (Wstat: 65280 Tests: 1 Failed: 0)
  Non-zero exit status: 255
  Parse errors: No plan found in TAP output
Files=4, Tests=9,  4 wallclock secs ( 0.05 usr  0.04 sys +  2.03 cusr  0.31 csys =  2.43 CPU)
Result: FAIL

------------------------------
PREREQUISITES
------------------------------

Prerequisite modules loaded:

requires:

    Module                 Need     Have    
    ---------------------- -------- --------
    Catmandu               1.0304   1.0606  
    Catmandu::Fix::Datahub 0.01     0.03    
    LWP::Protocol::https   0        6.07    
    LWP::UserAgent         0        6.29    
    Moo                    0        2.003002
    perl                   5.008005 5.018004
    XML::Struct            0        0.26    

build_requires:

    Module                 Need     Have    
    ---------------------- -------- --------
    Catmandu               1.0304   1.0606  
    LWP::Protocol::https   0        6.07    
    Test::More             0.96     1.302106

configure_requires:

    Module                 Need     Have    
    ---------------------- -------- --------
    Module::Build::Tiny    0.034    0.039   


------------------------------
ENVIRONMENT AND OTHER CONTEXT
------------------------------

Environment variables:

    PATH = /usr/local/bin:/usr/bin:/bin:/usr/local/sbin:/usr/sbin:/sbin:/home/cpansand/bin/freebsd12.0:/home/cpansand/bin/sh:/home/cpansand/bin:/usr/games:/home/cpansand/devel:/usr/home/eserte/src/srezic-misc/scripts
    PERL5LIB = /home/cpansand/.cpan/build/2017110906/XML-Struct-0.26-0/blib/arch:/home/cpansand/.cpan/build/2017110906/XML-Struct-0.26-0/blib/lib:/home/cpansand/.cpan/build/2017110906/Catmandu-Fix-Datahub-0.03-0/blib/arch:/home/cpansand/.cpan/build/2017110906/Catmandu-Fix-Datahub-0.03-0/blib/lib
    PERL5OPT = 
    PERL5_CPANPLUS_IS_RUNNING = 20277
    PERL5_CPAN_IS_RUNNING = 20277
    PERL5_CPAN_IS_RUNNING_IN_RECURSION = 19968,20277
    PERLDOC = -MPod::Perldoc::ToTextOverstrike
    PERL_BATCH = yes
    PERL_CANARY_STABILITY_NOPROMPT = 1
    PERL_CPAN_REPORTER_CONFIG = /var/tmp/cpansmoker-1023/2017110906/cpanreporter_000_config.ini
    PERL_EXTUTILS_AUTOINSTALL = --defaultdeps
    SHELL = /usr/local/bin/zsh
    TERM = screen
    TMPDIR = /var/tmp/cpansmoker-1023/2017110906

Perl special variables (and OS-specific diagnostics, for MSWin32):

    $^X = /usr/perl5.18.4p/bin/perl5.18.4
    $UID/$EUID = 1023 / 1023
    $GID = 1023 1023
    $EGID = 1023 1023

Perl module toolchain versions installed:

    Module              Have    
    ------------------- --------
    CPAN                2.16    
    CPAN::Meta          2.150010
    Cwd                 3.62    
    ExtUtils::CBuilder  0.280226
    ExtUtils::Command   7.30    
    ExtUtils::Install   2.06    
    ExtUtils::MakeMaker 7.30    
    ExtUtils::Manifest  1.70    
    ExtUtils::ParseXS   3.35    
    File::Spec          3.62    
    JSON                2.94    
    JSON::PP            2.94    
    Module::Build       0.4224  
    Module::Signature   0.81    
    Parse::CPAN::Meta   2.150010
    Test::Harness       3.39    
    Test::More          1.302106
    YAML                1.23    
    YAML::Syck          1.30    
    version             0.9918  


--

Summary of my perl5 (revision 5 version 18 subversion 4) configuration:
   
  Platform:
    osname=freebsd, osvers=12.0-current, archname=amd64-freebsd
    uname='freebsd freebsd 12.0-current freebsd 12.0-current #1 ff104cc9da3(master)-dirty: thu oct 19 23:44:51 cest 2017 root@freebsd:usrobjusrsrcsysgeneric amd64 '
    config_args='-ds -e -Dprefix=/usr/perl5.18.4p -Dcf_email=srezic@cpan.org -Doptimize=-O2 -pipe'
    hint=recommended, useposix=true, d_sigaction=define
    useithreads=undef, usemultiplicity=undef
    useperlio=define, d_sfio=undef, uselargefiles=define, usesocks=undef
    use64bitint=define, use64bitall=define, uselongdouble=undef
    usemymalloc=n, bincompat5005=undef
  Compiler:
    cc='cc', ccflags ='-DHAS_FPSETMASK -DHAS_FLOATINGPOINT_H -fno-strict-aliasing -pipe -fstack-protector -I/usr/local/include',
    optimize='-O2 -pipe',
    cppflags='-DHAS_FPSETMASK -DHAS_FLOATINGPOINT_H -fno-strict-aliasing -pipe -fstack-protector -I/usr/local/include'
    ccversion='', gccversion='4.2.1 Compatible FreeBSD Clang 5.0.0 (tags/RELEASE_500/final 312559)', gccosandvers=''
    intsize=4, longsize=8, ptrsize=8, doublesize=8, byteorder=12345678
    d_longlong=define, longlongsize=8, d_longdbl=define, longdblsize=16
    ivtype='long', ivsize=8, nvtype='double', nvsize=8, Off_t='off_t', lseeksize=8
    alignbytes=8, prototype=define
  Linker and Libraries:
    ld='cc', ldflags ='-pthread -Wl,-E  -fstack-protector -L/usr/local/lib'
    libpth=/usr/lib /usr/local/lib
    libs=-lgdbm -lm -lcrypt -lutil -lc
    perllibs=-lm -lcrypt -lutil -lc
    libc=, so=so, useshrplib=false, libperl=libperl.a
    gnulibc_version=''
  Dynamic Linking:
    dlsrc=dl_dlopen.xs, dlext=so, d_dlsymun=undef, ccdlflags=' '
    cccdlflags='-DPIC -fPIC', lddlflags='-shared  -L/usr/local/lib -fstack-protector'


Characteristics of this binary (from libperl): 
  Compile-time options: HAS_TIMES PERLIO_LAYERS PERL_DONT_CREATE_GVSV
                        PERL_HASH_FUNC_ONE_AT_A_TIME_HARD PERL_MALLOC_WRAP
                        PERL_PRESERVE_IVUV PERL_SAWAMPERSAND USE_64_BIT_ALL
                        USE_64_BIT_INT USE_LARGE_FILES USE_LOCALE
                        USE_LOCALE_COLLATE USE_LOCALE_CTYPE
                        USE_LOCALE_NUMERIC USE_PERLIO USE_PERL_ATOF
  Built under freebsd
  Compiled at Oct 22 2017 18:26:44
  %ENV:
    PERL5LIB="/home/cpansand/.cpan/build/2017110906/XML-Struct-0.26-0/blib/arch:/home/cpansand/.cpan/build/2017110906/XML-Struct-0.26-0/blib/lib:/home/cpansand/.cpan/build/2017110906/Catmandu-Fix-Datahub-0.03-0/blib/arch:/home/cpansand/.cpan/build/2017110906/Catmandu-Fix-Datahub-0.03-0/blib/lib"
    PERL5OPT=""
    PERL5_CPANPLUS_IS_RUNNING="20277"
    PERL5_CPAN_IS_RUNNING="20277"
    PERL5_CPAN_IS_RUNNING_IN_RECURSION="19968,20277"
    PERLDOC="-MPod::Perldoc::ToTextOverstrike"
    PERL_BATCH="yes"
    PERL_CANARY_STABILITY_NOPROMPT="1"
    PERL_CPAN_REPORTER_CONFIG="/var/tmp/cpansmoker-1023/2017110906/cpanreporter_000_config.ini"
    PERL_EXTUTILS_AUTOINSTALL="--defaultdeps"
  @INC:
    /home/cpansand/.cpan/build/2017110906/XML-Struct-0.26-0/blib/arch
    /home/cpansand/.cpan/build/2017110906/XML-Struct-0.26-0/blib/lib
    /home/cpansand/.cpan/build/2017110906/Catmandu-Fix-Datahub-0.03-0/blib/arch
    /home/cpansand/.cpan/build/2017110906/Catmandu-Fix-Datahub-0.03-0/blib/lib
    /usr/perl5.18.4p/lib/site_perl/5.18.4/amd64-freebsd
    /usr/perl5.18.4p/lib/site_perl/5.18.4
    /usr/perl5.18.4p/lib/5.18.4/amd64-freebsd
    /usr/perl5.18.4p/lib/5.18.4
    .